[INFO] cloning repository https://github.com/grahamc/rfc39
[INFO] running `Command { std: "git" "-c" "credential.helper=" "-c" "credential.helper=/workspace/cargo-home/bin/git-credential-null" "clone" "--bare" "https://github.com/grahamc/rfc39" "/workspace/cache/git-repos/https%3A%2F%2Fgithub.com%2Fgrahamc%2Frfc39", kill_on_drop: false }`
[INFO] [stderr] Cloning into bare repository '/workspace/cache/git-repos/https%3A%2F%2Fgithub.com%2Fgrahamc%2Frfc39'...
[INFO] running `Command { std: "git" "rev-parse" "HEAD", kill_on_drop: false }`
[INFO] [stdout] 9e5447bd68a580bcb641e8682b9c63b7a9ebc51e
[INFO] testing grahamc/rfc39 against 1.100.0-beta.1+cargoflags=--release for beta-release-1.100-2
[INFO] running `Command { std: "git" "clone" "/workspace/cache/git-repos/https%3A%2F%2Fgithub.com%2Fgrahamc%2Frfc39" "/workspace/builds/worker-0-tc2/source", kill_on_drop: false }`
[INFO] [stderr] Cloning into '/workspace/builds/worker-0-tc2/source'...
[INFO] [stderr] done.
[INFO] started tweaking git repo https://github.com/grahamc/rfc39
[INFO] finished tweaking git repo https://github.com/grahamc/rfc39
[INFO] tweaked toml for git repo https://github.com/grahamc/rfc39 written to /workspace/builds/worker-0-tc2/source/Cargo.toml
[INFO] validating manifest of git repo https://github.com/grahamc/rfc39 on toolchain 1.100.0-beta.1
[INFO] running `Command { std: CARGO_HOME="/workspace/cargo-home" RUSTUP_HOME="/workspace/rustup-home" "/workspace/cargo-home/bin/cargo" "+1.100.0-beta.1" "metadata" "--manifest-path" "Cargo.toml" "--no-deps", kill_on_drop: false }`
[INFO] crate git repo https://github.com/grahamc/rfc39 already has a lockfile, it will not be regenerated
[INFO] running `Command { std: CARGO_HOME="/workspace/cargo-home" RUSTUP_HOME="/workspace/rustup-home" "/workspace/cargo-home/bin/cargo" "+1.100.0-beta.1" "fetch" "--manifest-path" "Cargo.toml", kill_on_drop: false }`
[INFO] running `Command { std: "docker" "create" "-v" "/var/lib/crater-agent-workspace/builds/worker-0-tc2/source:/opt/rustwide/workdir:ro,Z" "-v" "/var/lib/crater-agent-workspace/builds/worker-0-tc2/target:/opt/rustwide/target:rw,Z" "-v" "/var/lib/crater-agent-workspace/cargo-home:/opt/rustwide/cargo-home:ro,Z" "-v" "/var/lib/crater-agent-workspace/rustup-home:/opt/rustwide/rustup-home:ro,Z" "-m" "1610612736" "--network" "none" "ghcr.io/rust-lang/crates-build-env/linux@sha256:77db811e55d90add9212f6832c23229e3de5f1c1f9905e8cb07319ea15df73ac" "sleep" "infinity", kill_on_drop: false }`
[INFO] [stdout] f80167d4e0bda26981326e97f3f24d5c78b3674d0a8ff7f988a4e892930fc08b
[INFO] running `Command { std: "docker" "start" "f80167d4e0bda26981326e97f3f24d5c78b3674d0a8ff7f988a4e892930fc08b", kill_on_drop: false }`
[INFO] running `Command { std: "docker" "inspect" "f80167d4e0bda26981326e97f3f24d5c78b3674d0a8ff7f988a4e892930fc08b", kill_on_drop: false }`
[INFO] running `Command { std: "docker" "exec" "-e" "SOURCE_DIR=/opt/rustwide/workdir" "-e" "CARGO_HOME=/opt/rustwide/cargo-home" "-e" "RUSTUP_HOME=/opt/rustwide/rustup-home" "-e" "CARGO_TARGET_DIR=/opt/rustwide/target" "-w" "/opt/rustwide/workdir" "--user" "0:0" "f80167d4e0bda26981326e97f3f24d5c78b3674d0a8ff7f988a4e892930fc08b" "/opt/rustwide/cargo-home/bin/cargo" "+1.100.0-beta.1" "metadata" "--no-deps" "--format-version=1", kill_on_drop: false }`
[INFO] running `Command { std: "docker" "inspect" "f80167d4e0bda26981326e97f3f24d5c78b3674d0a8ff7f988a4e892930fc08b", kill_on_drop: false }`
[INFO] running `Command { std: "docker" "exec" "-e" "SOURCE_DIR=/opt/rustwide/workdir" "-e" "CARGO_HOME=/opt/rustwide/cargo-home" "-e" "RUSTUP_HOME=/opt/rustwide/rustup-home" "-e" "CARGO_TARGET_DIR=/opt/rustwide/target" "-e" "CARGO_INCREMENTAL=0" "-e" "RUST_BACKTRACE=full" "-e" "RUSTFLAGS=--cap-lints=warn" "-e" "RUSTDOCFLAGS=--cap-lints=warn" "-w" "/opt/rustwide/workdir" "--user" "0:0" "f80167d4e0bda26981326e97f3f24d5c78b3674d0a8ff7f988a4e892930fc08b" "/opt/rustwide/cargo-home/bin/cargo" "+1.100.0-beta.1" "build" "--frozen" "--message-format=json" "--release", kill_on_drop: false }`
[INFO] [stderr]    Compiling libc v0.2.150
[INFO] [stderr]    Compiling autocfg v1.1.0
[INFO] [stderr]    Compiling cfg-if v0.1.10
[INFO] [stderr]    Compiling lazy_static v1.4.0
[INFO] [stderr]    Compiling proc-macro2 v1.0.69
[INFO] [stderr]    Compiling log v0.4.20
[INFO] [stderr]    Compiling unicode-ident v1.0.12
[INFO] [stderr]    Compiling futures v0.1.31
[INFO] [stderr]    Compiling cfg-if v1.0.0
[INFO] [stderr]    Compiling maybe-uninit v2.0.0
[INFO] [stderr]    Compiling either v1.9.0
[INFO] [stderr]    Compiling semver-parser v0.7.0
[INFO] [stderr]    Compiling version_check v0.9.4
[INFO] [stderr]    Compiling semver v0.9.0
[INFO] [stderr]    Compiling crossbeam-utils v0.7.2
[INFO] [stderr]    Compiling slab v0.4.9
[INFO] [stderr]    Compiling rustc_version v0.2.3
[INFO] [stderr]    Compiling tinyvec v1.6.0
[INFO] [stderr]    Compiling quote v1.0.33
[INFO] [stderr]    Compiling parking_lot_core v0.6.3
[INFO] [stderr]    Compiling syn v2.0.39
[INFO] [stderr]    Compiling autocfg v0.1.8
[INFO] [stderr]    Compiling syn v1.0.109
[INFO] [stderr]    Compiling rand_core v0.4.2
[INFO] [stderr]    Compiling memchr v2.6.4
[INFO] [stderr]    Compiling parking_lot v0.9.0
[INFO] [stderr]    Compiling memoffset v0.5.6
[INFO] [stderr]    Compiling smallvec v0.6.14
[INFO] [stderr]    Compiling unicode-bidi v0.3.13
[INFO] [stderr]    Compiling tokio-executor v0.1.10
[INFO] [stderr]    Compiling cc v1.0.83
[INFO] [stderr]    Compiling iovec v0.1.4
[INFO] [stderr]    Compiling num_cpus v1.16.0
[INFO] [stderr]    Compiling bytes v0.4.12
[INFO] [stderr]    Compiling net2 v0.2.39
[INFO] [stderr]    Compiling unicode-normalization v0.1.22
[INFO] [stderr]    Compiling tokio-io v0.1.13
[INFO] [stderr]    Compiling mio v0.6.23
[INFO] [stderr]    Compiling unicase v2.7.0
[INFO] [stderr]    Compiling crossbeam-epoch v0.8.2
[INFO] [stderr]    Compiling lock_api v0.3.4
[INFO] [stderr]    Compiling pkg-config v0.3.27
[INFO] [stderr]    Compiling tokio-sync v0.1.8
[INFO] [stderr]    Compiling serde v1.0.193
[INFO] [stderr]    Compiling once_cell v1.18.0
[INFO] [stderr]    Compiling openssl-sys v0.9.96
[INFO] [stderr]    Compiling slog v2.7.0
[INFO] [stderr]    Compiling matches v0.1.10
[INFO] [stderr]    Compiling itoa v0.4.8
[INFO] [stderr]    Compiling rand_core v0.3.1
[INFO] [stderr]    Compiling adler v1.0.2
[INFO] [stderr]    Compiling itoa v1.0.9
[INFO] [stderr]    Compiling miniz_oxide v0.7.1
[INFO] [stderr]    Compiling tokio-reactor v0.1.12
[INFO] [stderr]    Compiling crossbeam-deque v0.7.4
[INFO] [stderr]    Compiling http v0.1.21
[INFO] [stderr]    Compiling tokio-codec v0.1.2
[INFO] [stderr]    Compiling backtrace v0.3.69
[INFO] [stderr]    Compiling time v0.1.45
[INFO] [stderr]    Compiling crossbeam-queue v0.2.3
[INFO] [stderr]    Compiling indexmap v1.9.3
[INFO] [stderr]    Compiling httparse v1.8.0
[INFO] [stderr]    Compiling percent-encoding v1.0.1
[INFO] [stderr]    Compiling crc32fast v1.3.2
[INFO] [stderr]    Compiling bitflags v2.4.1
[INFO] [stderr]    Compiling gimli v0.28.1
[INFO] [stderr]    Compiling tokio-threadpool v0.1.18
[INFO] [stderr]    Compiling idna v0.1.5
[INFO] [stderr]    Compiling mio-uds v0.6.8
[INFO] [stderr]    Compiling object v0.32.1
[INFO] [stderr]    Compiling rand_pcg v0.1.2
[INFO] [stderr]    Compiling rand_chacha v0.1.1
[INFO] [stderr]    Compiling num-traits v0.2.17
[INFO] [stderr]    Compiling hashbrown v0.12.3
[INFO] [stderr]    Compiling serde_derive v1.0.193
[INFO] [stderr]    Compiling unicode-xid v0.2.4
[INFO] [stderr]    Compiling proc-macro2 v0.4.30
[INFO] [stderr]    Compiling rustc-demangle v0.1.23
[INFO] [stderr]    Compiling serde_json v1.0.108
[INFO] [stderr]    Compiling foreign-types-shared v0.1.1
[INFO] [stderr]    Compiling openssl v0.10.60
[INFO] [stderr]    Compiling failure_derive v0.1.8
[INFO] [stderr]    Compiling foreign-types v0.3.2
[INFO] [stderr]    Compiling synstructure v0.12.6
[INFO] [stderr]    Compiling openssl-macros v0.1.1
[INFO] [stderr]    Compiling tokio-fs v0.1.7
[INFO] [stderr]    Compiling url v1.7.2
[INFO] [stderr]    Compiling tokio-uds v0.2.7
[INFO] [stderr]    Compiling addr2line v0.21.0
[INFO] [stderr]    Compiling tokio-udp v0.1.6
[INFO] [stderr]    Compiling tokio-tcp v0.1.4
[INFO] [stderr]    Compiling idna v0.5.0
[INFO] [stderr]    Compiling tokio-buf v0.1.1
[INFO] [stderr]    Compiling string v0.2.1
[INFO] [stderr]    Compiling tokio-current-thread v0.1.7
[INFO] [stderr]    Compiling tokio-timer v0.2.13
[INFO] [stderr]    Compiling rand v0.6.5
[INFO] [stderr]    Compiling hyper v0.12.36
[INFO] [stderr]    Compiling ryu v1.0.15
[INFO] [stderr]    Compiling try-lock v0.2.4
[INFO] [stderr]    Compiling unicode-xid v0.1.0
[INFO] [stderr]    Compiling crossbeam-utils v0.8.16
[INFO] [stderr]    Compiling native-tls v0.2.11
[INFO] [stderr]    Compiling want v0.2.0
[INFO] [stderr]    Compiling tokio v0.1.22
[INFO] [stderr]    Compiling url v2.5.0
[INFO] [stderr]    Compiling h2 v0.1.26
[INFO] [stderr]    Compiling http-body v0.1.0
[INFO] [stderr]    Compiling mime_guess v2.0.4
[INFO] [stderr]    Compiling rand_isaac v0.1.1
[INFO] [stderr]    Compiling rand_xorshift v0.1.1
[INFO] [stderr]    Compiling rand_hc v0.1.0
[INFO] [stderr]    Compiling idna v0.2.3
[INFO] [stderr]    Compiling ring v0.14.6
[INFO] [stderr]    Compiling futures-cpupool v0.1.8
[INFO] [stderr]    Compiling atty v0.2.14
[INFO] [stderr]    Compiling dirs-sys-next v0.1.2
[INFO] [stderr]    Compiling rand_os v0.1.3
[INFO] [stderr]    Compiling aho-corasick v1.1.2
[INFO] [stderr]    Compiling rand_jitter v0.1.4
[INFO] [stderr]    Compiling base64 v0.10.1
[INFO] [stderr]    Compiling time-core v0.1.2
[INFO] [stderr]    Compiling regex-syntax v0.8.2
[INFO] [stderr]    Compiling syn v0.15.44
[INFO] [stderr]    Compiling iana-time-zone v0.1.58
[INFO] [stderr]    Compiling spin v0.5.2
[INFO] [stderr]    Compiling arc-swap v1.6.0
[INFO] [stderr]    Compiling openssl-probe v0.1.5
[INFO] [stderr]    Compiling slog-scope v4.4.0
[INFO] [stderr]    Compiling chrono v0.4.31
[INFO] [stderr]    Compiling time-macros v0.2.18
[INFO] [stderr]    Compiling deranged v0.3.9
[INFO] [stderr]    Compiling dirs-next v2.0.0
[INFO] [stderr]    Compiling regex-automata v0.4.3
[INFO] [stderr]    Compiling publicsuffix v1.5.6
[INFO] [stderr]    Compiling failure v0.1.8
[INFO] [stderr]    Compiling quote v0.6.13
[INFO] [stderr]    Compiling cookie v0.12.0
[INFO] [stderr]    Compiling trackable_derive v1.0.0
[INFO] [stderr]    Compiling thread_local v1.1.7
[INFO] [stderr]    Compiling error-chain v0.12.4
[INFO] [stderr]    Compiling try_from v0.3.2
[INFO] [stderr]    Compiling unicode-width v0.1.11
[INFO] [stderr]    Compiling take_mut v0.2.2
[INFO] [stderr]    Compiling protobuf v2.28.0
[INFO] [stderr]    Compiling rustix v0.38.25
[INFO] [stderr]    Compiling num_threads v0.1.6
[INFO] [stderr]    Compiling unicode-segmentation v1.10.1
[INFO] [stderr]    Compiling untrusted v0.6.2
[INFO] [stderr]    Compiling slog-async v2.8.0
[INFO] [stderr]    Compiling dtoa v0.4.8
[INFO] [stderr]    Compiling serde_urlencoded v0.5.5
[INFO] [stderr]    Compiling time v0.3.36
[INFO] [stderr]    Compiling regex v1.10.2
[INFO] [stderr]    Compiling heck v0.3.3
[INFO] [stderr]    Compiling textwrap v0.11.0
[INFO] [stderr]    Compiling cookie_store v0.7.0
[INFO] [stderr]    Compiling trackable v1.3.0
[INFO] [stderr]    Compiling hyper-tls v0.3.2
[INFO] [stderr]    Compiling crossbeam-channel v0.5.8
[INFO] [stderr]    Compiling uuid v0.7.4
[INFO] [stderr]    Compiling term v0.7.0
[INFO] [stderr]    Compiling flate2 v1.0.28
[INFO] [stderr]    Compiling log v0.3.9
[INFO] [stderr]    Compiling encoding_rs v0.8.33
[INFO] [stderr]    Compiling prometheus v0.7.0
[INFO] [stderr]    Compiling vec_map v0.8.2
[INFO] [stderr]    Compiling crossbeam v0.2.12
[INFO] [stderr]    Compiling language-tags v0.2.2
[INFO] [stderr]    Compiling strsim v0.8.0
[INFO] [stderr]    Compiling rle-decode-fast v1.0.3
[INFO] [stderr]    Compiling linux-raw-sys v0.4.11
[INFO] [stderr]    Compiling adler32 v1.2.0
[INFO] [stderr]    Compiling clap v2.34.0
[INFO] [stderr]    Compiling libflate v0.1.27
[INFO] [stderr]    Compiling reqwest v0.9.24
[INFO] [stderr]    Compiling structopt-derive v0.2.18
[INFO] [stderr]    Compiling hyperx v0.13.2
[INFO] [stderr]    Compiling slog-stdlog v3.0.5
[INFO] [stderr]    Compiling slog-term v2.9.0
[INFO] [stderr]    Compiling jsonwebtoken v6.0.1
[INFO] [stderr]    Compiling trackable v0.2.24
[INFO] [stderr]    Compiling slog-kvfilter v0.7.0
[INFO] [stderr]    Compiling fastrand v2.0.1
[INFO] [stderr]    Compiling quick-error v1.2.3
[INFO] [stderr]    Compiling tempfile v3.8.1
[INFO] [stderr]    Compiling hubcaps v0.5.0 (https://github.com/grahamc/hubcaps.git?rev=2a3d989999fea815ef9ad004d93686e923020adf#2a3d9899)
[INFO] [stderr]    Compiling sloggers v0.3.6
[INFO] [stderr]    Compiling structopt v0.2.18
[INFO] [stderr]    Compiling slog-stdlog v4.1.1
[INFO] [stderr]    Compiling rfc39 v0.1.0 (/opt/rustwide/workdir)
[INFO] [stdout] warning: field `0` is never read
[INFO] [stdout]   --> src/cli.rs:88:8
[INFO] [stdout]    |
[INFO] [stdout] 88 |     Io(std::io::Error),
[INFO] [stdout]    |     -- ^^^^^^^^^^^^^^
[INFO] [stdout]    |     |
[INFO] [stdout]    |     field in this variant
[INFO] [stdout]    |
[INFO] [stdout]    = note: `ExitError` has a derived impl for the trait `Debug`, but this is intentionally ignored during dead code analysis
[INFO] [stdout]    = note: `#[warn(dead_code)]` (part of `#[warn(unused)]`) on by default
[INFO] [stdout] help: consider changing the field to be of unit type to suppress this warning while preserving the field numbering, or remove the field
[INFO] [stdout]    |
[INFO] [stdout] 88 -     Io(std::io::Error),
[INFO] [stdout] 88 +     Io(()),
[INFO] [stdout]    |
[INFO] [stdout] 
[INFO] [stdout] 
[INFO] [stdout] warning: field `0` is never read
[INFO] [stdout]   --> src/cli.rs:89:21
[INFO] [stdout]    |
[INFO] [stdout] 89 |     InvalidGitHubID(std::num::ParseIntError),
[INFO] [stdout]    |     --------------- ^^^^^^^^^^^^^^^^^^^^^^^
[INFO] [stdout]    |     |
[INFO] [stdout]    |     field in this variant
[INFO] [stdout]    |
[INFO] [stdout]    = note: `ExitError` has a derived impl for the trait `Debug`, but this is intentionally ignored during dead code analysis
[INFO] [stdout] help: consider changing the field to be of unit type to suppress this warning while preserving the field numbering, or remove the field
[INFO] [stdout]    |
[INFO] [stdout] 89 -     InvalidGitHubID(std::num::ParseIntError),
[INFO] [stdout] 89 +     InvalidGitHubID(()),
[INFO] [stdout]    |
[INFO] [stdout] 
[INFO] [stdout] 
[INFO] [stdout] warning: field `0` is never read
[INFO] [stdout]   --> src/cli.rs:90:11
[INFO] [stdout]    |
[INFO] [stdout] 90 |     Serde(serde_json::error::Error),
[INFO] [stdout]    |     ----- ^^^^^^^^^^^^^^^^^^^^^^^^
[INFO] [stdout]    |     |
[INFO] [stdout]    |     field in this variant
[INFO] [stdout]    |
[INFO] [stdout]    = note: `ExitError` has a derived impl for the trait `Debug`, but this is intentionally ignored during dead code analysis
[INFO] [stdout] help: consider changing the field to be of unit type to suppress this warning while preserving the field numbering, or remove the field
[INFO] [stdout]    |
[INFO] [stdout] 90 -     Serde(serde_json::error::Error),
[INFO] [stdout] 90 +     Serde(()),
[INFO] [stdout]    |
[INFO] [stdout] 
[INFO] [stdout] 
[INFO] [stderr]     Finished `release` profile [optimized] target(s) in 6m 17s
[INFO] running `Command { std: "docker" "inspect" "f80167d4e0bda26981326e97f3f24d5c78b3674d0a8ff7f988a4e892930fc08b", kill_on_drop: false }`
[INFO] running `Command { std: "docker" "exec" "-e" "SOURCE_DIR=/opt/rustwide/workdir" "-e" "CARGO_HOME=/opt/rustwide/cargo-home" "-e" "RUSTUP_HOME=/opt/rustwide/rustup-home" "-e" "CARGO_TARGET_DIR=/opt/rustwide/target" "-e" "CARGO_INCREMENTAL=0" "-e" "RUST_BACKTRACE=full" "-e" "RUSTFLAGS=--cap-lints=warn" "-e" "RUSTDOCFLAGS=--cap-lints=warn" "-w" "/opt/rustwide/workdir" "--user" "0:0" "f80167d4e0bda26981326e97f3f24d5c78b3674d0a8ff7f988a4e892930fc08b" "/opt/rustwide/cargo-home/bin/cargo" "+1.100.0-beta.1" "test" "--frozen" "--no-run" "--message-format=json" "--release", kill_on_drop: false }`
[INFO] [stderr]    Compiling rfc39 v0.1.0 (/opt/rustwide/workdir)
[INFO] [stdout] warning: field `0` is never read
[INFO] [stdout]   --> src/cli.rs:88:8
[INFO] [stdout]    |
[INFO] [stdout] 88 |     Io(std::io::Error),
[INFO] [stdout]    |     -- ^^^^^^^^^^^^^^
[INFO] [stdout]    |     |
[INFO] [stdout]    |     field in this variant
[INFO] [stdout]    |
[INFO] [stdout]    = note: `ExitError` has a derived impl for the trait `Debug`, but this is intentionally ignored during dead code analysis
[INFO] [stdout]    = note: `#[warn(dead_code)]` (part of `#[warn(unused)]`) on by default
[INFO] [stdout] help: consider changing the field to be of unit type to suppress this warning while preserving the field numbering, or remove the field
[INFO] [stdout]    |
[INFO] [stdout] 88 -     Io(std::io::Error),
[INFO] [stdout] 88 +     Io(()),
[INFO] [stdout]    |
[INFO] [stdout] 
[INFO] [stdout] 
[INFO] [stdout] warning: field `0` is never read
[INFO] [stdout]   --> src/cli.rs:89:21
[INFO] [stdout]    |
[INFO] [stdout] 89 |     InvalidGitHubID(std::num::ParseIntError),
[INFO] [stdout]    |     --------------- ^^^^^^^^^^^^^^^^^^^^^^^
[INFO] [stdout]    |     |
[INFO] [stdout]    |     field in this variant
[INFO] [stdout]    |
[INFO] [stdout]    = note: `ExitError` has a derived impl for the trait `Debug`, but this is intentionally ignored during dead code analysis
[INFO] [stdout] help: consider changing the field to be of unit type to suppress this warning while preserving the field numbering, or remove the field
[INFO] [stdout]    |
[INFO] [stdout] 89 -     InvalidGitHubID(std::num::ParseIntError),
[INFO] [stdout] 89 +     InvalidGitHubID(()),
[INFO] [stdout]    |
[INFO] [stdout] 
[INFO] [stdout] 
[INFO] [stdout] warning: field `0` is never read
[INFO] [stdout]   --> src/cli.rs:90:11
[INFO] [stdout]    |
[INFO] [stdout] 90 |     Serde(serde_json::error::Error),
[INFO] [stdout]    |     ----- ^^^^^^^^^^^^^^^^^^^^^^^^
[INFO] [stdout]    |     |
[INFO] [stdout]    |     field in this variant
[INFO] [stdout]    |
[INFO] [stdout]    = note: `ExitError` has a derived impl for the trait `Debug`, but this is intentionally ignored during dead code analysis
[INFO] [stdout] help: consider changing the field to be of unit type to suppress this warning while preserving the field numbering, or remove the field
[INFO] [stdout]    |
[INFO] [stdout] 90 -     Serde(serde_json::error::Error),
[INFO] [stdout] 90 +     Serde(()),
[INFO] [stdout]    |
[INFO] [stdout] 
[INFO] [stdout] 
[INFO] [stderr]     Finished `release` profile [optimized] target(s) in 5.39s
[INFO] running `Command { std: "docker" "inspect" "f80167d4e0bda26981326e97f3f24d5c78b3674d0a8ff7f988a4e892930fc08b", kill_on_drop: false }`
[INFO] running `Command { std: "docker" "exec" "-e" "SOURCE_DIR=/opt/rustwide/workdir" "-e" "CARGO_HOME=/opt/rustwide/cargo-home" "-e" "RUSTUP_HOME=/opt/rustwide/rustup-home" "-e" "CARGO_TARGET_DIR=/opt/rustwide/target" "-e" "CARGO_INCREMENTAL=0" "-e" "RUST_BACKTRACE=full" "-e" "RUSTFLAGS=--cap-lints=warn" "-e" "RUSTDOCFLAGS=--cap-lints=warn" "-w" "/opt/rustwide/workdir" "--user" "0:0" "f80167d4e0bda26981326e97f3f24d5c78b3674d0a8ff7f988a4e892930fc08b" "/opt/rustwide/cargo-home/bin/cargo" "+1.100.0-beta.1" "test" "--frozen" "--release", kill_on_drop: false }`
[INFO] [stderr] warning: field `0` is never read
[INFO] [stderr]   --> src/cli.rs:88:8
[INFO] [stderr]    |
[INFO] [stderr] 88 |     Io(std::io::Error),
[INFO] [stderr]    |     -- ^^^^^^^^^^^^^^
[INFO] [stderr]    |     |
[INFO] [stderr]    |     field in this variant
[INFO] [stderr]    |
[INFO] [stderr]    = note: `ExitError` has a derived impl for the trait `Debug`, but this is intentionally ignored during dead code analysis
[INFO] [stderr]    = note: `#[warn(dead_code)]` (part of `#[warn(unused)]`) on by default
[INFO] [stderr] help: consider changing the field to be of unit type to suppress this warning while preserving the field numbering, or remove the field
[INFO] [stderr]    |
[INFO] [stderr] 88 -     Io(std::io::Error),
[INFO] [stderr] 88 +     Io(()),
[INFO] [stderr]    |
[INFO] [stderr] 
[INFO] [stderr] warning: field `0` is never read
[INFO] [stderr]   --> src/cli.rs:89:21
[INFO] [stderr]    |
[INFO] [stderr] 89 |     InvalidGitHubID(std::num::ParseIntError),
[INFO] [stderr]    |     --------------- ^^^^^^^^^^^^^^^^^^^^^^^
[INFO] [stderr]    |     |
[INFO] [stderr]    |     field in this variant
[INFO] [stderr]    |
[INFO] [stderr]    = note: `ExitError` has a derived impl for the trait `Debug`, but this is intentionally ignored during dead code analysis
[INFO] [stderr] help: consider changing the field to be of unit type to suppress this warning while preserving the field numbering, or remove the field
[INFO] [stderr]    |
[INFO] [stderr] 89 -     InvalidGitHubID(std::num::ParseIntError),
[INFO] [stderr] 89 +     InvalidGitHubID(()),
[INFO] [stderr]    |
[INFO] [stderr] 
[INFO] [stderr] warning: field `0` is never read
[INFO] [stderr]   --> src/cli.rs:90:11
[INFO] [stderr]    |
[INFO] [stderr] 90 |     Serde(serde_json::error::Error),
[INFO] [stderr]    |     ----- ^^^^^^^^^^^^^^^^^^^^^^^^
[INFO] [stderr]    |     |
[INFO] [stderr]    |     field in this variant
[INFO] [stderr]    |
[INFO] [stderr]    = note: `ExitError` has a derived impl for the trait `Debug`, but this is intentionally ignored during dead code analysis
[INFO] [stderr] help: consider changing the field to be of unit type to suppress this warning while preserving the field numbering, or remove the field
[INFO] [stderr]    |
[INFO] [stderr] 90 -     Serde(serde_json::error::Error),
[INFO] [stderr] 90 +     Serde(()),
[INFO] [stderr]    |
[INFO] [stderr] 
[INFO] [stderr] warning: `rfc39` (bin "rfc39" test) generated 3 warnings
[INFO] [stderr]     Finished `release` profile [optimized] target(s) in 0.28s
[INFO] [stderr]      Running unittests src/lib.rs (/opt/rustwide/target/release/build/rfc39/6e7aa242056b4b44/out/rfc39-6e7aa242056b4b44)
[INFO] [stdout] 
[INFO] [stdout] running 0 tests
[INFO] [stdout] 
[INFO] [stdout] test result: ok. 0 passed; 0 failed; 0 ignored; 0 measured; 0 filtered out; finished in 0.00s
[INFO] [stdout] 
[INFO] [stderr]      Running unittests src/main.rs (/opt/rustwide/target/release/build/rfc39/80ba670a5ea967ab/out/rfc39-80ba670a5ea967ab)
[INFO] [stdout] 
[INFO] [stdout] running 9 tests
[INFO] [stdout] test filemunge::tests::test_backfill_9175a201bbb28e679d72e9f7d28c84ab7d1f742b_reduced ... ok
[INFO] [stdout] test invited::tests::test_load_save ... ok
[INFO] [stdout] test invited::tests::test_add_remove_invited ... ok
[INFO] [stdout] test maintainers::tests::test_load_stderr ... FAILED
[INFO] [stdout] test maintainers::tests::test_load_9175a201bbb28e679d72e9f7d28c84ab7d1f742_reduced ... FAILED
[INFO] [stdout] test maintainers::tests::test_load_9175a201bbb28e679d72e9f7d28c84ab7d1f742 ... FAILED
[INFO] [stdout] test maintainers::tests::test_load_9175a201bbb28e679d72e9f7d28c84ab7d1f742_proposed ... FAILED
[INFO] [stdout] test op_sync_team::tests::test_add_remove_members ... ok
[INFO] [stdout] test invited::tests::test_load_creates_file_if_doesnt_exist ... ok
[INFO] [stdout] 
[INFO] [stdout] failures:
[INFO] [stdout] 
[INFO] [stdout] ---- maintainers::tests::test_load_stderr stdout ----
[INFO] [stdout] 
[INFO] [stdout] thread 'maintainers::tests::test_load_stderr' (3848) panicked at src/nix.rs:16:10:
[INFO] [stdout] Failed to start nix-instantiate!: Os { code: 2, kind: NotFound, message: "No such file or directory" }
[INFO] [stdout] stack backtrace:
[INFO] [stdout]    0:     0x5b5ba0a1c3a1 - <<std[617be2ca0a6fd877]::sys::backtrace::BacktraceLock>::print::DisplayBacktrace as core[a373ad73a504971]::fmt::Display>::fmt
[INFO] [stdout]    1:     0x5b5ba0a349fa - core[a373ad73a504971]::fmt::write
[INFO] [stdout]    2:     0x5b5ba0a21dfc - <alloc[2e1b2a31b91974c5]::vec::Vec<u8> as core[a373ad73a504971]::io::write::Write>::write_fmt
[INFO] [stdout]    3:     0x5b5ba09f6d86 - std[617be2ca0a6fd877]::panicking::default_hook::{closure#0}
[INFO] [stdout]    4:     0x5b5ba0a13c49 - std[617be2ca0a6fd877]::panicking::default_hook
[INFO] [stdout]    5:     0x5b5ba085bf00 - test[aada8e7e76ba119b]::test_main_inner::{closure#0}
[INFO] [stdout]    6:     0x5b5ba0a13e02 - std[617be2ca0a6fd877]::panicking::panic_with_hook
[INFO] [stdout]    7:     0x5b5ba09f6e32 - std[617be2ca0a6fd877]::panicking::panic_handler::{closure#0}
[INFO] [stdout]    8:     0x5b5ba09ef869 - std[617be2ca0a6fd877]::sys::backtrace::__rust_end_short_backtrace::<std[617be2ca0a6fd877]::panicking::panic_handler::{closure#0}, !>
[INFO] [stdout]    9:     0x5b5ba09f7a3d - __rustc[ea4f61d10b84890b]::rust_begin_unwind
[INFO] [stdout]   10:     0x5b5ba0a351dc - core[a373ad73a504971]::panicking::panic_fmt
[INFO] [stdout]   11:     0x5b5ba0a34fb2 - core[a373ad73a504971]::result::unwrap_failed
[INFO] [stdout]   12:     0x5b5ba0805071 - rfc39[3f1cc5d42d61bc17]::nix::nix_instantiate_file_to_struct::<std[617be2ca0a6fd877]::collections::hash::map::HashMap<rfc39[3f1cc5d42d61bc17]::maintainers::Handle, rfc39[3f1cc5d42d61bc17]::maintainers::Information>>
[INFO] [stdout]   13:     0x5b5ba080dae4 - <rfc39[3f1cc5d42d61bc17]::maintainers::tests::test_load_stderr::{closure#0} as core[a373ad73a504971]::ops::function::FnOnce<()>>::call_once
[INFO] [stdout]   14:     0x5b5ba084f34b - test[aada8e7e76ba119b]::__rust_begin_short_backtrace::<core[a373ad73a504971]::result::Result<(), alloc[2e1b2a31b91974c5]::string::String>, fn() -> core[a373ad73a504971]::result::Result<(), alloc[2e1b2a31b91974c5]::string::String>>
[INFO] [stdout]   15:     0x5b5ba085c525 - test[aada8e7e76ba119b]::run_test::{closure#0}
[INFO] [stdout]   16:     0x5b5ba0855e14 - std[617be2ca0a6fd877]::sys::backtrace::__rust_begin_short_backtrace::<test[aada8e7e76ba119b]::run_test::{closure#1}, ()>
[INFO] [stdout]   17:     0x5b5ba085f5b2 - <std[617be2ca0a6fd877]::thread::lifecycle::spawn_unchecked<test[aada8e7e76ba119b]::run_test::{closure#1}, ()>::{closure#1} as core[a373ad73a504971]::ops::function::FnOnce<()>>::call_once::{shim:vtable#0}
[INFO] [stdout]   18:     0x5b5ba0a1b86f - <std[617be2ca0a6fd877]::sys::thread::unix::Thread>::new::thread_start
[INFO] [stdout]   19:     0x706fb1d79dfa - <unknown>
[INFO] [stdout]   20:     0x706fb1e0d3d4 - clone
[INFO] [stdout]   21:                0x0 - <unknown>
[INFO] [stdout] 
[INFO] [stdout] ---- maintainers::tests::test_load_9175a201bbb28e679d72e9f7d28c84ab7d1f742_reduced stdout ----
[INFO] [stdout] 
[INFO] [stdout] thread 'maintainers::tests::test_load_9175a201bbb28e679d72e9f7d28c84ab7d1f742_reduced' (3847) panicked at src/nix.rs:16:10:
[INFO] [stdout] Failed to start nix-instantiate!: Os { code: 2, kind: NotFound, message: "No such file or directory" }
[INFO] [stdout] stack backtrace:
[INFO] [stdout]    0:     0x5b5ba0a1c3a1 - <<std[617be2ca0a6fd877]::sys::backtrace::BacktraceLock>::print::DisplayBacktrace as core[a373ad73a504971]::fmt::Display>::fmt
[INFO] [stdout]    1:     0x5b5ba0a349fa - core[a373ad73a504971]::fmt::write
[INFO] [stdout]    2:     0x5b5ba0a21dfc - <alloc[2e1b2a31b91974c5]::vec::Vec<u8> as core[a373ad73a504971]::io::write::Write>::write_fmt
[INFO] [stdout]    3:     0x5b5ba09f6d86 - std[617be2ca0a6fd877]::panicking::default_hook::{closure#0}
[INFO] [stdout]    4:     0x5b5ba0a13c49 - std[617be2ca0a6fd877]::panicking::default_hook
[INFO] [stdout]    5:     0x5b5ba085bf00 - test[aada8e7e76ba119b]::test_main_inner::{closure#0}
[INFO] [stdout]    6:     0x5b5ba0a13e02 - std[617be2ca0a6fd877]::panicking::panic_with_hook
[INFO] [stdout]    7:     0x5b5ba09f6e32 - std[617be2ca0a6fd877]::panicking::panic_handler::{closure#0}
[INFO] [stdout]    8:     0x5b5ba09ef869 - std[617be2ca0a6fd877]::sys::backtrace::__rust_end_short_backtrace::<std[617be2ca0a6fd877]::panicking::panic_handler::{closure#0}, !>
[INFO] [stdout]    9:     0x5b5ba09f7a3d - __rustc[ea4f61d10b84890b]::rust_begin_unwind
[INFO] [stdout]   10:     0x5b5ba0a351dc - core[a373ad73a504971]::panicking::panic_fmt
[INFO] [stdout]   11:     0x5b5ba0a34fb2 - core[a373ad73a504971]::result::unwrap_failed
[INFO] [stdout]   12:     0x5b5ba0805071 - rfc39[3f1cc5d42d61bc17]::nix::nix_instantiate_file_to_struct::<std[617be2ca0a6fd877]::collections::hash::map::HashMap<rfc39[3f1cc5d42d61bc17]::maintainers::Handle, rfc39[3f1cc5d42d61bc17]::maintainers::Information>>
[INFO] [stdout]   13:     0x5b5ba080e155 - <rfc39[3f1cc5d42d61bc17]::maintainers::tests::test_load_9175a201bbb28e679d72e9f7d28c84ab7d1f742_reduced::{closure#0} as core[a373ad73a504971]::ops::function::FnOnce<()>>::call_once
[INFO] [stdout]   14:     0x5b5ba084f34b - test[aada8e7e76ba119b]::__rust_begin_short_backtrace::<core[a373ad73a504971]::result::Result<(), alloc[2e1b2a31b91974c5]::string::String>, fn() -> core[a373ad73a504971]::result::Result<(), alloc[2e1b2a31b91974c5]::string::String>>
[INFO] [stdout]   15:     0x5b5ba085c525 - test[aada8e7e76ba119b]::run_test::{closure#0}
[INFO] [stdout]   16:     0x5b5ba0855e14 - std[617be2ca0a6fd877]::sys::backtrace::__rust_begin_short_backtrace::<test[aada8e7e76ba119b]::run_test::{closure#1}, ()>
[INFO] [stdout]   17:     0x5b5ba085f5b2 - <std[617be2ca0a6fd877]::thread::lifecycle::spawn_unchecked<test[aada8e7e76ba119b]::run_test::{closure#1}, ()>::{closure#1} as core[a373ad73a504971]::ops::function::FnOnce<()>>::call_once::{shim:vtable#0}
[INFO] [stdout]   18:     0x5b5ba0a1b86f - <std[617be2ca0a6fd877]::sys::thread::unix::Thread>::new::thread_start
[INFO] [stdout]   19:     0x706fb1d79dfa - <unknown>
[INFO] [stdout]   20:     0x706fb1e0d3d4 - clone
[INFO] [stdout]   21:                0x0 - <unknown>
[INFO] [stdout] 
[INFO] [stdout] ---- maintainers::tests::test_load_9175a201bbb28e679d72e9f7d28c84ab7d1f742 stdout ----
[INFO] [stdout] 
[INFO] [stdout] thread 'maintainers::tests::test_load_9175a201bbb28e679d72e9f7d28c84ab7d1f742' (3845) panicked at src/nix.rs:16:10:
[INFO] [stdout] Failed to start nix-instantiate!: Os { code: 2, kind: NotFound, message: "No such file or directory" }
[INFO] [stdout] stack backtrace:
[INFO] [stdout]    0:     0x5b5ba0a1c3a1 - <<std[617be2ca0a6fd877]::sys::backtrace::BacktraceLock>::print::DisplayBacktrace as core[a373ad73a504971]::fmt::Display>::fmt
[INFO] [stdout]    1:     0x5b5ba0a349fa - core[a373ad73a504971]::fmt::write
[INFO] [stdout]    2:     0x5b5ba0a21dfc - <alloc[2e1b2a31b91974c5]::vec::Vec<u8> as core[a373ad73a504971]::io::write::Write>::write_fmt
[INFO] [stdout]    3:     0x5b5ba09f6d86 - std[617be2ca0a6fd877]::panicking::default_hook::{closure#0}
[INFO] [stdout]    4:     0x5b5ba0a13c49 - std[617be2ca0a6fd877]::panicking::default_hook
[INFO] [stdout]    5:     0x5b5ba085bf00 - test[aada8e7e76ba119b]::test_main_inner::{closure#0}
[INFO] [stdout]    6:     0x5b5ba0a13e02 - std[617be2ca0a6fd877]::panicking::panic_with_hook
[INFO] [stdout]    7:     0x5b5ba09f6e32 - std[617be2ca0a6fd877]::panicking::panic_handler::{closure#0}
[INFO] [stdout]    8:     0x5b5ba09ef869 - std[617be2ca0a6fd877]::sys::backtrace::__rust_end_short_backtrace::<std[617be2ca0a6fd877]::panicking::panic_handler::{closure#0}, !>
[INFO] [stdout]    9:     0x5b5ba09f7a3d - __rustc[ea4f61d10b84890b]::rust_begin_unwind
[INFO] [stdout]   10:     0x5b5ba0a351dc - core[a373ad73a504971]::panicking::panic_fmt
[INFO] [stdout]   11:     0x5b5ba0a34fb2 - core[a373ad73a504971]::result::unwrap_failed
[INFO] [stdout]   12:     0x5b5ba0805071 - rfc39[3f1cc5d42d61bc17]::nix::nix_instantiate_file_to_struct::<std[617be2ca0a6fd877]::collections::hash::map::HashMap<rfc39[3f1cc5d42d61bc17]::maintainers::Handle, rfc39[3f1cc5d42d61bc17]::maintainers::Information>>
[INFO] [stdout]   13:     0x5b5ba080dbb4 - <rfc39[3f1cc5d42d61bc17]::maintainers::tests::test_load_9175a201bbb28e679d72e9f7d28c84ab7d1f742::{closure#0} as core[a373ad73a504971]::ops::function::FnOnce<()>>::call_once
[INFO] [stdout]   14:     0x5b5ba084f34b - test[aada8e7e76ba119b]::__rust_begin_short_backtrace::<core[a373ad73a504971]::result::Result<(), alloc[2e1b2a31b91974c5]::string::String>, fn() -> core[a373ad73a504971]::result::Result<(), alloc[2e1b2a31b91974c5]::string::String>>
[INFO] [stdout]   15:     0x5b5ba085c525 - test[aada8e7e76ba119b]::run_test::{closure#0}
[INFO] [stdout]   16:     0x5b5ba0855e14 - std[617be2ca0a6fd877]::sys::backtrace::__rust_begin_short_backtrace::<test[aada8e7e76ba119b]::run_test::{closure#1}, ()>
[INFO] [stdout]   17:     0x5b5ba085f5b2 - <std[617be2ca0a6fd877]::thread::lifecycle::spawn_unchecked<test[aada8e7e76ba119b]::run_test::{closure#1}, ()>::{closure#1} as core[a373ad73a504971]::ops::function::FnOnce<()>>::call_once::{shim:vtable#0}
[INFO] [stdout]   18:     0x5b5ba0a1b86f - <std[617be2ca0a6fd877]::sys::thread::unix::Thread>::new::thread_start
[INFO] [stdout]   19:     0x706fb1d79dfa - <unknown>
[INFO] [stdout]   20:     0x706fb1e0d3d4 - clone
[INFO] [stdout]   21:                0x0 - <unknown>
[INFO] [stdout] 
[INFO] [stdout] ---- maintainers::tests::test_load_9175a201bbb28e679d72e9f7d28c84ab7d1f742_proposed stdout ----
[INFO] [stdout] 
[INFO] [stdout] thread 'maintainers::tests::test_load_9175a201bbb28e679d72e9f7d28c84ab7d1f742_proposed' (3846) panicked at src/nix.rs:16:10:
[INFO] [stdout] Failed to start nix-instantiate!: Os { code: 2, kind: NotFound, message: "No such file or directory" }
[INFO] [stdout] stack backtrace:
[INFO] [stdout]    0:     0x5b5ba0a1c3a1 - <<std[617be2ca0a6fd877]::sys::backtrace::BacktraceLock>::print::DisplayBacktrace as core[a373ad73a504971]::fmt::Display>::fmt
[INFO] [stdout]    1:     0x5b5ba0a349fa - core[a373ad73a504971]::fmt::write
[INFO] [stdout]    2:     0x5b5ba0a21dfc - <alloc[2e1b2a31b91974c5]::vec::Vec<u8> as core[a373ad73a504971]::io::write::Write>::write_fmt
[INFO] [stdout]    3:     0x5b5ba09f6d86 - std[617be2ca0a6fd877]::panicking::default_hook::{closure#0}
[INFO] [stdout]    4:     0x5b5ba0a13c49 - std[617be2ca0a6fd877]::panicking::default_hook
[INFO] [stdout]    5:     0x5b5ba085bf00 - test[aada8e7e76ba119b]::test_main_inner::{closure#0}
[INFO] [stdout]    6:     0x5b5ba0a13e02 - std[617be2ca0a6fd877]::panicking::panic_with_hook
[INFO] [stdout]    7:     0x5b5ba09f6e32 - std[617be2ca0a6fd877]::panicking::panic_handler::{closure#0}
[INFO] [stdout]    8:     0x5b5ba09ef869 - std[617be2ca0a6fd877]::sys::backtrace::__rust_end_short_backtrace::<std[617be2ca0a6fd877]::panicking::panic_handler::{closure#0}, !>
[INFO] [stdout]    9:     0x5b5ba09f7a3d - __rustc[ea4f61d10b84890b]::rust_begin_unwind
[INFO] [stdout]   10:     0x5b5ba0a351dc - core[a373ad73a504971]::panicking::panic_fmt
[INFO] [stdout]   11:     0x5b5ba0a34fb2 - core[a373ad73a504971]::result::unwrap_failed
[INFO] [stdout]   12:     0x5b5ba0805071 - rfc39[3f1cc5d42d61bc17]::nix::nix_instantiate_file_to_struct::<std[617be2ca0a6fd877]::collections::hash::map::HashMap<rfc39[3f1cc5d42d61bc17]::maintainers::Handle, rfc39[3f1cc5d42d61bc17]::maintainers::Information>>
[INFO] [stdout]   13:     0x5b5ba080e97c - <rfc39[3f1cc5d42d61bc17]::maintainers::tests::test_load_9175a201bbb28e679d72e9f7d28c84ab7d1f742_proposed::{closure#0} as core[a373ad73a504971]::ops::function::FnOnce<()>>::call_once
[INFO] [stdout]   14:     0x5b5ba084f34b - test[aada8e7e76ba119b]::__rust_begin_short_backtrace::<core[a373ad73a504971]::result::Result<(), alloc[2e1b2a31b91974c5]::string::String>, fn() -> core[a373ad73a504971]::result::Result<(), alloc[2e1b2a31b91974c5]::string::String>>
[INFO] [stdout]   15:     0x5b5ba085c525 - test[aada8e7e76ba119b]::run_test::{closure#0}
[INFO] [stdout]   16:     0x5b5ba0855e14 - std[617be2ca0a6fd877]::sys::backtrace::__rust_begin_short_backtrace::<test[aada8e7e76ba119b]::run_test::{closure#1}, ()>
[INFO] [stdout]   17:     0x5b5ba085f5b2 - <std[617be2ca0a6fd877]::thread::lifecycle::spawn_unchecked<test[aada8e7e76ba119b]::run_test::{closure#1}, ()>::{closure#1} as core[a373ad73a504971]::ops::function::FnOnce<()>>::call_once::{shim:vtable#0}
[INFO] [stdout]   18:     0x5b5ba0a1b86f - <std[617be2ca0a6fd877]::sys::thread::unix::Thread>::new::thread_start
[INFO] [stdout]   19:     0x706fb1d79dfa - <unknown>
[INFO] [stdout]   20:     0x706fb1e0d3d4 - clone
[INFO] [stdout]   21:                0x0 - <unknown>
[INFO] [stdout] 
[INFO] [stdout] 
[INFO] [stdout] failures:
[INFO] [stdout]     maintainers::tests::test_load_9175a201bbb28e679d72e9f7d28c84ab7d1f742
[INFO] [stdout]     maintainers::tests::test_load_9175a201bbb28e679d72e9f7d28c84ab7d1f742_proposed
[INFO] [stdout]     maintainers::tests::test_load_9175a201bbb28e679d72e9f7d28c84ab7d1f742_reduced
[INFO] [stdout]     maintainers::tests::test_load_stderr
[INFO] [stdout] 
[INFO] [stdout] test result: FAILED. 5 passed; 4 failed; 0 ignored; 0 measured; 0 filtered out; finished in 0.03s
[INFO] [stdout] 
[INFO] [stderr] error: test failed, to rerun pass `--bin rfc39`
[INFO] running `Command { std: "docker" "inspect" "f80167d4e0bda26981326e97f3f24d5c78b3674d0a8ff7f988a4e892930fc08b", kill_on_drop: false }`
[INFO] running `Command { std: "docker" "rm" "-f" "f80167d4e0bda26981326e97f3f24d5c78b3674d0a8ff7f988a4e892930fc08b", kill_on_drop: false }`
[INFO] [stdout] f80167d4e0bda26981326e97f3f24d5c78b3674d0a8ff7f988a4e892930fc08b
