[INFO] cloning repository https://github.com/gpwn-org/gpwn-toolkit
[INFO] running `Command { std: "git" "-c" "credential.helper=" "-c" "credential.helper=/workspace/cargo-home/bin/git-credential-null" "clone" "--bare" "https://github.com/gpwn-org/gpwn-toolkit" "/workspace/cache/git-repos/https%3A%2F%2Fgithub.com%2Fgpwn-org%2Fgpwn-toolkit", kill_on_drop: false }`
[INFO] [stderr] Cloning into bare repository '/workspace/cache/git-repos/https%3A%2F%2Fgithub.com%2Fgpwn-org%2Fgpwn-toolkit'...
[INFO] running `Command { std: "git" "rev-parse" "HEAD", kill_on_drop: false }`
[INFO] [stdout] a5a03958097d54f7e91b9c39393a4bb7d2bc88ba
[INFO] testing gpwn-org/gpwn-toolkit against 1.100.0-beta.1+cargoflags=--release for beta-release-1.100-2
[INFO] running `Command { std: "git" "clone" "/workspace/cache/git-repos/https%3A%2F%2Fgithub.com%2Fgpwn-org%2Fgpwn-toolkit" "/workspace/builds/worker-6-tc2/source", kill_on_drop: false }`
[INFO] [stderr] Cloning into '/workspace/builds/worker-6-tc2/source'...
[INFO] [stderr] done.
[INFO] removed /workspace/builds/worker-6-tc2/source/rust-toolchain.toml
[INFO] started tweaking git repo https://github.com/gpwn-org/gpwn-toolkit
[INFO] finished tweaking git repo https://github.com/gpwn-org/gpwn-toolkit
[INFO] tweaked toml for git repo https://github.com/gpwn-org/gpwn-toolkit written to /workspace/builds/worker-6-tc2/source/Cargo.toml
[INFO] validating manifest of git repo https://github.com/gpwn-org/gpwn-toolkit on toolchain 1.100.0-beta.1
[INFO] running `Command { std: CARGO_HOME="/workspace/cargo-home" RUSTUP_HOME="/workspace/rustup-home" "/workspace/cargo-home/bin/cargo" "+1.100.0-beta.1" "metadata" "--manifest-path" "Cargo.toml" "--no-deps", kill_on_drop: false }`
[INFO] crate git repo https://github.com/gpwn-org/gpwn-toolkit already has a lockfile, it will not be regenerated
[INFO] running `Command { std: CARGO_HOME="/workspace/cargo-home" RUSTUP_HOME="/workspace/rustup-home" "/workspace/cargo-home/bin/cargo" "+1.100.0-beta.1" "fetch" "--manifest-path" "Cargo.toml", kill_on_drop: false }`
[INFO] running `Command { std: "docker" "create" "-v" "/var/lib/crater-agent-workspace/builds/worker-6-tc2/source:/opt/rustwide/workdir:ro,Z" "-v" "/var/lib/crater-agent-workspace/builds/worker-6-tc2/target:/opt/rustwide/target:rw,Z" "-v" "/var/lib/crater-agent-workspace/cargo-home:/opt/rustwide/cargo-home:ro,Z" "-v" "/var/lib/crater-agent-workspace/rustup-home:/opt/rustwide/rustup-home:ro,Z" "-m" "1610612736" "--network" "none" "ghcr.io/rust-lang/crates-build-env/linux@sha256:77db811e55d90add9212f6832c23229e3de5f1c1f9905e8cb07319ea15df73ac" "sleep" "infinity", kill_on_drop: false }`
[INFO] [stdout] d5d2b8399c556c3cfc669b3cb3b4a811a1eb65b4833f414bdcfa5d267fd208b2
[INFO] running `Command { std: "docker" "start" "d5d2b8399c556c3cfc669b3cb3b4a811a1eb65b4833f414bdcfa5d267fd208b2", kill_on_drop: false }`
[INFO] running `Command { std: "docker" "inspect" "d5d2b8399c556c3cfc669b3cb3b4a811a1eb65b4833f414bdcfa5d267fd208b2", kill_on_drop: false }`
[INFO] running `Command { std: "docker" "exec" "-e" "SOURCE_DIR=/opt/rustwide/workdir" "-e" "CARGO_HOME=/opt/rustwide/cargo-home" "-e" "RUSTUP_HOME=/opt/rustwide/rustup-home" "-e" "CARGO_TARGET_DIR=/opt/rustwide/target" "-w" "/opt/rustwide/workdir" "--user" "0:0" "d5d2b8399c556c3cfc669b3cb3b4a811a1eb65b4833f414bdcfa5d267fd208b2" "/opt/rustwide/cargo-home/bin/cargo" "+1.100.0-beta.1" "metadata" "--no-deps" "--format-version=1", kill_on_drop: false }`
[INFO] running `Command { std: "docker" "inspect" "d5d2b8399c556c3cfc669b3cb3b4a811a1eb65b4833f414bdcfa5d267fd208b2", kill_on_drop: false }`
[INFO] running `Command { std: "docker" "exec" "-e" "SOURCE_DIR=/opt/rustwide/workdir" "-e" "CARGO_HOME=/opt/rustwide/cargo-home" "-e" "RUSTUP_HOME=/opt/rustwide/rustup-home" "-e" "CARGO_TARGET_DIR=/opt/rustwide/target" "-e" "CARGO_INCREMENTAL=0" "-e" "RUST_BACKTRACE=full" "-e" "RUSTFLAGS=--cap-lints=warn" "-e" "RUSTDOCFLAGS=--cap-lints=warn" "-w" "/opt/rustwide/workdir" "--user" "0:0" "d5d2b8399c556c3cfc669b3cb3b4a811a1eb65b4833f414bdcfa5d267fd208b2" "/opt/rustwide/cargo-home/bin/cargo" "+1.100.0-beta.1" "build" "--frozen" "--message-format=json" "--release", kill_on_drop: false }`
[INFO] [stderr]    Compiling proc-macro2 v1.0.107
[INFO] [stderr]    Compiling quote v1.0.47
[INFO] [stderr]    Compiling unicode-ident v1.0.24
[INFO] [stderr]    Compiling libc v0.2.189
[INFO] [stderr]    Compiling log v0.4.33
[INFO] [stderr]    Compiling pin-project-lite v0.2.17
[INFO] [stderr]    Compiling bytes v1.12.1
[INFO] [stderr]    Compiling itoa v1.0.18
[INFO] [stderr]    Compiling serde_core v1.0.229
[INFO] [stderr]    Compiling futures-core v0.3.33
[INFO] [stderr]    Compiling find-msvc-tools v0.1.9
[INFO] [stderr]    Compiling shlex v2.0.1
[INFO] [stderr]    Compiling serde v1.0.229
[INFO] [stderr]    Compiling smallvec v1.15.2
[INFO] [stderr]    Compiling pkg-config v0.3.33
[INFO] [stderr]    Compiling bitflags v2.13.1
[INFO] [stderr]    Compiling vcpkg v0.2.15
[INFO] [stderr]    Compiling cfg-if v1.0.4
[INFO] [stderr]    Compiling rustversion v1.0.23
[INFO] [stderr]    Compiling cc v1.4.0
[INFO] [stderr]    Compiling parking_lot_core v0.9.12
[INFO] [stderr]    Compiling thiserror v2.0.19
[INFO] [stderr]    Compiling zmij v1.0.23
[INFO] [stderr]    Compiling heck v0.5.0
[INFO] [stderr]    Compiling scopeguard v1.2.0
[INFO] [stderr]    Compiling utf8parse v0.2.2
[INFO] [stderr]    Compiling tower-service v0.3.3
[INFO] [stderr]    Compiling ryu v1.0.23
[INFO] [stderr]    Compiling httparse v1.10.1
[INFO] [stderr]    Compiling serde_json v1.0.151
[INFO] [stderr]    Compiling once_cell v1.21.4
[INFO] [stderr]    Compiling anstyle-parse v1.0.0
[INFO] [stderr]    Compiling lock_api v0.4.14
[INFO] [stderr]    Compiling tower-layer v0.3.3
[INFO] [stderr]    Compiling signal-hook v0.3.18
[INFO] [stderr]    Compiling ident_case v1.0.1
[INFO] [stderr]    Compiling anstyle-query v1.1.5
[INFO] [stderr]    Compiling colorchoice v1.0.5
[INFO] [stderr]    Compiling is_terminal_polyfill v1.70.2
[INFO] [stderr]    Compiling memchr v2.8.3
[INFO] [stderr]    Compiling strsim v0.11.1
[INFO] [stderr]    Compiling anstyle v1.0.14
[INFO] [stderr]    Compiling tracing-core v0.1.36
[INFO] [stderr]    Compiling futures-channel v0.3.33
[INFO] [stderr]    Compiling futures-task v0.3.33
[INFO] [stderr]    Compiling cfg_aliases v0.2.2
[INFO] [stderr]    Compiling anyhow v1.0.104
[INFO] [stderr]    Compiling slab v0.4.12
[INFO] [stderr]    Compiling percent-encoding v2.3.2
[INFO] [stderr]    Compiling anstream v1.0.0
[INFO] [stderr]    Compiling http v1.5.0
[INFO] [stderr]    Compiling atomic-waker v1.1.2
[INFO] [stderr]    Compiling httpdate v1.0.3
[INFO] [stderr]    Compiling clap_lex v1.1.0
[INFO] [stderr]    Compiling sync_wrapper v1.0.2
[INFO] [stderr]    Compiling rustix v0.38.44
[INFO] [stderr]    Compiling futures-util v0.3.33
[INFO] [stderr]    Compiling form_urlencoded v1.2.2
[INFO] [stderr]    Compiling nix v0.29.0
[INFO] [stderr]    Compiling syn v2.0.119
[INFO] [stderr]    Compiling syn v3.0.3
[INFO] [stderr]    Compiling clap_builder v4.6.2
[INFO] [stderr]    Compiling equivalent v1.0.2
[INFO] [stderr]    Compiling mime v0.3.17
[INFO] [stderr]    Compiling linux-raw-sys v0.4.15
[INFO] [stderr]    Compiling foldhash v0.1.5
[INFO] [stderr]    Compiling allocator-api2 v0.2.21
[INFO] [stderr]    Compiling either v1.17.0
[INFO] [stderr]    Compiling openssl-src v300.6.1+3.6.3
[INFO] [stderr]    Compiling instability v0.3.12
[INFO] [stderr]    Compiling tracing v0.1.44
[INFO] [stderr]    Compiling paste v1.0.15
[INFO] [stderr]    Compiling itertools v0.13.0
[INFO] [stderr]    Compiling castaway v0.2.4
[INFO] [stderr]    Compiling unicode-width v0.1.14
[INFO] [stderr]    Compiling hashbrown v0.15.5
[INFO] [stderr]    Compiling futures-sink v0.3.33
[INFO] [stderr]    Compiling unicode-segmentation v1.13.3
[INFO] [stderr]    Compiling matchit v0.8.4
[INFO] [stderr]    Compiling indoc v2.0.7
[INFO] [stderr]    Compiling static_assertions v1.1.0
[INFO] [stderr]    Compiling compact_str v0.8.2
[INFO] [stderr]    Compiling libz-sys v1.1.29
[INFO] [stderr]    Compiling openssl-sys v0.9.117
[INFO] [stderr]    Compiling libssh2-sys v0.3.2
[INFO] [stderr]    Compiling cassowary v0.3.0
[INFO] [stderr]    Compiling unicode-width v0.2.0
[INFO] [stderr]    Compiling base64 v0.22.1
[INFO] [stderr]    Compiling lru v0.12.5
[INFO] [stderr]    Compiling http-body v1.1.0
[INFO] [stderr]    Compiling tower-http v0.6.11
[INFO] [stderr]    Compiling http-body-util v0.1.4
[INFO] [stderr]    Compiling errno v0.3.14
[INFO] [stderr]    Compiling mio v1.2.2
[INFO] [stderr]    Compiling signal-hook-registry v1.4.8
[INFO] [stderr]    Compiling socket2 v0.6.5
[INFO] [stderr]    Compiling axum-core v0.5.6
[INFO] [stderr]    Compiling parking_lot v0.12.5
[INFO] [stderr]    Compiling signal-hook-mio v0.2.5
[INFO] [stderr]    Compiling crossterm v0.28.1
[INFO] [stderr]    Compiling unicode-truncate v1.1.0
[INFO] [stderr]    Compiling serde_path_to_error v0.1.20
[INFO] [stderr]    Compiling serde_derive v1.0.229
[INFO] [stderr]    Compiling thiserror-impl v2.0.19
[INFO] [stderr]    Compiling async-trait v0.1.91
[INFO] [stderr]    Compiling clap_derive v4.6.4
[INFO] [stderr]    Compiling darling_core v0.23.0
[INFO] [stderr]    Compiling tokio-macros v2.7.1
[INFO] [stderr]    Compiling strum_macros v0.26.4
[INFO] [stderr]    Compiling tokio v1.53.1
[INFO] [stderr]    Compiling clap v4.6.4
[INFO] [stderr]    Compiling strum v0.26.3
[INFO] [stderr]    Compiling darling_macro v0.23.0
[INFO] [stderr]    Compiling gpwn-core v0.1.0 (/opt/rustwide/workdir/crates/gpwn-core)
[INFO] [stderr]    Compiling serde_urlencoded v0.7.1
[INFO] [stderr]    Compiling darling v0.23.0
[INFO] [stderr]    Compiling ratatui v0.29.0
[INFO] [stderr]    Compiling gpwn-mock v0.1.0 (/opt/rustwide/workdir/crates/gpwn-mock)
[INFO] [stderr]    Compiling hyper v1.11.0
[INFO] [stderr]    Compiling tower v0.5.3
[INFO] [stderr]    Compiling tokio-util v0.7.19
[INFO] [stderr]    Compiling gpwn-capture v0.1.0 (/opt/rustwide/workdir/crates/gpwn-capture)
[INFO] [stderr]    Compiling gpwn-scan v0.1.0 (/opt/rustwide/workdir/crates/gpwn-scan)
[INFO] [stderr]    Compiling hyper-util v0.1.20
[INFO] [stderr]    Compiling axum v0.8.9
[INFO] [stderr]    Compiling gpwn-pcap-analyzer v0.1.0 (/opt/rustwide/workdir/crates/gpwn-pcap-analyzer)
[INFO] [stderr]    Compiling ssh2 v0.9.6
[INFO] [stderr]    Compiling gpwn-ssh v0.1.0 (/opt/rustwide/workdir/crates/gpwn-ssh)
[INFO] [stderr]    Compiling gpwn-tui v0.1.0 (/opt/rustwide/workdir/crates/gpwn-tui)
[INFO] [stderr]     Finished `release` profile [optimized] target(s) in 4m 25s
[INFO] running `Command { std: "docker" "inspect" "d5d2b8399c556c3cfc669b3cb3b4a811a1eb65b4833f414bdcfa5d267fd208b2", kill_on_drop: false }`
[INFO] running `Command { std: "docker" "exec" "-e" "SOURCE_DIR=/opt/rustwide/workdir" "-e" "CARGO_HOME=/opt/rustwide/cargo-home" "-e" "RUSTUP_HOME=/opt/rustwide/rustup-home" "-e" "CARGO_TARGET_DIR=/opt/rustwide/target" "-e" "CARGO_INCREMENTAL=0" "-e" "RUST_BACKTRACE=full" "-e" "RUSTFLAGS=--cap-lints=warn" "-e" "RUSTDOCFLAGS=--cap-lints=warn" "-w" "/opt/rustwide/workdir" "--user" "0:0" "d5d2b8399c556c3cfc669b3cb3b4a811a1eb65b4833f414bdcfa5d267fd208b2" "/opt/rustwide/cargo-home/bin/cargo" "+1.100.0-beta.1" "test" "--frozen" "--no-run" "--message-format=json" "--release", kill_on_drop: false }`
[INFO] [stderr]    Compiling gpwn-pcap-analyzer v0.1.0 (/opt/rustwide/workdir/crates/gpwn-pcap-analyzer)
[INFO] [stderr]    Compiling gpwn-ssh v0.1.0 (/opt/rustwide/workdir/crates/gpwn-ssh)
[INFO] [stderr]    Compiling gpwn-scan v0.1.0 (/opt/rustwide/workdir/crates/gpwn-scan)
[INFO] [stderr]    Compiling gpwn-capture v0.1.0 (/opt/rustwide/workdir/crates/gpwn-capture)
[INFO] [stderr]    Compiling gpwn-mock v0.1.0 (/opt/rustwide/workdir/crates/gpwn-mock)
[INFO] [stderr]    Compiling gpwn-core v0.1.0 (/opt/rustwide/workdir/crates/gpwn-core)
[INFO] [stderr]    Compiling gpwn-tui v0.1.0 (/opt/rustwide/workdir/crates/gpwn-tui)
[INFO] [stderr]     Finished `release` profile [optimized] target(s) in 1m 50s
[INFO] running `Command { std: "docker" "inspect" "d5d2b8399c556c3cfc669b3cb3b4a811a1eb65b4833f414bdcfa5d267fd208b2", kill_on_drop: false }`
[INFO] running `Command { std: "docker" "exec" "-e" "SOURCE_DIR=/opt/rustwide/workdir" "-e" "CARGO_HOME=/opt/rustwide/cargo-home" "-e" "RUSTUP_HOME=/opt/rustwide/rustup-home" "-e" "CARGO_TARGET_DIR=/opt/rustwide/target" "-e" "CARGO_INCREMENTAL=0" "-e" "RUST_BACKTRACE=full" "-e" "RUSTFLAGS=--cap-lints=warn" "-e" "RUSTDOCFLAGS=--cap-lints=warn" "-w" "/opt/rustwide/workdir" "--user" "0:0" "d5d2b8399c556c3cfc669b3cb3b4a811a1eb65b4833f414bdcfa5d267fd208b2" "/opt/rustwide/cargo-home/bin/cargo" "+1.100.0-beta.1" "test" "--frozen" "--release", kill_on_drop: false }`
[INFO] [stderr]     Finished `release` profile [optimized] target(s) in 0.28s
[INFO] [stdout] 
[INFO] [stderr]      Running unittests src/lib.rs (/opt/rustwide/target/release/build/gpwn-capture/d577b38a5f9e2218/out/gpwn_capture-d577b38a5f9e2218)
[INFO] [stdout] running 11 tests
[INFO] [stdout] test tests::a_bounded_capture_stops_itself ... ignored, requires packet capture privileges
[INFO] [stdout] test tests::free_space_walks_up_to_an_existing_directory ... ok
[INFO] [stdout] test tests::interrupting_a_capture_leaves_a_finalized_file ... ignored, requires packet capture privileges
[INFO] [stderr]      Running unittests src/lib.rs (/opt/rustwide/target/release/build/gpwn-core/27c93069df0cca31/out/gpwn_core-27c93069df0cca31)
[INFO] [stdout] test tests::parses_machine_readable_interface_listing ... ok
[INFO] [stdout] test tests::rejects_configurations_that_cannot_start ... ok
[INFO] [stdout] test tests::blank_filters_are_not_passed_to_dumpcap ... ok
[INFO] [stdout] test tests::derives_a_filter_only_from_a_real_endpoint ... ok
[INFO] [stdout] test tests::ignores_rows_that_are_not_interfaces ... ok
[INFO] [stdout] test tests::estimates_include_per_packet_block_overhead ... ok
[INFO] [stdout] test tests::parses_json_interface_listing_from_wireshark_4_6 ... ok
[INFO] [stdout] test tests::hides_virtual_links_but_keeps_real_nics ... ok
[INFO] [stdout] 
[INFO] [stdout] test result: ok. 9 passed; 0 failed; 2 ignored; 0 measured; 0 filtered out; finished in 0.01s
[INFO] [stdout] 
[INFO] [stdout] 
[INFO] [stdout] running 8 tests
[INFO] [stdout] test tests::parses_counter_firmware_variants ... ok
[INFO] [stdout] test tests::allocates_a_common_id_for_both_directions ... ok
[INFO] [stdout] test tests::parses_flow_tables ... ok
[INFO] [stdout] test tests::parses_omci_mib_catalog_and_entities ... ok
[INFO] [stdout] test tests::selection_expression_is_sorted_and_deduplicated ... ok
[INFO] [stderr]      Running unittests src/lib.rs (/opt/rustwide/target/release/build/gpwn-mock/50b2691d55284e4c/out/gpwn_mock-50b2691d55284e4c)
[INFO] [stdout] test tests::resolves_realtek_table_names_to_omci_class_ids ... ok
[INFO] [stdout] test tests::parses_line_status ... ok
[INFO] [stdout] test tests::reports_catalog_fallback_as_unavailable_mib_data ... ok
[INFO] [stdout] 
[INFO] [stdout] test result: ok. 8 passed; 0 failed; 0 ignored; 0 measured; 0 filtered out; finished in 0.01s
[INFO] [stdout] 
[INFO] [stdout] 
[INFO] [stdout] running 4 tests
[INFO] [stdout] test tests::counter_reads_are_interval_values ... ok
[INFO] [stderr]      Running unittests src/lib.rs (/opt/rustwide/target/release/build/gpwn-pcap-analyzer/92fce0f095282e43/out/gpwn_pcap_analyzer-92fce0f095282e43)
[INFO] [stdout] test tests::mock_exposes_read_only_omci_mib_data ... ok
[INFO] [stdout] test tests::mock_mutates_both_tables_with_a_common_id ... ok
[INFO] [stdout] test tests::scenario_names_are_stable ... ok
[INFO] [stdout] 
[INFO] [stdout] test result: ok. 4 passed; 0 failed; 0 ignored; 0 measured; 0 filtered out; finished in 0.00s
[INFO] [stdout] 
[INFO] [stdout] 
[INFO] [stdout] running 24 tests
[INFO] [stdout] test parser::tests::downstream_gtp_keeps_outer_gpon_nodes_and_attaches_mobile_ue ... ok
[INFO] [stdout] test parser::tests::mqtt_hex_is_decoded_and_ntp_refid_is_readable ... ok
[INFO] [stdout] test parser::tests::direct_gtp_attributes_inner_client_to_receiving_mac ... ok
[INFO] [stdout] test api::tests::artifact_paths_are_encoded ... ok
[INFO] [stdout] test api::tests::captured_html_is_not_marked_renderable ... ok
[INFO] [stdout] test favicon::tests::only_known_raster_formats_are_accepted_from_remote ... ok
[INFO] [stdout] test parser::tests::nested_gtp_still_uses_outer_gpon_mac ... ok
[INFO] [stdout] test favicon::tests::base_domain_normalizes_hosts_and_common_country_suffixes ... ok
[INFO] [stdout] test api::tests::active_artifact_is_plain_attachment_with_nosniff ... FAILED
[INFO] [stdout] test parser::tests::sip_and_cellular_identity_metadata_survives ... ok
[INFO] [stdout] test api::tests::artifact_categories_filter_before_pagination ... FAILED
[INFO] [stdout] test parser::tests::rejects_invalid_and_group_macs ... ok
[INFO] [stdout] test api::tests::artifact_pagination_is_bounded_and_sorted ... FAILED
[INFO] [stdout] test api::tests::artifact_traversal_is_rejected ... FAILED
[INFO] [stdout] test api::tests::media_artifact_supports_byte_ranges ... FAILED
[INFO] [stdout] test pipeline::tests::artifact_command_exports_each_supported_object_protocol ... ok
[INFO] [stdout] test api::tests::overview_omits_the_unbounded_event_payload ... ok
[INFO] [stdout] test parser::tests::detector_matrix ... ok
[INFO] [stdout] test api::tests::extensionless_exported_objects_are_sniffed ... FAILED
[INFO] [stdout] test pipeline::tests::follow_command_reads_stdin_and_requests_all_occurrences ... ok
[INFO] [stdout] test pipeline::tests::tiny_pcap_runs_through_streaming_tshark_stdin ... ok
[INFO] [stdout] test pipeline::tests::tiny_pcap_runs_through_real_tshark ... ok
[INFO] [stdout] test pipeline::tests::completed_capture_exports_http_media_in_parallel ... ok
[INFO] [stdout] test favicon::tests::successful_remote_icon_is_cached ... ok
[INFO] [stdout] 
[INFO] [stdout] failures:
[INFO] [stdout] 
[INFO] [stdout] ---- api::tests::active_artifact_is_plain_attachment_with_nosniff stdout ----
[INFO] [stdout] 
[INFO] [stdout] thread 'api::tests::active_artifact_is_plain_attachment_with_nosniff' (15005) panicked at crates/gpwn-pcap-analyzer/src/api.rs:696:35:
[INFO] [stdout] called `Result::unwrap()` on an `Err` value: Os { code: 30, kind: ReadOnlyFilesystem, message: "Read-only file system" }
[INFO] [stdout] stack backtrace:
[INFO] [stdout]    0:     0x61d69a2faf26 - <unknown>
[INFO] [stdout]    1:     0x61d69a21ed1a - <unknown>
[INFO] [stdout]    2:     0x61d69a300f8c - <unknown>
[INFO] [stdout]    3:     0x61d69a2d4982 - <unknown>
[INFO] [stdout]    4:     0x61d69a2f1931 - <unknown>
[INFO] [stdout]    5:     0x61d69a2f1d72 - <unknown>
[INFO] [stdout]    6:     0x61d69a2d4a32 - <unknown>
[INFO] [stdout]    7:     0x61d69a2cce79 - <unknown>
[INFO] [stdout]    8:     0x61d69a2d5c5d - <unknown>
[INFO] [stdout]    9:     0x61d69a21f43c - <unknown>
[INFO] [stdout]   10:     0x61d69a21f212 - <unknown>
[INFO] [stdout]   11:     0x61d69a28a1bc - <unknown>
[INFO] [stdout]   12:     0x61d69a266874 - <unknown>
[INFO] [stdout]   13:     0x61d69a28bab8 - <unknown>
[INFO] [stdout]   14:     0x61d69a267362 - <unknown>
[INFO] [stdout]   15:     0x61d69a26143b - <unknown>
[INFO] [stdout]   16:     0x61d69a274643 - <unknown>
[INFO] [stdout]   17:     0x61d69a28b92f - <unknown>
[INFO] [stdout]   18:     0x61d69a30258b - <unknown>
[INFO] [stdout]   19:     0x61d69a310434 - <unknown>
[INFO] [stderr] error: test failed, to rerun pass `-p gpwn-pcap-analyzer --lib`
[INFO] [stdout]   20:     0x61d69a309b64 - <unknown>
[INFO] [stdout]   21:     0x61d69a3141f2 - <unknown>
[INFO] [stdout]   22:     0x61d69a2f9b04 - <unknown>
[INFO] [stdout]   23:     0x726054810dfa - <unknown>
[INFO] [stdout]   24:     0x7260548a43d4 - clone
[INFO] [stdout]   25:                0x0 - <unknown>
[INFO] [stdout] 
[INFO] [stdout] ---- api::tests::artifact_categories_filter_before_pagination stdout ----
[INFO] [stdout] 
[INFO] [stdout] thread 'api::tests::artifact_categories_filter_before_pagination' (15006) panicked at crates/gpwn-pcap-analyzer/src/api.rs:645:35:
[INFO] [stdout] called `Result::unwrap()` on an `Err` value: Os { code: 30, kind: ReadOnlyFilesystem, message: "Read-only file system" }
[INFO] [stdout] stack backtrace:
[INFO] [stdout]    0:     0x61d69a2faf26 - <unknown>
[INFO] [stdout]    1:     0x61d69a21ed1a - <unknown>
[INFO] [stdout]    2:     0x61d69a300f8c - <unknown>
[INFO] [stdout]    3:     0x61d69a2d4982 - <unknown>
[INFO] [stdout]    4:     0x61d69a2f1931 - <unknown>
[INFO] [stdout]    5:     0x61d69a2f1d72 - <unknown>
[INFO] [stdout]    6:     0x61d69a2d4a32 - <unknown>
[INFO] [stdout]    7:     0x61d69a2cce79 - <unknown>
[INFO] [stdout]    8:     0x61d69a2d5c5d - <unknown>
[INFO] [stdout]    9:     0x61d69a21f43c - <unknown>
[INFO] [stdout]   10:     0x61d69a21f212 - <unknown>
[INFO] [stdout]   11:     0x61d69a289637 - <unknown>
[INFO] [stdout]   12:     0x61d69a266874 - <unknown>
[INFO] [stdout]   13:     0x61d69a28bab8 - <unknown>
[INFO] [stdout]   14:     0x61d69a267362 - <unknown>
[INFO] [stdout]   15:     0x61d69a26143b - <unknown>
[INFO] [stdout]   16:     0x61d69a274643 - <unknown>
[INFO] [stdout]   17:     0x61d69a28b74f - <unknown>
[INFO] [stdout]   18:     0x61d69a30258b - <unknown>
[INFO] [stdout]   19:     0x61d69a310434 - <unknown>
[INFO] [stdout]   20:     0x61d69a309b64 - <unknown>
[INFO] [stdout]   21:     0x61d69a3141f2 - <unknown>
[INFO] [stdout]   22:     0x61d69a2f9b04 - <unknown>
[INFO] [stdout]   23:     0x726054810dfa - <unknown>
[INFO] [stdout]   24:     0x7260548a43d4 - clone
[INFO] [stdout]   25:                0x0 - <unknown>
[INFO] [stdout] 
[INFO] [stdout] ---- api::tests::artifact_pagination_is_bounded_and_sorted stdout ----
[INFO] [stdout] 
[INFO] [stdout] thread 'api::tests::artifact_pagination_is_bounded_and_sorted' (15007) panicked at crates/gpwn-pcap-analyzer/src/api.rs:622:35:
[INFO] [stdout] called `Result::unwrap()` on an `Err` value: Os { code: 30, kind: ReadOnlyFilesystem, message: "Read-only file system" }
[INFO] [stdout] stack backtrace:
[INFO] [stdout]    0:     0x61d69a2faf26 - <unknown>
[INFO] [stdout]    1:     0x61d69a21ed1a - <unknown>
[INFO] [stdout]    2:     0x61d69a300f8c - <unknown>
[INFO] [stdout]    3:     0x61d69a2d4982 - <unknown>
[INFO] [stdout]    4:     0x61d69a2f1931 - <unknown>
[INFO] [stdout]    5:     0x61d69a2f1d72 - <unknown>
[INFO] [stdout]    6:     0x61d69a2d4a32 - <unknown>
[INFO] [stdout]    7:     0x61d69a2cce79 - <unknown>
[INFO] [stdout]    8:     0x61d69a2d5c5d - <unknown>
[INFO] [stdout]    9:     0x61d69a21f43c - <unknown>
[INFO] [stdout]   10:     0x61d69a21f212 - <unknown>
[INFO] [stdout]   11:     0x61d69a287f6b - <unknown>
[INFO] [stdout]   12:     0x61d69a266874 - <unknown>
[INFO] [stdout]   13:     0x61d69a28bab8 - <unknown>
[INFO] [stdout]   14:     0x61d69a267362 - <unknown>
[INFO] [stdout]   15:     0x61d69a26143b - <unknown>
[INFO] [stdout]   16:     0x61d69a274643 - <unknown>
[INFO] [stdout]   17:     0x61d69a28af0f - <unknown>
[INFO] [stdout]   18:     0x61d69a30258b - <unknown>
[INFO] [stdout]   19:     0x61d69a310434 - <unknown>
[INFO] [stdout]   20:     0x61d69a309b64 - <unknown>
[INFO] [stdout]   21:     0x61d69a3141f2 - <unknown>
[INFO] [stdout]   22:     0x61d69a2f9b04 - <unknown>
[INFO] [stdout]   23:     0x726054810dfa - <unknown>
[INFO] [stdout]   24:     0x7260548a43d4 - clone
[INFO] [stdout]   25:                0x0 - <unknown>
[INFO] [stdout] 
[INFO] [stdout] ---- api::tests::artifact_traversal_is_rejected stdout ----
[INFO] [stdout] 
[INFO] [stdout] thread 'api::tests::artifact_traversal_is_rejected' (15009) panicked at crates/gpwn-pcap-analyzer/src/api.rs:666:35:
[INFO] [stdout] called `Result::unwrap()` on an `Err` value: Os { code: 30, kind: ReadOnlyFilesystem, message: "Read-only file system" }
[INFO] [stdout] stack backtrace:
[INFO] [stdout]    0:     0x61d69a2faf26 - <unknown>
[INFO] [stdout]    1:     0x61d69a21ed1a - <unknown>
[INFO] [stdout]    2:     0x61d69a300f8c - <unknown>
[INFO] [stdout]    3:     0x61d69a2d4982 - <unknown>
[INFO] [stdout]    4:     0x61d69a2f1931 - <unknown>
[INFO] [stdout]    5:     0x61d69a2f1d72 - <unknown>
[INFO] [stdout]    6:     0x61d69a2d4a32 - <unknown>
[INFO] [stdout]    7:     0x61d69a2cce79 - <unknown>
[INFO] [stdout]    8:     0x61d69a2d5c5d - <unknown>
[INFO] [stdout]    9:     0x61d69a21f43c - <unknown>
[INFO] [stdout]   10:     0x61d69a21f212 - <unknown>
[INFO] [stdout]   11:     0x61d69a286c51 - <unknown>
[INFO] [stdout]   12:     0x61d69a266874 - <unknown>
[INFO] [stdout]   13:     0x61d69a28bab8 - <unknown>
[INFO] [stdout]   14:     0x61d69a267362 - <unknown>
[INFO] [stdout]   15:     0x61d69a26143b - <unknown>
[INFO] [stdout]   16:     0x61d69a274643 - <unknown>
[INFO] [stdout]   17:     0x61d69a28abbf - <unknown>
[INFO] [stdout]   18:     0x61d69a30258b - <unknown>
[INFO] [stdout]   19:     0x61d69a310434 - <unknown>
[INFO] [stdout]   20:     0x61d69a309b64 - <unknown>
[INFO] [stdout]   21:     0x61d69a3141f2 - <unknown>
[INFO] [stdout]   22:     0x61d69a2f9b04 - <unknown>
[INFO] [stdout]   23:     0x726054810dfa - <unknown>
[INFO] [stdout]   24:     0x7260548a43d4 - clone
[INFO] [stdout]   25:                0x0 - <unknown>
[INFO] [stdout] 
[INFO] [stdout] ---- api::tests::media_artifact_supports_byte_ranges stdout ----
[INFO] [stdout] 
[INFO] [stdout] thread 'api::tests::media_artifact_supports_byte_ranges' (15012) panicked at crates/gpwn-pcap-analyzer/src/api.rs:726:35:
[INFO] [stdout] called `Result::unwrap()` on an `Err` value: Os { code: 30, kind: ReadOnlyFilesystem, message: "Read-only file system" }
[INFO] [stdout] stack backtrace:
[INFO] [stdout]    0:     0x61d69a2faf26 - <unknown>
[INFO] [stdout]    1:     0x61d69a21ed1a - <unknown>
[INFO] [stdout]    2:     0x61d69a300f8c - <unknown>
[INFO] [stdout]    3:     0x61d69a2d4982 - <unknown>
[INFO] [stdout]    4:     0x61d69a2f1931 - <unknown>
[INFO] [stdout]    5:     0x61d69a2f1d72 - <unknown>
[INFO] [stdout]    6:     0x61d69a2d4a32 - <unknown>
[INFO] [stdout]    7:     0x61d69a2cce79 - <unknown>
[INFO] [stdout]    8:     0x61d69a2d5c5d - <unknown>
[INFO] [stdout]    9:     0x61d69a21f43c - <unknown>
[INFO] [stdout]   10:     0x61d69a21f212 - <unknown>
[INFO] [stdout]   11:     0x61d69a2876b8 - <unknown>
[INFO] [stdout]   12:     0x61d69a266874 - <unknown>
[INFO] [stdout]   13:     0x61d69a28bab8 - <unknown>
[INFO] [stdout]   14:     0x61d69a267362 - <unknown>
[INFO] [stdout]   15:     0x61d69a26143b - <unknown>
[INFO] [stdout]   16:     0x61d69a274643 - <unknown>
[INFO] [stdout]   17:     0x61d69a28ad2f - <unknown>
[INFO] [stdout]   18:     0x61d69a30258b - <unknown>
[INFO] [stdout]   19:     0x61d69a310434 - <unknown>
[INFO] [stdout]   20:     0x61d69a309b64 - <unknown>
[INFO] [stdout]   21:     0x61d69a3141f2 - <unknown>
[INFO] [stdout]   22:     0x61d69a2f9b04 - <unknown>
[INFO] [stdout]   23:     0x726054810dfa - <unknown>
[INFO] [stdout]   24:     0x7260548a43d4 - clone
[INFO] [stdout]   25:                0x0 - <unknown>
[INFO] [stdout] 
[INFO] [stdout] ---- api::tests::extensionless_exported_objects_are_sniffed stdout ----
[INFO] [stdout] 
[INFO] [stdout] thread 'api::tests::extensionless_exported_objects_are_sniffed' (15011) panicked at crates/gpwn-pcap-analyzer/src/api.rs:603:35:
[INFO] [stdout] called `Result::unwrap()` on an `Err` value: Os { code: 30, kind: ReadOnlyFilesystem, message: "Read-only file system" }
[INFO] [stdout] stack backtrace:
[INFO] [stdout]    0:     0x61d69a2faf26 - <unknown>
[INFO] [stdout]    1:     0x61d69a21ed1a - <unknown>
[INFO] [stdout]    2:     0x61d69a300f8c - <unknown>
[INFO] [stdout]    3:     0x61d69a2d4982 - <unknown>
[INFO] [stdout]    4:     0x61d69a2f1931 - <unknown>
[INFO] [stdout]    5:     0x61d69a2f1d72 - <unknown>
[INFO] [stdout]    6:     0x61d69a2d4a32 - <unknown>
[INFO] [stdout]    7:     0x61d69a2cce79 - <unknown>
[INFO] [stdout]    8:     0x61d69a2d5c5d - <unknown>
[INFO] [stdout]    9:     0x61d69a21f43c - <unknown>
[INFO] [stdout]   10:     0x61d69a21f212 - <unknown>
[INFO] [stdout]   11:     0x61d69a28b3ed - <unknown>
[INFO] [stdout]   12:     0x61d69a30258b - <unknown>
[INFO] [stdout]   13:     0x61d69a310434 - <unknown>
[INFO] [stdout]   14:     0x61d69a309b64 - <unknown>
[INFO] [stdout]   15:     0x61d69a3141f2 - <unknown>
[INFO] [stdout]   16:     0x61d69a2f9b04 - <unknown>
[INFO] [stdout]   17:     0x726054810dfa - <unknown>
[INFO] [stdout]   18:     0x7260548a43d4 - clone
[INFO] [stdout]   19:                0x0 - <unknown>
[INFO] [stdout] 
[INFO] [stdout] 
[INFO] [stdout] failures:
[INFO] [stdout]     api::tests::active_artifact_is_plain_attachment_with_nosniff
[INFO] [stdout]     api::tests::artifact_categories_filter_before_pagination
[INFO] [stdout]     api::tests::artifact_pagination_is_bounded_and_sorted
[INFO] [stdout]     api::tests::artifact_traversal_is_rejected
[INFO] [stdout]     api::tests::extensionless_exported_objects_are_sniffed
[INFO] [stdout]     api::tests::media_artifact_supports_byte_ranges
[INFO] [stdout] 
[INFO] [stdout] test result: FAILED. 18 passed; 6 failed; 0 ignored; 0 measured; 0 filtered out; finished in 0.14s
[INFO] [stdout] 
[INFO] running `Command { std: "docker" "inspect" "d5d2b8399c556c3cfc669b3cb3b4a811a1eb65b4833f414bdcfa5d267fd208b2", kill_on_drop: false }`
[INFO] running `Command { std: "docker" "rm" "-f" "d5d2b8399c556c3cfc669b3cb3b4a811a1eb65b4833f414bdcfa5d267fd208b2", kill_on_drop: false }`
[INFO] [stdout] d5d2b8399c556c3cfc669b3cb3b4a811a1eb65b4833f414bdcfa5d267fd208b2
