[INFO] cloning repository https://github.com/gotneb/rlox
[INFO] running `Command { std: "git" "-c" "credential.helper=" "-c" "credential.helper=/workspace/cargo-home/bin/git-credential-null" "clone" "--bare" "https://github.com/gotneb/rlox" "/workspace/cache/git-repos/https%3A%2F%2Fgithub.com%2Fgotneb%2Frlox", kill_on_drop: false }`
[INFO] [stderr] Cloning into bare repository '/workspace/cache/git-repos/https%3A%2F%2Fgithub.com%2Fgotneb%2Frlox'...
[INFO] running `Command { std: "git" "rev-parse" "HEAD", kill_on_drop: false }`
[INFO] [stdout] e407bb4ef7d689d5e232e63cad74e33fa4e118ea
[INFO] testing gotneb/rlox against 1.100.0-beta.1+cargoflags=--release for beta-release-1.100-2
[INFO] running `Command { std: "git" "clone" "/workspace/cache/git-repos/https%3A%2F%2Fgithub.com%2Fgotneb%2Frlox" "/workspace/builds/worker-6-tc2/source", kill_on_drop: false }`
[INFO] [stderr] Cloning into '/workspace/builds/worker-6-tc2/source'...
[INFO] [stderr] done.
[INFO] started tweaking git repo https://github.com/gotneb/rlox
[INFO] finished tweaking git repo https://github.com/gotneb/rlox
[INFO] tweaked toml for git repo https://github.com/gotneb/rlox written to /workspace/builds/worker-6-tc2/source/Cargo.toml
[INFO] validating manifest of git repo https://github.com/gotneb/rlox on toolchain 1.100.0-beta.1
[INFO] running `Command { std: CARGO_HOME="/workspace/cargo-home" RUSTUP_HOME="/workspace/rustup-home" "/workspace/cargo-home/bin/cargo" "+1.100.0-beta.1" "metadata" "--manifest-path" "Cargo.toml" "--no-deps", kill_on_drop: false }`
[INFO] crate git repo https://github.com/gotneb/rlox already has a lockfile, it will not be regenerated
[INFO] running `Command { std: CARGO_HOME="/workspace/cargo-home" RUSTUP_HOME="/workspace/rustup-home" "/workspace/cargo-home/bin/cargo" "+1.100.0-beta.1" "fetch" "--manifest-path" "Cargo.toml", kill_on_drop: false }`
[INFO] running `Command { std: "docker" "create" "-v" "/var/lib/crater-agent-workspace/builds/worker-6-tc2/source:/opt/rustwide/workdir:ro,Z" "-v" "/var/lib/crater-agent-workspace/builds/worker-6-tc2/target:/opt/rustwide/target:rw,Z" "-v" "/var/lib/crater-agent-workspace/cargo-home:/opt/rustwide/cargo-home:ro,Z" "-v" "/var/lib/crater-agent-workspace/rustup-home:/opt/rustwide/rustup-home:ro,Z" "-m" "1610612736" "--network" "none" "ghcr.io/rust-lang/crates-build-env/linux@sha256:77db811e55d90add9212f6832c23229e3de5f1c1f9905e8cb07319ea15df73ac" "sleep" "infinity", kill_on_drop: false }`
[INFO] [stdout] a79d617c1ccfdfc456a584cbacccc6e1dc9b63f02993ceef4154c69b5a51c33b
[INFO] running `Command { std: "docker" "start" "a79d617c1ccfdfc456a584cbacccc6e1dc9b63f02993ceef4154c69b5a51c33b", kill_on_drop: false }`
[INFO] running `Command { std: "docker" "inspect" "a79d617c1ccfdfc456a584cbacccc6e1dc9b63f02993ceef4154c69b5a51c33b", kill_on_drop: false }`
[INFO] running `Command { std: "docker" "exec" "-e" "SOURCE_DIR=/opt/rustwide/workdir" "-e" "CARGO_HOME=/opt/rustwide/cargo-home" "-e" "RUSTUP_HOME=/opt/rustwide/rustup-home" "-e" "CARGO_TARGET_DIR=/opt/rustwide/target" "-w" "/opt/rustwide/workdir" "--user" "0:0" "a79d617c1ccfdfc456a584cbacccc6e1dc9b63f02993ceef4154c69b5a51c33b" "/opt/rustwide/cargo-home/bin/cargo" "+1.100.0-beta.1" "metadata" "--no-deps" "--format-version=1", kill_on_drop: false }`
[INFO] running `Command { std: "docker" "inspect" "a79d617c1ccfdfc456a584cbacccc6e1dc9b63f02993ceef4154c69b5a51c33b", kill_on_drop: false }`
[INFO] running `Command { std: "docker" "exec" "-e" "SOURCE_DIR=/opt/rustwide/workdir" "-e" "CARGO_HOME=/opt/rustwide/cargo-home" "-e" "RUSTUP_HOME=/opt/rustwide/rustup-home" "-e" "CARGO_TARGET_DIR=/opt/rustwide/target" "-e" "CARGO_INCREMENTAL=0" "-e" "RUST_BACKTRACE=full" "-e" "RUSTFLAGS=--cap-lints=warn" "-e" "RUSTDOCFLAGS=--cap-lints=warn" "-w" "/opt/rustwide/workdir" "--user" "0:0" "a79d617c1ccfdfc456a584cbacccc6e1dc9b63f02993ceef4154c69b5a51c33b" "/opt/rustwide/cargo-home/bin/cargo" "+1.100.0-beta.1" "build" "--frozen" "--message-format=json" "--release", kill_on_drop: false }`
[INFO] [stderr]    Compiling uid v0.1.8
[INFO] [stderr]    Compiling rlox v0.1.0 (/opt/rustwide/workdir)
[INFO] [stdout] warning: hiding a lifetime that's elided elsewhere is confusing
[INFO] [stdout]   --> src/resolver.rs:53:29
[INFO] [stdout]    |
[INFO] [stdout] 53 |     pub fn new(interpreter: &mut Interpreter) -> Resolver {
[INFO] [stdout]    |                             ^^^^^^^^^^^^^^^^     ^^^^^^^^ the same lifetime is hidden here
[INFO] [stdout]    |                             |
[INFO] [stdout]    |                             the lifetime is elided here
[INFO] [stdout]    |
[INFO] [stdout]    = help: the same lifetime is referred to in inconsistent ways, making the signature confusing
[INFO] [stdout]    = note: `#[warn(mismatched_lifetime_syntaxes)]` on by default
[INFO] [stdout] help: use `'_` for type paths
[INFO] [stdout]    |
[INFO] [stdout] 53 |     pub fn new(interpreter: &mut Interpreter) -> Resolver<'_> {
[INFO] [stdout]    |                                                          ++++
[INFO] [stdout] 
[INFO] [stdout] 
[INFO] [stderr]     Finished `release` profile [optimized] target(s) in 2.78s
[INFO] running `Command { std: "docker" "inspect" "a79d617c1ccfdfc456a584cbacccc6e1dc9b63f02993ceef4154c69b5a51c33b", kill_on_drop: false }`
[INFO] running `Command { std: "docker" "exec" "-e" "SOURCE_DIR=/opt/rustwide/workdir" "-e" "CARGO_HOME=/opt/rustwide/cargo-home" "-e" "RUSTUP_HOME=/opt/rustwide/rustup-home" "-e" "CARGO_TARGET_DIR=/opt/rustwide/target" "-e" "CARGO_INCREMENTAL=0" "-e" "RUST_BACKTRACE=full" "-e" "RUSTFLAGS=--cap-lints=warn" "-e" "RUSTDOCFLAGS=--cap-lints=warn" "-w" "/opt/rustwide/workdir" "--user" "0:0" "a79d617c1ccfdfc456a584cbacccc6e1dc9b63f02993ceef4154c69b5a51c33b" "/opt/rustwide/cargo-home/bin/cargo" "+1.100.0-beta.1" "test" "--frozen" "--no-run" "--message-format=json" "--release", kill_on_drop: false }`
[INFO] [stdout] warning: hiding a lifetime that's elided elsewhere is confusing
[INFO] [stdout]   --> src/resolver.rs:53:29
[INFO] [stdout]    |
[INFO] [stdout] 53 |     pub fn new(interpreter: &mut Interpreter) -> Resolver {
[INFO] [stdout]    |                             ^^^^^^^^^^^^^^^^     ^^^^^^^^ the same lifetime is hidden here
[INFO] [stdout]    |                             |
[INFO] [stdout]    |                             the lifetime is elided here
[INFO] [stdout]    |
[INFO] [stdout]    = help: the same lifetime is referred to in inconsistent ways, making the signature confusing
[INFO] [stdout]    = note: `#[warn(mismatched_lifetime_syntaxes)]` on by default
[INFO] [stdout] help: use `'_` for type paths
[INFO] [stdout]    |
[INFO] [stdout] 53 |     pub fn new(interpreter: &mut Interpreter) -> Resolver<'_> {
[INFO] [stdout]    |                                                          ++++
[INFO] [stdout] 
[INFO] [stdout] 
[INFO] [stderr]    Compiling rlox v0.1.0 (/opt/rustwide/workdir)
[INFO] [stdout] warning: hiding a lifetime that's elided elsewhere is confusing
[INFO] [stdout]   --> src/resolver.rs:53:29
[INFO] [stdout]    |
[INFO] [stdout] 53 |     pub fn new(interpreter: &mut Interpreter) -> Resolver {
[INFO] [stdout]    |                             ^^^^^^^^^^^^^^^^     ^^^^^^^^ the same lifetime is hidden here
[INFO] [stdout]    |                             |
[INFO] [stdout]    |                             the lifetime is elided here
[INFO] [stdout]    |
[INFO] [stdout]    = help: the same lifetime is referred to in inconsistent ways, making the signature confusing
[INFO] [stdout]    = note: `#[warn(mismatched_lifetime_syntaxes)]` on by default
[INFO] [stdout] help: use `'_` for type paths
[INFO] [stdout]    |
[INFO] [stdout] 53 |     pub fn new(interpreter: &mut Interpreter) -> Resolver<'_> {
[INFO] [stdout]    |                                                          ++++
[INFO] [stdout] 
[INFO] [stdout] 
[INFO] [stderr]     Finished `release` profile [optimized] target(s) in 1.06s
[INFO] running `Command { std: "docker" "inspect" "a79d617c1ccfdfc456a584cbacccc6e1dc9b63f02993ceef4154c69b5a51c33b", kill_on_drop: false }`
[INFO] running `Command { std: "docker" "exec" "-e" "SOURCE_DIR=/opt/rustwide/workdir" "-e" "CARGO_HOME=/opt/rustwide/cargo-home" "-e" "RUSTUP_HOME=/opt/rustwide/rustup-home" "-e" "CARGO_TARGET_DIR=/opt/rustwide/target" "-e" "CARGO_INCREMENTAL=0" "-e" "RUST_BACKTRACE=full" "-e" "RUSTFLAGS=--cap-lints=warn" "-e" "RUSTDOCFLAGS=--cap-lints=warn" "-w" "/opt/rustwide/workdir" "--user" "0:0" "a79d617c1ccfdfc456a584cbacccc6e1dc9b63f02993ceef4154c69b5a51c33b" "/opt/rustwide/cargo-home/bin/cargo" "+1.100.0-beta.1" "test" "--frozen" "--release", kill_on_drop: false }`
[INFO] [stderr] warning: hiding a lifetime that's elided elsewhere is confusing
[INFO] [stderr]   --> src/resolver.rs:53:29
[INFO] [stderr]    |
[INFO] [stderr] 53 |     pub fn new(interpreter: &mut Interpreter) -> Resolver {
[INFO] [stderr]    |                             ^^^^^^^^^^^^^^^^     ^^^^^^^^ the same lifetime is hidden here
[INFO] [stderr]    |                             |
[INFO] [stderr]    |                             the lifetime is elided here
[INFO] [stderr]    |
[INFO] [stderr]    = help: the same lifetime is referred to in inconsistent ways, making the signature confusing
[INFO] [stderr]    = note: `#[warn(mismatched_lifetime_syntaxes)]` on by default
[INFO] [stderr] help: use `'_` for type paths
[INFO] [stderr]    |
[INFO] [stderr] 53 |     pub fn new(interpreter: &mut Interpreter) -> Resolver<'_> {
[INFO] [stderr]    |                                                          ++++
[INFO] [stderr] 
[INFO] [stderr] warning: `rlox` (lib) generated 1 warning (run `cargo fix --lib -p rlox` to apply 1 suggestion)
[INFO] [stderr] warning: `rlox` (lib test) generated 1 warning (1 duplicate)
[INFO] [stderr]     Finished `release` profile [optimized] target(s) in 0.03s
[INFO] [stderr]      Running unittests src/lib.rs (/opt/rustwide/target/release/build/rlox/3738f451b24490de/out/rlox-3738f451b24490de)
[INFO] [stdout] 
[INFO] [stdout] running 5 tests
[INFO] [stdout] test scanner::tests::numbers ... ok
[INFO] [stdout] test scanner::tests::punctuators ... ok
[INFO] [stdout] test scanner::tests::whistespaces ... ok
[INFO] [stdout] test scanner::tests::strings ... ok
[INFO] [stderr] error: test failed, to rerun pass `--lib`
[INFO] [stdout] test scanner::tests::keywords ... FAILED
[INFO] [stdout] 
[INFO] [stdout] failures:
[INFO] [stdout] 
[INFO] [stdout] ---- scanner::tests::keywords stdout ----
[INFO] [stdout] 
[INFO] [stdout] thread 'scanner::tests::keywords' (228) panicked at src/scanner.rs:381:13:
[INFO] [stdout] assertion `left == right` failed
[INFO] [stdout]   left: Token { token_type: Identifier, lexeme: "print", literal: None, line: 1 }
[INFO] [stdout]  right: Token { token_type: Print, lexeme: "print", literal: None, line: 1 }
[INFO] [stdout] stack backtrace:
[INFO] [stdout]    0:     0x64c77e261481 - <<std[617be2ca0a6fd877]::sys::backtrace::BacktraceLock>::print::DisplayBacktrace as core[a373ad73a504971]::fmt::Display>::fmt
[INFO] [stdout]    1:     0x64c77e275f5a - core[a373ad73a504971]::fmt::write
[INFO] [stdout]    2:     0x64c77e26569c - <alloc[2e1b2a31b91974c5]::vec::Vec<u8> as core[a373ad73a504971]::io::write::Write>::write_fmt
[INFO] [stdout]    3:     0x64c77e23d8e6 - std[617be2ca0a6fd877]::panicking::default_hook::{closure#0}
[INFO] [stdout]    4:     0x64c77e259b19 - std[617be2ca0a6fd877]::panicking::default_hook
[INFO] [stdout]    5:     0x64c77e1f61c0 - test[aada8e7e76ba119b]::test_main_inner::{closure#0}
[INFO] [stdout]    6:     0x64c77e259cd2 - std[617be2ca0a6fd877]::panicking::panic_with_hook
[INFO] [stdout]    7:     0x64c77e23d992 - std[617be2ca0a6fd877]::panicking::panic_handler::{closure#0}
[INFO] [stdout]    8:     0x64c77e2366a9 - std[617be2ca0a6fd877]::sys::backtrace::__rust_end_short_backtrace::<std[617be2ca0a6fd877]::panicking::panic_handler::{closure#0}, !>
[INFO] [stdout]    9:     0x64c77e23e59d - __rustc[ea4f61d10b84890b]::rust_begin_unwind
[INFO] [stdout]   10:     0x64c77e27668c - core[a373ad73a504971]::panicking::panic_fmt
[INFO] [stdout]   11:     0x64c77e2765a3 - core[a373ad73a504971]::panicking::assert_failed_inner
[INFO] [stdout]   12:     0x64c77e1e2429 - core[a373ad73a504971]::panicking::assert_failed::<rlox[7c3598781d4f0315]::syntax::token::Token, rlox[7c3598781d4f0315]::syntax::token::Token>
[INFO] [stdout]   13:     0x64c77e1e844a - <rlox[7c3598781d4f0315]::scanner::tests::keywords::{closure#0} as core[a373ad73a504971]::ops::function::FnOnce<()>>::call_once
[INFO] [stdout]   14:     0x64c77e1e960b - test[aada8e7e76ba119b]::__rust_begin_short_backtrace::<core[a373ad73a504971]::result::Result<(), alloc[2e1b2a31b91974c5]::string::String>, fn() -> core[a373ad73a504971]::result::Result<(), alloc[2e1b2a31b91974c5]::string::String>>
[INFO] [stdout]   15:     0x64c77e1f67e5 - test[aada8e7e76ba119b]::run_test::{closure#0}
[INFO] [stdout]   16:     0x64c77e1f00d4 - std[617be2ca0a6fd877]::sys::backtrace::__rust_begin_short_backtrace::<test[aada8e7e76ba119b]::run_test::{closure#1}, ()>
[INFO] [stdout]   17:     0x64c77e1f9872 - <std[617be2ca0a6fd877]::thread::lifecycle::spawn_unchecked<test[aada8e7e76ba119b]::run_test::{closure#1}, ()>::{closure#1} as core[a373ad73a504971]::ops::function::FnOnce<()>>::call_once::{shim:vtable#0}
[INFO] [stdout]   18:     0x64c77e260cdf - <std[617be2ca0a6fd877]::sys::thread::unix::Thread>::new::thread_start
[INFO] [stdout]   19:     0x78f203d5cdfa - <unknown>
[INFO] [stdout]   20:     0x78f203df03d4 - clone
[INFO] [stdout]   21:                0x0 - <unknown>
[INFO] [stdout] 
[INFO] [stdout] 
[INFO] [stdout] failures:
[INFO] [stdout]     scanner::tests::keywords
[INFO] [stdout] 
[INFO] [stdout] test result: FAILED. 4 passed; 1 failed; 0 ignored; 0 measured; 0 filtered out; finished in 0.01s
[INFO] [stdout] 
[INFO] running `Command { std: "docker" "inspect" "a79d617c1ccfdfc456a584cbacccc6e1dc9b63f02993ceef4154c69b5a51c33b", kill_on_drop: false }`
[INFO] running `Command { std: "docker" "rm" "-f" "a79d617c1ccfdfc456a584cbacccc6e1dc9b63f02993ceef4154c69b5a51c33b", kill_on_drop: false }`
[INFO] [stdout] a79d617c1ccfdfc456a584cbacccc6e1dc9b63f02993ceef4154c69b5a51c33b
