[INFO] cloning repository https://github.com/gosunuts/file-rs
[INFO] running `Command { std: "git" "-c" "credential.helper=" "-c" "credential.helper=/workspace/cargo-home/bin/git-credential-null" "clone" "--bare" "https://github.com/gosunuts/file-rs" "/workspace/cache/git-repos/https%3A%2F%2Fgithub.com%2Fgosunuts%2Ffile-rs", kill_on_drop: false }`
[INFO] [stderr] Cloning into bare repository '/workspace/cache/git-repos/https%3A%2F%2Fgithub.com%2Fgosunuts%2Ffile-rs'...
[INFO] running `Command { std: "git" "rev-parse" "HEAD", kill_on_drop: false }`
[INFO] [stdout] ddea448d0a83c2704fff959f081c3231d79ee8a6
[INFO] testing gosunuts/file-rs against 1.100.0-beta.1+cargoflags=--release for beta-release-1.100-2
[INFO] running `Command { std: "git" "clone" "/workspace/cache/git-repos/https%3A%2F%2Fgithub.com%2Fgosunuts%2Ffile-rs" "/workspace/builds/worker-2-tc2/source", kill_on_drop: false }`
[INFO] [stderr] Cloning into '/workspace/builds/worker-2-tc2/source'...
[INFO] [stderr] done.
[INFO] started tweaking git repo https://github.com/gosunuts/file-rs
[INFO] finished tweaking git repo https://github.com/gosunuts/file-rs
[INFO] tweaked toml for git repo https://github.com/gosunuts/file-rs written to /workspace/builds/worker-2-tc2/source/Cargo.toml
[INFO] validating manifest of git repo https://github.com/gosunuts/file-rs on toolchain 1.100.0-beta.1
[INFO] running `Command { std: CARGO_HOME="/workspace/cargo-home" RUSTUP_HOME="/workspace/rustup-home" "/workspace/cargo-home/bin/cargo" "+1.100.0-beta.1" "metadata" "--manifest-path" "Cargo.toml" "--no-deps", kill_on_drop: false }`
[INFO] crate git repo https://github.com/gosunuts/file-rs already has a lockfile, it will not be regenerated
[INFO] running `Command { std: CARGO_HOME="/workspace/cargo-home" RUSTUP_HOME="/workspace/rustup-home" "/workspace/cargo-home/bin/cargo" "+1.100.0-beta.1" "fetch" "--manifest-path" "Cargo.toml", kill_on_drop: false }`
[INFO] running `Command { std: "docker" "create" "-v" "/var/lib/crater-agent-workspace/builds/worker-2-tc2/source:/opt/rustwide/workdir:ro,Z" "-v" "/var/lib/crater-agent-workspace/builds/worker-2-tc2/target:/opt/rustwide/target:rw,Z" "-v" "/var/lib/crater-agent-workspace/cargo-home:/opt/rustwide/cargo-home:ro,Z" "-v" "/var/lib/crater-agent-workspace/rustup-home:/opt/rustwide/rustup-home:ro,Z" "-m" "1610612736" "--network" "none" "ghcr.io/rust-lang/crates-build-env/linux@sha256:77db811e55d90add9212f6832c23229e3de5f1c1f9905e8cb07319ea15df73ac" "sleep" "infinity", kill_on_drop: false }`
[INFO] [stdout] 14f80798fd0369f7474b86fdbe13beac6207ba29b9f790418106422c65f3b7ed
[INFO] running `Command { std: "docker" "start" "14f80798fd0369f7474b86fdbe13beac6207ba29b9f790418106422c65f3b7ed", kill_on_drop: false }`
[INFO] running `Command { std: "docker" "inspect" "14f80798fd0369f7474b86fdbe13beac6207ba29b9f790418106422c65f3b7ed", kill_on_drop: false }`
[INFO] running `Command { std: "docker" "exec" "-e" "SOURCE_DIR=/opt/rustwide/workdir" "-e" "CARGO_HOME=/opt/rustwide/cargo-home" "-e" "RUSTUP_HOME=/opt/rustwide/rustup-home" "-e" "CARGO_TARGET_DIR=/opt/rustwide/target" "-w" "/opt/rustwide/workdir" "--user" "0:0" "14f80798fd0369f7474b86fdbe13beac6207ba29b9f790418106422c65f3b7ed" "/opt/rustwide/cargo-home/bin/cargo" "+1.100.0-beta.1" "metadata" "--no-deps" "--format-version=1", kill_on_drop: false }`
[INFO] running `Command { std: "docker" "inspect" "14f80798fd0369f7474b86fdbe13beac6207ba29b9f790418106422c65f3b7ed", kill_on_drop: false }`
[INFO] running `Command { std: "docker" "exec" "-e" "SOURCE_DIR=/opt/rustwide/workdir" "-e" "CARGO_HOME=/opt/rustwide/cargo-home" "-e" "RUSTUP_HOME=/opt/rustwide/rustup-home" "-e" "CARGO_TARGET_DIR=/opt/rustwide/target" "-e" "CARGO_INCREMENTAL=0" "-e" "RUST_BACKTRACE=full" "-e" "RUSTFLAGS=--cap-lints=warn" "-e" "RUSTDOCFLAGS=--cap-lints=warn" "-w" "/opt/rustwide/workdir" "--user" "0:0" "14f80798fd0369f7474b86fdbe13beac6207ba29b9f790418106422c65f3b7ed" "/opt/rustwide/cargo-home/bin/cargo" "+1.100.0-beta.1" "build" "--frozen" "--message-format=json" "--release", kill_on_drop: false }`
[INFO] [stderr]    Compiling proc-macro2 v1.0.101
[INFO] [stderr]    Compiling unicode-ident v1.0.18
[INFO] [stderr]    Compiling memchr v2.7.5
[INFO] [stderr]    Compiling serde v1.0.219
[INFO] [stderr]    Compiling anstyle v1.0.11
[INFO] [stderr]    Compiling anstyle-query v1.1.4
[INFO] [stderr]    Compiling tracing-core v0.1.34
[INFO] [stderr]    Compiling serde_json v1.0.142
[INFO] [stderr]    Compiling is_terminal_polyfill v1.70.1
[INFO] [stderr]    Compiling clap_lex v0.7.5
[INFO] [stderr]    Compiling anyhow v1.0.99
[INFO] [stderr]    Compiling cfg-if v1.0.1
[INFO] [stderr]    Compiling regex-syntax v0.8.5
[INFO] [stderr]    Compiling anstream v0.6.20
[INFO] [stderr]    Compiling log v0.4.27
[INFO] [stderr]    Compiling overload v0.1.1
[INFO] [stderr]    Compiling clap_builder v4.5.44
[INFO] [stderr]    Compiling nu-ansi-term v0.46.0
[INFO] [stderr]    Compiling quote v1.0.40
[INFO] [stderr]    Compiling aho-corasick v1.1.3
[INFO] [stderr]    Compiling syn v2.0.106
[INFO] [stderr]    Compiling tracing-log v0.2.0
[INFO] [stderr]    Compiling thread_local v1.1.9
[INFO] [stderr]    Compiling smallvec v1.15.1
[INFO] [stderr]    Compiling same-file v1.0.6
[INFO] [stderr]    Compiling walkdir v2.5.0
[INFO] [stderr]    Compiling regex-automata v0.4.9
[INFO] [stderr]    Compiling tracing-serde v0.2.0
[INFO] [stderr]    Compiling tracing-subscriber v0.3.19
[INFO] [stderr]    Compiling tracing-attributes v0.1.30
[INFO] [stderr]    Compiling clap_derive v4.5.45
[INFO] [stderr]    Compiling tracing v0.1.41
[INFO] [stderr]    Compiling regex v1.11.1
[INFO] [stderr]    Compiling clap v4.5.45
[INFO] [stderr]    Compiling file-rs v0.1.0 (/opt/rustwide/workdir)
[INFO] [stdout] warning: unused import: `anyhow`
[INFO] [stdout]  --> src/cmd/rm.rs:6:22
[INFO] [stdout]   |
[INFO] [stdout] 6 | use anyhow::{Result, anyhow};
[INFO] [stdout]   |                      ^^^^^^
[INFO] [stdout]   |
[INFO] [stdout]   = note: `#[warn(unused_imports)]` (part of `#[warn(unused)]`) on by default
[INFO] [stdout] 
[INFO] [stdout] 
[INFO] [stdout] warning: unused imports: `compress`, `mv`, and `rm`
[INFO] [stdout]  --> src/cmd/flow.rs:4:19
[INFO] [stdout]   |
[INFO] [stdout] 4 | use super::{find, mv, compress, rm};
[INFO] [stdout]   |                   ^^  ^^^^^^^^  ^^
[INFO] [stdout] 
[INFO] [stdout] 
[INFO] [stdout] warning: function `find_collect` is never used
[INFO] [stdout]   --> src/cmd/find.rs:37:8
[INFO] [stdout]    |
[INFO] [stdout] 37 | pub fn find_collect(root: &str, filter: Filter) -> Vec<PathBuf> {
[INFO] [stdout]    |        ^^^^^^^^^^^^
[INFO] [stdout]    |
[INFO] [stdout]    = note: `#[warn(dead_code)]` (part of `#[warn(unused)]`) on by default
[INFO] [stdout] 
[INFO] [stdout] 
[INFO] [stdout] warning: function `find_with_matcher` is never used
[INFO] [stdout]   --> src/cmd/find.rs:42:8
[INFO] [stdout]    |
[INFO] [stdout] 42 | pub fn find_with_matcher<M: Matcher>(root: &str, matcher: M) -> FindIter<M> {
[INFO] [stdout]    |        ^^^^^^^^^^^^^^^^^
[INFO] [stdout] 
[INFO] [stdout] 
[INFO] [stdout] warning: function `iter_stdin_lines` is never used
[INFO] [stdout]  --> src/fsutil/input.rs:3:8
[INFO] [stdout]   |
[INFO] [stdout] 3 | pub fn iter_stdin_lines() -> impl Iterator<Item = String> {
[INFO] [stdout]   |        ^^^^^^^^^^^^^^^^
[INFO] [stdout] 
[INFO] [stdout] 
[INFO] [stdout] warning: function `iter_stdin_nul` is never used
[INFO] [stdout]  --> src/fsutil/input.rs:7:8
[INFO] [stdout]   |
[INFO] [stdout] 7 | pub fn iter_stdin_nul() -> impl Iterator<Item = String> {
[INFO] [stdout]   |        ^^^^^^^^^^^^^^
[INFO] [stdout] 
[INFO] [stdout] 
[INFO] [stdout] warning: function `iter_buf_nul` is never used
[INFO] [stdout]   --> src/fsutil/input.rs:17:8
[INFO] [stdout]    |
[INFO] [stdout] 17 | pub fn iter_buf_nul<R: Read>(mut r: R) -> impl Iterator<Item = String> {
[INFO] [stdout]    |        ^^^^^^^^^^^^
[INFO] [stdout] 
[INFO] [stdout] 
[INFO] [stdout] warning: function `file_name` is never used
[INFO] [stdout]  --> src/fsutil/file.rs:4:8
[INFO] [stdout]   |
[INFO] [stdout] 4 | pub fn file_name(path: &str) -> &str {
[INFO] [stdout]   |        ^^^^^^^^^
[INFO] [stdout] 
[INFO] [stdout] 
[INFO] [stdout] warning: function `normalize` is never used
[INFO] [stdout]  --> src/fsutil/file.rs:8:8
[INFO] [stdout]   |
[INFO] [stdout] 8 | pub fn normalize(path: &str) -> PathBuf {
[INFO] [stdout]   |        ^^^^^^^^^
[INFO] [stdout] 
[INFO] [stdout] 
[INFO] [stdout] warning: function `move_one` is never used
[INFO] [stdout]   --> src/fsutil/file.rs:12:8
[INFO] [stdout]    |
[INFO] [stdout] 12 | pub fn move_one(src: &str, dst: &str) -> std::io::Result<()> {
[INFO] [stdout]    |        ^^^^^^^^
[INFO] [stdout] 
[INFO] [stdout] 
[INFO] [stdout] warning: function `remove_one` is never used
[INFO] [stdout]   --> src/fsutil/file.rs:16:8
[INFO] [stdout]    |
[INFO] [stdout] 16 | pub fn remove_one(path: &str) -> std::io::Result<()> {
[INFO] [stdout]    |        ^^^^^^^^^^
[INFO] [stdout] 
[INFO] [stdout] 
[INFO] [stdout] warning: associated function `from_entry` is never used
[INFO] [stdout]   --> src/fsutil/pathinfo.rs:17:12
[INFO] [stdout]    |
[INFO] [stdout] 16 | impl PathInfo {
[INFO] [stdout]    | ------------- associated function in this implementation
[INFO] [stdout] 17 |     pub fn from_entry(path: &Path, now: SystemTime) -> Option<Self> {
[INFO] [stdout]    |            ^^^^^^^^^^
[INFO] [stdout] 
[INFO] [stdout] 
[INFO] [stdout] warning: associated items `with_now` and `matcher` are never used
[INFO] [stdout]   --> src/fsutil/iter.rs:25:12
[INFO] [stdout]    |
[INFO] [stdout] 14 | impl<M: Matcher> FindIter<M> {
[INFO] [stdout]    | ---------------------------- associated items in this implementation
[INFO] [stdout] ...
[INFO] [stdout] 25 |     pub fn with_now(root: &str, matcher: M, now: SystemTime) -> Self {
[INFO] [stdout]    |            ^^^^^^^^
[INFO] [stdout] ...
[INFO] [stdout] 34 |     pub fn matcher(&self) -> &M {
[INFO] [stdout]    |            ^^^^^^^
[INFO] [stdout] 
[INFO] [stdout] 
[INFO] [stdout] warning: function `is_hidden` is never used
[INFO] [stdout]  --> src/fsutil/util.rs:3:8
[INFO] [stdout]   |
[INFO] [stdout] 3 | pub fn is_hidden(path: &Path) -> bool {
[INFO] [stdout]   |        ^^^^^^^^^
[INFO] [stdout] 
[INFO] [stdout] 
[INFO] [stderr] warning: unused dependency `regex`
[INFO] [stderr]  --> Cargo.toml:3:1
[INFO] [stderr]   |
[INFO] [stderr] 3 | regex = "1.10"
[INFO] [stderr]   | ^^^^^^^^^^^^^^
[INFO] [stderr]   |
[INFO] [stderr]   = note: `cargo::unused_dependencies` is set to `warn` by default
[INFO] [stderr] help: consider removing the dependency on `regex`
[INFO] [stderr] warning: unused dependency `tracing-subscriber`
[INFO] [stderr]   --> Cargo.toml:11:15
[INFO] [stderr]    |
[INFO] [stderr] 11 | [dependencies.tracing-subscriber]
[INFO] [stderr]    |               ^^^^^^^^^^^^^^^^^^^
[INFO] [stderr]    |
[INFO] [stderr] help: consider removing the dependency on `tracing-subscriber`
[INFO] [stderr] warning: `file-rs` (manifest) generated 2 warnings
[INFO] [stderr]     Finished `release` profile [optimized] target(s) in 1m 13s
[INFO] running `Command { std: "docker" "inspect" "14f80798fd0369f7474b86fdbe13beac6207ba29b9f790418106422c65f3b7ed", kill_on_drop: false }`
[INFO] running `Command { std: "docker" "exec" "-e" "SOURCE_DIR=/opt/rustwide/workdir" "-e" "CARGO_HOME=/opt/rustwide/cargo-home" "-e" "RUSTUP_HOME=/opt/rustwide/rustup-home" "-e" "CARGO_TARGET_DIR=/opt/rustwide/target" "-e" "CARGO_INCREMENTAL=0" "-e" "RUST_BACKTRACE=full" "-e" "RUSTFLAGS=--cap-lints=warn" "-e" "RUSTDOCFLAGS=--cap-lints=warn" "-w" "/opt/rustwide/workdir" "--user" "0:0" "14f80798fd0369f7474b86fdbe13beac6207ba29b9f790418106422c65f3b7ed" "/opt/rustwide/cargo-home/bin/cargo" "+1.100.0-beta.1" "test" "--frozen" "--no-run" "--message-format=json" "--release", kill_on_drop: false }`
[INFO] [stderr]    Compiling libc v0.2.175
[INFO] [stderr]    Compiling getrandom v0.3.3
[INFO] [stderr]    Compiling rustix v1.0.8
[INFO] [stderr]    Compiling linux-raw-sys v0.9.4
[INFO] [stderr]    Compiling bitflags v2.9.2
[INFO] [stderr]    Compiling tempfile v3.20.0
[INFO] [stderr]    Compiling file-rs v0.1.0 (/opt/rustwide/workdir)
[INFO] [stdout] warning: unused import: `anyhow`
[INFO] [stdout]  --> src/cmd/rm.rs:6:22
[INFO] [stdout]   |
[INFO] [stdout] 6 | use anyhow::{Result, anyhow};
[INFO] [stdout]   |                      ^^^^^^
[INFO] [stdout]   |
[INFO] [stdout]   = note: `#[warn(unused_imports)]` (part of `#[warn(unused)]`) on by default
[INFO] [stdout] 
[INFO] [stdout] 
[INFO] [stdout] warning: unused imports: `compress`, `mv`, and `rm`
[INFO] [stdout]  --> src/cmd/flow.rs:4:19
[INFO] [stdout]   |
[INFO] [stdout] 4 | use super::{find, mv, compress, rm};
[INFO] [stdout]   |                   ^^  ^^^^^^^^  ^^
[INFO] [stdout] 
[INFO] [stdout] 
[INFO] [stdout] warning: function `find_collect` is never used
[INFO] [stdout]   --> src/cmd/find.rs:37:8
[INFO] [stdout]    |
[INFO] [stdout] 37 | pub fn find_collect(root: &str, filter: Filter) -> Vec<PathBuf> {
[INFO] [stdout]    |        ^^^^^^^^^^^^
[INFO] [stdout]    |
[INFO] [stdout]    = note: `#[warn(dead_code)]` (part of `#[warn(unused)]`) on by default
[INFO] [stdout] 
[INFO] [stdout] 
[INFO] [stdout] warning: function `find_with_matcher` is never used
[INFO] [stdout]   --> src/cmd/find.rs:42:8
[INFO] [stdout]    |
[INFO] [stdout] 42 | pub fn find_with_matcher<M: Matcher>(root: &str, matcher: M) -> FindIter<M> {
[INFO] [stdout]    |        ^^^^^^^^^^^^^^^^^
[INFO] [stdout] 
[INFO] [stdout] 
[INFO] [stdout] warning: function `iter_stdin_lines` is never used
[INFO] [stdout]  --> src/fsutil/input.rs:3:8
[INFO] [stdout]   |
[INFO] [stdout] 3 | pub fn iter_stdin_lines() -> impl Iterator<Item = String> {
[INFO] [stdout]   |        ^^^^^^^^^^^^^^^^
[INFO] [stdout] 
[INFO] [stdout] 
[INFO] [stdout] warning: function `iter_stdin_nul` is never used
[INFO] [stdout]  --> src/fsutil/input.rs:7:8
[INFO] [stdout]   |
[INFO] [stdout] 7 | pub fn iter_stdin_nul() -> impl Iterator<Item = String> {
[INFO] [stdout]   |        ^^^^^^^^^^^^^^
[INFO] [stdout] 
[INFO] [stdout] 
[INFO] [stdout] warning: function `file_name` is never used
[INFO] [stdout]  --> src/fsutil/file.rs:4:8
[INFO] [stdout]   |
[INFO] [stdout] 4 | pub fn file_name(path: &str) -> &str {
[INFO] [stdout]   |        ^^^^^^^^^
[INFO] [stdout] 
[INFO] [stdout] 
[INFO] [stdout] warning: function `normalize` is never used
[INFO] [stdout]  --> src/fsutil/file.rs:8:8
[INFO] [stdout]   |
[INFO] [stdout] 8 | pub fn normalize(path: &str) -> PathBuf {
[INFO] [stdout]   |        ^^^^^^^^^
[INFO] [stdout] 
[INFO] [stdout] 
[INFO] [stdout] warning: function `move_one` is never used
[INFO] [stdout]   --> src/fsutil/file.rs:12:8
[INFO] [stdout]    |
[INFO] [stdout] 12 | pub fn move_one(src: &str, dst: &str) -> std::io::Result<()> {
[INFO] [stdout]    |        ^^^^^^^^
[INFO] [stdout] 
[INFO] [stdout] 
[INFO] [stdout] warning: function `remove_one` is never used
[INFO] [stdout]   --> src/fsutil/file.rs:16:8
[INFO] [stdout]    |
[INFO] [stdout] 16 | pub fn remove_one(path: &str) -> std::io::Result<()> {
[INFO] [stdout]    |        ^^^^^^^^^^
[INFO] [stdout] 
[INFO] [stdout] 
[INFO] [stdout] warning: associated function `from_entry` is never used
[INFO] [stdout]   --> src/fsutil/pathinfo.rs:17:12
[INFO] [stdout]    |
[INFO] [stdout] 16 | impl PathInfo {
[INFO] [stdout]    | ------------- associated function in this implementation
[INFO] [stdout] 17 |     pub fn from_entry(path: &Path, now: SystemTime) -> Option<Self> {
[INFO] [stdout]    |            ^^^^^^^^^^
[INFO] [stdout] 
[INFO] [stdout] 
[INFO] [stdout] warning: associated items `with_now` and `matcher` are never used
[INFO] [stdout]   --> src/fsutil/iter.rs:25:12
[INFO] [stdout]    |
[INFO] [stdout] 14 | impl<M: Matcher> FindIter<M> {
[INFO] [stdout]    | ---------------------------- associated items in this implementation
[INFO] [stdout] ...
[INFO] [stdout] 25 |     pub fn with_now(root: &str, matcher: M, now: SystemTime) -> Self {
[INFO] [stdout]    |            ^^^^^^^^
[INFO] [stdout] ...
[INFO] [stdout] 34 |     pub fn matcher(&self) -> &M {
[INFO] [stdout]    |            ^^^^^^^
[INFO] [stdout] 
[INFO] [stdout] 
[INFO] [stdout] warning: function `is_hidden` is never used
[INFO] [stdout]  --> src/fsutil/util.rs:3:8
[INFO] [stdout]   |
[INFO] [stdout] 3 | pub fn is_hidden(path: &Path) -> bool {
[INFO] [stdout]   |        ^^^^^^^^^
[INFO] [stdout] 
[INFO] [stdout] 
[INFO] [stderr] warning: unused dependency `regex`
[INFO] [stderr]  --> Cargo.toml:3:1
[INFO] [stderr]   |
[INFO] [stderr] 3 | regex = "1.10"
[INFO] [stderr]   | ^^^^^^^^^^^^^^
[INFO] [stderr]   |
[INFO] [stderr]   = note: `cargo::unused_dependencies` is set to `warn` by default
[INFO] [stderr] help: consider removing the dependency on `regex`
[INFO] [stderr] warning: unused dependency `tracing-subscriber`
[INFO] [stderr]   --> Cargo.toml:11:15
[INFO] [stderr]    |
[INFO] [stderr] 11 | [dependencies.tracing-subscriber]
[INFO] [stderr]    |               ^^^^^^^^^^^^^^^^^^^
[INFO] [stderr]    |
[INFO] [stderr] help: consider removing the dependency on `tracing-subscriber`
[INFO] [stderr] warning: `file-rs` (manifest) generated 2 warnings
[INFO] [stderr]     Finished `release` profile [optimized] target(s) in 8.24s
[INFO] running `Command { std: "docker" "inspect" "14f80798fd0369f7474b86fdbe13beac6207ba29b9f790418106422c65f3b7ed", kill_on_drop: false }`
[INFO] running `Command { std: "docker" "exec" "-e" "SOURCE_DIR=/opt/rustwide/workdir" "-e" "CARGO_HOME=/opt/rustwide/cargo-home" "-e" "RUSTUP_HOME=/opt/rustwide/rustup-home" "-e" "CARGO_TARGET_DIR=/opt/rustwide/target" "-e" "CARGO_INCREMENTAL=0" "-e" "RUST_BACKTRACE=full" "-e" "RUSTFLAGS=--cap-lints=warn" "-e" "RUSTDOCFLAGS=--cap-lints=warn" "-w" "/opt/rustwide/workdir" "--user" "0:0" "14f80798fd0369f7474b86fdbe13beac6207ba29b9f790418106422c65f3b7ed" "/opt/rustwide/cargo-home/bin/cargo" "+1.100.0-beta.1" "test" "--frozen" "--release", kill_on_drop: false }`
[INFO] [stderr] warning: unused import: `anyhow`
[INFO] [stderr]  --> src/cmd/rm.rs:6:22
[INFO] [stderr]   |
[INFO] [stderr] 6 | use anyhow::{Result, anyhow};
[INFO] [stderr]   |                      ^^^^^^
[INFO] [stderr]   |
[INFO] [stderr]   = note: `#[warn(unused_imports)]` (part of `#[warn(unused)]`) on by default
[INFO] [stderr] 
[INFO] [stderr] warning: unused imports: `compress`, `mv`, and `rm`
[INFO] [stderr]  --> src/cmd/flow.rs:4:19
[INFO] [stderr]   |
[INFO] [stderr] 4 | use super::{find, mv, compress, rm};
[INFO] [stderr]   |                   ^^  ^^^^^^^^  ^^
[INFO] [stderr] 
[INFO] [stderr] warning: function `find_collect` is never used
[INFO] [stderr]   --> src/cmd/find.rs:37:8
[INFO] [stderr]    |
[INFO] [stderr] 37 | pub fn find_collect(root: &str, filter: Filter) -> Vec<PathBuf> {
[INFO] [stderr]    |        ^^^^^^^^^^^^
[INFO] [stderr]    |
[INFO] [stderr]    = note: `#[warn(dead_code)]` (part of `#[warn(unused)]`) on by default
[INFO] [stderr] 
[INFO] [stderr] warning: function `find_with_matcher` is never used
[INFO] [stderr]   --> src/cmd/find.rs:42:8
[INFO] [stderr]    |
[INFO] [stderr] 42 | pub fn find_with_matcher<M: Matcher>(root: &str, matcher: M) -> FindIter<M> {
[INFO] [stderr]    |        ^^^^^^^^^^^^^^^^^
[INFO] [stderr] 
[INFO] [stderr] warning: function `iter_stdin_lines` is never used
[INFO] [stderr]  --> src/fsutil/input.rs:3:8
[INFO] [stderr]   |
[INFO] [stderr] 3 | pub fn iter_stdin_lines() -> impl Iterator<Item = String> {
[INFO] [stderr]   |        ^^^^^^^^^^^^^^^^
[INFO] [stderr] 
[INFO] [stderr] warning: function `iter_stdin_nul` is never used
[INFO] [stderr]  --> src/fsutil/input.rs:7:8
[INFO] [stderr]   |
[INFO] [stderr] 7 | pub fn iter_stdin_nul() -> impl Iterator<Item = String> {
[INFO] [stderr]   |        ^^^^^^^^^^^^^^
[INFO] [stderr] 
[INFO] [stderr] warning: function `file_name` is never used
[INFO] [stderr]  --> src/fsutil/file.rs:4:8
[INFO] [stderr]   |
[INFO] [stderr] 4 | pub fn file_name(path: &str) -> &str {
[INFO] [stderr]   |        ^^^^^^^^^
[INFO] [stderr] 
[INFO] [stderr] warning: function `normalize` is never used
[INFO] [stderr]  --> src/fsutil/file.rs:8:8
[INFO] [stderr]   |
[INFO] [stderr] 8 | pub fn normalize(path: &str) -> PathBuf {
[INFO] [stderr]   |        ^^^^^^^^^
[INFO] [stderr] 
[INFO] [stderr] warning: function `move_one` is never used
[INFO] [stderr]   --> src/fsutil/file.rs:12:8
[INFO] [stderr]    |
[INFO] [stderr] 12 | pub fn move_one(src: &str, dst: &str) -> std::io::Result<()> {
[INFO] [stderr]    |        ^^^^^^^^
[INFO] [stderr] 
[INFO] [stderr] warning: function `remove_one` is never used
[INFO] [stderr]   --> src/fsutil/file.rs:16:8
[INFO] [stderr]    |
[INFO] [stderr] 16 | pub fn remove_one(path: &str) -> std::io::Result<()> {
[INFO] [stderr]    |        ^^^^^^^^^^
[INFO] [stderr] 
[INFO] [stderr] warning: associated function `from_entry` is never used
[INFO] [stderr]   --> src/fsutil/pathinfo.rs:17:12
[INFO] [stderr]    |
[INFO] [stderr] 16 | impl PathInfo {
[INFO] [stderr]    | ------------- associated function in this implementation
[INFO] [stderr] 17 |     pub fn from_entry(path: &Path, now: SystemTime) -> Option<Self> {
[INFO] [stderr]    |            ^^^^^^^^^^
[INFO] [stderr] 
[INFO] [stderr] warning: associated items `with_now` and `matcher` are never used
[INFO] [stderr]   --> src/fsutil/iter.rs:25:12
[INFO] [stderr]    |
[INFO] [stderr] 14 | impl<M: Matcher> FindIter<M> {
[INFO] [stderr]    | ---------------------------- associated items in this implementation
[INFO] [stderr] ...
[INFO] [stderr] 25 |     pub fn with_now(root: &str, matcher: M, now: SystemTime) -> Self {
[INFO] [stderr]    |            ^^^^^^^^
[INFO] [stderr] ...
[INFO] [stderr] 34 |     pub fn matcher(&self) -> &M {
[INFO] [stderr]    |            ^^^^^^^
[INFO] [stderr] 
[INFO] [stderr] warning: function `is_hidden` is never used
[INFO] [stderr]  --> src/fsutil/util.rs:3:8
[INFO] [stderr]   |
[INFO] [stderr] 3 | pub fn is_hidden(path: &Path) -> bool {
[INFO] [stderr]   |        ^^^^^^^^^
[INFO] [stderr] 
[INFO] [stderr] warning: `file-rs` (bin "file-rs" test) generated 13 warnings (run `cargo fix --bin "file-rs" -p file-rs --tests` to apply 2 suggestions)
[INFO] [stderr] warning: unused dependency `regex`
[INFO] [stderr]  --> Cargo.toml:3:1
[INFO] [stderr]   |
[INFO] [stderr] 3 | regex = "1.10"
[INFO] [stderr]   | ^^^^^^^^^^^^^^
[INFO] [stderr]   |
[INFO] [stderr]   = note: `cargo::unused_dependencies` is set to `warn` by default
[INFO] [stderr] help: consider removing the dependency on `regex`
[INFO] [stderr] warning: unused dependency `tracing-subscriber`
[INFO] [stderr]   --> Cargo.toml:11:15
[INFO] [stderr]    |
[INFO] [stderr] 11 | [dependencies.tracing-subscriber]
[INFO] [stderr]    |               ^^^^^^^^^^^^^^^^^^^
[INFO] [stderr]    |
[INFO] [stderr] help: consider removing the dependency on `tracing-subscriber`
[INFO] [stderr] warning: `file-rs` (manifest) generated 2 warnings
[INFO] [stderr]     Finished `release` profile [optimized] target(s) in 0.14s
[INFO] [stderr]      Running unittests src/main.rs (/opt/rustwide/target/release/build/file-rs/2495948e593501e9/out/file_rs-2495948e593501e9)
[INFO] [stdout] 
[INFO] [stdout] running 16 tests
[INFO] [stdout] test cmd::rm::tests::error_on_nonexistent_path ... ok
[INFO] [stdout] test cmd::rm::tests::apply_deletes_file ... ok
[INFO] [stdout] test cmd::rm::tests::dry_run_does_not_delete_file ... ok
[INFO] [stdout] test cmd::rm::tests::non_empty_dir_fails ... FAILED
[INFO] [stdout] test cmd::rm::tests::remove_empty_dir ... ok
[INFO] [stdout] test fsutil::filter::tests::ext_filter ... ok
[INFO] [stdout] test fsutil::filter::tests::combined_filters_pass_and_fail ... ok
[INFO] [stdout] test fsutil::filter::tests::age_bounds ... ok
[INFO] [stdout] test fsutil::input::tests::test_iter_buf_nul_with_spaces ... ok
[INFO] [stdout] test fsutil::input::tests::test_iter_buf_nul ... ok
[INFO] [stdout] test fsutil::filter::tests::size_bounds ... ok
[INFO] [stdout] test fsutil::filter::tests::merge_semantics ... ok
[INFO] [stdout] test fsutil::filter::tests::hidden_behavior ... ok
[INFO] [stdout] test fsutil::filter::tests::type_filters ... ok
[INFO] [stdout] test fsutil::input::tests::test_iter_stdin_lines_like ... ok
[INFO] [stdout] test fsutil::filter::tests::name_contains_prefix_suffix ... ok
[INFO] [stdout] 
[INFO] [stdout] failures:
[INFO] [stdout] 
[INFO] [stdout] ---- cmd::rm::tests::non_empty_dir_fails stdout ----
[INFO] [stdout] 
[INFO] [stdout] thread 'cmd::rm::tests::non_empty_dir_fails' (938) panicked at src/cmd/rm.rs:142:9:
[INFO] [stdout] assertion failed: matches!(err.kind(), io::ErrorKind::Other | io::ErrorKind::PermissionDenied)
[INFO] [stdout] stack backtrace:
[INFO] [stdout]    0:     0x5e372970a811 - <<std[617be2ca0a6fd877]::sys::backtrace::BacktraceLock>::print::DisplayBacktrace as core[a373ad73a504971]::fmt::Display>::fmt
[INFO] [stdout]    1:     0x5e372971ec1a - core[a373ad73a504971]::fmt::write
[INFO] [stdout]    2:     0x5e372970ec8c - <alloc[2e1b2a31b91974c5]::vec::Vec<u8> as core[a373ad73a504971]::io::write::Write>::write_fmt
[INFO] [stdout]    3:     0x5e37296e54a6 - std[617be2ca0a6fd877]::panicking::default_hook::{closure#0}
[INFO] [stdout]    4:     0x5e3729702269 - std[617be2ca0a6fd877]::panicking::default_hook
[INFO] [stdout]    5:     0x5e372969c4e0 - test[aada8e7e76ba119b]::test_main_inner::{closure#0}
[INFO] [stdout]    6:     0x5e3729702422 - std[617be2ca0a6fd877]::panicking::panic_with_hook
[INFO] [stdout]    7:     0x5e37296e5584 - std[617be2ca0a6fd877]::panicking::panic_handler::{closure#0}
[INFO] [stdout]    8:     0x5e37296de149 - std[617be2ca0a6fd877]::sys::backtrace::__rust_end_short_backtrace::<std[617be2ca0a6fd877]::panicking::panic_handler::{closure#0}, !>
[INFO] [stdout]    9:     0x5e37296e615d - __rustc[ea4f61d10b84890b]::rust_begin_unwind
[INFO] [stdout]   10:     0x5e372971f34c - core[a373ad73a504971]::panicking::panic_fmt
[INFO] [stdout]   11:     0x5e372971f312 - core[a373ad73a504971]::panicking::panic
[INFO] [stdout]   12:     0x5e3729689b36 - <file_rs[5d2e8860a7454534]::cmd::rm::tests::non_empty_dir_fails::{closure#0} as core[a373ad73a504971]::ops::function::FnOnce<()>>::call_once
[INFO] [stdout]   13:     0x5e372968f92b - test[aada8e7e76ba119b]::__rust_begin_short_backtrace::<core[a373ad73a504971]::result::Result<(), alloc[2e1b2a31b91974c5]::string::String>, fn() -> core[a373ad73a504971]::result::Result<(), alloc[2e1b2a31b91974c5]::string::String>>
[INFO] [stdout]   14:     0x5e372969cb05 - test[aada8e7e76ba119b]::run_test::{closure#0}
[INFO] [stdout]   15:     0x5e37296963f4 - std[617be2ca0a6fd877]::sys::backtrace::__rust_begin_short_backtrace::<test[aada8e7e76ba119b]::run_test::{closure#1}, ()>
[INFO] [stdout]   16:     0x5e372969fb92 - <std[617be2ca0a6fd877]::thread::lifecycle::spawn_unchecked<test[aada8e7e76ba119b]::run_test::{closure#1}, ()>::{closure#1} as core[a373ad73a504971]::ops::function::FnOnce<()>>::call_once::{shim:vtable#0}
[INFO] [stdout]   17:     0x5e3729709e8f - <std[617be2ca0a6fd877]::sys::thread::unix::Thread>::new::thread_start
[INFO] [stdout]   18:     0x71ebb434adfa - <unknown>
[INFO] [stdout]   19:     0x71ebb43de3d4 - clone
[INFO] [stdout]   20:                0x0 - <unknown>
[INFO] [stdout] 
[INFO] [stdout] 
[INFO] [stdout] failures:
[INFO] [stdout]     cmd::rm::tests::non_empty_dir_fails
[INFO] [stdout] 
[INFO] [stdout] test result: FAILED. 15 passed; 1 failed; 0 ignored; 0 measured; 0 filtered out; finished in 0.01s
[INFO] [stdout] 
[INFO] [stderr] error: test failed, to rerun pass `--bin file-rs`
[INFO] running `Command { std: "docker" "inspect" "14f80798fd0369f7474b86fdbe13beac6207ba29b9f790418106422c65f3b7ed", kill_on_drop: false }`
[INFO] running `Command { std: "docker" "rm" "-f" "14f80798fd0369f7474b86fdbe13beac6207ba29b9f790418106422c65f3b7ed", kill_on_drop: false }`
[INFO] [stdout] 14f80798fd0369f7474b86fdbe13beac6207ba29b9f790418106422c65f3b7ed
