[INFO] cloning repository https://github.com/godart-corentin/yard
[INFO] running `Command { std: "git" "-c" "credential.helper=" "-c" "credential.helper=/workspace/cargo-home/bin/git-credential-null" "clone" "--bare" "https://github.com/godart-corentin/yard" "/workspace/cache/git-repos/https%3A%2F%2Fgithub.com%2Fgodart-corentin%2Fyard", kill_on_drop: false }`
[INFO] [stderr] Cloning into bare repository '/workspace/cache/git-repos/https%3A%2F%2Fgithub.com%2Fgodart-corentin%2Fyard'...
[INFO] running `Command { std: "git" "rev-parse" "HEAD", kill_on_drop: false }`
[INFO] [stdout] fb896fc1228566a727f4197b1a6f19837b78a91d
[INFO] testing godart-corentin/yard against 1.100.0-beta.1+cargoflags=--release for beta-release-1.100-2
[INFO] running `Command { std: "git" "clone" "/workspace/cache/git-repos/https%3A%2F%2Fgithub.com%2Fgodart-corentin%2Fyard" "/workspace/builds/worker-1-tc2/source", kill_on_drop: false }`
[INFO] [stderr] Cloning into '/workspace/builds/worker-1-tc2/source'...
[INFO] [stderr] done.
[INFO] removed /workspace/builds/worker-1-tc2/source/rust-toolchain.toml
[INFO] started tweaking git repo https://github.com/godart-corentin/yard
[INFO] finished tweaking git repo https://github.com/godart-corentin/yard
[INFO] tweaked toml for git repo https://github.com/godart-corentin/yard written to /workspace/builds/worker-1-tc2/source/Cargo.toml
[INFO] validating manifest of git repo https://github.com/godart-corentin/yard on toolchain 1.100.0-beta.1
[INFO] running `Command { std: CARGO_HOME="/workspace/cargo-home" RUSTUP_HOME="/workspace/rustup-home" "/workspace/cargo-home/bin/cargo" "+1.100.0-beta.1" "metadata" "--manifest-path" "Cargo.toml" "--no-deps", kill_on_drop: false }`
[INFO] crate git repo https://github.com/godart-corentin/yard already has a lockfile, it will not be regenerated
[INFO] running `Command { std: CARGO_HOME="/workspace/cargo-home" RUSTUP_HOME="/workspace/rustup-home" "/workspace/cargo-home/bin/cargo" "+1.100.0-beta.1" "fetch" "--manifest-path" "Cargo.toml", kill_on_drop: false }`
[INFO] running `Command { std: "docker" "create" "-v" "/var/lib/crater-agent-workspace/builds/worker-1-tc2/source:/opt/rustwide/workdir:ro,Z" "-v" "/var/lib/crater-agent-workspace/builds/worker-1-tc2/target:/opt/rustwide/target:rw,Z" "-v" "/var/lib/crater-agent-workspace/cargo-home:/opt/rustwide/cargo-home:ro,Z" "-v" "/var/lib/crater-agent-workspace/rustup-home:/opt/rustwide/rustup-home:ro,Z" "-m" "1610612736" "--network" "none" "ghcr.io/rust-lang/crates-build-env/linux@sha256:77db811e55d90add9212f6832c23229e3de5f1c1f9905e8cb07319ea15df73ac" "sleep" "infinity", kill_on_drop: false }`
[INFO] [stdout] 75fc2d423b0e6374f2a6149caf721eae1d4888a20bc0e5a5076e692f5278cd07
[INFO] running `Command { std: "docker" "start" "75fc2d423b0e6374f2a6149caf721eae1d4888a20bc0e5a5076e692f5278cd07", kill_on_drop: false }`
[INFO] running `Command { std: "docker" "inspect" "75fc2d423b0e6374f2a6149caf721eae1d4888a20bc0e5a5076e692f5278cd07", kill_on_drop: false }`
[INFO] running `Command { std: "docker" "exec" "-e" "SOURCE_DIR=/opt/rustwide/workdir" "-e" "CARGO_HOME=/opt/rustwide/cargo-home" "-e" "RUSTUP_HOME=/opt/rustwide/rustup-home" "-e" "CARGO_TARGET_DIR=/opt/rustwide/target" "-w" "/opt/rustwide/workdir" "--user" "0:0" "75fc2d423b0e6374f2a6149caf721eae1d4888a20bc0e5a5076e692f5278cd07" "/opt/rustwide/cargo-home/bin/cargo" "+1.100.0-beta.1" "metadata" "--no-deps" "--format-version=1", kill_on_drop: false }`
[INFO] running `Command { std: "docker" "inspect" "75fc2d423b0e6374f2a6149caf721eae1d4888a20bc0e5a5076e692f5278cd07", kill_on_drop: false }`
[INFO] running `Command { std: "docker" "exec" "-e" "SOURCE_DIR=/opt/rustwide/workdir" "-e" "CARGO_HOME=/opt/rustwide/cargo-home" "-e" "RUSTUP_HOME=/opt/rustwide/rustup-home" "-e" "CARGO_TARGET_DIR=/opt/rustwide/target" "-e" "CARGO_INCREMENTAL=0" "-e" "RUST_BACKTRACE=full" "-e" "RUSTFLAGS=--cap-lints=warn" "-e" "RUSTDOCFLAGS=--cap-lints=warn" "-w" "/opt/rustwide/workdir" "--user" "0:0" "75fc2d423b0e6374f2a6149caf721eae1d4888a20bc0e5a5076e692f5278cd07" "/opt/rustwide/cargo-home/bin/cargo" "+1.100.0-beta.1" "build" "--frozen" "--message-format=json" "--release", kill_on_drop: false }`
[INFO] [stderr]    Compiling proc-macro2 v1.0.107
[INFO] [stderr]    Compiling unicode-ident v1.0.24
[INFO] [stderr]    Compiling quote v1.0.47
[INFO] [stderr]    Compiling libc v0.2.189
[INFO] [stderr]    Compiling stable_deref_trait v1.2.1
[INFO] [stderr]    Compiling pin-project-lite v0.2.17
[INFO] [stderr]    Compiling bytes v1.12.1
[INFO] [stderr]    Compiling find-msvc-tools v0.1.12
[INFO] [stderr]    Compiling futures-core v0.3.34
[INFO] [stderr]    Compiling serde_core v1.0.229
[INFO] [stderr]    Compiling smallvec v1.16.0
[INFO] [stderr]    Compiling litemap v0.8.3
[INFO] [stderr]    Compiling cfg-if v1.0.4
[INFO] [stderr]    Compiling writeable v0.6.4
[INFO] [stderr]    Compiling once_cell v1.21.4
[INFO] [stderr]    Compiling utf8_iter v1.0.4
[INFO] [stderr]    Compiling serde v1.0.229
[INFO] [stderr]    Compiling futures-sink v0.3.34
[INFO] [stderr]    Compiling icu_properties_data v2.3.0
[INFO] [stderr]    Compiling icu_normalizer_data v2.3.0
[INFO] [stderr]    Compiling zeroize v1.9.0
[INFO] [stderr]    Compiling percent-encoding v2.3.2
[INFO] [stderr]    Compiling memchr v2.8.3
[INFO] [stderr]    Compiling cc v1.4.5
[INFO] [stderr]    Compiling futures-task v0.3.34
[INFO] [stderr]    Compiling rustls-pki-types v1.15.1
[INFO] [stderr]    Compiling slab v0.4.12
[INFO] [stderr]    Compiling futures-io v0.3.34
[INFO] [stderr]    Compiling httparse v1.10.1
[INFO] [stderr]    Compiling untrusted v0.9.0
[INFO] [stderr]    Compiling tracing-core v0.1.36
[INFO] [stderr]    Compiling rustls v0.23.43
[INFO] [stderr]    Compiling try-lock v0.2.5
[INFO] [stderr]    Compiling tower-service v0.3.3
[INFO] [stderr]    Compiling want v0.3.1
[INFO] [stderr]    Compiling form_urlencoded v1.2.2
[INFO] [stderr]    Compiling futures-channel v0.3.34
[INFO] [stderr]    Compiling utf8parse v0.2.2
[INFO] [stderr]    Compiling subtle v2.6.1
[INFO] [stderr]    Compiling atomic-waker v1.1.2
[INFO] [stderr]    Compiling anstyle-parse v1.0.0
[INFO] [stderr]    Compiling sync_wrapper v1.0.2
[INFO] [stderr]    Compiling anstyle-query v1.1.5
[INFO] [stderr]    Compiling tower-layer v0.3.3
[INFO] [stderr]    Compiling http v1.5.0
[INFO] [stderr]    Compiling equivalent v1.0.2
[INFO] [stderr]    Compiling base64 v0.22.1
[INFO] [stderr]    Compiling hashbrown v0.17.1
[INFO] [stderr]    Compiling is_terminal_polyfill v1.70.2
[INFO] [stderr]    Compiling log v0.4.34
[INFO] [stderr]    Compiling ipnet v2.12.1
[INFO] [stderr]    Compiling colorchoice v1.0.5
[INFO] [stderr]    Compiling regex-syntax v0.8.11
[INFO] [stderr]    Compiling anstream v1.0.0
[INFO] [stderr]    Compiling bitflags v2.13.1
[INFO] [stderr]    Compiling futures-util v0.3.34
[INFO] [stderr]    Compiling syn v3.0.5
[INFO] [stderr]    Compiling syn v2.0.119
[INFO] [stderr]    Compiling webpki-roots v1.0.9
[INFO] [stderr]    Compiling ryu v1.0.23
[INFO] [stderr]    Compiling toml_write v0.1.2
[INFO] [stderr]    Compiling winnow v0.7.15
[INFO] [stderr]    Compiling lazy_static v1.5.0
[INFO] [stderr]    Compiling strsim v0.11.1
[INFO] [stderr]    Compiling thiserror v2.0.20
[INFO] [stderr]    Compiling mio v1.2.3
[INFO] [stderr]    Compiling socket2 v0.6.5
[INFO] [stderr]    Compiling getrandom v0.2.17
[INFO] [stderr]    Compiling indexmap v2.14.2
[INFO] [stderr]    Compiling heck v0.5.0
[INFO] [stderr]    Compiling http-body v1.1.0
[INFO] [stderr]    Compiling clap_builder v4.6.6
[INFO] [stderr]    Compiling ring v0.17.14
[INFO] [stderr]    Compiling http-body-util v0.1.5
[INFO] [stderr]    Compiling sharded-slab v0.1.7
[INFO] [stderr]    Compiling tracing-log v0.2.0
[INFO] [stderr]    Compiling tokio v1.53.1
[INFO] [stderr]    Compiling thread_local v1.1.10
[INFO] [stderr]    Compiling nu-ansi-term v0.50.3
[INFO] [stderr]    Compiling regex-automata v0.4.18
[INFO] [stderr]    Compiling serde_json v1.0.151
[INFO] [stderr]    Compiling matchers v0.2.0
[INFO] [stderr]    Compiling zerovec-derive v0.11.6
[INFO] [stderr]    Compiling displaydoc v0.2.7
[INFO] [stderr]    Compiling serde_derive v1.0.229
[INFO] [stderr]    Compiling thiserror-impl v2.0.20
[INFO] [stderr]    Compiling clap_derive v4.6.4
[INFO] [stderr]    Compiling synstructure v0.13.2
[INFO] [stderr]    Compiling zerofrom-derive v0.1.7
[INFO] [stderr]    Compiling yoke-derive v0.8.2
[INFO] [stderr]    Compiling tracing-attributes v0.1.31
[INFO] [stderr]    Compiling clap v4.6.6
[INFO] [stderr]    Compiling hyper v1.11.1
[INFO] [stderr]    Compiling tower v0.5.3
[INFO] [stderr]    Compiling zerofrom v0.1.8
[INFO] [stderr]    Compiling yoke v0.8.3
[INFO] [stderr]    Compiling tracing v0.1.44
[INFO] [stderr]    Compiling zerovec v0.11.8
[INFO] [stderr]    Compiling zerotrie v0.2.5
[INFO] [stderr]    Compiling tracing-subscriber v0.3.23
[INFO] [stderr]    Compiling tinystr v0.8.4
[INFO] [stderr]    Compiling potential_utf v0.1.6
[INFO] [stderr]    Compiling hyper-util v0.1.20
[INFO] [stderr]    Compiling icu_collections v2.3.0
[INFO] [stderr]    Compiling icu_locale_core v2.3.0
[INFO] [stderr]    Compiling serde_spanned v0.6.9
[INFO] [stderr]    Compiling toml_datetime v0.6.11
[INFO] [stderr]    Compiling serde_urlencoded v0.7.1
[INFO] [stderr]    Compiling toml_edit v0.22.27
[INFO] [stderr]    Compiling icu_provider v2.3.1
[INFO] [stderr]    Compiling icu_normalizer v2.3.0
[INFO] [stderr]    Compiling icu_properties v2.3.0
[INFO] [stderr]    Compiling idna_adapter v1.2.2
[INFO] [stderr]    Compiling idna v1.1.0
[INFO] [stderr]    Compiling url v2.5.8
[INFO] [stderr]    Compiling toml v0.8.23
[INFO] [stderr]    Compiling tower-http v0.6.11
[INFO] [stderr]    Compiling rustls-webpki v0.103.15
[INFO] [stderr]    Compiling tokio-rustls v0.26.5
[INFO] [stderr]    Compiling hyper-rustls v0.27.9
[INFO] [stderr]    Compiling reqwest v0.12.28
[INFO] [stderr]    Compiling yard v0.1.0 (/opt/rustwide/workdir)
[INFO] [stderr]     Finished `release` profile [optimized] target(s) in 2m 07s
[INFO] running `Command { std: "docker" "inspect" "75fc2d423b0e6374f2a6149caf721eae1d4888a20bc0e5a5076e692f5278cd07", kill_on_drop: false }`
[INFO] running `Command { std: "docker" "exec" "-e" "SOURCE_DIR=/opt/rustwide/workdir" "-e" "CARGO_HOME=/opt/rustwide/cargo-home" "-e" "RUSTUP_HOME=/opt/rustwide/rustup-home" "-e" "CARGO_TARGET_DIR=/opt/rustwide/target" "-e" "CARGO_INCREMENTAL=0" "-e" "RUST_BACKTRACE=full" "-e" "RUSTFLAGS=--cap-lints=warn" "-e" "RUSTDOCFLAGS=--cap-lints=warn" "-w" "/opt/rustwide/workdir" "--user" "0:0" "75fc2d423b0e6374f2a6149caf721eae1d4888a20bc0e5a5076e692f5278cd07" "/opt/rustwide/cargo-home/bin/cargo" "+1.100.0-beta.1" "test" "--frozen" "--no-run" "--message-format=json" "--release", kill_on_drop: false }`
[INFO] [stderr]    Compiling yard v0.1.0 (/opt/rustwide/workdir)
[INFO] [stderr]     Finished `release` profile [optimized] target(s) in 11.66s
[INFO] running `Command { std: "docker" "inspect" "75fc2d423b0e6374f2a6149caf721eae1d4888a20bc0e5a5076e692f5278cd07", kill_on_drop: false }`
[INFO] running `Command { std: "docker" "exec" "-e" "SOURCE_DIR=/opt/rustwide/workdir" "-e" "CARGO_HOME=/opt/rustwide/cargo-home" "-e" "RUSTUP_HOME=/opt/rustwide/rustup-home" "-e" "CARGO_TARGET_DIR=/opt/rustwide/target" "-e" "CARGO_INCREMENTAL=0" "-e" "RUST_BACKTRACE=full" "-e" "RUSTFLAGS=--cap-lints=warn" "-e" "RUSTDOCFLAGS=--cap-lints=warn" "-w" "/opt/rustwide/workdir" "--user" "0:0" "75fc2d423b0e6374f2a6149caf721eae1d4888a20bc0e5a5076e692f5278cd07" "/opt/rustwide/cargo-home/bin/cargo" "+1.100.0-beta.1" "test" "--frozen" "--release", kill_on_drop: false }`
[INFO] [stderr]     Finished `release` profile [optimized] target(s) in 0.21s
[INFO] [stderr]      Running unittests src/main.rs (/opt/rustwide/target/release/build/yard/b23bab8c5148b47c/out/yard-b23bab8c5148b47c)
[INFO] [stdout] 
[INFO] [stdout] running 27 tests
[INFO] [stdout] test host::tests::parses_available_memory_and_load ... ok
[INFO] [stdout] test host::tests::parses_cpu_counters_and_computes_busy_delta ... ok
[INFO] [stdout] test config::tests::service_probes_are_optional_but_must_target_configured_services ... ok
[INFO] [stdout] test config::tests::validates_environment_variable_names ... ok
[INFO] [stdout] test host::tests::thresholds_are_strict_and_critical_wins ... ok
[INFO] [stdout] test host::tests::renders_host_without_reading_the_machine ... ok
[INFO] [stdout] test config::tests::deployment_gates_default_off_and_timeout_defaults_are_validated ... ok
[INFO] [stdout] test host::tests::environment_threshold_overrides_are_validated_without_machine_state ... ok
[INFO] [stdout] test service_health::tests::deployment_gate_requires_heartbeat_after_floor_second ... ok
[INFO] [stdout] test service_health::tests::thresholds_change_both_probe_classifications ... ok
[INFO] [stdout] test state::tests::old_state_has_no_inferred_backup_and_round_trips ... ok
[INFO] [stdout] test envfile::tests::target_symlink_is_rejected_without_touching_victim ... FAILED
[INFO] [stdout] test atomic_file::tests::forced_temp_collision_does_not_open_a_planted_symlink ... FAILED
[INFO] [stdout] test atomic_file::tests::failed_rename_cleans_its_temporary_file ... FAILED
[INFO] [stdout] test envfile::tests::appends_a_missing_value ... FAILED
[INFO] [stdout] test envfile::tests::reads_and_updates_a_value ... FAILED
[INFO] [stdout] test atomic_file::tests::planted_fixed_temp_symlink_cannot_modify_victim ... FAILED
[INFO] [stdout] test envfile::tests::planted_regular_temp_is_rejected_and_preserved ... FAILED
[INFO] [stdout] test envfile::tests::existing_mode_is_preserved_and_success_leaves_no_temp ... FAILED
[INFO] [stdout] test state::tests::existing_state_mode_is_preserved ... FAILED
[INFO] [stdout] test host::tests::parses_docker_system_df_and_stopped_containers ... ok
[INFO] [stdout] test state::tests::preexisting_temp_file_is_not_followed_and_state_is_private ... FAILED
[INFO] [stdout] test host::tests::save_atomically_replaces_existing_snapshot_without_following_symlink ... ok
[INFO] [stdout] test host::tests::disk_mounts_exclude_duplicate_bind_mounts_and_pseudo_filesystems ... ok
[INFO] [stdout] test host::tests::concurrent_saves_all_succeed_and_leave_no_temporary_files ... ok
[INFO] [stdout] test read_server::tests::oversized_command_output_is_refused_without_leaking_it ... ok
[INFO] [stdout] test read_server::tests::an_exited_parent_cannot_leave_the_reader_blocked_on_a_descendant ... ok
[INFO] [stdout] 
[INFO] [stdout] failures:
[INFO] [stdout] 
[INFO] [stdout] ---- envfile::tests::target_symlink_is_rejected_without_touching_victim stdout ----
[INFO] [stdout] 
[INFO] [stdout] thread 'envfile::tests::target_symlink_is_rejected_without_touching_victim' (2651) panicked at src/envfile.rs:112:35:
[INFO] [stdout] called `Result::unwrap()` on an `Err` value: Os { code: 30, kind: ReadOnlyFilesystem, message: "Read-only file system" }
[INFO] [stdout] stack backtrace:
[INFO] [stdout]    0:     0x629055ca1e31 - <<std[617be2ca0a6fd877]::sys::backtrace::BacktraceLock>::print::DisplayBacktrace as core[a373ad73a504971]::fmt::Display>::fmt
[INFO] [stdout]    1:     0x629055cb82aa - core[a373ad73a504971]::fmt::write
[INFO] [stdout]    2:     0x629055ca638c - <alloc[2e1b2a31b91974c5]::vec::Vec<u8> as core[a373ad73a504971]::io::write::Write>::write_fmt
[INFO] [stdout]    3:     0x629055c7aa06 - std[617be2ca0a6fd877]::panicking::default_hook::{closure#0}
[INFO] [stdout]    4:     0x629055c986e9 - std[617be2ca0a6fd877]::panicking::default_hook
[INFO] [stdout]    5:     0x629055c11370 - test[aada8e7e76ba119b]::test_main_inner::{closure#0}
[INFO] [stdout]    6:     0x629055c988a2 - std[617be2ca0a6fd877]::panicking::panic_with_hook
[INFO] [stdout]    7:     0x629055c7aab2 - std[617be2ca0a6fd877]::panicking::panic_handler::{closure#0}
[INFO] [stdout]    8:     0x629055c733b9 - std[617be2ca0a6fd877]::sys::backtrace::__rust_end_short_backtrace::<std[617be2ca0a6fd877]::panicking::panic_handler::{closure#0}, !>
[INFO] [stdout]    9:     0x629055c7b95d - __rustc[ea4f61d10b84890b]::rust_begin_unwind
[INFO] [stdout]   10:     0x629055cb89dc - core[a373ad73a504971]::panicking::panic_fmt
[INFO] [stdout]   11:     0x629055cb87b2 - core[a373ad73a504971]::result::unwrap_failed
[INFO] [stdout]   12:     0x629055bb32f8 - yard[c888494776e787c9]::envfile::tests::temp_file
[INFO] [stdout]   13:     0x629055bb5691 - <yard[c888494776e787c9]::envfile::tests::target_symlink_is_rejected_without_touching_victim::{closure#0} as core[a373ad73a504971]::ops::function::FnOnce<()>>::call_once
[INFO] [stdout]   14:     0x629055c047bb - test[aada8e7e76ba119b]::__rust_begin_short_backtrace::<core[a373ad73a504971]::result::Result<(), alloc[2e1b2a31b91974c5]::string::String>, fn() -> core[a373ad73a504971]::result::Result<(), alloc[2e1b2a31b91974c5]::string::String>>
[INFO] [stdout]   15:     0x629055c11995 - test[aada8e7e76ba119b]::run_test::{closure#0}
[INFO] [stdout]   16:     0x629055c0b284 - std[617be2ca0a6fd877]::sys::backtrace::__rust_begin_short_backtrace::<test[aada8e7e76ba119b]::run_test::{closure#1}, ()>
[INFO] [stdout]   17:     0x629055c14a22 - <std[617be2ca0a6fd877]::thread::lifecycle::spawn_unchecked<test[aada8e7e76ba119b]::run_test::{closure#1}, ()>::{closure#1} as core[a373ad73a504971]::ops::function::FnOnce<()>>::call_once::{shim:vtable#0}
[INFO] [stdout]   18:     0x629055ca0e3f - <std[617be2ca0a6fd877]::sys::thread::unix::Thread>::new::thread_start
[INFO] [stdout]   19:     0x7ac40af7ddfa - <unknown>
[INFO] [stdout]   20:     0x7ac40b0113d4 - clone
[INFO] [stdout]   21:                0x0 - <unknown>
[INFO] [stdout] 
[INFO] [stdout] ---- atomic_file::tests::forced_temp_collision_does_not_open_a_planted_symlink stdout ----
[INFO] [stdout] 
[INFO] [stdout] thread 'atomic_file::tests::forced_temp_collision_does_not_open_a_planted_symlink' (2642) panicked at src/atomic_file.rs:88:35:
[INFO] [stdout] called `Result::unwrap()` on an `Err` value: Os { code: 30, kind: ReadOnlyFilesystem, message: "Read-only file system" }
[INFO] [stdout] stack backtrace:
[INFO] [stdout]    0:     0x629055ca1e31 - <<std[617be2ca0a6fd877]::sys::backtrace::BacktraceLock>::print::DisplayBacktrace as core[a373ad73a504971]::fmt::Display>::fmt
[INFO] [stdout]    1:     0x629055cb82aa - core[a373ad73a504971]::fmt::write
[INFO] [stdout]    2:     0x629055ca638c - <alloc[2e1b2a31b91974c5]::vec::Vec<u8> as core[a373ad73a504971]::io::write::Write>::write_fmt
[INFO] [stdout]    3:     0x629055c7aa06 - std[617be2ca0a6fd877]::panicking::default_hook::{closure#0}
[INFO] [stdout]    4:     0x629055c986e9 - std[617be2ca0a6fd877]::panicking::default_hook
[INFO] [stdout]    5:     0x629055c11370 - test[aada8e7e76ba119b]::test_main_inner::{closure#0}
[INFO] [stdout]    6:     0x629055c988a2 - std[617be2ca0a6fd877]::panicking::panic_with_hook
[INFO] [stdout]    7:     0x629055c7aab2 - std[617be2ca0a6fd877]::panicking::panic_handler::{closure#0}
[INFO] [stdout]    8:     0x629055c733b9 - std[617be2ca0a6fd877]::sys::backtrace::__rust_end_short_backtrace::<std[617be2ca0a6fd877]::panicking::panic_handler::{closure#0}, !>
[INFO] [stdout]    9:     0x629055c7b95d - __rustc[ea4f61d10b84890b]::rust_begin_unwind
[INFO] [stdout]   10:     0x629055cb89dc - core[a373ad73a504971]::panicking::panic_fmt
[INFO] [stdout]   11:     0x629055cb87b2 - core[a373ad73a504971]::result::unwrap_failed
[INFO] [stdout]   12:     0x629055bd84b0 - <yard[c888494776e787c9]::atomic_file::tests::forced_temp_collision_does_not_open_a_planted_symlink::{closure#0} as core[a373ad73a504971]::ops::function::FnOnce<()>>::call_once
[INFO] [stdout]   13:     0x629055c047bb - test[aada8e7e76ba119b]::__rust_begin_short_backtrace::<core[a373ad73a504971]::result::Result<(), alloc[2e1b2a31b91974c5]::string::String>, fn() -> core[a373ad73a504971]::result::Result<(), alloc[2e1b2a31b91974c5]::string::String>>
[INFO] [stdout]   14:     0x629055c11995 - test[aada8e7e76ba119b]::run_test::{closure#0}
[INFO] [stdout]   15:     0x629055c0b284 - std[617be2ca0a6fd877]::sys::backtrace::__rust_begin_short_backtrace::<test[aada8e7e76ba119b]::run_test::{closure#1}, ()>
[INFO] [stdout]   16:     0x629055c14a22 - <std[617be2ca0a6fd877]::thread::lifecycle::spawn_unchecked<test[aada8e7e76ba119b]::run_test::{closure#1}, ()>::{closure#1} as core[a373ad73a504971]::ops::function::FnOnce<()>>::call_once::{shim:vtable#0}
[INFO] [stdout]   17:     0x629055ca0e3f - <std[617be2ca0a6fd877]::sys::thread::unix::Thread>::new::thread_start
[INFO] [stdout]   18:     0x7ac40af7ddfa - <unknown>
[INFO] [stdout]   19:     0x7ac40b0113d4 - clone
[INFO] [stdout]   20:                0x0 - <unknown>
[INFO] [stdout] 
[INFO] [stdout] ---- atomic_file::tests::failed_rename_cleans_its_temporary_file stdout ----
[INFO] [stdout] 
[INFO] [stdout] thread 'atomic_file::tests::failed_rename_cleans_its_temporary_file' (2641) panicked at src/atomic_file.rs:105:35:
[INFO] [stdout] called `Result::unwrap()` on an `Err` value: Os { code: 30, kind: ReadOnlyFilesystem, message: "Read-only file system" }
[INFO] [stdout] stack backtrace:
[INFO] [stdout]    0:     0x629055ca1e31 - <<std[617be2ca0a6fd877]::sys::backtrace::BacktraceLock>::print::DisplayBacktrace as core[a373ad73a504971]::fmt::Display>::fmt
[INFO] [stdout]    1:     0x629055cb82aa - core[a373ad73a504971]::fmt::write
[INFO] [stdout]    2:     0x629055ca638c - <alloc[2e1b2a31b91974c5]::vec::Vec<u8> as core[a373ad73a504971]::io::write::Write>::write_fmt
[INFO] [stdout]    3:     0x629055c7aa06 - std[617be2ca0a6fd877]::panicking::default_hook::{closure#0}
[INFO] [stdout]    4:     0x629055c986e9 - std[617be2ca0a6fd877]::panicking::default_hook
[INFO] [stdout]    5:     0x629055c11370 - test[aada8e7e76ba119b]::test_main_inner::{closure#0}
[INFO] [stdout]    6:     0x629055c988a2 - std[617be2ca0a6fd877]::panicking::panic_with_hook
[INFO] [stdout]    7:     0x629055c7aab2 - std[617be2ca0a6fd877]::panicking::panic_handler::{closure#0}
[INFO] [stdout]    8:     0x629055c733b9 - std[617be2ca0a6fd877]::sys::backtrace::__rust_end_short_backtrace::<std[617be2ca0a6fd877]::panicking::panic_handler::{closure#0}, !>
[INFO] [stdout]    9:     0x629055c7b95d - __rustc[ea4f61d10b84890b]::rust_begin_unwind
[INFO] [stdout]   10:     0x629055cb89dc - core[a373ad73a504971]::panicking::panic_fmt
[INFO] [stdout]   11:     0x629055cb87b2 - core[a373ad73a504971]::result::unwrap_failed
[INFO] [stdout]   12:     0x629055bd768c - <yard[c888494776e787c9]::atomic_file::tests::failed_rename_cleans_its_temporary_file::{closure#0} as core[a373ad73a504971]::ops::function::FnOnce<()>>::call_once
[INFO] [stdout]   13:     0x629055c047bb - test[aada8e7e76ba119b]::__rust_begin_short_backtrace::<core[a373ad73a504971]::result::Result<(), alloc[2e1b2a31b91974c5]::string::String>, fn() -> core[a373ad73a504971]::result::Result<(), alloc[2e1b2a31b91974c5]::string::String>>
[INFO] [stdout]   14:     0x629055c11995 - test[aada8e7e76ba119b]::run_test::{closure#0}
[INFO] [stdout]   15:     0x629055c0b284 - std[617be2ca0a6fd877]::sys::backtrace::__rust_begin_short_backtrace::<test[aada8e7e76ba119b]::run_test::{closure#1}, ()>
[INFO] [stdout]   16:     0x629055c14a22 - <std[617be2ca0a6fd877]::thread::lifecycle::spawn_unchecked<test[aada8e7e76ba119b]::run_test::{closure#1}, ()>::{closure#1} as core[a373ad73a504971]::ops::function::FnOnce<()>>::call_once::{shim:vtable#0}
[INFO] [stdout]   17:     0x629055ca0e3f - <std[617be2ca0a6fd877]::sys::thread::unix::Thread>::new::thread_start
[INFO] [stdout]   18:     0x7ac40af7ddfa - <unknown>
[INFO] [stdout]   19:     0x7ac40b0113d4 - clone
[INFO] [stdout]   20:                0x0 - <unknown>
[INFO] [stdout] 
[INFO] [stdout] ---- envfile::tests::appends_a_missing_value stdout ----
[INFO] [stdout] 
[INFO] [stdout] thread 'envfile::tests::appends_a_missing_value' (2647) panicked at src/envfile.rs:112:35:
[INFO] [stdout] called `Result::unwrap()` on an `Err` value: Os { code: 30, kind: ReadOnlyFilesystem, message: "Read-only file system" }
[INFO] [stdout] stack backtrace:
[INFO] [stdout]    0:     0x629055ca1e31 - <<std[617be2ca0a6fd877]::sys::backtrace::BacktraceLock>::print::DisplayBacktrace as core[a373ad73a504971]::fmt::Display>::fmt
[INFO] [stdout]    1:     0x629055cb82aa - core[a373ad73a504971]::fmt::write
[INFO] [stdout]    2:     0x629055ca638c - <alloc[2e1b2a31b91974c5]::vec::Vec<u8> as core[a373ad73a504971]::io::write::Write>::write_fmt
[INFO] [stdout]    3:     0x629055c7aa06 - std[617be2ca0a6fd877]::panicking::default_hook::{closure#0}
[INFO] [stdout]    4:     0x629055c986e9 - std[617be2ca0a6fd877]::panicking::default_hook
[INFO] [stdout]    5:     0x629055c11370 - test[aada8e7e76ba119b]::test_main_inner::{closure#0}
[INFO] [stdout]    6:     0x629055c988a2 - std[617be2ca0a6fd877]::panicking::panic_with_hook
[INFO] [stdout]    7:     0x629055c7aab2 - std[617be2ca0a6fd877]::panicking::panic_handler::{closure#0}
[INFO] [stdout]    8:     0x629055c733b9 - std[617be2ca0a6fd877]::sys::backtrace::__rust_end_short_backtrace::<std[617be2ca0a6fd877]::panicking::panic_handler::{closure#0}, !>
[INFO] [stdout]    9:     0x629055c7b95d - __rustc[ea4f61d10b84890b]::rust_begin_unwind
[INFO] [stdout]   10:     0x629055cb89dc - core[a373ad73a504971]::panicking::panic_fmt
[INFO] [stdout]   11:     0x629055cb87b2 - core[a373ad73a504971]::result::unwrap_failed
[INFO] [stdout]   12:     0x629055bb32f8 - yard[c888494776e787c9]::envfile::tests::temp_file
[INFO] [stdout]   13:     0x629055bb44ed - <yard[c888494776e787c9]::envfile::tests::appends_a_missing_value::{closure#0} as core[a373ad73a504971]::ops::function::FnOnce<()>>::call_once
[INFO] [stdout]   14:     0x629055c047bb - test[aada8e7e76ba119b]::__rust_begin_short_backtrace::<core[a373ad73a504971]::result::Result<(), alloc[2e1b2a31b91974c5]::string::String>, fn() -> core[a373ad73a504971]::result::Result<(), alloc[2e1b2a31b91974c5]::string::String>>
[INFO] [stdout]   15:     0x629055c11995 - test[aada8e7e76ba119b]::run_test::{closure#0}
[INFO] [stdout]   16:     0x629055c0b284 - std[617be2ca0a6fd877]::sys::backtrace::__rust_begin_short_backtrace::<test[aada8e7e76ba119b]::run_test::{closure#1}, ()>
[INFO] [stdout]   17:     0x629055c14a22 - <std[617be2ca0a6fd877]::thread::lifecycle::spawn_unchecked<test[aada8e7e76ba119b]::run_test::{closure#1}, ()>::{closure#1} as core[a373ad73a504971]::ops::function::FnOnce<()>>::call_once::{shim:vtable#0}
[INFO] [stdout]   18:     0x629055ca0e3f - <std[617be2ca0a6fd877]::sys::thread::unix::Thread>::new::thread_start
[INFO] [stdout]   19:     0x7ac40af7ddfa - <unknown>
[INFO] [stdout]   20:     0x7ac40b0113d4 - clone
[INFO] [stdout]   21:                0x0 - <unknown>
[INFO] [stdout] 
[INFO] [stdout] ---- envfile::tests::reads_and_updates_a_value stdout ----
[INFO] [stdout] 
[INFO] [stdout] thread 'envfile::tests::reads_and_updates_a_value' (2650) panicked at src/envfile.rs:112:35:
[INFO] [stdout] called `Result::unwrap()` on an `Err` value: Os { code: 30, kind: ReadOnlyFilesystem, message: "Read-only file system" }
[INFO] [stdout] stack backtrace:
[INFO] [stdout]    0:     0x629055ca1e31 - <<std[617be2ca0a6fd877]::sys::backtrace::BacktraceLock>::print::DisplayBacktrace as core[a373ad73a504971]::fmt::Display>::fmt
[INFO] [stdout]    1:     0x629055cb82aa - core[a373ad73a504971]::fmt::write
[INFO] [stdout]    2:     0x629055ca638c - <alloc[2e1b2a31b91974c5]::vec::Vec<u8> as core[a373ad73a504971]::io::write::Write>::write_fmt
[INFO] [stdout]    3:     0x629055c7aa06 - std[617be2ca0a6fd877]::panicking::default_hook::{closure#0}
[INFO] [stdout]    4:     0x629055c986e9 - std[617be2ca0a6fd877]::panicking::default_hook
[INFO] [stdout]    5:     0x629055c11370 - test[aada8e7e76ba119b]::test_main_inner::{closure#0}
[INFO] [stdout]    6:     0x629055c988a2 - std[617be2ca0a6fd877]::panicking::panic_with_hook
[INFO] [stdout]    7:     0x629055c7aab2 - std[617be2ca0a6fd877]::panicking::panic_handler::{closure#0}
[INFO] [stdout]    8:     0x629055c733b9 - std[617be2ca0a6fd877]::sys::backtrace::__rust_end_short_backtrace::<std[617be2ca0a6fd877]::panicking::panic_handler::{closure#0}, !>
[INFO] [stdout]    9:     0x629055c7b95d - __rustc[ea4f61d10b84890b]::rust_begin_unwind
[INFO] [stdout]   10:     0x629055cb89dc - core[a373ad73a504971]::panicking::panic_fmt
[INFO] [stdout]   11:     0x629055cb87b2 - core[a373ad73a504971]::result::unwrap_failed
[INFO] [stdout]   12:     0x629055bb32f8 - yard[c888494776e787c9]::envfile::tests::temp_file
[INFO] [stdout]   13:     0x629055bb4861 - <yard[c888494776e787c9]::envfile::tests::reads_and_updates_a_value::{closure#0} as core[a373ad73a504971]::ops::function::FnOnce<()>>::call_once
[INFO] [stdout]   14:     0x629055c047bb - test[aada8e7e76ba119b]::__rust_begin_short_backtrace::<core[a373ad73a504971]::result::Result<(), alloc[2e1b2a31b91974c5]::string::String>, fn() -> core[a373ad73a504971]::result::Result<(), alloc[2e1b2a31b91974c5]::string::String>>
[INFO] [stdout]   15:     0x629055c11995 - test[aada8e7e76ba119b]::run_test::{closure#0}
[INFO] [stdout]   16:     0x629055c0b284 - std[617be2ca0a6fd877]::sys::backtrace::__rust_begin_short_backtrace::<test[aada8e7e76ba119b]::run_test::{closure#1}, ()>
[INFO] [stdout]   17:     0x629055c14a22 - <std[617be2ca0a6fd877]::thread::lifecycle::spawn_unchecked<test[aada8e7e76ba119b]::run_test::{closure#1}, ()>::{closure#1} as core[a373ad73a504971]::ops::function::FnOnce<()>>::call_once::{shim:vtable#0}
[INFO] [stdout]   18:     0x629055ca0e3f - <std[617be2ca0a6fd877]::sys::thread::unix::Thread>::new::thread_start
[INFO] [stdout]   19:     0x7ac40af7ddfa - <unknown>
[INFO] [stdout]   20:     0x7ac40b0113d4 - clone
[INFO] [stdout]   21:                0x0 - <unknown>
[INFO] [stdout] 
[INFO] [stdout] ---- atomic_file::tests::planted_fixed_temp_symlink_cannot_modify_victim stdout ----
[INFO] [stdout] 
[INFO] [stdout] thread 'atomic_file::tests::planted_fixed_temp_symlink_cannot_modify_victim' (2643) panicked at src/atomic_file.rs:118:35:
[INFO] [stdout] called `Result::unwrap()` on an `Err` value: Os { code: 30, kind: ReadOnlyFilesystem, message: "Read-only file system" }
[INFO] [stdout] stack backtrace:
[INFO] [stdout]    0:     0x629055ca1e31 - <<std[617be2ca0a6fd877]::sys::backtrace::BacktraceLock>::print::DisplayBacktrace as core[a373ad73a504971]::fmt::Display>::fmt
[INFO] [stdout]    1:     0x629055cb82aa - core[a373ad73a504971]::fmt::write
[INFO] [stdout]    2:     0x629055ca638c - <alloc[2e1b2a31b91974c5]::vec::Vec<u8> as core[a373ad73a504971]::io::write::Write>::write_fmt
[INFO] [stdout]    3:     0x629055c7aa06 - std[617be2ca0a6fd877]::panicking::default_hook::{closure#0}
[INFO] [stdout]    4:     0x629055c986e9 - std[617be2ca0a6fd877]::panicking::default_hook
[INFO] [stdout]    5:     0x629055c11370 - test[aada8e7e76ba119b]::test_main_inner::{closure#0}
[INFO] [stdout]    6:     0x629055c988a2 - std[617be2ca0a6fd877]::panicking::panic_with_hook
[INFO] [stdout]    7:     0x629055c7aab2 - std[617be2ca0a6fd877]::panicking::panic_handler::{closure#0}
[INFO] [stdout]    8:     0x629055c733b9 - std[617be2ca0a6fd877]::sys::backtrace::__rust_end_short_backtrace::<std[617be2ca0a6fd877]::panicking::panic_handler::{closure#0}, !>
[INFO] [stdout]    9:     0x629055c7b95d - __rustc[ea4f61d10b84890b]::rust_begin_unwind
[INFO] [stdout]   10:     0x629055cb89dc - core[a373ad73a504971]::panicking::panic_fmt
[INFO] [stdout]   11:     0x629055cb87b2 - core[a373ad73a504971]::result::unwrap_failed
[INFO] [stdout]   12:     0x629055bd7d02 - <yard[c888494776e787c9]::atomic_file::tests::planted_fixed_temp_symlink_cannot_modify_victim::{closure#0} as core[a373ad73a504971]::ops::function::FnOnce<()>>::call_once
[INFO] [stdout]   13:     0x629055c047bb - test[aada8e7e76ba119b]::__rust_begin_short_backtrace::<core[a373ad73a504971]::result::Result<(), alloc[2e1b2a31b91974c5]::string::String>, fn() -> core[a373ad73a504971]::result::Result<(), alloc[2e1b2a31b91974c5]::string::String>>
[INFO] [stdout]   14:     0x629055c11995 - test[aada8e7e76ba119b]::run_test::{closure#0}
[INFO] [stdout]   15:     0x629055c0b284 - std[617be2ca0a6fd877]::sys::backtrace::__rust_begin_short_backtrace::<test[aada8e7e76ba119b]::run_test::{closure#1}, ()>
[INFO] [stdout]   16:     0x629055c14a22 - <std[617be2ca0a6fd877]::thread::lifecycle::spawn_unchecked<test[aada8e7e76ba119b]::run_test::{closure#1}, ()>::{closure#1} as core[a373ad73a504971]::ops::function::FnOnce<()>>::call_once::{shim:vtable#0}
[INFO] [stdout]   17:     0x629055ca0e3f - <std[617be2ca0a6fd877]::sys::thread::unix::Thread>::new::thread_start
[INFO] [stdout]   18:     0x7ac40af7ddfa - <unknown>
[INFO] [stdout]   19:     0x7ac40b0113d4 - clone
[INFO] [stdout]   20:                0x0 - <unknown>
[INFO] [stdout] 
[INFO] [stdout] ---- envfile::tests::planted_regular_temp_is_rejected_and_preserved stdout ----
[INFO] [stdout] 
[INFO] [stdout] thread 'envfile::tests::planted_regular_temp_is_rejected_and_preserved' (2649) panicked at src/envfile.rs:112:35:
[INFO] [stdout] called `Result::unwrap()` on an `Err` value: Os { code: 30, kind: ReadOnlyFilesystem, message: "Read-only file system" }
[INFO] [stdout] stack backtrace:
[INFO] [stdout]    0:     0x629055ca1e31 - <<std[617be2ca0a6fd877]::sys::backtrace::BacktraceLock>::print::DisplayBacktrace as core[a373ad73a504971]::fmt::Display>::fmt
[INFO] [stdout]    1:     0x629055cb82aa - core[a373ad73a504971]::fmt::write
[INFO] [stdout]    2:     0x629055ca638c - <alloc[2e1b2a31b91974c5]::vec::Vec<u8> as core[a373ad73a504971]::io::write::Write>::write_fmt
[INFO] [stdout]    3:     0x629055c7aa06 - std[617be2ca0a6fd877]::panicking::default_hook::{closure#0}
[INFO] [stdout]    4:     0x629055c986e9 - std[617be2ca0a6fd877]::panicking::default_hook
[INFO] [stdout]    5:     0x629055c11370 - test[aada8e7e76ba119b]::test_main_inner::{closure#0}
[INFO] [stdout]    6:     0x629055c988a2 - std[617be2ca0a6fd877]::panicking::panic_with_hook
[INFO] [stdout]    7:     0x629055c7aab2 - std[617be2ca0a6fd877]::panicking::panic_handler::{closure#0}
[INFO] [stdout]    8:     0x629055c733b9 - std[617be2ca0a6fd877]::sys::backtrace::__rust_end_short_backtrace::<std[617be2ca0a6fd877]::panicking::panic_handler::{closure#0}, !>
[INFO] [stdout]    9:     0x629055c7b95d - __rustc[ea4f61d10b84890b]::rust_begin_unwind
[INFO] [stdout]   10:     0x629055cb89dc - core[a373ad73a504971]::panicking::panic_fmt
[INFO] [stdout]   11:     0x629055cb87b2 - core[a373ad73a504971]::result::unwrap_failed
[INFO] [stdout]   12:     0x629055bb32f8 - yard[c888494776e787c9]::envfile::tests::temp_file
[INFO] [stdout]   13:     0x629055bb4ec6 - <yard[c888494776e787c9]::envfile::tests::planted_regular_temp_is_rejected_and_preserved::{closure#0} as core[a373ad73a504971]::ops::function::FnOnce<()>>::call_once
[INFO] [stdout]   14:     0x629055c047bb - test[aada8e7e76ba119b]::__rust_begin_short_backtrace::<core[a373ad73a504971]::result::Result<(), alloc[2e1b2a31b91974c5]::string::String>, fn() -> core[a373ad73a504971]::result::Result<(), alloc[2e1b2a31b91974c5]::string::String>>
[INFO] [stdout]   15:     0x629055c11995 - test[aada8e7e76ba119b]::run_test::{closure#0}
[INFO] [stdout]   16:     0x629055c0b284 - std[617be2ca0a6fd877]::sys::backtrace::__rust_begin_short_backtrace::<test[aada8e7e76ba119b]::run_test::{closure#1}, ()>
[INFO] [stdout]   17:     0x629055c14a22 - <std[617be2ca0a6fd877]::thread::lifecycle::spawn_unchecked<test[aada8e7e76ba119b]::run_test::{closure#1}, ()>::{closure#1} as core[a373ad73a504971]::ops::function::FnOnce<()>>::call_once::{shim:vtable#0}
[INFO] [stdout]   18:     0x629055ca0e3f - <std[617be2ca0a6fd877]::sys::thread::unix::Thread>::new::thread_start
[INFO] [stdout]   19:     0x7ac40af7ddfa - <unknown>
[INFO] [stdout]   20:     0x7ac40b0113d4 - clone
[INFO] [stdout]   21:                0x0 - <unknown>
[INFO] [stdout] 
[INFO] [stdout] ---- envfile::tests::existing_mode_is_preserved_and_success_leaves_no_temp stdout ----
[INFO] [stdout] 
[INFO] [stdout] thread 'envfile::tests::existing_mode_is_preserved_and_success_leaves_no_temp' (2648) panicked at src/envfile.rs:112:35:
[INFO] [stdout] called `Result::unwrap()` on an `Err` value: Os { code: 30, kind: ReadOnlyFilesystem, message: "Read-only file system" }
[INFO] [stdout] stack backtrace:
[INFO] [stdout]    0:     0x629055ca1e31 - <<std[617be2ca0a6fd877]::sys::backtrace::BacktraceLock>::print::DisplayBacktrace as core[a373ad73a504971]::fmt::Display>::fmt
[INFO] [stdout]    1:     0x629055cb82aa - core[a373ad73a504971]::fmt::write
[INFO] [stdout]    2:     0x629055ca638c - <alloc[2e1b2a31b91974c5]::vec::Vec<u8> as core[a373ad73a504971]::io::write::Write>::write_fmt
[INFO] [stdout]    3:     0x629055c7aa06 - std[617be2ca0a6fd877]::panicking::default_hook::{closure#0}
[INFO] [stdout]    4:     0x629055c986e9 - std[617be2ca0a6fd877]::panicking::default_hook
[INFO] [stdout]    5:     0x629055c11370 - test[aada8e7e76ba119b]::test_main_inner::{closure#0}
[INFO] [stdout]    6:     0x629055c988a2 - std[617be2ca0a6fd877]::panicking::panic_with_hook
[INFO] [stdout]    7:     0x629055c7aab2 - std[617be2ca0a6fd877]::panicking::panic_handler::{closure#0}
[INFO] [stdout]    8:     0x629055c733b9 - std[617be2ca0a6fd877]::sys::backtrace::__rust_end_short_backtrace::<std[617be2ca0a6fd877]::panicking::panic_handler::{closure#0}, !>
[INFO] [stdout]    9:     0x629055c7b95d - __rustc[ea4f61d10b84890b]::rust_begin_unwind
[INFO] [stdout]   10:     0x629055cb89dc - core[a373ad73a504971]::panicking::panic_fmt
[INFO] [stdout]   11:     0x629055cb87b2 - core[a373ad73a504971]::result::unwrap_failed
[INFO] [stdout]   12:     0x629055bb32f8 - yard[c888494776e787c9]::envfile::tests::temp_file
[INFO] [stdout]   13:     0x629055bb5ca1 - <yard[c888494776e787c9]::envfile::tests::existing_mode_is_preserved_and_success_leaves_no_temp::{closure#0} as core[a373ad73a504971]::ops::function::FnOnce<()>>::call_once
[INFO] [stdout]   14:     0x629055c047bb - test[aada8e7e76ba119b]::__rust_begin_short_backtrace::<core[a373ad73a504971]::result::Result<(), alloc[2e1b2a31b91974c5]::string::String>, fn() -> core[a373ad73a504971]::result::Result<(), alloc[2e1b2a31b91974c5]::string::String>>
[INFO] [stdout]   15:     0x629055c11995 - test[aada8e7e76ba119b]::run_test::{closure#0}
[INFO] [stdout]   16:     0x629055c0b284 - std[617be2ca0a6fd877]::sys::backtrace::__rust_begin_short_backtrace::<test[aada8e7e76ba119b]::run_test::{closure#1}, ()>
[INFO] [stdout]   17:     0x629055c14a22 - <std[617be2ca0a6fd877]::thread::lifecycle::spawn_unchecked<test[aada8e7e76ba119b]::run_test::{closure#1}, ()>::{closure#1} as core[a373ad73a504971]::ops::function::FnOnce<()>>::call_once::{shim:vtable#0}
[INFO] [stdout]   18:     0x629055ca0e3f - <std[617be2ca0a6fd877]::sys::thread::unix::Thread>::new::thread_start
[INFO] [stdout]   19:     0x7ac40af7ddfa - <unknown>
[INFO] [stdout]   20:     0x7ac40b0113d4 - clone
[INFO] [stdout]   21:                0x0 - <unknown>
[INFO] [stdout] 
[INFO] [stdout] ---- state::tests::existing_state_mode_is_preserved stdout ----
[INFO] [stdout] 
[INFO] [stdout] thread 'state::tests::existing_state_mode_is_preserved' (2670) panicked at src/state.rs:146:35:
[INFO] [stdout] called `Result::unwrap()` on an `Err` value: Os { code: 30, kind: ReadOnlyFilesystem, message: "Read-only file system" }
[INFO] [stdout] stack backtrace:
[INFO] [stdout]    0:     0x629055ca1e31 - <<std[617be2ca0a6fd877]::sys::backtrace::BacktraceLock>::print::DisplayBacktrace as core[a373ad73a504971]::fmt::Display>::fmt
[INFO] [stdout]    1:     0x629055cb82aa - core[a373ad73a504971]::fmt::write
[INFO] [stdout]    2:     0x629055ca638c - <alloc[2e1b2a31b91974c5]::vec::Vec<u8> as core[a373ad73a504971]::io::write::Write>::write_fmt
[INFO] [stdout]    3:     0x629055c7aa06 - std[617be2ca0a6fd877]::panicking::default_hook::{closure#0}
[INFO] [stdout]    4:     0x629055c986e9 - std[617be2ca0a6fd877]::panicking::default_hook
[INFO] [stdout]    5:     0x629055c11370 - test[aada8e7e76ba119b]::test_main_inner::{closure#0}
[INFO] [stdout]    6:     0x629055c988a2 - std[617be2ca0a6fd877]::panicking::panic_with_hook
[INFO] [stdout]    7:     0x629055c7aab2 - std[617be2ca0a6fd877]::panicking::panic_handler::{closure#0}
[INFO] [stdout]    8:     0x629055c733b9 - std[617be2ca0a6fd877]::sys::backtrace::__rust_end_short_backtrace::<std[617be2ca0a6fd877]::panicking::panic_handler::{closure#0}, !>
[INFO] [stdout]    9:     0x629055c7b95d - __rustc[ea4f61d10b84890b]::rust_begin_unwind
[INFO] [stdout]   10:     0x629055cb89dc - core[a373ad73a504971]::panicking::panic_fmt
[INFO] [stdout]   11:     0x629055cb87b2 - core[a373ad73a504971]::result::unwrap_failed
[INFO] [stdout]   12:     0x629055bd3dfe - <yard[c888494776e787c9]::state::tests::existing_state_mode_is_preserved::{closure#0} as core[a373ad73a504971]::ops::function::FnOnce<()>>::call_once
[INFO] [stdout]   13:     0x629055c047bb - test[aada8e7e76ba119b]::__rust_begin_short_backtrace::<core[a373ad73a504971]::result::Result<(), alloc[2e1b2a31b91974c5]::string::String>, fn() -> core[a373ad73a504971]::result::Result<(), alloc[2e1b2a31b91974c5]::string::String>>
[INFO] [stdout]   14:     0x629055c11995 - test[aada8e7e76ba119b]::run_test::{closure#0}
[INFO] [stdout]   15:     0x629055c0b284 - std[617be2ca0a6fd877]::sys::backtrace::__rust_begin_short_backtrace::<test[aada8e7e76ba119b]::run_test::{closure#1}, ()>
[INFO] [stdout]   16:     0x629055c14a22 - <std[617be2ca0a6fd877]::thread::lifecycle::spawn_unchecked<test[aada8e7e76ba119b]::run_test::{closure#1}, ()>::{closure#1} as core[a373ad73a504971]::ops::function::FnOnce<()>>::call_once::{shim:vtable#0}
[INFO] [stdout]   17:     0x629055ca0e3f - <std[617be2ca0a6fd877]::sys::thread::unix::Thread>::new::thread_start
[INFO] [stdout]   18:     0x7ac40af7ddfa - <unknown>
[INFO] [stdout]   19:     0x7ac40b0113d4 - clone
[INFO] [stdout]   20:                0x0 - <unknown>
[INFO] [stdout] 
[INFO] [stdout] ---- state::tests::preexisting_temp_file_is_not_followed_and_state_is_private stdout ----
[INFO] [stdout] 
[INFO] [stdout] thread 'state::tests::preexisting_temp_file_is_not_followed_and_state_is_private' (2680) panicked at src/state.rs:128:35:
[INFO] [stdout] called `Result::unwrap()` on an `Err` value: Os { code: 30, kind: ReadOnlyFilesystem, message: "Read-only file system" }
[INFO] [stdout] stack backtrace:
[INFO] [stdout]    0:     0x629055ca1e31 - <<std[617be2ca0a6fd877]::sys::backtrace::BacktraceLock>::print::DisplayBacktrace as core[a373ad73a504971]::fmt::Display>::fmt
[INFO] [stdout]    1:     0x629055cb82aa - core[a373ad73a504971]::fmt::write
[INFO] [stdout]    2:     0x629055ca638c - <alloc[2e1b2a31b91974c5]::vec::Vec<u8> as core[a373ad73a504971]::io::write::Write>::write_fmt
[INFO] [stdout]    3:     0x629055c7aa06 - std[617be2ca0a6fd877]::panicking::default_hook::{closure#0}
[INFO] [stdout]    4:     0x629055c986e9 - std[617be2ca0a6fd877]::panicking::default_hook
[INFO] [stdout]    5:     0x629055c11370 - test[aada8e7e76ba119b]::test_main_inner::{closure#0}
[INFO] [stdout]    6:     0x629055c988a2 - std[617be2ca0a6fd877]::panicking::panic_with_hook
[INFO] [stdout]    7:     0x629055c7aab2 - std[617be2ca0a6fd877]::panicking::panic_handler::{closure#0}
[INFO] [stdout]    8:     0x629055c733b9 - std[617be2ca0a6fd877]::sys::backtrace::__rust_end_short_backtrace::<std[617be2ca0a6fd877]::panicking::panic_handler::{closure#0}, !>
[INFO] [stdout]    9:     0x629055c7b95d - __rustc[ea4f61d10b84890b]::rust_begin_unwind
[INFO] [stdout]   10:     0x629055cb89dc - core[a373ad73a504971]::panicking::panic_fmt
[INFO] [stdout]   11:     0x629055cb87b2 - core[a373ad73a504971]::result::unwrap_failed
[INFO] [stdout]   12:     0x629055bd46ea - <yard[c888494776e787c9]::state::tests::preexisting_temp_file_is_not_followed_and_state_is_private::{closure#0} as core[a373ad73a504971]::ops::function::FnOnce<()>>::call_once
[INFO] [stdout]   13:     0x629055c047bb - test[aada8e7e76ba119b]::__rust_begin_short_backtrace::<core[a373ad73a504971]::result::Result<(), alloc[2e1b2a31b91974c5]::string::String>, fn() -> core[a373ad73a504971]::result::Result<(), alloc[2e1b2a31b91974c5]::string::String>>
[INFO] [stdout]   14:     0x629055c11995 - test[aada8e7e76ba119b]::run_test::{closure#0}
[INFO] [stdout]   15:     0x629055c0b284 - std[617be2ca0a6fd877]::sys::backtrace::__rust_begin_short_backtrace::<test[aada8e7e76ba119b]::run_test::{closure#1}, ()>
[INFO] [stdout]   16:     0x629055c14a22 - <std[617be2ca0a6fd877]::thread::lifecycle::spawn_unchecked<test[aada8e7e76ba119b]::run_test::{closure#1}, ()>::{closure#1} as core[a373ad73a504971]::ops::function::FnOnce<()>>::call_once::{shim:vtable#0}
[INFO] [stdout]   17:     0x629055ca0e3f - <std[617be2ca0a6fd877]::sys::thread::unix::Thread>::new::thread_start
[INFO] [stdout]   18:     0x7ac40af7ddfa - <unknown>
[INFO] [stdout]   19:     0x7ac40b0113d4 - clone
[INFO] [stdout]   20:                0x0 - <unknown>
[INFO] [stdout] 
[INFO] [stdout] 
[INFO] [stdout] failures:
[INFO] [stdout]     atomic_file::tests::failed_rename_cleans_its_temporary_file
[INFO] [stdout]     atomic_file::tests::forced_temp_collision_does_not_open_a_planted_symlink
[INFO] [stdout]     atomic_file::tests::planted_fixed_temp_symlink_cannot_modify_victim
[INFO] [stdout]     envfile::tests::appends_a_missing_value
[INFO] [stdout]     envfile::tests::existing_mode_is_preserved_and_success_leaves_no_temp
[INFO] [stdout]     envfile::tests::planted_regular_temp_is_rejected_and_preserved
[INFO] [stdout]     envfile::tests::reads_and_updates_a_value
[INFO] [stdout]     envfile::tests::target_symlink_is_rejected_without_touching_victim
[INFO] [stdout]     state::tests::existing_state_mode_is_preserved
[INFO] [stdout]     state::tests::preexisting_temp_file_is_not_followed_and_state_is_private
[INFO] [stdout] 
[INFO] [stdout] test result: FAILED. 17 passed; 10 failed; 0 ignored; 0 measured; 0 filtered out; finished in 0.28s
[INFO] [stdout] 
[INFO] [stderr] error: test failed, to rerun pass `--bin yard`
[INFO] running `Command { std: "docker" "inspect" "75fc2d423b0e6374f2a6149caf721eae1d4888a20bc0e5a5076e692f5278cd07", kill_on_drop: false }`
[INFO] running `Command { std: "docker" "rm" "-f" "75fc2d423b0e6374f2a6149caf721eae1d4888a20bc0e5a5076e692f5278cd07", kill_on_drop: false }`
[INFO] [stdout] 75fc2d423b0e6374f2a6149caf721eae1d4888a20bc0e5a5076e692f5278cd07
