[INFO] cloning repository https://github.com/gnufood/whyno
[INFO] running `Command { std: "git" "-c" "credential.helper=" "-c" "credential.helper=/workspace/cargo-home/bin/git-credential-null" "clone" "--bare" "https://github.com/gnufood/whyno" "/workspace/cache/git-repos/https%3A%2F%2Fgithub.com%2Fgnufood%2Fwhyno", kill_on_drop: false }`
[INFO] [stderr] Cloning into bare repository '/workspace/cache/git-repos/https%3A%2F%2Fgithub.com%2Fgnufood%2Fwhyno'...
[INFO] running `Command { std: "git" "rev-parse" "HEAD", kill_on_drop: false }`
[INFO] [stdout] a70fdd0cf11cb366a86e8e1e0cbee85ab31b86ca
[INFO] testing gnufood/whyno against 1.100.0-beta.1+cargoflags=--release for beta-release-1.100-2
[INFO] running `Command { std: "git" "clone" "/workspace/cache/git-repos/https%3A%2F%2Fgithub.com%2Fgnufood%2Fwhyno" "/workspace/builds/worker-0-tc2/source", kill_on_drop: false }`
[INFO] [stderr] Cloning into '/workspace/builds/worker-0-tc2/source'...
[INFO] [stderr] done.
[INFO] removed /workspace/builds/worker-0-tc2/source/.cargo/config.toml
[INFO] started tweaking git repo https://github.com/gnufood/whyno
[INFO] finished tweaking git repo https://github.com/gnufood/whyno
[INFO] tweaked toml for git repo https://github.com/gnufood/whyno written to /workspace/builds/worker-0-tc2/source/Cargo.toml
[INFO] validating manifest of git repo https://github.com/gnufood/whyno on toolchain 1.100.0-beta.1
[INFO] running `Command { std: CARGO_HOME="/workspace/cargo-home" RUSTUP_HOME="/workspace/rustup-home" "/workspace/cargo-home/bin/cargo" "+1.100.0-beta.1" "metadata" "--manifest-path" "Cargo.toml" "--no-deps", kill_on_drop: false }`
[INFO] crate git repo https://github.com/gnufood/whyno already has a lockfile, it will not be regenerated
[INFO] running `Command { std: CARGO_HOME="/workspace/cargo-home" RUSTUP_HOME="/workspace/rustup-home" "/workspace/cargo-home/bin/cargo" "+1.100.0-beta.1" "fetch" "--manifest-path" "Cargo.toml", kill_on_drop: false }`
[INFO] running `Command { std: "docker" "create" "-v" "/var/lib/crater-agent-workspace/builds/worker-0-tc2/source:/opt/rustwide/workdir:ro,Z" "-v" "/var/lib/crater-agent-workspace/builds/worker-0-tc2/target:/opt/rustwide/target:rw,Z" "-v" "/var/lib/crater-agent-workspace/cargo-home:/opt/rustwide/cargo-home:ro,Z" "-v" "/var/lib/crater-agent-workspace/rustup-home:/opt/rustwide/rustup-home:ro,Z" "-m" "1610612736" "--network" "none" "ghcr.io/rust-lang/crates-build-env/linux@sha256:77db811e55d90add9212f6832c23229e3de5f1c1f9905e8cb07319ea15df73ac" "sleep" "infinity", kill_on_drop: false }`
[INFO] [stdout] abf6e1d40e8d8e59ad6a092b3e01aeebb077f9823b0c5a7eca4071ea788d233f
[INFO] running `Command { std: "docker" "start" "abf6e1d40e8d8e59ad6a092b3e01aeebb077f9823b0c5a7eca4071ea788d233f", kill_on_drop: false }`
[INFO] running `Command { std: "docker" "inspect" "abf6e1d40e8d8e59ad6a092b3e01aeebb077f9823b0c5a7eca4071ea788d233f", kill_on_drop: false }`
[INFO] running `Command { std: "docker" "exec" "-e" "SOURCE_DIR=/opt/rustwide/workdir" "-e" "CARGO_HOME=/opt/rustwide/cargo-home" "-e" "RUSTUP_HOME=/opt/rustwide/rustup-home" "-e" "CARGO_TARGET_DIR=/opt/rustwide/target" "-w" "/opt/rustwide/workdir" "--user" "0:0" "abf6e1d40e8d8e59ad6a092b3e01aeebb077f9823b0c5a7eca4071ea788d233f" "/opt/rustwide/cargo-home/bin/cargo" "+1.100.0-beta.1" "metadata" "--no-deps" "--format-version=1", kill_on_drop: false }`
[INFO] running `Command { std: "docker" "inspect" "abf6e1d40e8d8e59ad6a092b3e01aeebb077f9823b0c5a7eca4071ea788d233f", kill_on_drop: false }`
[INFO] running `Command { std: "docker" "exec" "-e" "SOURCE_DIR=/opt/rustwide/workdir" "-e" "CARGO_HOME=/opt/rustwide/cargo-home" "-e" "RUSTUP_HOME=/opt/rustwide/rustup-home" "-e" "CARGO_TARGET_DIR=/opt/rustwide/target" "-e" "CARGO_INCREMENTAL=0" "-e" "RUST_BACKTRACE=full" "-e" "RUSTFLAGS=--cap-lints=warn" "-e" "RUSTDOCFLAGS=--cap-lints=warn" "-w" "/opt/rustwide/workdir" "--user" "0:0" "abf6e1d40e8d8e59ad6a092b3e01aeebb077f9823b0c5a7eca4071ea788d233f" "/opt/rustwide/cargo-home/bin/cargo" "+1.100.0-beta.1" "build" "--frozen" "--message-format=json" "--release", kill_on_drop: false }`
[INFO] [stderr]    Compiling proc-macro2 v1.0.106
[INFO] [stderr]    Compiling quote v1.0.45
[INFO] [stderr]    Compiling unicode-ident v1.0.24
[INFO] [stderr]    Compiling serde_core v1.0.228
[INFO] [stderr]    Compiling libc v0.2.182
[INFO] [stderr]    Compiling serde v1.0.228
[INFO] [stderr]    Compiling zmij v1.0.21
[INFO] [stderr]    Compiling ref-cast v1.0.25
[INFO] [stderr]    Compiling serde_json v1.0.149
[INFO] [stderr]    Compiling itoa v1.0.17
[INFO] [stderr]    Compiling cfg_aliases v0.2.1
[INFO] [stderr]    Compiling utf8parse v0.2.2
[INFO] [stderr]    Compiling thiserror v2.0.18
[INFO] [stderr]    Compiling memchr v2.8.0
[INFO] [stderr]    Compiling is_ci v1.2.0
[INFO] [stderr]    Compiling anstyle v1.0.13
[INFO] [stderr]    Compiling nix v0.29.0
[INFO] [stderr]    Compiling colorchoice v1.0.4
[INFO] [stderr]    Compiling anstyle-parse v0.2.7
[INFO] [stderr]    Compiling dyn-clone v1.0.20
[INFO] [stderr]    Compiling is_terminal_polyfill v1.70.2
[INFO] [stderr]    Compiling anstyle-query v1.1.5
[INFO] [stderr]    Compiling bitflags v2.11.0
[INFO] [stderr]    Compiling strsim v0.11.1
[INFO] [stderr]    Compiling heck v0.5.0
[INFO] [stderr]    Compiling cfg-if v1.0.4
[INFO] [stderr]    Compiling clap_lex v1.0.0
[INFO] [stderr]    Compiling owo-colors v4.1.1
[INFO] [stderr]    Compiling supports-color v3.0.2
[INFO] [stderr]    Compiling anstream v0.6.21
[INFO] [stderr]    Compiling clap_builder v4.5.60
[INFO] [stderr]    Compiling syn v2.0.117
[INFO] [stderr]    Compiling is-terminal v0.4.17
[INFO] [stderr]    Compiling supports-color v2.1.0
[INFO] [stderr]    Compiling serde_derive_internals v0.29.1
[INFO] [stderr]    Compiling serde_derive v1.0.228
[INFO] [stderr]    Compiling ref-cast-impl v1.0.25
[INFO] [stderr]    Compiling schemars_derive v1.2.1
[INFO] [stderr]    Compiling thiserror-impl v2.0.18
[INFO] [stderr]    Compiling enum-map-derive v0.17.0
[INFO] [stderr]    Compiling clap_derive v4.5.55
[INFO] [stderr]    Compiling clap v4.5.60
[INFO] [stderr]    Compiling enum-map v2.7.3
[INFO] [stderr]    Compiling schemars v1.2.1
[INFO] [stderr]    Compiling whyno-core v0.5.0 (/opt/rustwide/workdir/crates/whyno-core)
[INFO] [stderr]    Compiling whyno-gather v0.5.0 (/opt/rustwide/workdir/crates/whyno-gather)
[INFO] [stderr]    Compiling whyno-cli v0.5.0 (/opt/rustwide/workdir/crates/whyno-cli)
[INFO] [stderr]     Finished `release` profile [optimized] target(s) in 32.65s
[INFO] [stderr] warning: the following packages contain code that will be rejected by a future version of Rust: nix v0.29.0
[INFO] [stderr] note: to see what the problems were, use the option `--future-incompat-report`, or run `cargo report future-incompatibilities --id 1`
[INFO] running `Command { std: "docker" "inspect" "abf6e1d40e8d8e59ad6a092b3e01aeebb077f9823b0c5a7eca4071ea788d233f", kill_on_drop: false }`
[INFO] running `Command { std: "docker" "exec" "-e" "SOURCE_DIR=/opt/rustwide/workdir" "-e" "CARGO_HOME=/opt/rustwide/cargo-home" "-e" "RUSTUP_HOME=/opt/rustwide/rustup-home" "-e" "CARGO_TARGET_DIR=/opt/rustwide/target" "-e" "CARGO_INCREMENTAL=0" "-e" "RUST_BACKTRACE=full" "-e" "RUSTFLAGS=--cap-lints=warn" "-e" "RUSTDOCFLAGS=--cap-lints=warn" "-w" "/opt/rustwide/workdir" "--user" "0:0" "abf6e1d40e8d8e59ad6a092b3e01aeebb077f9823b0c5a7eca4071ea788d233f" "/opt/rustwide/cargo-home/bin/cargo" "+1.100.0-beta.1" "test" "--frozen" "--no-run" "--message-format=json" "--release", kill_on_drop: false }`
[INFO] [stderr]    Compiling bitflags v2.11.0
[INFO] [stderr]    Compiling getrandom v0.4.2
[INFO] [stderr]    Compiling rustix v1.1.4
[INFO] [stderr]    Compiling linux-raw-sys v0.12.1
[INFO] [stderr]    Compiling once_cell v1.21.3
[INFO] [stderr]    Compiling fastrand v2.3.0
[INFO] [stderr]    Compiling similar v2.7.0
[INFO] [stderr]    Compiling whyno-core v0.5.0 (/opt/rustwide/workdir/crates/whyno-core)
[INFO] [stderr]    Compiling console v0.15.11
[INFO] [stderr]    Compiling nix v0.29.0
[INFO] [stderr]    Compiling whyno-gather v0.5.0 (/opt/rustwide/workdir/crates/whyno-gather)
[INFO] [stderr]    Compiling tempfile v3.26.0
[INFO] [stderr]    Compiling insta v1.46.3
[INFO] [stderr]    Compiling whyno-cli v0.5.0 (/opt/rustwide/workdir/crates/whyno-cli)
[INFO] [stderr]     Finished `release` profile [optimized] target(s) in 31.29s
[INFO] [stderr] warning: the following packages contain code that will be rejected by a future version of Rust: nix v0.29.0
[INFO] [stderr] note: to see what the problems were, use the option `--future-incompat-report`, or run `cargo report future-incompatibilities --id 1`
[INFO] running `Command { std: "docker" "inspect" "abf6e1d40e8d8e59ad6a092b3e01aeebb077f9823b0c5a7eca4071ea788d233f", kill_on_drop: false }`
[INFO] running `Command { std: "docker" "exec" "-e" "SOURCE_DIR=/opt/rustwide/workdir" "-e" "CARGO_HOME=/opt/rustwide/cargo-home" "-e" "RUSTUP_HOME=/opt/rustwide/rustup-home" "-e" "CARGO_TARGET_DIR=/opt/rustwide/target" "-e" "CARGO_INCREMENTAL=0" "-e" "RUST_BACKTRACE=full" "-e" "RUSTFLAGS=--cap-lints=warn" "-e" "RUSTDOCFLAGS=--cap-lints=warn" "-w" "/opt/rustwide/workdir" "--user" "0:0" "abf6e1d40e8d8e59ad6a092b3e01aeebb077f9823b0c5a7eca4071ea788d233f" "/opt/rustwide/cargo-home/bin/cargo" "+1.100.0-beta.1" "test" "--frozen" "--release", kill_on_drop: false }`
[INFO] [stderr]     Finished `release` profile [optimized] target(s) in 0.09s
[INFO] [stderr] warning: the following packages contain code that will be rejected by a future version of Rust: nix v0.29.0
[INFO] [stderr] note: to see what the problems were, use the option `--future-incompat-report`, or run `cargo report future-incompatibilities --id 1`
[INFO] [stderr]      Running unittests src/main.rs (/opt/rustwide/target/release/build/whyno-cli/d2d5788aad7027cc/out/whyno-d2d5788aad7027cc)
[INFO] [stdout] 
[INFO] [stdout] running 118 tests
[INFO] [stdout] test cli::invocation_tests::clap_parse_check_mode_with_explain ... ok
[INFO] [stdout] test cli::invocation_tests::clap_parse_check_mode_with_json ... ok
[INFO] [stdout] test caps::tests::path_to_cstring_nul_byte_returns_error ... ok
[INFO] [stdout] test cli::invocation_tests::clap_parse_caps_check ... ok
[INFO] [stdout] test cli::invocation_tests::clap_parse_caps_install ... ok
[INFO] [stdout] test cli::invocation_tests::clap_parse_caps_uninstall ... ok
[INFO] [stdout] test cli::invocation_tests::validate_flags_neither_ok ... ok
[INFO] [stdout] test cli::invocation_tests::clap_parse_no_color_env_alias ... ok
[INFO] [stdout] test caps::tests::read_cap_xattr_nonexistent_path_returns_error ... ok
[INFO] [stdout] test cli::invocation_tests::validate_flags_json_only_ok ... ok
[INFO] [stdout] test cli::invocation_tests::validate_flags_json_and_explain_conflict ... ok
[INFO] [stdout] test caps::tests::vfs_cap_permitted_has_dac_read_search ... ok
[INFO] [stdout] test caps::tests::vfs_cap_magic_etc_is_correct ... ok
[INFO] [stdout] test cli::invocation_tests::clap_parse_schema_subcommand ... ok
[INFO] [stdout] test cli::tests::parse_cap_name_cap_dac_override ... ok
[INFO] [stdout] test cli::tests::parse_cap_name_unknown_returns_error ... ok
[INFO] [stdout] test cli::tests::parse_cap_name_case_insensitive ... ok
[INFO] [stdout] test cli::tests::new_mode_parsed_as_octal ... ok
[INFO] [stdout] test cli::invocation_tests::clap_parse_check_mode ... ok
[INFO] [stdout] test caps::tests::read_cap_xattr_no_caps_returns_error ... ok
[INFO] [stdout] test caps::tests::vfs_cap_data_is_20_bytes ... ok
[INFO] [stdout] test cli::tests::new_mode_with_leading_zero_parsed_as_octal ... ok
[INFO] [stdout] test cli::invocation_tests::validate_flags_explain_only_ok ... ok
[INFO] [stdout] test caps::tests::vfs_cap_inheritable_is_zero ... ok
[INFO] [stdout] test cli::tests::new_mode_invalid_returns_error ... ok
[INFO] [stdout] test cli::invocation_tests::clap_parse_no_color_long_flag ... ok
[INFO] [stdout] test caps::tests::check_xattr_support_on_temp_file_does_not_panic ... ok
[INFO] [stdout] test cli::tests::parse_operation_chown_uid ... ok
[INFO] [stdout] test cli::tests::parse_subject_bare_number_is_uid ... ok
[INFO] [stdout] test cli::tests::parse_operation_empty_is_error ... ok
[INFO] [stdout] test cli::tests::parse_subject_bare_username ... ok
[INFO] [stdout] test cli::tests::parse_subject_bare_zero_is_uid ... ok
[INFO] [stdout] test cli::tests::parse_subject_svc_prefix_empty_name_is_error ... ok
[INFO] [stdout] test cli::tests::parse_subject_pid_prefix ... ok
[INFO] [stdout] test cli::tests::parse_subject_empty_is_error ... ok
[INFO] [stdout] test cli::tests::parse_operation_read ... ok
[INFO] [stdout] test cli::tests::parse_subject_pid_non_numeric_is_error ... ok
[INFO] [stdout] test cli::tests::parse_operation_case_insensitive_upper ... ok
[INFO] [stdout] test cli::tests::parse_subject_svc_prefix ... ok
[INFO] [stdout] test cli::tests::parse_operation_chown_gid ... ok
[INFO] [stdout] test cli::tests::parse_operation_case_insensitive_mixed ... ok
[INFO] [stdout] test cli::tests::parse_operation_create ... ok
[INFO] [stdout] test cli::tests::parse_operation_chmod ... ok
[INFO] [stdout] test cli::tests::parse_operation_delete ... ok
[INFO] [stdout] test cli::tests::parse_operation_execute ... ok
[INFO] [stdout] test cli::tests::parse_operation_unknown_is_error ... ok
[INFO] [stdout] test cli::tests::parse_operation_write ... ok
[INFO] [stdout] test cli::tests::parse_operation_stat ... ok
[INFO] [stdout] test cli::tests::parse_subject_user_prefix_empty_name_is_error ... ok
[INFO] [stdout] test cli::tests::resolve_operation_setxattr_with_user_key ... ok
[INFO] [stdout] test cli::tests::xattr_key_security_prefix_parses_to_security_namespace ... ok
[INFO] [stdout] test cli::tests::parse_subject_uid_overflow_is_error ... ok
[INFO] [stdout] test cli::tests::parse_subject_uid_prefix ... ok
[INFO] [stdout] test cli::tests::xattr_key_unknown_prefix_returns_error ... ok
[INFO] [stdout] test crosscheck::tests::kernel_supports_faccessat2_returns_bool ... ok
[INFO] [stdout] test crosscheck::tests::maybe_cross_check_with_self_subject_does_not_panic ... ok
[INFO] [stdout] test cli::tests::with_cap_flag_parses_multiple ... ok
[INFO] [stdout] test crosscheck::tests::meets_minimum_major_4_fails ... ok
[INFO] [stdout] test crosscheck::tests::meets_minimum_minor_boundary ... ok
[INFO] [stdout] test crosscheck::tests::operation_to_flags_create ... ok
[INFO] [stdout] test crosscheck::tests::operation_to_flags_delete ... ok
[INFO] [stdout] test crosscheck::tests::operation_to_flags_execute ... ok
[INFO] [stdout] test crosscheck::tests::operation_to_flags_read ... ok
[INFO] [stdout] test cli::tests::parse_subject_uid_negative_is_error ... ok
[INFO] [stdout] test crosscheck::tests::meets_minimum_major_6_any_minor ... ok
[INFO] [stdout] test crosscheck::tests::meets_minimum_exact ... ok
[INFO] [stdout] test crosscheck::tests::faccessat_eaccess_existing_file_returns_true ... ok
[INFO] [stdout] test crosscheck::tests::operation_to_flags_write ... ok
[INFO] [stdout] test crosscheck::tests::parse_kernel_version_old ... ok
[INFO] [stdout] test crosscheck::tests::parse_kernel_version_standard ... ok
[INFO] [stdout] test crosscheck::tests::parse_kernel_version_two_parts_only ... ok
[INFO] [stdout] test cli::tests::parse_subject_uid_non_numeric_is_error ... ok
[INFO] [stdout] test cli::tests::parse_subject_user_prefix ... ok
[INFO] [stdout] test cli::tests::xattr_key_user_prefix_parses_to_user_namespace ... ok
[INFO] [stdout] test crosscheck::tests::run_cross_check_on_real_path_does_not_panic ... ok
[INFO] [stdout] test crosscheck::tests::verdict_denied_returns_denied ... ok
[INFO] [stdout] test crosscheck::tests::meets_minimum_higher_major ... ok
[INFO] [stdout] test crosscheck::tests::verdict_allowed_returns_allowed ... ok
[INFO] [stdout] test crosscheck::tests::faccessat_eaccess_nonexistent_path_returns_false ... ok
[INFO] [stdout] test crosscheck::tests::meets_minimum_lower ... ok
[INFO] [stdout] test crosscheck::tests::parse_kernel_version_empty_string ... ok
[INFO] [stdout] test crosscheck::tests::parse_kernel_version_non_numeric ... ok
[INFO] [stdout] test crosscheck::tests::subject_is_self_different_uid ... ok
[INFO] [stdout] test cli::tests::resolve_operation_setxattr_missing_key_returns_error ... ok
[INFO] [stdout] test crosscheck::tests::operation_to_flags_stat ... ok
[INFO] [stdout] test crosscheck::tests::parse_kernel_version_with_suffix ... ok
[INFO] [stdout] test cli::tests::xattr_key_posix_acl_prefix_parses_to_system_posix_acl_namespace ... ok
[INFO] [stdout] test cli::tests::resolve_operation_read_ignores_xattr_key ... ok
[INFO] [stdout] test cli::tests::xattr_key_trusted_prefix_parses_to_trusted_namespace ... ok
[INFO] [stdout] test crosscheck::tests::subject_is_self_matching_uid ... ok
[INFO] [stdout] test crosscheck::tests::target_path_returns_last_component ... ok
[INFO] [stdout] test output::checklist::tests::degraded_layer_shows_skip ... ok
[INFO] [stdout] test output::checklist::tests::nosuid_warning_on_execute_with_suid_target ... ok
[INFO] [stdout] test output::checklist::tests::all_pass_scenario ... ok
[INFO] [stdout] test output::checklist::tests::ro_mount_failure ... ok
[INFO] [stdout] test output::explain::explain_walk::tests::mount_ro_option ... ok
[INFO] [stdout] test output::explain::explain_walk::tests::single_known_component ... ok
[INFO] [stdout] test output::explain::explain_walk::tests::mount_nosuid_option ... ok
[INFO] [stdout] test output::explain::explain_walk::tests::unknown_component_shows_unknown_markers ... ok
[INFO] [stdout] test output::explain::explain_walk::tests::flags_immutable_false_append_true ... ok
[INFO] [stdout] test output::explain::explain_walk::tests::acl_empty_entries_shows_none ... ok
[INFO] [stdout] test output::checklist::tests::multi_layer_failure_with_fix_plan ... ok
[INFO] [stdout] test output::explain::explain_walk::tests::acl_all_six_tag_types ... ok
[INFO] [stdout] test output::checklist::tests::single_layer_failure_with_fix ... ok
[INFO] [stdout] test output::explain::explain_walk::tests::all_three_probe_states_in_one_walk ... ok
[INFO] [stdout] test output::explain::explain_walk::tests::deep_path_four_components ... ok
[INFO] [stdout] test output::explain::explain_walk::tests::inaccessible_component_shows_inaccessible_markers ... ok
[INFO] [stdout] test output::explain::explain_walk::tests::flags_both_true ... ok
[INFO] [stdout] test output::explain::explain_walk::tests::flags_immutable_true_append_false ... ok
[INFO] [stdout] test output::explain::explain_walk::tests::mount_noexec_option ... ok
[INFO] [stdout] test output::explain::explain_walk::tests::component_with_no_mount_resolved ... ok
[INFO] [stdout] test output::json::tests::schema_output_is_stable ... ok
[INFO] [stdout] test output::json::tests::degraded_layers_in_json ... ok
[INFO] [stdout] test output::json::tests::all_pass_json ... ok
[INFO] [stdout] test output::explain::tests::full_scenario_explain ... ok
[INFO] [stdout] test output::explain::tests::all_pass_explain ... ok
[INFO] [stdout] test output::json::tests::failure_with_fixes_json ... ok
[INFO] [stdout] test output::json::tests::nosuid_warning_in_json ... ok
[INFO] [stdout] 
[INFO] [stdout] test result: ok. 118 passed; 0 failed; 0 ignored; 0 measured; 0 filtered out; finished in 0.07s
[INFO] [stdout] 
[INFO] [stderr]      Running tests/check_mode.rs (/opt/rustwide/target/release/build/whyno-cli/c744956bbc90d19e/out/check_mode-c744956bbc90d19e)
[INFO] [stdout] 
[INFO] [stdout] running 7 tests
[INFO] [stdout] test readable_file_owner_check_exits_zero ... FAILED
[INFO] [stdout] test explain_mode_has_sections ... FAILED
[INFO] [stdout] test op_chmod_produces_metadata_layer_in_output ... FAILED
[INFO] [stdout] test json_mode_denied_has_fixes ... FAILED
[INFO] [stdout] test op_setxattr_without_xattr_key_errors ... FAILED
[INFO] [stdout] test op_setxattr_with_xattr_key_produces_metadata_layer ... FAILED
[INFO] [stdout] test json_mode_produces_valid_json ... FAILED
[INFO] [stderr] error: test failed, to rerun pass `-p whyno-cli --test check_mode`
[INFO] [stdout] 
[INFO] [stdout] failures:
[INFO] [stdout] 
[INFO] [stdout] ---- readable_file_owner_check_exits_zero stdout ----
[INFO] [stdout] 
[INFO] [stdout] thread 'readable_file_owner_check_exits_zero' (1908) panicked at crates/whyno-cli/tests/helpers.rs:10:10:
[INFO] [stdout] cannot determine current username from USER or LOGNAME env vars: NotPresent
[INFO] [stdout] stack backtrace:
[INFO] [stdout]    0:     0x61c58810cbe1 - <unknown>
[INFO] [stdout]    1:     0x61c5881217da - <unknown>
[INFO] [stdout]    2:     0x61c58811105c - <unknown>
[INFO] [stdout]    3:     0x61c5880e78b6 - <unknown>
[INFO] [stdout]    4:     0x61c588104839 - <unknown>
[INFO] [stdout]    5:     0x61c58809e890 - <unknown>
[INFO] [stdout]    6:     0x61c5881049f2 - <unknown>
[INFO] [stdout]    7:     0x61c5880e7962 - <unknown>
[INFO] [stdout]    8:     0x61c5880e0559 - <unknown>
[INFO] [stdout]    9:     0x61c5880e862d - <unknown>
[INFO] [stdout]   10:     0x61c588121f0c - <unknown>
[INFO] [stdout]   11:     0x61c588121ce2 - <unknown>
[INFO] [stdout]   12:     0x61c58808cea9 - <unknown>
[INFO] [stdout]   13:     0x61c58808a59b - <unknown>
[INFO] [stdout]   14:     0x61c588091cdb - <unknown>
[INFO] [stdout]   15:     0x61c58809eeb5 - <unknown>
[INFO] [stdout]   16:     0x61c5880987a4 - <unknown>
[INFO] [stdout]   17:     0x61c5880a1f42 - <unknown>
[INFO] [stdout]   18:     0x61c58810c25f - <unknown>
[INFO] [stdout]   19:     0x733f55876dfa - <unknown>
[INFO] [stdout]   20:     0x733f5590a3d4 - clone
[INFO] [stdout]   21:                0x0 - <unknown>
[INFO] [stdout] 
[INFO] [stdout] ---- explain_mode_has_sections stdout ----
[INFO] [stdout] 
[INFO] [stdout] thread 'explain_mode_has_sections' (1902) panicked at crates/whyno-cli/tests/helpers.rs:10:10:
[INFO] [stdout] cannot determine current username from USER or LOGNAME env vars: NotPresent
[INFO] [stdout] stack backtrace:
[INFO] [stdout]    0:     0x61c58810cbe1 - <unknown>
[INFO] [stdout]    1:     0x61c5881217da - <unknown>
[INFO] [stdout]    2:     0x61c58811105c - <unknown>
[INFO] [stdout]    3:     0x61c5880e78b6 - <unknown>
[INFO] [stdout]    4:     0x61c588104839 - <unknown>
[INFO] [stdout]    5:     0x61c58809e890 - <unknown>
[INFO] [stdout]    6:     0x61c5881049f2 - <unknown>
[INFO] [stdout]    7:     0x61c5880e7962 - <unknown>
[INFO] [stdout]    8:     0x61c5880e0559 - <unknown>
[INFO] [stdout]    9:     0x61c5880e862d - <unknown>
[INFO] [stdout]   10:     0x61c588121f0c - <unknown>
[INFO] [stdout]   11:     0x61c588121ce2 - <unknown>
[INFO] [stdout]   12:     0x61c58808cea9 - <unknown>
[INFO] [stdout]   13:     0x61c588089112 - <unknown>
[INFO] [stdout]   14:     0x61c588091cdb - <unknown>
[INFO] [stdout]   15:     0x61c58809eeb5 - <unknown>
[INFO] [stdout]   16:     0x61c5880987a4 - <unknown>
[INFO] [stdout]   17:     0x61c5880a1f42 - <unknown>
[INFO] [stdout]   18:     0x61c58810c25f - <unknown>
[INFO] [stdout]   19:     0x733f55876dfa - <unknown>
[INFO] [stdout]   20:     0x733f5590a3d4 - clone
[INFO] [stdout]   21:                0x0 - <unknown>
[INFO] [stdout] 
[INFO] [stdout] ---- op_chmod_produces_metadata_layer_in_output stdout ----
[INFO] [stdout] 
[INFO] [stdout] thread 'op_chmod_produces_metadata_layer_in_output' (1905) panicked at crates/whyno-cli/tests/helpers.rs:10:10:
[INFO] [stdout] cannot determine current username from USER or LOGNAME env vars: NotPresent
[INFO] [stdout] stack backtrace:
[INFO] [stdout]    0:     0x61c58810cbe1 - <unknown>
[INFO] [stdout]    1:     0x61c5881217da - <unknown>
[INFO] [stdout]    2:     0x61c58811105c - <unknown>
[INFO] [stdout]    3:     0x61c5880e78b6 - <unknown>
[INFO] [stdout]    4:     0x61c588104839 - <unknown>
[INFO] [stdout]    5:     0x61c58809e890 - <unknown>
[INFO] [stdout]    6:     0x61c5881049f2 - <unknown>
[INFO] [stdout]    7:     0x61c5880e7962 - <unknown>
[INFO] [stdout]    8:     0x61c5880e0559 - <unknown>
[INFO] [stdout]    9:     0x61c5880e862d - <unknown>
[INFO] [stdout]   10:     0x61c588121f0c - <unknown>
[INFO] [stdout]   11:     0x61c588121ce2 - <unknown>
[INFO] [stdout]   12:     0x61c58808cea9 - <unknown>
[INFO] [stdout]   13:     0x61c58808a9a1 - <unknown>
[INFO] [stdout]   14:     0x61c588091cdb - <unknown>
[INFO] [stdout]   15:     0x61c58809eeb5 - <unknown>
[INFO] [stdout]   16:     0x61c5880987a4 - <unknown>
[INFO] [stdout]   17:     0x61c5880a1f42 - <unknown>
[INFO] [stdout]   18:     0x61c58810c25f - <unknown>
[INFO] [stdout]   19:     0x733f55876dfa - <unknown>
[INFO] [stdout]   20:     0x733f5590a3d4 - clone
[INFO] [stdout]   21:                0x0 - <unknown>
[INFO] [stdout] 
[INFO] [stdout] ---- json_mode_denied_has_fixes stdout ----
[INFO] [stdout] 
[INFO] [stdout] thread 'json_mode_denied_has_fixes' (1903) panicked at crates/whyno-cli/tests/helpers.rs:10:10:
[INFO] [stdout] cannot determine current username from USER or LOGNAME env vars: NotPresent
[INFO] [stdout] stack backtrace:
[INFO] [stdout]    0:     0x61c58810cbe1 - <unknown>
[INFO] [stdout]    1:     0x61c5881217da - <unknown>
[INFO] [stdout]    2:     0x61c58811105c - <unknown>
[INFO] [stdout]    3:     0x61c5880e78b6 - <unknown>
[INFO] [stdout]    4:     0x61c588104839 - <unknown>
[INFO] [stdout]    5:     0x61c58809e890 - <unknown>
[INFO] [stdout]    6:     0x61c5881049f2 - <unknown>
[INFO] [stdout]    7:     0x61c5880e7962 - <unknown>
[INFO] [stdout]    8:     0x61c5880e0559 - <unknown>
[INFO] [stdout]    9:     0x61c5880e862d - <unknown>
[INFO] [stdout]   10:     0x61c588121f0c - <unknown>
[INFO] [stdout]   11:     0x61c588121ce2 - <unknown>
[INFO] [stdout]   12:     0x61c58808cea9 - <unknown>
[INFO] [stdout]   13:     0x61c5880895c4 - <unknown>
[INFO] [stdout]   14:     0x61c588091cdb - <unknown>
[INFO] [stdout]   15:     0x61c58809eeb5 - <unknown>
[INFO] [stdout]   16:     0x61c5880987a4 - <unknown>
[INFO] [stdout]   17:     0x61c5880a1f42 - <unknown>
[INFO] [stdout]   18:     0x61c58810c25f - <unknown>
[INFO] [stdout]   19:     0x733f55876dfa - <unknown>
[INFO] [stdout]   20:     0x733f5590a3d4 - clone
[INFO] [stdout]   21:                0x0 - <unknown>
[INFO] [stdout] 
[INFO] [stdout] ---- op_setxattr_without_xattr_key_errors stdout ----
[INFO] [stdout] 
[INFO] [stdout] thread 'op_setxattr_without_xattr_key_errors' (1907) panicked at crates/whyno-cli/tests/helpers.rs:10:10:
[INFO] [stdout] cannot determine current username from USER or LOGNAME env vars: NotPresent
[INFO] [stdout] stack backtrace:
[INFO] [stdout]    0:     0x61c58810cbe1 - <unknown>
[INFO] [stdout]    1:     0x61c5881217da - <unknown>
[INFO] [stdout]    2:     0x61c58811105c - <unknown>
[INFO] [stdout]    3:     0x61c5880e78b6 - <unknown>
[INFO] [stdout]    4:     0x61c588104839 - <unknown>
[INFO] [stdout]    5:     0x61c58809e890 - <unknown>
[INFO] [stdout]    6:     0x61c5881049f2 - <unknown>
[INFO] [stdout]    7:     0x61c5880e7962 - <unknown>
[INFO] [stdout]    8:     0x61c5880e0559 - <unknown>
[INFO] [stdout]    9:     0x61c5880e862d - <unknown>
[INFO] [stdout]   10:     0x61c588121f0c - <unknown>
[INFO] [stdout]   11:     0x61c588121ce2 - <unknown>
[INFO] [stdout]   12:     0x61c58808cea9 - <unknown>
[INFO] [stdout]   13:     0x61c58808a18f - <unknown>
[INFO] [stdout]   14:     0x61c588091cdb - <unknown>
[INFO] [stdout]   15:     0x61c58809eeb5 - <unknown>
[INFO] [stdout]   16:     0x61c5880987a4 - <unknown>
[INFO] [stdout]   17:     0x61c5880a1f42 - <unknown>
[INFO] [stdout]   18:     0x61c58810c25f - <unknown>
[INFO] [stdout]   19:     0x733f55876dfa - <unknown>
[INFO] [stdout]   20:     0x733f5590a3d4 - clone
[INFO] [stdout]   21:                0x0 - <unknown>
[INFO] [stdout] 
[INFO] [stdout] ---- op_setxattr_with_xattr_key_produces_metadata_layer stdout ----
[INFO] [stdout] 
[INFO] [stdout] thread 'op_setxattr_with_xattr_key_produces_metadata_layer' (1906) panicked at crates/whyno-cli/tests/helpers.rs:10:10:
[INFO] [stdout] cannot determine current username from USER or LOGNAME env vars: NotPresent
[INFO] [stdout] stack backtrace:
[INFO] [stdout]    0:     0x61c58810cbe1 - <unknown>
[INFO] [stdout]    1:     0x61c5881217da - <unknown>
[INFO] [stdout]    2:     0x61c58811105c - <unknown>
[INFO] [stdout]    3:     0x61c5880e78b6 - <unknown>
[INFO] [stdout]    4:     0x61c588104839 - <unknown>
[INFO] [stdout]    5:     0x61c58809e890 - <unknown>
[INFO] [stdout]    6:     0x61c5881049f2 - <unknown>
[INFO] [stdout]    7:     0x61c5880e7962 - <unknown>
[INFO] [stdout]    8:     0x61c5880e0559 - <unknown>
[INFO] [stdout]    9:     0x61c5880e862d - <unknown>
[INFO] [stdout]   10:     0x61c588121f0c - <unknown>
[INFO] [stdout]   11:     0x61c588121ce2 - <unknown>
[INFO] [stdout]   12:     0x61c58808cea9 - <unknown>
[INFO] [stdout]   13:     0x61c58808adef - <unknown>
[INFO] [stdout]   14:     0x61c588091cdb - <unknown>
[INFO] [stdout]   15:     0x61c58809eeb5 - <unknown>
[INFO] [stdout]   16:     0x61c5880987a4 - <unknown>
[INFO] [stdout]   17:     0x61c5880a1f42 - <unknown>
[INFO] [stdout]   18:     0x61c58810c25f - <unknown>
[INFO] [stdout]   19:     0x733f55876dfa - <unknown>
[INFO] [stdout]   20:     0x733f5590a3d4 - clone
[INFO] [stdout]   21:                0x0 - <unknown>
[INFO] [stdout] 
[INFO] [stdout] ---- json_mode_produces_valid_json stdout ----
[INFO] [stdout] 
[INFO] [stdout] thread 'json_mode_produces_valid_json' (1904) panicked at crates/whyno-cli/tests/helpers.rs:10:10:
[INFO] [stdout] cannot determine current username from USER or LOGNAME env vars: NotPresent
[INFO] [stdout] stack backtrace:
[INFO] [stdout]    0:     0x61c58810cbe1 - <unknown>
[INFO] [stdout]    1:     0x61c5881217da - <unknown>
[INFO] [stdout]    2:     0x61c58811105c - <unknown>
[INFO] [stdout]    3:     0x61c5880e78b6 - <unknown>
[INFO] [stdout]    4:     0x61c588104839 - <unknown>
[INFO] [stdout]    5:     0x61c58809e890 - <unknown>
[INFO] [stdout]    6:     0x61c5881049f2 - <unknown>
[INFO] [stdout]    7:     0x61c5880e7962 - <unknown>
[INFO] [stdout]    8:     0x61c5880e0559 - <unknown>
[INFO] [stdout]    9:     0x61c5880e862d - <unknown>
[INFO] [stdout]   10:     0x61c588121f0c - <unknown>
[INFO] [stdout]   11:     0x61c588121ce2 - <unknown>
[INFO] [stdout]   12:     0x61c58808cea9 - <unknown>
[INFO] [stdout]   13:     0x61c588089b2a - <unknown>
[INFO] [stdout]   14:     0x61c588091cdb - <unknown>
[INFO] [stdout]   15:     0x61c58809eeb5 - <unknown>
[INFO] [stdout]   16:     0x61c5880987a4 - <unknown>
[INFO] [stdout]   17:     0x61c5880a1f42 - <unknown>
[INFO] [stdout]   18:     0x61c58810c25f - <unknown>
[INFO] [stdout]   19:     0x733f55876dfa - <unknown>
[INFO] [stdout]   20:     0x733f5590a3d4 - clone
[INFO] [stdout]   21:                0x0 - <unknown>
[INFO] [stdout] 
[INFO] [stdout] 
[INFO] [stdout] failures:
[INFO] [stdout]     explain_mode_has_sections
[INFO] [stdout]     json_mode_denied_has_fixes
[INFO] [stdout]     json_mode_produces_valid_json
[INFO] [stdout]     op_chmod_produces_metadata_layer_in_output
[INFO] [stdout]     op_setxattr_with_xattr_key_produces_metadata_layer
[INFO] [stdout]     op_setxattr_without_xattr_key_errors
[INFO] [stdout]     readable_file_owner_check_exits_zero
[INFO] [stdout] 
[INFO] [stdout] test result: FAILED. 0 passed; 7 failed; 0 ignored; 0 measured; 0 filtered out; finished in 0.01s
[INFO] [stdout] 
[INFO] running `Command { std: "docker" "inspect" "abf6e1d40e8d8e59ad6a092b3e01aeebb077f9823b0c5a7eca4071ea788d233f", kill_on_drop: false }`
[INFO] running `Command { std: "docker" "rm" "-f" "abf6e1d40e8d8e59ad6a092b3e01aeebb077f9823b0c5a7eca4071ea788d233f", kill_on_drop: false }`
[INFO] [stdout] abf6e1d40e8d8e59ad6a092b3e01aeebb077f9823b0c5a7eca4071ea788d233f
