[INFO] cloning repository https://github.com/gmatheu/battery-notify
[INFO] running `Command { std: "git" "-c" "credential.helper=" "-c" "credential.helper=/workspace/cargo-home/bin/git-credential-null" "clone" "--bare" "https://github.com/gmatheu/battery-notify" "/workspace/cache/git-repos/https%3A%2F%2Fgithub.com%2Fgmatheu%2Fbattery-notify", kill_on_drop: false }`
[INFO] [stderr] Cloning into bare repository '/workspace/cache/git-repos/https%3A%2F%2Fgithub.com%2Fgmatheu%2Fbattery-notify'...
[INFO] running `Command { std: "git" "rev-parse" "HEAD", kill_on_drop: false }`
[INFO] [stdout] d51da4a74a0f8b8b9d3d449c86c244892eb471e4
[INFO] testing gmatheu/battery-notify against 1.99.0-beta.8+cargoflags=--release for beta-release-1.100-2
[INFO] running `Command { std: "git" "clone" "/workspace/cache/git-repos/https%3A%2F%2Fgithub.com%2Fgmatheu%2Fbattery-notify" "/workspace/builds/worker-5-tc1/source", kill_on_drop: false }`
[INFO] [stderr] Cloning into '/workspace/builds/worker-5-tc1/source'...
[INFO] [stderr] done.
[INFO] started tweaking git repo https://github.com/gmatheu/battery-notify
[INFO] finished tweaking git repo https://github.com/gmatheu/battery-notify
[INFO] tweaked toml for git repo https://github.com/gmatheu/battery-notify written to /workspace/builds/worker-5-tc1/source/Cargo.toml
[INFO] validating manifest of git repo https://github.com/gmatheu/battery-notify on toolchain 1.99.0-beta.8
[INFO] running `Command { std: CARGO_HOME="/workspace/cargo-home" RUSTUP_HOME="/workspace/rustup-home" "/workspace/cargo-home/bin/cargo" "+1.99.0-beta.8" "metadata" "--manifest-path" "Cargo.toml" "--no-deps", kill_on_drop: false }`
[INFO] crate git repo https://github.com/gmatheu/battery-notify already has a lockfile, it will not be regenerated
[INFO] running `Command { std: CARGO_HOME="/workspace/cargo-home" RUSTUP_HOME="/workspace/rustup-home" "/workspace/cargo-home/bin/cargo" "+1.99.0-beta.8" "fetch" "--manifest-path" "Cargo.toml", kill_on_drop: false }`
[INFO] [stderr]  Downloading crates ...
[INFO] [stderr]   Downloaded rustix v0.38.10
[INFO] [stderr]   Downloaded aho-corasick v1.0.4
[INFO] running `Command { std: "docker" "create" "-v" "/var/lib/crater-agent-workspace/builds/worker-5-tc1/source:/opt/rustwide/workdir:ro,Z" "-v" "/var/lib/crater-agent-workspace/builds/worker-5-tc1/target:/opt/rustwide/target:rw,Z" "-v" "/var/lib/crater-agent-workspace/cargo-home:/opt/rustwide/cargo-home:ro,Z" "-v" "/var/lib/crater-agent-workspace/rustup-home:/opt/rustwide/rustup-home:ro,Z" "-m" "1610612736" "--network" "none" "ghcr.io/rust-lang/crates-build-env/linux@sha256:77db811e55d90add9212f6832c23229e3de5f1c1f9905e8cb07319ea15df73ac" "sleep" "infinity", kill_on_drop: false }`
[INFO] [stdout] d702e734e8da085732f647ae52f8afe73443c9a6d6e720f656d84ad4496b5889
[INFO] running `Command { std: "docker" "start" "d702e734e8da085732f647ae52f8afe73443c9a6d6e720f656d84ad4496b5889", kill_on_drop: false }`
[INFO] running `Command { std: "docker" "inspect" "d702e734e8da085732f647ae52f8afe73443c9a6d6e720f656d84ad4496b5889", kill_on_drop: false }`
[INFO] running `Command { std: "docker" "exec" "-e" "SOURCE_DIR=/opt/rustwide/workdir" "-e" "CARGO_HOME=/opt/rustwide/cargo-home" "-e" "RUSTUP_HOME=/opt/rustwide/rustup-home" "-e" "CARGO_TARGET_DIR=/opt/rustwide/target" "-w" "/opt/rustwide/workdir" "--user" "0:0" "d702e734e8da085732f647ae52f8afe73443c9a6d6e720f656d84ad4496b5889" "/opt/rustwide/cargo-home/bin/cargo" "+1.99.0-beta.8" "metadata" "--no-deps" "--format-version=1", kill_on_drop: false }`
[INFO] running `Command { std: "docker" "inspect" "d702e734e8da085732f647ae52f8afe73443c9a6d6e720f656d84ad4496b5889", kill_on_drop: false }`
[INFO] running `Command { std: "docker" "exec" "-e" "SOURCE_DIR=/opt/rustwide/workdir" "-e" "CARGO_HOME=/opt/rustwide/cargo-home" "-e" "RUSTUP_HOME=/opt/rustwide/rustup-home" "-e" "CARGO_TARGET_DIR=/opt/rustwide/target" "-e" "CARGO_INCREMENTAL=0" "-e" "RUST_BACKTRACE=full" "-e" "RUSTFLAGS=--cap-lints=warn" "-e" "RUSTDOCFLAGS=--cap-lints=warn" "-w" "/opt/rustwide/workdir" "--user" "0:0" "d702e734e8da085732f647ae52f8afe73443c9a6d6e720f656d84ad4496b5889" "/opt/rustwide/cargo-home/bin/cargo" "+1.99.0-beta.8" "build" "--frozen" "--message-format=json" "--release", kill_on_drop: false }`
[INFO] [stderr]    Compiling rustix v0.38.10
[INFO] [stderr]    Compiling linux-raw-sys v0.4.5
[INFO] [stderr]    Compiling regex-syntax v0.7.4
[INFO] [stderr]    Compiling bitflags v2.4.0
[INFO] [stderr]    Compiling termcolor v1.2.0
[INFO] [stderr]    Compiling log v0.4.20
[INFO] [stderr]    Compiling aho-corasick v1.0.4
[INFO] [stderr]    Compiling is-terminal v0.4.9
[INFO] [stderr]    Compiling regex-automata v0.3.6
[INFO] [stderr]    Compiling regex v1.9.3
[INFO] [stderr]    Compiling env_logger v0.10.0
[INFO] [stderr]    Compiling battery-notify v0.1.0 (/opt/rustwide/workdir)
[INFO] [stdout] warning: struct `MonitorResponse` is never constructed
[INFO] [stdout]  --> src/monitor.rs:1:8
[INFO] [stdout]   |
[INFO] [stdout] 1 | struct MonitorResponse {
[INFO] [stdout]   |        ^^^^^^^^^^^^^^^
[INFO] [stdout]   |
[INFO] [stdout]   = note: `#[warn(dead_code)]` (part of `#[warn(unused)]`) on by default
[INFO] [stdout] 
[INFO] [stdout] 
[INFO] [stdout] warning: type alias `MonitorResponseGenerator` is never used
[INFO] [stdout]  --> src/monitor.rs:5:6
[INFO] [stdout]   |
[INFO] [stdout] 5 | type MonitorResponseGenerator = Box<dyn Fn() -> MonitorResponse>;
[INFO] [stdout]   |      ^^^^^^^^^^^^^^^^^^^^^^^^
[INFO] [stdout] 
[INFO] [stdout] 
[INFO] [stdout] warning: struct `MonitorSettings` is never constructed
[INFO] [stdout]  --> src/monitor.rs:6:8
[INFO] [stdout]   |
[INFO] [stdout] 6 | struct MonitorSettings {
[INFO] [stdout]   |        ^^^^^^^^^^^^^^^
[INFO] [stdout] 
[INFO] [stdout] 
[INFO] [stdout] warning: struct `Monitor` is never constructed
[INFO] [stdout]   --> src/monitor.rs:12:8
[INFO] [stdout]    |
[INFO] [stdout] 12 | struct Monitor {
[INFO] [stdout]    |        ^^^^^^^
[INFO] [stdout] 
[INFO] [stdout] 
[INFO] [stdout] warning: associated function `new` is never used
[INFO] [stdout]   --> src/monitor.rs:19:12
[INFO] [stdout]    |
[INFO] [stdout] 18 | impl Monitor {
[INFO] [stdout]    | ------------ associated function in this implementation
[INFO] [stdout] 19 |     pub fn new(settings: Option<MonitorSettings>) -> Self {
[INFO] [stdout]    |            ^^^
[INFO] [stdout] 
[INFO] [stdout] 
[INFO] [stdout] warning: variants `Low` and `Normal` are never constructed
[INFO] [stdout]   --> src/notifier.rs:15:5
[INFO] [stdout]    |
[INFO] [stdout] 14 | pub(crate) enum NotificationLevel {
[INFO] [stdout]    |                 ----------------- variants in this enum
[INFO] [stdout] 15 |     Low,
[INFO] [stdout]    |     ^^^
[INFO] [stdout] 16 |     Normal,
[INFO] [stdout]    |     ^^^^^^
[INFO] [stdout] 
[INFO] [stdout] 
[INFO] [stderr]     Finished `release` profile [optimized] target(s) in 16.73s
[INFO] running `Command { std: "docker" "inspect" "d702e734e8da085732f647ae52f8afe73443c9a6d6e720f656d84ad4496b5889", kill_on_drop: false }`
[INFO] running `Command { std: "docker" "exec" "-e" "SOURCE_DIR=/opt/rustwide/workdir" "-e" "CARGO_HOME=/opt/rustwide/cargo-home" "-e" "RUSTUP_HOME=/opt/rustwide/rustup-home" "-e" "CARGO_TARGET_DIR=/opt/rustwide/target" "-e" "CARGO_INCREMENTAL=0" "-e" "RUST_BACKTRACE=full" "-e" "RUSTFLAGS=--cap-lints=warn" "-e" "RUSTDOCFLAGS=--cap-lints=warn" "-w" "/opt/rustwide/workdir" "--user" "0:0" "d702e734e8da085732f647ae52f8afe73443c9a6d6e720f656d84ad4496b5889" "/opt/rustwide/cargo-home/bin/cargo" "+1.99.0-beta.8" "test" "--frozen" "--no-run" "--message-format=json" "--release", kill_on_drop: false }`
[INFO] [stderr]    Compiling battery-notify v0.1.0 (/opt/rustwide/workdir)
[INFO] [stdout] warning: field `normal_delay` is never read
[INFO] [stdout]   --> src/monitor.rs:13:5
[INFO] [stdout]    |
[INFO] [stdout] 12 | struct Monitor {
[INFO] [stdout]    |        ------- field in this struct
[INFO] [stdout] 13 |     normal_delay: i32,
[INFO] [stdout]    |     ^^^^^^^^^^^^
[INFO] [stdout]    |
[INFO] [stdout]    = note: `#[warn(dead_code)]` (part of `#[warn(unused)]`) on by default
[INFO] [stdout] 
[INFO] [stdout] 
[INFO] [stdout] warning: variants `Low` and `Normal` are never constructed
[INFO] [stdout]   --> src/notifier.rs:15:5
[INFO] [stdout]    |
[INFO] [stdout] 14 | pub(crate) enum NotificationLevel {
[INFO] [stdout]    |                 ----------------- variants in this enum
[INFO] [stdout] 15 |     Low,
[INFO] [stdout]    |     ^^^
[INFO] [stdout] 16 |     Normal,
[INFO] [stdout]    |     ^^^^^^
[INFO] [stdout] 
[INFO] [stdout] 
[INFO] [stderr]     Finished `release` profile [optimized] target(s) in 0.85s
[INFO] running `Command { std: "docker" "inspect" "d702e734e8da085732f647ae52f8afe73443c9a6d6e720f656d84ad4496b5889", kill_on_drop: false }`
[INFO] running `Command { std: "docker" "exec" "-e" "SOURCE_DIR=/opt/rustwide/workdir" "-e" "CARGO_HOME=/opt/rustwide/cargo-home" "-e" "RUSTUP_HOME=/opt/rustwide/rustup-home" "-e" "CARGO_TARGET_DIR=/opt/rustwide/target" "-e" "CARGO_INCREMENTAL=0" "-e" "RUST_BACKTRACE=full" "-e" "RUSTFLAGS=--cap-lints=warn" "-e" "RUSTDOCFLAGS=--cap-lints=warn" "-w" "/opt/rustwide/workdir" "--user" "0:0" "d702e734e8da085732f647ae52f8afe73443c9a6d6e720f656d84ad4496b5889" "/opt/rustwide/cargo-home/bin/cargo" "+1.99.0-beta.8" "test" "--frozen" "--release", kill_on_drop: false }`
[INFO] [stderr] warning: field `normal_delay` is never read
[INFO] [stderr]   --> src/monitor.rs:13:5
[INFO] [stderr]    |
[INFO] [stderr] 12 | struct Monitor {
[INFO] [stderr]    |        ------- field in this struct
[INFO] [stderr] 13 |     normal_delay: i32,
[INFO] [stderr]    |     ^^^^^^^^^^^^
[INFO] [stderr]    |
[INFO] [stderr]    = note: `#[warn(dead_code)]` (part of `#[warn(unused)]`) on by default
[INFO] [stderr] 
[INFO] [stderr] warning: variants `Low` and `Normal` are never constructed
[INFO] [stderr]   --> src/notifier.rs:15:5
[INFO] [stderr]    |
[INFO] [stderr] 14 | pub(crate) enum NotificationLevel {
[INFO] [stderr]    |                 ----------------- variants in this enum
[INFO] [stderr] 15 |     Low,
[INFO] [stderr]    |     ^^^
[INFO] [stderr] 16 |     Normal,
[INFO] [stderr]    |     ^^^^^^
[INFO] [stderr] 
[INFO] [stderr] warning: `battery-notify` (bin "battery-notify" test) generated 2 warnings
[INFO] [stderr]     Finished `release` profile [optimized] target(s) in 0.06s
[INFO] [stderr]      Running unittests src/main.rs (/opt/rustwide/target/release/deps/battery_notify-d21298824aab8025)
[INFO] [stdout] 
[INFO] [stdout] running 6 tests
[INFO] [stdout] test acpi::tests::should_extract_percent_when_discharging ... ok
[INFO] [stdout] test monitor::tests::constant_duration ... ok
[INFO] [stdout] test monitor::tests::duration_can_be_modified ... ok
[INFO] [stdout] test acpi::tests::should_extract_percent_when_charging ... ok
[INFO] [stdout] test tests::does_not_notify_when_normal ... ok
[INFO] [stdout] test tests::notifies_critical_when_critical_low ... FAILED
[INFO] [stdout] 
[INFO] [stdout] failures:
[INFO] [stdout] 
[INFO] [stdout] ---- tests::notifies_critical_when_critical_low stdout ----
[INFO] [stdout] 
[INFO] [stdout] thread 'tests::notifies_critical_when_critical_low' (402) panicked at src/main.rs:93:9:
[INFO] [stdout] assertion failed: exists
[INFO] [stdout] stack backtrace:
[INFO] [stdout]    0:     0x6108f0c498a1 - <<std[70759c8f55707aa4]::sys::backtrace::BacktraceLock>::print::DisplayBacktrace as core[df12db4294e9bfd3]::fmt::Display>::fmt
[INFO] [stdout]    1:     0x6108f0c5f5ca - core[df12db4294e9bfd3]::fmt::write
[INFO] [stdout]    2:     0x6108f0c4dfdc - <alloc[2182bb758b4b3781]::vec::Vec<u8> as core[df12db4294e9bfd3]::io::write::Write>::write_fmt
[INFO] [stdout]    3:     0x6108f0c25b06 - std[70759c8f55707aa4]::panicking::default_hook::{closure#0}
[INFO] [stdout]    4:     0x6108f0c41e19 - std[70759c8f55707aa4]::panicking::default_hook
[INFO] [stdout]    5:     0x6108f0b299c0 - test[9d35eded1c95d3be]::test_main_inner::<test[9d35eded1c95d3be]::test_main_static::{closure#0}>::{closure#0}
[INFO] [stdout]    6:     0x6108f0c41fd2 - std[70759c8f55707aa4]::panicking::panic_with_hook
[INFO] [stdout]    7:     0x6108f0c25be4 - std[70759c8f55707aa4]::panicking::panic_handler::{closure#0}
[INFO] [stdout]    8:     0x6108f0c1e6c9 - std[70759c8f55707aa4]::sys::backtrace::__rust_end_short_backtrace::<std[70759c8f55707aa4]::panicking::panic_handler::{closure#0}, !>
[INFO] [stdout]    9:     0x6108f0c2684d - __rustc[8fa7c3cbc660c2b3]::rust_begin_unwind
[INFO] [stdout]   10:     0x6108f0c5fdac - core[df12db4294e9bfd3]::panicking::panic_fmt
[INFO] [stdout]   11:     0x6108f0c5fd72 - core[df12db4294e9bfd3]::panicking::panic
[INFO] [stdout]   12:     0x6108f0b1c09b - battery_notify[e49957f093dde41e]::tests::notifies_critical_when_critical_low
[INFO] [stdout]   13:     0x6108f0b1af29 - <battery_notify[e49957f093dde41e]::tests::notifies_critical_when_critical_low::{closure#0} as core[df12db4294e9bfd3]::ops::function::FnOnce<()>>::call_once
[INFO] [stdout]   14:     0x6108f0b1ccab - test[9d35eded1c95d3be]::__rust_begin_short_backtrace::<core[df12db4294e9bfd3]::result::Result<(), alloc[2182bb758b4b3781]::string::String>, fn() -> core[df12db4294e9bfd3]::result::Result<(), alloc[2182bb758b4b3781]::string::String>>
[INFO] [stdout]   15:     0x6108f0b2a315 - test[9d35eded1c95d3be]::run_test::{closure#0}
[INFO] [stdout]   16:     0x6108f0b23bd4 - std[70759c8f55707aa4]::sys::backtrace::__rust_begin_short_backtrace::<test[9d35eded1c95d3be]::run_test::{closure#1}, ()>
[INFO] [stdout]   17:     0x6108f0b2d472 - <std[70759c8f55707aa4]::thread::lifecycle::spawn_unchecked<test[9d35eded1c95d3be]::run_test::{closure#1}, ()>::{closure#1} as core[df12db4294e9bfd3]::ops::function::FnOnce<()>>::call_once::{shim:vtable#0}
[INFO] [stdout]   18:     0x6108f0c49179 - <std[70759c8f55707aa4]::sys::thread::unix::Thread>::new::thread_start
[INFO] [stdout]   19:     0x731a09b95dfa - <unknown>
[INFO] [stdout]   20:     0x731a09c293d4 - clone
[INFO] [stdout]   21:                0x0 - <unknown>
[INFO] [stdout] 
[INFO] [stdout] 
[INFO] [stdout] failures:
[INFO] [stdout]     tests::notifies_critical_when_critical_low
[INFO] [stdout] 
[INFO] [stdout] test result: FAILED. 5 passed; 1 failed; 0 ignored; 0 measured; 0 filtered out; finished in 0.03s
[INFO] [stdout] 
[INFO] [stderr] error: test failed, to rerun pass `--bin battery-notify`
[INFO] running `Command { std: "docker" "inspect" "d702e734e8da085732f647ae52f8afe73443c9a6d6e720f656d84ad4496b5889", kill_on_drop: false }`
[INFO] running `Command { std: "docker" "rm" "-f" "d702e734e8da085732f647ae52f8afe73443c9a6d6e720f656d84ad4496b5889", kill_on_drop: false }`
[INFO] [stdout] d702e734e8da085732f647ae52f8afe73443c9a6d6e720f656d84ad4496b5889
