[INFO] cloning repository https://github.com/gluzandii/CSI-DevSpace-QuietRoute
[INFO] running `Command { std: "git" "-c" "credential.helper=" "-c" "credential.helper=/workspace/cargo-home/bin/git-credential-null" "clone" "--bare" "https://github.com/gluzandii/CSI-DevSpace-QuietRoute" "/workspace/cache/git-repos/https%3A%2F%2Fgithub.com%2Fgluzandii%2FCSI-DevSpace-QuietRoute", kill_on_drop: false }`
[INFO] [stderr] Cloning into bare repository '/workspace/cache/git-repos/https%3A%2F%2Fgithub.com%2Fgluzandii%2FCSI-DevSpace-QuietRoute'...
[INFO] running `Command { std: "git" "rev-parse" "HEAD", kill_on_drop: false }`
[INFO] [stdout] 3eea7e0f706be90f331c306c951870c397914180
[INFO] testing gluzandii/CSI-DevSpace-QuietRoute against 1.100.0-beta.1+cargoflags=--release for beta-release-1.100-2
[INFO] running `Command { std: "git" "clone" "/workspace/cache/git-repos/https%3A%2F%2Fgithub.com%2Fgluzandii%2FCSI-DevSpace-QuietRoute" "/workspace/builds/worker-4-tc2/source", kill_on_drop: false }`
[INFO] [stderr] Cloning into '/workspace/builds/worker-4-tc2/source'...
[INFO] [stderr] done.
[INFO] started tweaking git repo https://github.com/gluzandii/CSI-DevSpace-QuietRoute
[INFO] finished tweaking git repo https://github.com/gluzandii/CSI-DevSpace-QuietRoute
[INFO] tweaked toml for git repo https://github.com/gluzandii/CSI-DevSpace-QuietRoute written to /workspace/builds/worker-4-tc2/source/Cargo.toml
[INFO] validating manifest of git repo https://github.com/gluzandii/CSI-DevSpace-QuietRoute on toolchain 1.100.0-beta.1
[INFO] running `Command { std: CARGO_HOME="/workspace/cargo-home" RUSTUP_HOME="/workspace/rustup-home" "/workspace/cargo-home/bin/cargo" "+1.100.0-beta.1" "metadata" "--manifest-path" "Cargo.toml" "--no-deps", kill_on_drop: false }`
[INFO] crate git repo https://github.com/gluzandii/CSI-DevSpace-QuietRoute already has a lockfile, it will not be regenerated
[INFO] running `Command { std: CARGO_HOME="/workspace/cargo-home" RUSTUP_HOME="/workspace/rustup-home" "/workspace/cargo-home/bin/cargo" "+1.100.0-beta.1" "fetch" "--manifest-path" "Cargo.toml", kill_on_drop: false }`
[INFO] [stderr] warning: unused workspace dependency `tracing-subscriber`
[INFO] [stderr]   --> Cargo.toml:17:25
[INFO] [stderr]    |
[INFO] [stderr] 17 | [workspace.dependencies.tracing-subscriber]
[INFO] [stderr]    |                         ^^^^^^^^^^^^^^^^^^
[INFO] [stderr]    |
[INFO] [stderr]    = note: `cargo::unused_workspace_dependencies` is set to `warn` by default
[INFO] [stderr] help: consider removing the workspace dependency `tracing-subscriber`
[INFO] [stderr] warning: workspace (manifest) generated 1 warning
[INFO] running `Command { std: "docker" "create" "-v" "/var/lib/crater-agent-workspace/builds/worker-4-tc2/source:/opt/rustwide/workdir:ro,Z" "-v" "/var/lib/crater-agent-workspace/builds/worker-4-tc2/target:/opt/rustwide/target:rw,Z" "-v" "/var/lib/crater-agent-workspace/cargo-home:/opt/rustwide/cargo-home:ro,Z" "-v" "/var/lib/crater-agent-workspace/rustup-home:/opt/rustwide/rustup-home:ro,Z" "-m" "1610612736" "--network" "none" "ghcr.io/rust-lang/crates-build-env/linux@sha256:77db811e55d90add9212f6832c23229e3de5f1c1f9905e8cb07319ea15df73ac" "sleep" "infinity", kill_on_drop: false }`
[INFO] [stdout] b5354472ddfe22e94e1e5590f291c9e1c8d653ab4abafea80ebbe6391a2d4b0e
[INFO] running `Command { std: "docker" "start" "b5354472ddfe22e94e1e5590f291c9e1c8d653ab4abafea80ebbe6391a2d4b0e", kill_on_drop: false }`
[INFO] running `Command { std: "docker" "inspect" "b5354472ddfe22e94e1e5590f291c9e1c8d653ab4abafea80ebbe6391a2d4b0e", kill_on_drop: false }`
[INFO] running `Command { std: "docker" "exec" "-e" "SOURCE_DIR=/opt/rustwide/workdir" "-e" "CARGO_HOME=/opt/rustwide/cargo-home" "-e" "RUSTUP_HOME=/opt/rustwide/rustup-home" "-e" "CARGO_TARGET_DIR=/opt/rustwide/target" "-w" "/opt/rustwide/workdir" "--user" "0:0" "b5354472ddfe22e94e1e5590f291c9e1c8d653ab4abafea80ebbe6391a2d4b0e" "/opt/rustwide/cargo-home/bin/cargo" "+1.100.0-beta.1" "metadata" "--no-deps" "--format-version=1", kill_on_drop: false }`
[INFO] running `Command { std: "docker" "inspect" "b5354472ddfe22e94e1e5590f291c9e1c8d653ab4abafea80ebbe6391a2d4b0e", kill_on_drop: false }`
[INFO] running `Command { std: "docker" "exec" "-e" "SOURCE_DIR=/opt/rustwide/workdir" "-e" "CARGO_HOME=/opt/rustwide/cargo-home" "-e" "RUSTUP_HOME=/opt/rustwide/rustup-home" "-e" "CARGO_TARGET_DIR=/opt/rustwide/target" "-e" "CARGO_INCREMENTAL=0" "-e" "RUST_BACKTRACE=full" "-e" "RUSTFLAGS=--cap-lints=warn" "-e" "RUSTDOCFLAGS=--cap-lints=warn" "-w" "/opt/rustwide/workdir" "--user" "0:0" "b5354472ddfe22e94e1e5590f291c9e1c8d653ab4abafea80ebbe6391a2d4b0e" "/opt/rustwide/cargo-home/bin/cargo" "+1.100.0-beta.1" "build" "--frozen" "--message-format=json" "--release", kill_on_drop: false }`
[INFO] [stderr] warning: unused workspace dependency `tracing-subscriber`
[INFO] [stderr]   --> Cargo.toml:17:25
[INFO] [stderr]    |
[INFO] [stderr] 17 | [workspace.dependencies.tracing-subscriber]
[INFO] [stderr]    |                         ^^^^^^^^^^^^^^^^^^
[INFO] [stderr]    |
[INFO] [stderr]    = note: `cargo::unused_workspace_dependencies` is set to `warn` by default
[INFO] [stderr] help: consider removing the workspace dependency `tracing-subscriber`
[INFO] [stderr] warning: workspace (manifest) generated 1 warning
[INFO] [stderr]    Compiling proc-macro2 v1.0.106
[INFO] [stderr]    Compiling quote v1.0.44
[INFO] [stderr]    Compiling unicode-ident v1.0.23
[INFO] [stderr]    Compiling libc v0.2.181
[INFO] [stderr]    Compiling itoa v1.0.17
[INFO] [stderr]    Compiling cfg-if v1.0.4
[INFO] [stderr]    Compiling serde_core v1.0.228
[INFO] [stderr]    Compiling serde v1.0.228
[INFO] [stderr]    Compiling anyhow v1.0.101
[INFO] [stderr]    Compiling bitflags v2.10.0
[INFO] [stderr]    Compiling protobuf v3.7.2
[INFO] [stderr]    Compiling bytes v1.11.1
[INFO] [stderr]    Compiling thiserror v1.0.69
[INFO] [stderr]    Compiling zmij v1.0.21
[INFO] [stderr]    Compiling rustix v0.38.44
[INFO] [stderr]    Compiling getrandom v0.4.1
[INFO] [stderr]    Compiling memchr v2.8.0
[INFO] [stderr]    Compiling libm v0.2.16
[INFO] [stderr]    Compiling rustix v1.1.3
[INFO] [stderr]    Compiling num-traits v0.2.19
[INFO] [stderr]    Compiling parking_lot_core v0.9.12
[INFO] [stderr]    Compiling zerocopy v0.8.39
[INFO] [stderr]    Compiling futures-core v0.3.31
[INFO] [stderr]    Compiling once_cell v1.21.3
[INFO] [stderr]    Compiling linux-raw-sys v0.11.0
[INFO] [stderr]    Compiling serde_json v1.0.149
[INFO] [stderr]    Compiling linux-raw-sys v0.4.15
[INFO] [stderr]    Compiling fastrand v2.3.0
[INFO] [stderr]    Compiling log v0.4.29
[INFO] [stderr]    Compiling hashbrown v0.16.1
[INFO] [stderr]    Compiling equivalent v1.0.2
[INFO] [stderr]    Compiling regex-syntax v0.8.9
[INFO] [stderr]    Compiling home v0.5.12
[INFO] [stderr]    Compiling smallvec v1.15.1
[INFO] [stderr]    Compiling aho-corasick v1.1.4
[INFO] [stderr]    Compiling either v1.15.0
[INFO] [stderr]    Compiling lock_api v0.4.14
[INFO] [stderr]    Compiling tracing-core v0.1.36
[INFO] [stderr]    Compiling http v1.4.0
[INFO] [stderr]    Compiling syn v2.0.115
[INFO] [stderr]    Compiling httparse v1.10.1
[INFO] [stderr]    Compiling tower-service v0.3.3
[INFO] [stderr]    Compiling indexmap v2.13.0
[INFO] [stderr]    Compiling plotters-backend v0.3.7
[INFO] [stderr]    Compiling anstyle v1.0.13
[INFO] [stderr]    Compiling ciborium-io v0.2.2
[INFO] [stderr]    Compiling crc32fast v1.5.0
[INFO] [stderr]    Compiling clap_lex v1.0.0
[INFO] [stderr]    Compiling thiserror v2.0.18
[INFO] [stderr]    Compiling plotters-svg v0.3.7
[INFO] [stderr]    Compiling errno v0.3.14
[INFO] [stderr]    Compiling mio v1.1.1
[INFO] [stderr]    Compiling parking_lot v0.12.5
[INFO] [stderr]    Compiling signal-hook-registry v1.4.8
[INFO] [stderr]    Compiling socket2 v0.6.2
[INFO] [stderr]    Compiling clap_builder v4.5.58
[INFO] [stderr]    Compiling rayon v1.11.0
[INFO] [stderr]    Compiling itertools v0.13.0
[INFO] [stderr]    Compiling adler2 v2.0.1
[INFO] [stderr]    Compiling tempfile v3.25.0
[INFO] [stderr]    Compiling which v4.4.2
[INFO] [stderr]    Compiling http-body v1.0.1
[INFO] [stderr]    Compiling simd-adler32 v0.3.8
[INFO] [stderr]    Compiling tower-layer v0.3.3
[INFO] [stderr]    Compiling cast v0.3.0
[INFO] [stderr]    Compiling futures-channel v0.3.31
[INFO] [stderr]    Compiling miniz_oxide v0.8.9
[INFO] [stderr]    Compiling futures-task v0.3.31
[INFO] [stderr]    Compiling oorandom v11.1.5
[INFO] [stderr]    Compiling httpdate v1.0.3
[INFO] [stderr]    Compiling percent-encoding v2.3.2
[INFO] [stderr]    Compiling plotters v0.3.7
[INFO] [stderr]    Compiling sync_wrapper v1.0.2
[INFO] [stderr]    Compiling regex-automata v0.4.14
[INFO] [stderr]    Compiling anes v0.1.6
[INFO] [stderr]    Compiling form_urlencoded v1.2.2
[INFO] [stderr]    Compiling flate2 v1.1.9
[INFO] [stderr]    Compiling futures-util v0.3.31
[INFO] [stderr]    Compiling criterion-plot v0.6.0
[INFO] [stderr]    Compiling hashbrown v0.15.5
[INFO] [stderr]    Compiling http-body-util v0.1.3
[INFO] [stderr]    Compiling memmap2 v0.5.10
[INFO] [stderr]    Compiling quick-xml v0.39.0
[INFO] [stderr]    Compiling mime v0.3.17
[INFO] [stderr]    Compiling geoutils v0.5.1
[INFO] [stderr]    Compiling fixedbitset v0.5.7
[INFO] [stderr]    Compiling ryu v1.0.23
[INFO] [stderr]    Compiling serde_path_to_error v0.1.20
[INFO] [stderr]    Compiling matchit v0.8.4
[INFO] [stderr]    Compiling tower-http v0.6.8
[INFO] [stderr]    Compiling clap v4.5.58
[INFO] [stderr]    Compiling regex v1.12.3
[INFO] [stderr]    Compiling petgraph v0.8.3
[INFO] [stderr]    Compiling thiserror-impl v1.0.69
[INFO] [stderr]    Compiling serde_derive v1.0.228
[INFO] [stderr]    Compiling zerocopy-derive v0.8.39
[INFO] [stderr]    Compiling tracing-attributes v0.1.31
[INFO] [stderr]    Compiling tokio-macros v2.6.0
[INFO] [stderr]    Compiling thiserror-impl v2.0.18
[INFO] [stderr]    Compiling tokio v1.49.0
[INFO] [stderr]    Compiling tracing v0.1.44
[INFO] [stderr]    Compiling protobuf-support v3.7.2
[INFO] [stderr]    Compiling utils v0.1.0 (/opt/rustwide/workdir/utils)
[INFO] [stderr]    Compiling axum-core v0.5.6
[INFO] [stderr]    Compiling tinytemplate v1.2.1
[INFO] [stderr]    Compiling geo-types v0.7.18
[INFO] [stderr]    Compiling serde_urlencoded v0.7.1
[INFO] [stderr]    Compiling geojson v0.24.2
[INFO] [stderr]    Compiling protobuf-parse v3.7.2
[INFO] [stderr]    Compiling half v2.7.1
[INFO] [stderr]    Compiling hyper v1.8.1
[INFO] [stderr]    Compiling tower v0.5.3
[INFO] [stderr]    Compiling protobuf-codegen v3.7.2
[INFO] [stderr]    Compiling ciborium-ll v0.2.2
[INFO] [stderr]    Compiling ciborium v0.2.2
[INFO] [stderr]    Compiling criterion v0.7.0
[INFO] [stderr]    Compiling hyper-util v0.1.20
[INFO] [stderr]    Compiling axum v0.8.8
[INFO] [stderr]    Compiling osmpbf v0.3.8
[INFO] [stderr]    Compiling kdtree v0.8.0
[INFO] [stderr]    Compiling quiet-core v0.1.0 (/opt/rustwide/workdir/quiet-core)
[INFO] [stderr]    Compiling backend v0.1.0 (/opt/rustwide/workdir/backend)
[INFO] [stderr]     Finished `release` profile [optimized] target(s) in 2m 08s
[INFO] running `Command { std: "docker" "inspect" "b5354472ddfe22e94e1e5590f291c9e1c8d653ab4abafea80ebbe6391a2d4b0e", kill_on_drop: false }`
[INFO] running `Command { std: "docker" "exec" "-e" "SOURCE_DIR=/opt/rustwide/workdir" "-e" "CARGO_HOME=/opt/rustwide/cargo-home" "-e" "RUSTUP_HOME=/opt/rustwide/rustup-home" "-e" "CARGO_TARGET_DIR=/opt/rustwide/target" "-e" "CARGO_INCREMENTAL=0" "-e" "RUST_BACKTRACE=full" "-e" "RUSTFLAGS=--cap-lints=warn" "-e" "RUSTDOCFLAGS=--cap-lints=warn" "-w" "/opt/rustwide/workdir" "--user" "0:0" "b5354472ddfe22e94e1e5590f291c9e1c8d653ab4abafea80ebbe6391a2d4b0e" "/opt/rustwide/cargo-home/bin/cargo" "+1.100.0-beta.1" "test" "--frozen" "--no-run" "--message-format=json" "--release", kill_on_drop: false }`
[INFO] [stderr] warning: unused workspace dependency `tracing-subscriber`
[INFO] [stderr]   --> Cargo.toml:17:25
[INFO] [stderr]    |
[INFO] [stderr] 17 | [workspace.dependencies.tracing-subscriber]
[INFO] [stderr]    |                         ^^^^^^^^^^^^^^^^^^
[INFO] [stderr]    |
[INFO] [stderr]    = note: `cargo::unused_workspace_dependencies` is set to `warn` by default
[INFO] [stderr] help: consider removing the workspace dependency `tracing-subscriber`
[INFO] [stderr] warning: workspace (manifest) generated 1 warning
[INFO] [stderr]    Compiling bitflags v2.10.0
[INFO] [stderr]    Compiling rustix v1.1.3
[INFO] [stderr]    Compiling getrandom v0.4.1
[INFO] [stderr]    Compiling linux-raw-sys v0.11.0
[INFO] [stderr]    Compiling fastrand v2.3.0
[INFO] [stderr]    Compiling utils v0.1.0 (/opt/rustwide/workdir/utils)
[INFO] [stderr]    Compiling tower-http v0.6.8
[INFO] [stderr]    Compiling backend v0.1.0 (/opt/rustwide/workdir/backend)
[INFO] [stderr]    Compiling tempfile v3.25.0
[INFO] [stderr]    Compiling quiet-core v0.1.0 (/opt/rustwide/workdir/quiet-core)
[INFO] [stderr]     Finished `release` profile [optimized] target(s) in 7.03s
[INFO] running `Command { std: "docker" "inspect" "b5354472ddfe22e94e1e5590f291c9e1c8d653ab4abafea80ebbe6391a2d4b0e", kill_on_drop: false }`
[INFO] running `Command { std: "docker" "exec" "-e" "SOURCE_DIR=/opt/rustwide/workdir" "-e" "CARGO_HOME=/opt/rustwide/cargo-home" "-e" "RUSTUP_HOME=/opt/rustwide/rustup-home" "-e" "CARGO_TARGET_DIR=/opt/rustwide/target" "-e" "CARGO_INCREMENTAL=0" "-e" "RUST_BACKTRACE=full" "-e" "RUSTFLAGS=--cap-lints=warn" "-e" "RUSTDOCFLAGS=--cap-lints=warn" "-w" "/opt/rustwide/workdir" "--user" "0:0" "b5354472ddfe22e94e1e5590f291c9e1c8d653ab4abafea80ebbe6391a2d4b0e" "/opt/rustwide/cargo-home/bin/cargo" "+1.100.0-beta.1" "test" "--frozen" "--release", kill_on_drop: false }`
[INFO] [stderr] warning: unused workspace dependency `tracing-subscriber`
[INFO] [stderr]   --> Cargo.toml:17:25
[INFO] [stderr]    |
[INFO] [stderr] 17 | [workspace.dependencies.tracing-subscriber]
[INFO] [stderr]    |                         ^^^^^^^^^^^^^^^^^^
[INFO] [stderr]    |
[INFO] [stderr]    = note: `cargo::unused_workspace_dependencies` is set to `warn` by default
[INFO] [stderr] help: consider removing the workspace dependency `tracing-subscriber`
[INFO] [stderr] warning: workspace (manifest) generated 1 warning
[INFO] [stderr]     Finished `release` profile [optimized] target(s) in 0.18s
[INFO] [stderr]      Running unittests src/main.rs (/opt/rustwide/target/release/build/backend/55f6ac1f7618be15/out/backend-55f6ac1f7618be15)
[INFO] [stdout] 
[INFO] [stdout] running 0 tests
[INFO] [stdout] 
[INFO] [stderr]      Running unittests src/lib.rs (/opt/rustwide/target/release/build/quiet-core/20a886325ddae192/out/quiet_core-20a886325ddae192)
[INFO] [stdout] test result: ok. 0 passed; 0 failed; 0 ignored; 0 measured; 0 filtered out; finished in 0.00s
[INFO] [stdout] 
[INFO] [stdout] 
[INFO] [stdout] running 8 tests
[INFO] [stdout] test parser::tests::test_parse_osm_with_real_file ... FAILED
[INFO] [stdout] test parser::tests::test_is_walkable ... ok
[INFO] [stderr] error: test failed, to rerun pass `-p quiet-core --lib`
[INFO] [stdout] test parser::tests::test_haversine_dist_calculation ... ok
[INFO] [stdout] test parser::tests::test_parse_osm_graph_properties ... FAILED
[INFO] [stdout] test safety::tests::test_real_safety ... FAILED
[INFO] [stdout] test parser::tests::test_parse_osm_with_nonexistent_file ... ok
[INFO] [stdout] test safety::tests::test_is_lit ... FAILED
[INFO] [stdout] test parser::tests::test_parse_osm_with_empty_file ... ok
[INFO] [stdout] 
[INFO] [stdout] failures:
[INFO] [stdout] 
[INFO] [stdout] ---- parser::tests::test_parse_osm_with_real_file stdout ----
[INFO] [stdout] 
[INFO] [stdout] thread 'parser::tests::test_parse_osm_with_real_file' (2856) panicked at quiet-core/src/parser.rs:272:9:
[INFO] [stdout] Test file must exist at: /Users/sushi/Dev/Rust/quiet-route/data/OSM (Open Map Data)/bengaluru.osm.pbf
[INFO] [stdout] stack backtrace:
[INFO] [stdout]    0:     0x5c98f37828e1 - <<std[617be2ca0a6fd877]::sys::backtrace::BacktraceLock>::print::DisplayBacktrace as core[a373ad73a504971]::fmt::Display>::fmt
[INFO] [stdout]    1:     0x5c98f379878a - core[a373ad73a504971]::fmt::write
[INFO] [stdout]    2:     0x5c98f378706c - <alloc[2e1b2a31b91974c5]::vec::Vec<u8> as core[a373ad73a504971]::io::write::Write>::write_fmt
[INFO] [stdout]    3:     0x5c98f375df66 - std[617be2ca0a6fd877]::panicking::default_hook::{closure#0}
[INFO] [stdout]    4:     0x5c98f377ab69 - std[617be2ca0a6fd877]::panicking::default_hook
[INFO] [stdout]    5:     0x5c98f36f3640 - test[aada8e7e76ba119b]::test_main_inner::{closure#0}
[INFO] [stdout]    6:     0x5c98f377ae92 - std[617be2ca0a6fd877]::panicking::panic_with_hook
[INFO] [stdout]    7:     0x5c98f375e012 - std[617be2ca0a6fd877]::panicking::panic_handler::{closure#0}
[INFO] [stdout]    8:     0x5c98f37566e9 - std[617be2ca0a6fd877]::sys::backtrace::__rust_end_short_backtrace::<std[617be2ca0a6fd877]::panicking::panic_handler::{closure#0}, !>
[INFO] [stdout]    9:     0x5c98f375ed2d - __rustc[ea4f61d10b84890b]::rust_begin_unwind
[INFO] [stdout]   10:     0x5c98f3798eec - core[a373ad73a504971]::panicking::panic_fmt
[INFO] [stdout]   11:     0x5c98f36d79f5 - <quiet_core[4cc8bbcf397e56ee]::parser::tests::test_parse_osm_with_real_file::{closure#0} as core[a373ad73a504971]::ops::function::FnOnce<()>>::call_once
[INFO] [stdout]   12:     0x5c98f36e6a8b - test[aada8e7e76ba119b]::__rust_begin_short_backtrace::<core[a373ad73a504971]::result::Result<(), alloc[2e1b2a31b91974c5]::string::String>, fn() -> core[a373ad73a504971]::result::Result<(), alloc[2e1b2a31b91974c5]::string::String>>
[INFO] [stdout]   13:     0x5c98f36f3c65 - test[aada8e7e76ba119b]::run_test::{closure#0}
[INFO] [stdout]   14:     0x5c98f36ed554 - std[617be2ca0a6fd877]::sys::backtrace::__rust_begin_short_backtrace::<test[aada8e7e76ba119b]::run_test::{closure#1}, ()>
[INFO] [stdout]   15:     0x5c98f36f6cf2 - <std[617be2ca0a6fd877]::thread::lifecycle::spawn_unchecked<test[aada8e7e76ba119b]::run_test::{closure#1}, ()>::{closure#1} as core[a373ad73a504971]::ops::function::FnOnce<()>>::call_once::{shim:vtable#0}
[INFO] [stdout]   16:     0x5c98f37820ff - <std[617be2ca0a6fd877]::sys::thread::unix::Thread>::new::thread_start
[INFO] [stdout]   17:     0x751540d41dfa - <unknown>
[INFO] [stdout]   18:     0x751540dd53d4 - clone
[INFO] [stdout]   19:                0x0 - <unknown>
[INFO] [stdout] 
[INFO] [stdout] ---- parser::tests::test_parse_osm_graph_properties stdout ----
[INFO] [stdout] 
[INFO] [stdout] thread 'parser::tests::test_parse_osm_graph_properties' (2853) panicked at quiet-core/src/parser.rs:340:9:
[INFO] [stdout] Test file must exist at: /Users/sushi/Dev/Rust/quiet-route/data/OSM (Open Map Data)/bengaluru.osm.pbf
[INFO] [stdout] stack backtrace:
[INFO] [stdout]    0:     0x5c98f37828e1 - <<std[617be2ca0a6fd877]::sys::backtrace::BacktraceLock>::print::DisplayBacktrace as core[a373ad73a504971]::fmt::Display>::fmt
[INFO] [stdout]    1:     0x5c98f379878a - core[a373ad73a504971]::fmt::write
[INFO] [stdout]    2:     0x5c98f378706c - <alloc[2e1b2a31b91974c5]::vec::Vec<u8> as core[a373ad73a504971]::io::write::Write>::write_fmt
[INFO] [stdout]    3:     0x5c98f375df66 - std[617be2ca0a6fd877]::panicking::default_hook::{closure#0}
[INFO] [stdout]    4:     0x5c98f377ab69 - std[617be2ca0a6fd877]::panicking::default_hook
[INFO] [stdout]    5:     0x5c98f36f3640 - test[aada8e7e76ba119b]::test_main_inner::{closure#0}
[INFO] [stdout]    6:     0x5c98f377ae92 - std[617be2ca0a6fd877]::panicking::panic_with_hook
[INFO] [stdout]    7:     0x5c98f375e012 - std[617be2ca0a6fd877]::panicking::panic_handler::{closure#0}
[INFO] [stdout]    8:     0x5c98f37566e9 - std[617be2ca0a6fd877]::sys::backtrace::__rust_end_short_backtrace::<std[617be2ca0a6fd877]::panicking::panic_handler::{closure#0}, !>
[INFO] [stdout]    9:     0x5c98f375ed2d - __rustc[ea4f61d10b84890b]::rust_begin_unwind
[INFO] [stdout]   10:     0x5c98f3798eec - core[a373ad73a504971]::panicking::panic_fmt
[INFO] [stdout]   11:     0x5c98f36d80c3 - <quiet_core[4cc8bbcf397e56ee]::parser::tests::test_parse_osm_graph_properties::{closure#0} as core[a373ad73a504971]::ops::function::FnOnce<()>>::call_once
[INFO] [stdout]   12:     0x5c98f36e6a8b - test[aada8e7e76ba119b]::__rust_begin_short_backtrace::<core[a373ad73a504971]::result::Result<(), alloc[2e1b2a31b91974c5]::string::String>, fn() -> core[a373ad73a504971]::result::Result<(), alloc[2e1b2a31b91974c5]::string::String>>
[INFO] [stdout]   13:     0x5c98f36f3c65 - test[aada8e7e76ba119b]::run_test::{closure#0}
[INFO] [stdout]   14:     0x5c98f36ed554 - std[617be2ca0a6fd877]::sys::backtrace::__rust_begin_short_backtrace::<test[aada8e7e76ba119b]::run_test::{closure#1}, ()>
[INFO] [stdout]   15:     0x5c98f36f6cf2 - <std[617be2ca0a6fd877]::thread::lifecycle::spawn_unchecked<test[aada8e7e76ba119b]::run_test::{closure#1}, ()>::{closure#1} as core[a373ad73a504971]::ops::function::FnOnce<()>>::call_once::{shim:vtable#0}
[INFO] [stdout]   16:     0x5c98f37820ff - <std[617be2ca0a6fd877]::sys::thread::unix::Thread>::new::thread_start
[INFO] [stdout]   17:     0x751540d41dfa - <unknown>
[INFO] [stdout]   18:     0x751540dd53d4 - clone
[INFO] [stdout]   19:                0x0 - <unknown>
[INFO] [stdout] 
[INFO] [stdout] ---- safety::tests::test_real_safety stdout ----
[INFO] [stdout] 
[INFO] [stdout] thread 'safety::tests::test_real_safety' (2858) panicked at quiet-core/src/safety.rs:270:46:
[INFO] [stdout] called `Result::unwrap()` on an `Err` value: No such file or directory (os error 2)
[INFO] [stdout] 
[INFO] [stdout] Stack backtrace:
[INFO] [stdout]    0: <anyhow::Error as core::convert::From<core::io::error::Error>>::from
[INFO] [stdout]    1: utils::kml::parse_kml_coordinates
[INFO] [stdout]    2: <alloc::vec::Vec<(alloc::vec::Vec<[f64; 2]>, bool)> as alloc::vec::spec_extend::SpecExtend<(alloc::vec::Vec<[f64; 2]>, bool), core::iter::adapters::map::Map<core::iter::adapters::take_while::TakeWhile<core::iter::adapters::map::Map<core::iter::adapters::map::Map<rayon::vec::SliceDrain<(&str, bool)>, &<quiet_core::safety::SafetyLayer>::new<&str>::{closure#0}>, &<core::result::Result<_, _> as rayon::iter::FromParallelIterator<core::result::Result<_, _>>>::from_par_iter::ok<(alloc::vec::Vec<[f64; 2]>, bool), anyhow::Error>::{closure#0}>, <rayon::iter::while_some::WhileSomeFolder<_> as rayon::iter::plumbing::Folder<core::option::Option<_>>>::consume_iter::some<(alloc::vec::Vec<[f64; 2]>, bool)>::{closure#0}>, <core::option::Option<(alloc::vec::Vec<[f64; 2]>, bool)>>::unwrap>>>::spec_extend
[INFO] [stdout]    3: rayon::iter::plumbing::bridge_producer_consumer::helper::<rayon::vec::DrainProducer<(&str, bool)>, rayon::iter::map::MapConsumer<rayon::iter::map::MapConsumer<rayon::iter::while_some::WhileSomeConsumer<rayon::iter::extend::ListVecConsumer>, <core::result::Result<_, _> as rayon::iter::FromParallelIterator<core::result::Result<_, _>>>::from_par_iter::ok<(alloc::vec::Vec<[f64; 2]>, bool), anyhow::Error>::{closure#0}>, <quiet_core::safety::SafetyLayer>::new<&str>::{closure#0}>>
[INFO] [stdout]    4: rayon_core::join::join_context::<rayon::iter::plumbing::bridge_producer_consumer::helper<rayon::vec::DrainProducer<(&str, bool)>, rayon::iter::map::MapConsumer<rayon::iter::map::MapConsumer<rayon::iter::while_some::WhileSomeConsumer<rayon::iter::extend::ListVecConsumer>, <core::result::Result<_, _> as rayon::iter::FromParallelIterator<core::result::Result<_, _>>>::from_par_iter::ok<(alloc::vec::Vec<[f64; 2]>, bool), anyhow::Error>::{closure#0}>, <quiet_core::safety::SafetyLayer>::new<&str>::{closure#0}>>::{closure#0}, rayon::iter::plumbing::bridge_producer_consumer::helper<rayon::vec::DrainProducer<(&str, bool)>, rayon::iter::map::MapConsumer<rayon::iter::map::MapConsumer<rayon::iter::while_some::WhileSomeConsumer<rayon::iter::extend::ListVecConsumer>, <core::result::Result<_, _> as rayon::iter::FromParallelIterator<core::result::Result<_, _>>>::from_par_iter::ok<(alloc::vec::Vec<[f64; 2]>, bool), anyhow::Error>::{closure#0}>, <quiet_core::safety::SafetyLayer>::new<&str>::{closure#0}>>::{closure#1}, alloc::collections::linked_list::LinkedList<alloc::vec::Vec<(alloc::vec::Vec<[f64; 2]>, bool)>>, alloc::collections::linked_list::LinkedList<alloc::vec::Vec<(alloc::vec::Vec<[f64; 2]>, bool)>>>::{closure#0}
[INFO] [stdout]    5: rayon::iter::plumbing::bridge_producer_consumer::helper::<rayon::vec::DrainProducer<(&str, bool)>, rayon::iter::map::MapConsumer<rayon::iter::map::MapConsumer<rayon::iter::while_some::WhileSomeConsumer<rayon::iter::extend::ListVecConsumer>, <core::result::Result<_, _> as rayon::iter::FromParallelIterator<core::result::Result<_, _>>>::from_par_iter::ok<(alloc::vec::Vec<[f64; 2]>, bool), anyhow::Error>::{closure#0}>, <quiet_core::safety::SafetyLayer>::new<&str>::{closure#0}>>
[INFO] [stdout]    6: rayon_core::join::join_context::<rayon::iter::plumbing::bridge_producer_consumer::helper<rayon::vec::DrainProducer<(&str, bool)>, rayon::iter::map::MapConsumer<rayon::iter::map::MapConsumer<rayon::iter::while_some::WhileSomeConsumer<rayon::iter::extend::ListVecConsumer>, <core::result::Result<_, _> as rayon::iter::FromParallelIterator<core::result::Result<_, _>>>::from_par_iter::ok<(alloc::vec::Vec<[f64; 2]>, bool), anyhow::Error>::{closure#0}>, <quiet_core::safety::SafetyLayer>::new<&str>::{closure#0}>>::{closure#0}, rayon::iter::plumbing::bridge_producer_consumer::helper<rayon::vec::DrainProducer<(&str, bool)>, rayon::iter::map::MapConsumer<rayon::iter::map::MapConsumer<rayon::iter::while_some::WhileSomeConsumer<rayon::iter::extend::ListVecConsumer>, <core::result::Result<_, _> as rayon::iter::FromParallelIterator<core::result::Result<_, _>>>::from_par_iter::ok<(alloc::vec::Vec<[f64; 2]>, bool), anyhow::Error>::{closure#0}>, <quiet_core::safety::SafetyLayer>::new<&str>::{closure#0}>>::{closure#1}, alloc::collections::linked_list::LinkedList<alloc::vec::Vec<(alloc::vec::Vec<[f64; 2]>, bool)>>, alloc::collections::linked_list::LinkedList<alloc::vec::Vec<(alloc::vec::Vec<[f64; 2]>, bool)>>>::{closure#0}
[INFO] [stdout]    7: <rayon_core::job::StackJob<rayon_core::latch::LatchRef<rayon_core::latch::LockLatch>, <rayon_core::registry::Registry>::in_worker_cold<rayon_core::join::join_context<rayon::iter::plumbing::bridge_producer_consumer::helper<rayon::vec::DrainProducer<(&str, bool)>, rayon::iter::map::MapConsumer<rayon::iter::map::MapConsumer<rayon::iter::while_some::WhileSomeConsumer<rayon::iter::extend::ListVecConsumer>, <core::result::Result<_, _> as rayon::iter::FromParallelIterator<core::result::Result<_, _>>>::from_par_iter::ok<(alloc::vec::Vec<[f64; 2]>, bool), anyhow::Error>::{closure#0}>, <quiet_core::safety::SafetyLayer>::new<&str>::{closure#0}>>::{closure#0}, rayon::iter::plumbing::bridge_producer_consumer::helper<rayon::vec::DrainProducer<(&str, bool)>, rayon::iter::map::MapConsumer<rayon::iter::map::MapConsumer<rayon::iter::while_some::WhileSomeConsumer<rayon::iter::extend::ListVecConsumer>, <core::result::Result<_, _> as rayon::iter::FromParallelIterator<core::result::Result<_, _>>>::from_par_iter::ok<(alloc::vec::Vec<[f64; 2]>, bool), anyhow::Error>::{closure#0}>, <quiet_core::safety::SafetyLayer>::new<&str>::{closure#0}>>::{closure#1}, alloc::collections::linked_list::LinkedList<alloc::vec::Vec<(alloc::vec::Vec<[f64; 2]>, bool)>>, alloc::collections::linked_list::LinkedList<alloc::vec::Vec<(alloc::vec::Vec<[f64; 2]>, bool)>>>::{closure#0}, (alloc::collections::linked_list::LinkedList<alloc::vec::Vec<(alloc::vec::Vec<[f64; 2]>, bool)>>, alloc::collections::linked_list::LinkedList<alloc::vec::Vec<(alloc::vec::Vec<[f64; 2]>, bool)>>)>::{closure#0}::{closure#0}, (alloc::collections::linked_list::LinkedList<alloc::vec::Vec<(alloc::vec::Vec<[f64; 2]>, bool)>>, alloc::collections::linked_list::LinkedList<alloc::vec::Vec<(alloc::vec::Vec<[f64; 2]>, bool)>>)> as rayon_core::job::Job>::execute
[INFO] [stdout]    8: <rayon_core::registry::WorkerThread>::wait_until_cold
[INFO] [stdout]    9: <rayon_core::registry::ThreadBuilder>::run
[INFO] [stdout]   10: std::sys::backtrace::__rust_begin_short_backtrace::<<rayon_core::registry::DefaultSpawn as rayon_core::registry::ThreadSpawn>::spawn::{closure#0}, ()>
[INFO] [stdout]   11: <std::thread::lifecycle::spawn_unchecked<<rayon_core::registry::DefaultSpawn as rayon_core::registry::ThreadSpawn>::spawn::{closure#0}, ()>::{closure#1} as core::ops::function::FnOnce<()>>::call_once::{shim:vtable#0}
[INFO] [stdout]   12: <std::sys::thread::unix::Thread>::new::thread_start
[INFO] [stdout]   13: <unknown>
[INFO] [stdout]   14: clone
[INFO] [stdout] stack backtrace:
[INFO] [stdout]    0:     0x5c98f37828e1 - <<std[617be2ca0a6fd877]::sys::backtrace::BacktraceLock>::print::DisplayBacktrace as core[a373ad73a504971]::fmt::Display>::fmt
[INFO] [stdout]    1:     0x5c98f379878a - core[a373ad73a504971]::fmt::write
[INFO] [stdout]    2:     0x5c98f378706c - <alloc[2e1b2a31b91974c5]::vec::Vec<u8> as core[a373ad73a504971]::io::write::Write>::write_fmt
[INFO] [stdout]    3:     0x5c98f375df66 - std[617be2ca0a6fd877]::panicking::default_hook::{closure#0}
[INFO] [stdout]    4:     0x5c98f377ab69 - std[617be2ca0a6fd877]::panicking::default_hook
[INFO] [stdout]    5:     0x5c98f36f3640 - test[aada8e7e76ba119b]::test_main_inner::{closure#0}
[INFO] [stdout]    6:     0x5c98f377ae92 - std[617be2ca0a6fd877]::panicking::panic_with_hook
[INFO] [stdout]    7:     0x5c98f375e012 - std[617be2ca0a6fd877]::panicking::panic_handler::{closure#0}
[INFO] [stdout]    8:     0x5c98f37566e9 - std[617be2ca0a6fd877]::sys::backtrace::__rust_end_short_backtrace::<std[617be2ca0a6fd877]::panicking::panic_handler::{closure#0}, !>
[INFO] [stdout]    9:     0x5c98f375ed2d - __rustc[ea4f61d10b84890b]::rust_begin_unwind
[INFO] [stdout]   10:     0x5c98f3798eec - core[a373ad73a504971]::panicking::panic_fmt
[INFO] [stdout]   11:     0x5c98f3798cc2 - core[a373ad73a504971]::result::unwrap_failed
[INFO] [stdout]   12:     0x5c98f36d5cfa - <quiet_core[4cc8bbcf397e56ee]::safety::tests::test_real_safety::{closure#0} as core[a373ad73a504971]::ops::function::FnOnce<()>>::call_once
[INFO] [stdout]   13:     0x5c98f36e6a8b - test[aada8e7e76ba119b]::__rust_begin_short_backtrace::<core[a373ad73a504971]::result::Result<(), alloc[2e1b2a31b91974c5]::string::String>, fn() -> core[a373ad73a504971]::result::Result<(), alloc[2e1b2a31b91974c5]::string::String>>
[INFO] [stdout]   14:     0x5c98f36f3c65 - test[aada8e7e76ba119b]::run_test::{closure#0}
[INFO] [stdout]   15:     0x5c98f36ed554 - std[617be2ca0a6fd877]::sys::backtrace::__rust_begin_short_backtrace::<test[aada8e7e76ba119b]::run_test::{closure#1}, ()>
[INFO] [stdout]   16:     0x5c98f36f6cf2 - <std[617be2ca0a6fd877]::thread::lifecycle::spawn_unchecked<test[aada8e7e76ba119b]::run_test::{closure#1}, ()>::{closure#1} as core[a373ad73a504971]::ops::function::FnOnce<()>>::call_once::{shim:vtable#0}
[INFO] [stdout]   17:     0x5c98f37820ff - <std[617be2ca0a6fd877]::sys::thread::unix::Thread>::new::thread_start
[INFO] [stdout]   18:     0x751540d41dfa - <unknown>
[INFO] [stdout]   19:     0x751540dd53d4 - clone
[INFO] [stdout]   20:                0x0 - <unknown>
[INFO] [stdout] 
[INFO] [stdout] ---- safety::tests::test_is_lit stdout ----
[INFO] [stdout] 
[INFO] [stdout] thread 'safety::tests::test_is_lit' (2857) panicked at quiet-core/src/safety.rs:347:46:
[INFO] [stdout] called `Result::unwrap()` on an `Err` value: No such file or directory (os error 2)
[INFO] [stdout] 
[INFO] [stdout] Stack backtrace:
[INFO] [stdout]    0: <anyhow::Error as core::convert::From<core::io::error::Error>>::from
[INFO] [stdout]    1: utils::kml::parse_kml_coordinates
[INFO] [stdout]    2: <alloc::vec::Vec<(alloc::vec::Vec<[f64; 2]>, bool)> as alloc::vec::spec_extend::SpecExtend<(alloc::vec::Vec<[f64; 2]>, bool), core::iter::adapters::map::Map<core::iter::adapters::take_while::TakeWhile<core::iter::adapters::map::Map<core::iter::adapters::map::Map<rayon::vec::SliceDrain<(&str, bool)>, &<quiet_core::safety::SafetyLayer>::new<&str>::{closure#0}>, &<core::result::Result<_, _> as rayon::iter::FromParallelIterator<core::result::Result<_, _>>>::from_par_iter::ok<(alloc::vec::Vec<[f64; 2]>, bool), anyhow::Error>::{closure#0}>, <rayon::iter::while_some::WhileSomeFolder<_> as rayon::iter::plumbing::Folder<core::option::Option<_>>>::consume_iter::some<(alloc::vec::Vec<[f64; 2]>, bool)>::{closure#0}>, <core::option::Option<(alloc::vec::Vec<[f64; 2]>, bool)>>::unwrap>>>::spec_extend
[INFO] [stdout]    3: rayon::iter::plumbing::bridge_producer_consumer::helper::<rayon::vec::DrainProducer<(&str, bool)>, rayon::iter::map::MapConsumer<rayon::iter::map::MapConsumer<rayon::iter::while_some::WhileSomeConsumer<rayon::iter::extend::ListVecConsumer>, <core::result::Result<_, _> as rayon::iter::FromParallelIterator<core::result::Result<_, _>>>::from_par_iter::ok<(alloc::vec::Vec<[f64; 2]>, bool), anyhow::Error>::{closure#0}>, <quiet_core::safety::SafetyLayer>::new<&str>::{closure#0}>>
[INFO] [stdout]    4: rayon_core::join::join_context::<rayon::iter::plumbing::bridge_producer_consumer::helper<rayon::vec::DrainProducer<(&str, bool)>, rayon::iter::map::MapConsumer<rayon::iter::map::MapConsumer<rayon::iter::while_some::WhileSomeConsumer<rayon::iter::extend::ListVecConsumer>, <core::result::Result<_, _> as rayon::iter::FromParallelIterator<core::result::Result<_, _>>>::from_par_iter::ok<(alloc::vec::Vec<[f64; 2]>, bool), anyhow::Error>::{closure#0}>, <quiet_core::safety::SafetyLayer>::new<&str>::{closure#0}>>::{closure#0}, rayon::iter::plumbing::bridge_producer_consumer::helper<rayon::vec::DrainProducer<(&str, bool)>, rayon::iter::map::MapConsumer<rayon::iter::map::MapConsumer<rayon::iter::while_some::WhileSomeConsumer<rayon::iter::extend::ListVecConsumer>, <core::result::Result<_, _> as rayon::iter::FromParallelIterator<core::result::Result<_, _>>>::from_par_iter::ok<(alloc::vec::Vec<[f64; 2]>, bool), anyhow::Error>::{closure#0}>, <quiet_core::safety::SafetyLayer>::new<&str>::{closure#0}>>::{closure#1}, alloc::collections::linked_list::LinkedList<alloc::vec::Vec<(alloc::vec::Vec<[f64; 2]>, bool)>>, alloc::collections::linked_list::LinkedList<alloc::vec::Vec<(alloc::vec::Vec<[f64; 2]>, bool)>>>::{closure#0}
[INFO] [stdout]    5: rayon::iter::plumbing::bridge_producer_consumer::helper::<rayon::vec::DrainProducer<(&str, bool)>, rayon::iter::map::MapConsumer<rayon::iter::map::MapConsumer<rayon::iter::while_some::WhileSomeConsumer<rayon::iter::extend::ListVecConsumer>, <core::result::Result<_, _> as rayon::iter::FromParallelIterator<core::result::Result<_, _>>>::from_par_iter::ok<(alloc::vec::Vec<[f64; 2]>, bool), anyhow::Error>::{closure#0}>, <quiet_core::safety::SafetyLayer>::new<&str>::{closure#0}>>
[INFO] [stdout]    6: <rayon_core::job::StackJob<rayon_core::latch::SpinLatch, rayon_core::join::join_context::call_b<alloc::collections::linked_list::LinkedList<alloc::vec::Vec<(alloc::vec::Vec<[f64; 2]>, bool)>>, rayon::iter::plumbing::bridge_producer_consumer::helper<rayon::vec::DrainProducer<(&str, bool)>, rayon::iter::map::MapConsumer<rayon::iter::map::MapConsumer<rayon::iter::while_some::WhileSomeConsumer<rayon::iter::extend::ListVecConsumer>, <core::result::Result<_, _> as rayon::iter::FromParallelIterator<core::result::Result<_, _>>>::from_par_iter::ok<(alloc::vec::Vec<[f64; 2]>, bool), anyhow::Error>::{closure#0}>, <quiet_core::safety::SafetyLayer>::new<&str>::{closure#0}>>::{closure#1}>::{closure#0}, alloc::collections::linked_list::LinkedList<alloc::vec::Vec<(alloc::vec::Vec<[f64; 2]>, bool)>>> as rayon_core::job::Job>::execute
[INFO] [stdout]    7: <rayon_core::registry::WorkerThread>::wait_until_cold
[INFO] [stdout]    8: <rayon_core::registry::ThreadBuilder>::run
[INFO] [stdout]    9: std::sys::backtrace::__rust_begin_short_backtrace::<<rayon_core::registry::DefaultSpawn as rayon_core::registry::ThreadSpawn>::spawn::{closure#0}, ()>
[INFO] [stdout]   10: <std::thread::lifecycle::spawn_unchecked<<rayon_core::registry::DefaultSpawn as rayon_core::registry::ThreadSpawn>::spawn::{closure#0}, ()>::{closure#1} as core::ops::function::FnOnce<()>>::call_once::{shim:vtable#0}
[INFO] [stdout]   11: <std::sys::thread::unix::Thread>::new::thread_start
[INFO] [stdout]   12: <unknown>
[INFO] [stdout]   13: clone
[INFO] [stdout] stack backtrace:
[INFO] [stdout]    0:     0x5c98f37828e1 - <<std[617be2ca0a6fd877]::sys::backtrace::BacktraceLock>::print::DisplayBacktrace as core[a373ad73a504971]::fmt::Display>::fmt
[INFO] [stdout]    1:     0x5c98f379878a - core[a373ad73a504971]::fmt::write
[INFO] [stdout]    2:     0x5c98f378706c - <alloc[2e1b2a31b91974c5]::vec::Vec<u8> as core[a373ad73a504971]::io::write::Write>::write_fmt
[INFO] [stdout]    3:     0x5c98f375df66 - std[617be2ca0a6fd877]::panicking::default_hook::{closure#0}
[INFO] [stdout]    4:     0x5c98f377ab69 - std[617be2ca0a6fd877]::panicking::default_hook
[INFO] [stdout]    5:     0x5c98f36f3640 - test[aada8e7e76ba119b]::test_main_inner::{closure#0}
[INFO] [stdout]    6:     0x5c98f377ae92 - std[617be2ca0a6fd877]::panicking::panic_with_hook
[INFO] [stdout]    7:     0x5c98f375e012 - std[617be2ca0a6fd877]::panicking::panic_handler::{closure#0}
[INFO] [stdout]    8:     0x5c98f37566e9 - std[617be2ca0a6fd877]::sys::backtrace::__rust_end_short_backtrace::<std[617be2ca0a6fd877]::panicking::panic_handler::{closure#0}, !>
[INFO] [stdout]    9:     0x5c98f375ed2d - __rustc[ea4f61d10b84890b]::rust_begin_unwind
[INFO] [stdout]   10:     0x5c98f3798eec - core[a373ad73a504971]::panicking::panic_fmt
[INFO] [stdout]   11:     0x5c98f3798cc2 - core[a373ad73a504971]::result::unwrap_failed
[INFO] [stdout]   12:     0x5c98f36d59c0 - <quiet_core[4cc8bbcf397e56ee]::safety::tests::test_is_lit::{closure#0} as core[a373ad73a504971]::ops::function::FnOnce<()>>::call_once
[INFO] [stdout]   13:     0x5c98f36e6a8b - test[aada8e7e76ba119b]::__rust_begin_short_backtrace::<core[a373ad73a504971]::result::Result<(), alloc[2e1b2a31b91974c5]::string::String>, fn() -> core[a373ad73a504971]::result::Result<(), alloc[2e1b2a31b91974c5]::string::String>>
[INFO] [stdout]   14:     0x5c98f36f3c65 - test[aada8e7e76ba119b]::run_test::{closure#0}
[INFO] [stdout]   15:     0x5c98f36ed554 - std[617be2ca0a6fd877]::sys::backtrace::__rust_begin_short_backtrace::<test[aada8e7e76ba119b]::run_test::{closure#1}, ()>
[INFO] [stdout]   16:     0x5c98f36f6cf2 - <std[617be2ca0a6fd877]::thread::lifecycle::spawn_unchecked<test[aada8e7e76ba119b]::run_test::{closure#1}, ()>::{closure#1} as core[a373ad73a504971]::ops::function::FnOnce<()>>::call_once::{shim:vtable#0}
[INFO] [stdout]   17:     0x5c98f37820ff - <std[617be2ca0a6fd877]::sys::thread::unix::Thread>::new::thread_start
[INFO] [stdout]   18:     0x751540d41dfa - <unknown>
[INFO] [stdout]   19:     0x751540dd53d4 - clone
[INFO] [stdout]   20:                0x0 - <unknown>
[INFO] [stdout] 
[INFO] [stdout] 
[INFO] [stdout] failures:
[INFO] [stdout]     parser::tests::test_parse_osm_graph_properties
[INFO] [stdout]     parser::tests::test_parse_osm_with_real_file
[INFO] [stdout]     safety::tests::test_is_lit
[INFO] [stdout]     safety::tests::test_real_safety
[INFO] [stdout] 
[INFO] [stdout] test result: FAILED. 4 passed; 4 failed; 0 ignored; 0 measured; 0 filtered out; finished in 0.02s
[INFO] [stdout] 
[INFO] running `Command { std: "docker" "inspect" "b5354472ddfe22e94e1e5590f291c9e1c8d653ab4abafea80ebbe6391a2d4b0e", kill_on_drop: false }`
[INFO] running `Command { std: "docker" "rm" "-f" "b5354472ddfe22e94e1e5590f291c9e1c8d653ab4abafea80ebbe6391a2d4b0e", kill_on_drop: false }`
[INFO] [stdout] b5354472ddfe22e94e1e5590f291c9e1c8d653ab4abafea80ebbe6391a2d4b0e
