[INFO] cloning repository https://github.com/globalbusinessadvisors/Synapse-Graph
[INFO] running `Command { std: "git" "-c" "credential.helper=" "-c" "credential.helper=/workspace/cargo-home/bin/git-credential-null" "clone" "--bare" "https://github.com/globalbusinessadvisors/Synapse-Graph" "/workspace/cache/git-repos/https%3A%2F%2Fgithub.com%2Fglobalbusinessadvisors%2FSynapse-Graph", kill_on_drop: false }`
[INFO] [stderr] Cloning into bare repository '/workspace/cache/git-repos/https%3A%2F%2Fgithub.com%2Fglobalbusinessadvisors%2FSynapse-Graph'...
[INFO] running `Command { std: "git" "rev-parse" "HEAD", kill_on_drop: false }`
[INFO] [stdout] 60a57814c807abc96f1e3906e8addc437c48c1ce
[INFO] testing globalbusinessadvisors/Synapse-Graph against 1.100.0-beta.1+cargoflags=--release for beta-release-1.100-2
[INFO] running `Command { std: "git" "clone" "/workspace/cache/git-repos/https%3A%2F%2Fgithub.com%2Fglobalbusinessadvisors%2FSynapse-Graph" "/workspace/builds/worker-1-tc2/source", kill_on_drop: false }`
[INFO] [stderr] Cloning into '/workspace/builds/worker-1-tc2/source'...
[INFO] [stderr] done.
[INFO] started tweaking git repo https://github.com/globalbusinessadvisors/Synapse-Graph
[INFO] finished tweaking git repo https://github.com/globalbusinessadvisors/Synapse-Graph
[INFO] tweaked toml for git repo https://github.com/globalbusinessadvisors/Synapse-Graph written to /workspace/builds/worker-1-tc2/source/Cargo.toml
[INFO] validating manifest of git repo https://github.com/globalbusinessadvisors/Synapse-Graph on toolchain 1.100.0-beta.1
[INFO] running `Command { std: CARGO_HOME="/workspace/cargo-home" RUSTUP_HOME="/workspace/rustup-home" "/workspace/cargo-home/bin/cargo" "+1.100.0-beta.1" "metadata" "--manifest-path" "Cargo.toml" "--no-deps", kill_on_drop: false }`
[INFO] crate git repo https://github.com/globalbusinessadvisors/Synapse-Graph already has a lockfile, it will not be regenerated
[INFO] running `Command { std: CARGO_HOME="/workspace/cargo-home" RUSTUP_HOME="/workspace/rustup-home" "/workspace/cargo-home/bin/cargo" "+1.100.0-beta.1" "fetch" "--manifest-path" "Cargo.toml", kill_on_drop: false }`
[INFO] [stderr] warning: unused workspace dependency `ruvector-collections`
[INFO] [stderr]  --> Cargo.toml:6:1
[INFO] [stderr]   |
[INFO] [stderr] 6 | ruvector-collections = "2.0.4"
[INFO] [stderr]   | ^^^^^^^^^^^^^^^^^^^^
[INFO] [stderr]   |
[INFO] [stderr]   = note: `cargo::unused_workspace_dependencies` is set to `warn` by default
[INFO] [stderr] help: consider removing the workspace dependency `ruvector-collections`
[INFO] [stderr] warning: unused workspace dependency `ruvector-core`
[INFO] [stderr]  --> Cargo.toml:7:1
[INFO] [stderr]   |
[INFO] [stderr] 7 | ruvector-core = "2.0.5"
[INFO] [stderr]   | ^^^^^^^^^^^^^
[INFO] [stderr]   |
[INFO] [stderr] help: consider removing the workspace dependency `ruvector-core`
[INFO] [stderr] warning: unused workspace dependency `ruvector-math`
[INFO] [stderr]  --> Cargo.toml:8:1
[INFO] [stderr]   |
[INFO] [stderr] 8 | ruvector-math = "2.0.4"
[INFO] [stderr]   | ^^^^^^^^^^^^^
[INFO] [stderr]   |
[INFO] [stderr] help: consider removing the workspace dependency `ruvector-math`
[INFO] [stderr] warning: workspace (manifest) generated 3 warnings
[INFO] running `Command { std: "docker" "create" "-v" "/var/lib/crater-agent-workspace/builds/worker-1-tc2/source:/opt/rustwide/workdir:ro,Z" "-v" "/var/lib/crater-agent-workspace/builds/worker-1-tc2/target:/opt/rustwide/target:rw,Z" "-v" "/var/lib/crater-agent-workspace/cargo-home:/opt/rustwide/cargo-home:ro,Z" "-v" "/var/lib/crater-agent-workspace/rustup-home:/opt/rustwide/rustup-home:ro,Z" "-m" "1610612736" "--network" "none" "ghcr.io/rust-lang/crates-build-env/linux@sha256:77db811e55d90add9212f6832c23229e3de5f1c1f9905e8cb07319ea15df73ac" "sleep" "infinity", kill_on_drop: false }`
[INFO] [stdout] 95cbd4494e75d04ae551f44f78b9252e69199cb69513a4a11a67ef66fa057685
[INFO] running `Command { std: "docker" "start" "95cbd4494e75d04ae551f44f78b9252e69199cb69513a4a11a67ef66fa057685", kill_on_drop: false }`
[INFO] running `Command { std: "docker" "inspect" "95cbd4494e75d04ae551f44f78b9252e69199cb69513a4a11a67ef66fa057685", kill_on_drop: false }`
[INFO] running `Command { std: "docker" "exec" "-e" "SOURCE_DIR=/opt/rustwide/workdir" "-e" "CARGO_HOME=/opt/rustwide/cargo-home" "-e" "RUSTUP_HOME=/opt/rustwide/rustup-home" "-e" "CARGO_TARGET_DIR=/opt/rustwide/target" "-w" "/opt/rustwide/workdir" "--user" "0:0" "95cbd4494e75d04ae551f44f78b9252e69199cb69513a4a11a67ef66fa057685" "/opt/rustwide/cargo-home/bin/cargo" "+1.100.0-beta.1" "metadata" "--no-deps" "--format-version=1", kill_on_drop: false }`
[INFO] running `Command { std: "docker" "inspect" "95cbd4494e75d04ae551f44f78b9252e69199cb69513a4a11a67ef66fa057685", kill_on_drop: false }`
[INFO] running `Command { std: "docker" "exec" "-e" "SOURCE_DIR=/opt/rustwide/workdir" "-e" "CARGO_HOME=/opt/rustwide/cargo-home" "-e" "RUSTUP_HOME=/opt/rustwide/rustup-home" "-e" "CARGO_TARGET_DIR=/opt/rustwide/target" "-e" "CARGO_INCREMENTAL=0" "-e" "RUST_BACKTRACE=full" "-e" "RUSTFLAGS=--cap-lints=warn" "-e" "RUSTDOCFLAGS=--cap-lints=warn" "-w" "/opt/rustwide/workdir" "--user" "0:0" "95cbd4494e75d04ae551f44f78b9252e69199cb69513a4a11a67ef66fa057685" "/opt/rustwide/cargo-home/bin/cargo" "+1.100.0-beta.1" "build" "--frozen" "--message-format=json" "--release", kill_on_drop: false }`
[INFO] [stderr] warning: unused workspace dependency `ruvector-collections`
[INFO] [stderr]  --> Cargo.toml:6:1
[INFO] [stderr]   |
[INFO] [stderr] 6 | ruvector-collections = "2.0.4"
[INFO] [stderr]   | ^^^^^^^^^^^^^^^^^^^^
[INFO] [stderr]   |
[INFO] [stderr]   = note: `cargo::unused_workspace_dependencies` is set to `warn` by default
[INFO] [stderr] help: consider removing the workspace dependency `ruvector-collections`
[INFO] [stderr] warning: unused workspace dependency `ruvector-core`
[INFO] [stderr]  --> Cargo.toml:7:1
[INFO] [stderr]   |
[INFO] [stderr] 7 | ruvector-core = "2.0.5"
[INFO] [stderr]   | ^^^^^^^^^^^^^
[INFO] [stderr]   |
[INFO] [stderr] help: consider removing the workspace dependency `ruvector-core`
[INFO] [stderr] warning: unused workspace dependency `ruvector-math`
[INFO] [stderr]  --> Cargo.toml:8:1
[INFO] [stderr]   |
[INFO] [stderr] 8 | ruvector-math = "2.0.4"
[INFO] [stderr]   | ^^^^^^^^^^^^^
[INFO] [stderr]   |
[INFO] [stderr] help: consider removing the workspace dependency `ruvector-math`
[INFO] [stderr] warning: workspace (manifest) generated 3 warnings
[INFO] [stderr]    Compiling proc-macro2 v1.0.106
[INFO] [stderr]    Compiling quote v1.0.45
[INFO] [stderr]    Compiling serde v1.0.228
[INFO] [stderr]    Compiling serde_core v1.0.228
[INFO] [stderr]    Compiling syn v2.0.117
[INFO] [stderr]    Compiling serde_derive v1.0.228
[INFO] [stderr]    Compiling serde_json v1.0.149
[INFO] [stderr]    Compiling synapse-graph-types v0.1.0 (/opt/rustwide/workdir/crates/synapse-graph-types)
[INFO] [stderr]    Compiling synapse-graph-cognitive v0.1.0 (/opt/rustwide/workdir/crates/synapse-graph-cognitive)
[INFO] [stderr]    Compiling synapse-graph-memory v0.1.0 (/opt/rustwide/workdir/crates/synapse-graph-memory)
[INFO] [stderr]    Compiling synapse-graph-provenance v0.1.0 (/opt/rustwide/workdir/crates/synapse-graph-provenance)
[INFO] [stderr]    Compiling synapse-graph-ingestion v0.1.0 (/opt/rustwide/workdir/crates/synapse-graph-ingestion)
[INFO] [stderr]    Compiling synapse-graph-temporal v0.1.0 (/opt/rustwide/workdir/crates/synapse-graph-temporal)
[INFO] [stdout] warning: methods `capacity` and `evicted_count` are never used
[INFO] [stdout]   --> crates/synapse-graph-temporal/src/ring_buffer.rs:55:12
[INFO] [stdout]    |
[INFO] [stdout] 17 | impl<T> RingBuffer<T> {
[INFO] [stdout]    | --------------------- methods in this implementation
[INFO] [stdout] ...
[INFO] [stdout] 55 |     pub fn capacity(&self) -> usize {
[INFO] [stdout]    |            ^^^^^^^^
[INFO] [stdout] ...
[INFO] [stdout] 59 |     pub fn evicted_count(&self) -> usize {
[INFO] [stdout]    |            ^^^^^^^^^^^^^
[INFO] [stdout]    |
[INFO] [stdout]    = note: `#[warn(dead_code)]` (part of `#[warn(unused)]`) on by default
[INFO] [stdout] 
[INFO] [stdout] 
[INFO] [stderr]    Compiling synapse-graph-prediction v0.1.0 (/opt/rustwide/workdir/crates/synapse-graph-prediction)
[INFO] [stderr]    Compiling synapse-graph-adaptation v0.1.0 (/opt/rustwide/workdir/crates/synapse-graph-adaptation)
[INFO] [stderr]    Compiling synapse-graph-core v0.1.0 (/opt/rustwide/workdir/crates/synapse-graph-core)
[INFO] [stderr]    Compiling synapse-graph-wasm v0.1.0 (/opt/rustwide/workdir/crates/synapse-graph-wasm)
[INFO] [stderr]     Finished `release` profile [optimized] target(s) in 21.54s
[INFO] running `Command { std: "docker" "inspect" "95cbd4494e75d04ae551f44f78b9252e69199cb69513a4a11a67ef66fa057685", kill_on_drop: false }`
[INFO] running `Command { std: "docker" "exec" "-e" "SOURCE_DIR=/opt/rustwide/workdir" "-e" "CARGO_HOME=/opt/rustwide/cargo-home" "-e" "RUSTUP_HOME=/opt/rustwide/rustup-home" "-e" "CARGO_TARGET_DIR=/opt/rustwide/target" "-e" "CARGO_INCREMENTAL=0" "-e" "RUST_BACKTRACE=full" "-e" "RUSTFLAGS=--cap-lints=warn" "-e" "RUSTDOCFLAGS=--cap-lints=warn" "-w" "/opt/rustwide/workdir" "--user" "0:0" "95cbd4494e75d04ae551f44f78b9252e69199cb69513a4a11a67ef66fa057685" "/opt/rustwide/cargo-home/bin/cargo" "+1.100.0-beta.1" "test" "--frozen" "--no-run" "--message-format=json" "--release", kill_on_drop: false }`
[INFO] [stderr] warning: unused workspace dependency `ruvector-collections`
[INFO] [stderr]  --> Cargo.toml:6:1
[INFO] [stderr]   |
[INFO] [stderr] 6 | ruvector-collections = "2.0.4"
[INFO] [stderr]   | ^^^^^^^^^^^^^^^^^^^^
[INFO] [stderr]   |
[INFO] [stderr]   = note: `cargo::unused_workspace_dependencies` is set to `warn` by default
[INFO] [stderr] help: consider removing the workspace dependency `ruvector-collections`
[INFO] [stderr] warning: unused workspace dependency `ruvector-core`
[INFO] [stderr]  --> Cargo.toml:7:1
[INFO] [stderr]   |
[INFO] [stderr] 7 | ruvector-core = "2.0.5"
[INFO] [stderr]   | ^^^^^^^^^^^^^
[INFO] [stderr]   |
[INFO] [stderr] help: consider removing the workspace dependency `ruvector-core`
[INFO] [stderr] warning: unused workspace dependency `ruvector-math`
[INFO] [stderr]  --> Cargo.toml:8:1
[INFO] [stderr]   |
[INFO] [stderr] 8 | ruvector-math = "2.0.4"
[INFO] [stderr]   | ^^^^^^^^^^^^^
[INFO] [stderr]   |
[INFO] [stderr] help: consider removing the workspace dependency `ruvector-math`
[INFO] [stderr] warning: workspace (manifest) generated 3 warnings
[INFO] [stderr]    Compiling synapse-graph-types v0.1.0 (/opt/rustwide/workdir/crates/synapse-graph-types)
[INFO] [stderr]    Compiling synapse-graph-temporal v0.1.0 (/opt/rustwide/workdir/crates/synapse-graph-temporal)
[INFO] [stderr]    Compiling synapse-graph-cognitive v0.1.0 (/opt/rustwide/workdir/crates/synapse-graph-cognitive)
[INFO] [stderr]    Compiling synapse-graph-provenance v0.1.0 (/opt/rustwide/workdir/crates/synapse-graph-provenance)
[INFO] [stderr]    Compiling synapse-graph-ingestion v0.1.0 (/opt/rustwide/workdir/crates/synapse-graph-ingestion)
[INFO] [stderr]    Compiling synapse-graph-memory v0.1.0 (/opt/rustwide/workdir/crates/synapse-graph-memory)
[INFO] [stderr]    Compiling synapse-graph-prediction v0.1.0 (/opt/rustwide/workdir/crates/synapse-graph-prediction)
[INFO] [stderr]    Compiling synapse-graph-core v0.1.0 (/opt/rustwide/workdir/crates/synapse-graph-core)
[INFO] [stderr]    Compiling synapse-graph-adaptation v0.1.0 (/opt/rustwide/workdir/crates/synapse-graph-adaptation)
[INFO] [stdout] warning: methods `capacity` and `evicted_count` are never used
[INFO] [stdout]   --> crates/synapse-graph-temporal/src/ring_buffer.rs:55:12
[INFO] [stdout]    |
[INFO] [stdout] 17 | impl<T> RingBuffer<T> {
[INFO] [stdout]    | --------------------- methods in this implementation
[INFO] [stdout] ...
[INFO] [stdout] 55 |     pub fn capacity(&self) -> usize {
[INFO] [stdout]    |            ^^^^^^^^
[INFO] [stdout] ...
[INFO] [stdout] 59 |     pub fn evicted_count(&self) -> usize {
[INFO] [stdout]    |            ^^^^^^^^^^^^^
[INFO] [stdout]    |
[INFO] [stdout]    = note: `#[warn(dead_code)]` (part of `#[warn(unused)]`) on by default
[INFO] [stdout] 
[INFO] [stdout] 
[INFO] [stderr]    Compiling synapse-graph-wasm v0.1.0 (/opt/rustwide/workdir/crates/synapse-graph-wasm)
[INFO] [stdout] warning: method `capacity` is never used
[INFO] [stdout]   --> crates/synapse-graph-temporal/src/ring_buffer.rs:55:12
[INFO] [stdout]    |
[INFO] [stdout] 17 | impl<T> RingBuffer<T> {
[INFO] [stdout]    | --------------------- method in this implementation
[INFO] [stdout] ...
[INFO] [stdout] 55 |     pub fn capacity(&self) -> usize {
[INFO] [stdout]    |            ^^^^^^^^
[INFO] [stdout]    |
[INFO] [stdout]    = note: `#[warn(dead_code)]` (part of `#[warn(unused)]`) on by default
[INFO] [stdout] 
[INFO] [stdout] 
[INFO] [stderr]     Finished `release` profile [optimized] target(s) in 19.67s
[INFO] running `Command { std: "docker" "inspect" "95cbd4494e75d04ae551f44f78b9252e69199cb69513a4a11a67ef66fa057685", kill_on_drop: false }`
[INFO] running `Command { std: "docker" "exec" "-e" "SOURCE_DIR=/opt/rustwide/workdir" "-e" "CARGO_HOME=/opt/rustwide/cargo-home" "-e" "RUSTUP_HOME=/opt/rustwide/rustup-home" "-e" "CARGO_TARGET_DIR=/opt/rustwide/target" "-e" "CARGO_INCREMENTAL=0" "-e" "RUST_BACKTRACE=full" "-e" "RUSTFLAGS=--cap-lints=warn" "-e" "RUSTDOCFLAGS=--cap-lints=warn" "-w" "/opt/rustwide/workdir" "--user" "0:0" "95cbd4494e75d04ae551f44f78b9252e69199cb69513a4a11a67ef66fa057685" "/opt/rustwide/cargo-home/bin/cargo" "+1.100.0-beta.1" "test" "--frozen" "--release", kill_on_drop: false }`
[INFO] [stderr] warning: unused workspace dependency `ruvector-collections`
[INFO] [stderr]  --> Cargo.toml:6:1
[INFO] [stderr]   |
[INFO] [stderr] 6 | ruvector-collections = "2.0.4"
[INFO] [stderr]   | ^^^^^^^^^^^^^^^^^^^^
[INFO] [stderr]   |
[INFO] [stderr]   = note: `cargo::unused_workspace_dependencies` is set to `warn` by default
[INFO] [stderr] help: consider removing the workspace dependency `ruvector-collections`
[INFO] [stderr] warning: unused workspace dependency `ruvector-core`
[INFO] [stderr]  --> Cargo.toml:7:1
[INFO] [stderr]   |
[INFO] [stderr] 7 | ruvector-core = "2.0.5"
[INFO] [stderr]   | ^^^^^^^^^^^^^
[INFO] [stderr]   |
[INFO] [stderr] help: consider removing the workspace dependency `ruvector-core`
[INFO] [stderr] warning: unused workspace dependency `ruvector-math`
[INFO] [stderr]  --> Cargo.toml:8:1
[INFO] [stderr]   |
[INFO] [stderr] 8 | ruvector-math = "2.0.4"
[INFO] [stderr]   | ^^^^^^^^^^^^^
[INFO] [stderr]   |
[INFO] [stderr] help: consider removing the workspace dependency `ruvector-math`
[INFO] [stderr] warning: workspace (manifest) generated 3 warnings
[INFO] [stderr] warning: methods `capacity` and `evicted_count` are never used
[INFO] [stderr]   --> crates/synapse-graph-temporal/src/ring_buffer.rs:55:12
[INFO] [stderr]    |
[INFO] [stderr] 17 | impl<T> RingBuffer<T> {
[INFO] [stderr]    | --------------------- methods in this implementation
[INFO] [stderr] ...
[INFO] [stderr] 55 |     pub fn capacity(&self) -> usize {
[INFO] [stderr]    |            ^^^^^^^^
[INFO] [stderr] ...
[INFO] [stderr] 59 |     pub fn evicted_count(&self) -> usize {
[INFO] [stderr]    |            ^^^^^^^^^^^^^
[INFO] [stderr]    |
[INFO] [stderr]    = note: `#[warn(dead_code)]` (part of `#[warn(unused)]`) on by default
[INFO] [stderr] 
[INFO] [stderr] warning: `synapse-graph-temporal` (lib) generated 1 warning
[INFO] [stderr] warning: method `capacity` is never used
[INFO] [stderr]   --> crates/synapse-graph-temporal/src/ring_buffer.rs:55:12
[INFO] [stderr]    |
[INFO] [stderr] 17 | impl<T> RingBuffer<T> {
[INFO] [stderr]    | --------------------- method in this implementation
[INFO] [stderr] ...
[INFO] [stderr] 55 |     pub fn capacity(&self) -> usize {
[INFO] [stderr]    |            ^^^^^^^^
[INFO] [stderr]    |
[INFO] [stderr]    = note: `#[warn(dead_code)]` (part of `#[warn(unused)]`) on by default
[INFO] [stderr] 
[INFO] [stderr] warning: `synapse-graph-temporal` (lib test) generated 1 warning
[INFO] [stderr]     Finished `release` profile [optimized] target(s) in 0.07s
[INFO] [stderr]      Running unittests src/lib.rs (/opt/rustwide/target/release/build/synapse-graph-adaptation/02c42c8f56d46626/out/synapse_graph_adaptation-02c42c8f56d46626)
[INFO] [stdout] 
[INFO] [stdout] running 17 tests
[INFO] [stdout] test tests::adapt_high_urgency_latency ... ok
[INFO] [stdout] test tests::consolidate_applies_ewc_regularization ... ok
[INFO] [stdout] test tests::ewc_protects_important_weights ... ok
[INFO] [stdout] test tests::consolidate_latency ... ok
[INFO] [stdout] test tests::adapt_oscillation_applies_damping ... ok
[INFO] [stdout] test tests::last_delta_tracks_correctly ... ok
[INFO] [stdout] test tests::consolidate_processes_queued_signals ... ok
[INFO] [stdout] test tests::adapt_low_urgency_queues_for_consolidation ... ok
[INFO] [stdout] test tests::lora_target_attention_scorer ... ok
[INFO] [stdout] test tests::lora_target_gnn_engine ... ok
[INFO] [stdout] test tests::lora_target_gnn_engine_wrong_layer ... ok
[INFO] [stdout] test tests::oscillation_detector_detects_sign_flips ... ok
[INFO] [stdout] test tests::adapt_high_urgency_produces_fast_delta ... ok
[INFO] [stdout] test tests::oscillation_detector_no_false_positive ... ok
[INFO] [stdout] test tests::fisher_matrix_computation ... ok
[INFO] [stdout] test tests::lora_delta_memory_bytes ... ok
[INFO] [stdout] test tests::persisted_deltas_survive_reconstruction ... ok
[INFO] [stdout] 
[INFO] [stdout] test result: ok. 17 passed; 0 failed; 0 ignored; 0 measured; 0 filtered out; finished in 0.01s
[INFO] [stdout] 
[INFO] [stderr]      Running unittests src/lib.rs (/opt/rustwide/target/release/build/synapse-graph-cognitive/b4fbcf394aeacec6/out/synapse_graph_cognitive-b4fbcf394aeacec6)
[INFO] [stdout] 
[INFO] [stdout] running 34 tests
[INFO] [stdout] test gnn_engine::tests::attention_proof_verify_empty_temporal ... ok
[INFO] [stdout] test gnn_engine::tests::extract_motifs_finds_planted_triangle ... ok
[INFO] [stdout] test gnn_engine::tests::forward_produces_correct_output_shape ... ok
[INFO] [stdout] test graph::tests::discover_shortcuts_benchmark_1000_nodes ... ok
[INFO] [stdout] test graph::tests::discover_shortcuts_finds_planted_motifs ... ok
[INFO] [stdout] test graph::tests::discover_shortcuts_rejects_invalid_proofs ... ok
[INFO] [stdout] test graph::tests::heal_benchmark ... ok
[INFO] [stdout] test graph::tests::heal_prunes_dead_nodes ... ok
[INFO] [stdout] test graph::tests::shortcut_registry_deregister ... ok
[INFO] [stdout] test gnn_engine::tests::extract_motifs_rejects_invalid_proof ... ok
[INFO] [stdout] test gnn_engine::tests::attention_proof_verify_invalid_hash ... ok
[INFO] [stdout] test gnn_engine::tests::attention_proof_verify_valid ... ok
[INFO] [stdout] test graph::tests::shortcut_registry_find_matching ... ok
[INFO] [stdout] test gnn_engine::tests::composition_weights_sum_correctly ... ok
[INFO] [stdout] test graph::tests::topology_snapshot ... ok
[INFO] [stdout] test graph::tests::update_creates_nodes_from_clusters ... ok
[INFO] [stdout] test healer::tests::heal_prunes_dead_nodes ... ok
[INFO] [stdout] test graph::tests::update_benchmark_100_clusters ... ok
[INFO] [stdout] test graph::tests::heal_reinforces_bottleneck_with_evidence ... ok
[INFO] [stdout] test graph::tests::update_creates_coactivation_edges ... ok
[INFO] [stdout] test graph::tests::healer_detects_planted_bottleneck ... ok
[INFO] [stdout] test graph::tests::update_creates_temporal_sequence_edges ... ok
[INFO] [stdout] test graph::tests::update_merges_duplicate_clusters ... ok
[INFO] [stdout] test healer::tests::heal_prunes_spurious_bridge_without_evidence ... ok
[INFO] [stdout] test gnn_engine::tests::forward_empty_graph ... ok
[INFO] [stdout] test healer::tests::heal_reinforces_with_evidence ... ok
[INFO] [stdout] test hypergraph::tests::different_edge_types_are_separate ... ok
[INFO] [stdout] test hypergraph::tests::neighbors_returns_connected_nodes ... ok
[INFO] [stdout] test healer::tests::analyze_detects_bottleneck ... ok
[INFO] [stdout] test hypergraph::tests::remove_node_cleans_edges ... ok
[INFO] [stdout] test hypergraph::tests::upsert_node_creates_new_node ... ok
[INFO] [stdout] test hypergraph::tests::upsert_node_merges_similar_centroid ... ok
[INFO] [stdout] test hypergraph::tests::upsert_edge_creates_and_updates ... ok
[INFO] [stdout] test hypergraph::tests::to_adjacency_correct_size ... ok
[INFO] [stdout] 
[INFO] [stdout] test result: ok. 34 passed; 0 failed; 0 ignored; 0 measured; 0 filtered out; finished in 0.01s
[INFO] [stdout] 
[INFO] [stderr]      Running unittests src/lib.rs (/opt/rustwide/target/release/build/synapse-graph-core/71bd01954003876e/out/synapse_graph_core-71bd01954003876e)
[INFO] [stdout] 
[INFO] [stdout] running 22 tests
[INFO] [stdout] test tests::adversarial_coherence_gate_rejects_random_embeddings ... ok
[INFO] [stdout] test tests::full_pipeline_ingest_to_predict ... ok
[INFO] [stdout] test tests::adversarial_oscillation_detector_activates ... ok
[INFO] [stdout] test tests::adversarial_proof_gated_attention_rejects_invalid_proofs ... ok
[INFO] [stdout] test tests::benchmark_spike_ingestion_btsp ... ok
[INFO] [stdout] test tests::benchmark_temporal_routing_latency ... ok
[INFO] [stdout] test tests::provenance_contains_complete_causal_chain ... ok
[INFO] [stdout] test tests::benchmark_coherence_gate_latency ... ok
[INFO] [stdout] test tests::feedback_loop_triggers_adaptation ... ok
[INFO] [stdout] test tests::session_lifecycle ... ok
[INFO] [stdout] test tests::maintenance_cycle ... ok
[INFO] [stdout] test tests::end_to_end_with_mock_adapter ... ok
[INFO] [stdout] test tests::benchmark_fast_lora_latency ... ok
[INFO] [stdout] test tests::provenance_deep_trace_from_prediction ... ok
[INFO] [stdout] test tests::benchmark_dag_append_latency ... ok
[INFO] [stdout] test tests::confirmed_feedback_does_not_adapt ... ok
[INFO] [stdout] test tests::benchmark_hnsw_insert_latency ... ok
[INFO] [stdout] test tests::benchmark_slow_lora_consolidation ... ok
[INFO] [stdout] test tests::benchmark_intent_prediction_latency ... ok
[INFO] [stdout] test tests::benchmark_hnsw_knn_latency ... ok
[INFO] [stdout] test tests::end_to_end_15_session_simulation ... ok
[INFO] [stdout] test tests::ingest_benchmark_1024_channels ... FAILED
[INFO] [stdout] 
[INFO] [stdout] failures:
[INFO] [stdout] 
[INFO] [stdout] ---- tests::ingest_benchmark_1024_channels stdout ----
[INFO] [stdout] 
[INFO] [stdout] thread 'tests::ingest_benchmark_1024_channels' (1010) panicked at crates/synapse-graph-core/src/lib.rs:275:9:
[INFO] [stdout] full ingest cycle (1024ch) took 306.77103ms, expected < 50ms
[INFO] [stdout] stack backtrace:
[INFO] [stdout]    0:     0x5e668aa25b51 - <<std[617be2ca0a6fd877]::sys::backtrace::BacktraceLock>::print::DisplayBacktrace as core[a373ad73a504971]::fmt::Display>::fmt
[INFO] [stdout]    1:     0x5e668aa3a59a - core[a373ad73a504971]::fmt::write
[INFO] [stdout]    2:     0x5e668aa29d6c - <alloc[2e1b2a31b91974c5]::vec::Vec<u8> as core[a373ad73a504971]::io::write::Write>::write_fmt
[INFO] [stdout]    3:     0x5e668aa01fb6 - std[617be2ca0a6fd877]::panicking::default_hook::{closure#0}
[INFO] [stdout]    4:     0x5e668aa1e1e9 - std[617be2ca0a6fd877]::panicking::default_hook
[INFO] [stdout]    5:     0x5e668a974470 - test[aada8e7e76ba119b]::test_main_inner::{closure#0}
[INFO] [stdout]    6:     0x5e668aa1e3a2 - std[617be2ca0a6fd877]::panicking::panic_with_hook
[INFO] [stdout]    7:     0x5e668aa02062 - std[617be2ca0a6fd877]::panicking::panic_handler::{closure#0}
[INFO] [stdout]    8:     0x5e668a9fad79 - std[617be2ca0a6fd877]::sys::backtrace::__rust_end_short_backtrace::<std[617be2ca0a6fd877]::panicking::panic_handler::{closure#0}, !>
[INFO] [stdout]    9:     0x5e668aa02c6d - __rustc[ea4f61d10b84890b]::rust_begin_unwind
[INFO] [stdout]   10:     0x5e668aa3accc - core[a373ad73a504971]::panicking::panic_fmt
[INFO] [stdout]   11:     0x5e668a957bcc - <synapse_graph_core[1fb3dfba190cb311]::tests::ingest_benchmark_1024_channels::{closure#0} as core[a373ad73a504971]::ops::function::FnOnce<()>>::call_once
[INFO] [stdout]   12:     0x5e668a9678bb - test[aada8e7e76ba119b]::__rust_begin_short_backtrace::<core[a373ad73a504971]::result::Result<(), alloc[2e1b2a31b91974c5]::string::String>, fn() -> core[a373ad73a504971]::result::Result<(), alloc[2e1b2a31b91974c5]::string::String>>
[INFO] [stdout]   13:     0x5e668a974a95 - test[aada8e7e76ba119b]::run_test::{closure#0}
[INFO] [stdout]   14:     0x5e668a96e384 - std[617be2ca0a6fd877]::sys::backtrace::__rust_begin_short_backtrace::<test[aada8e7e76ba119b]::run_test::{closure#1}, ()>
[INFO] [stdout]   15:     0x5e668a977b22 - <std[617be2ca0a6fd877]::thread::lifecycle::spawn_unchecked<test[aada8e7e76ba119b]::run_test::{closure#1}, ()>::{closure#1} as core[a373ad73a504971]::ops::function::FnOnce<()>>::call_once::{shim:vtable#0}
[INFO] [stdout]   16:     0x5e668aa253af - <std[617be2ca0a6fd877]::sys::thread::unix::Thread>::new::thread_start
[INFO] [stdout]   17:     0x7a254df9ddfa - <unknown>
[INFO] [stdout]   18:     0x7a254e0313d4 - clone
[INFO] [stdout]   19:                0x0 - <unknown>
[INFO] [stdout] 
[INFO] [stdout] 
[INFO] [stdout] failures:
[INFO] [stdout]     tests::ingest_benchmark_1024_channels
[INFO] [stdout] 
[INFO] [stdout] test result: FAILED. 21 passed; 1 failed; 0 ignored; 0 measured; 0 filtered out; finished in 1.67s
[INFO] [stdout] 
[INFO] [stderr] error: test failed, to rerun pass `-p synapse-graph-core --lib`
[INFO] running `Command { std: "docker" "inspect" "95cbd4494e75d04ae551f44f78b9252e69199cb69513a4a11a67ef66fa057685", kill_on_drop: false }`
[INFO] running `Command { std: "docker" "rm" "-f" "95cbd4494e75d04ae551f44f78b9252e69199cb69513a4a11a67ef66fa057685", kill_on_drop: false }`
[INFO] [stdout] 95cbd4494e75d04ae551f44f78b9252e69199cb69513a4a11a67ef66fa057685
