[INFO] cloning repository https://github.com/glmdgrielson/advent-2025
[INFO] running `Command { std: "git" "-c" "credential.helper=" "-c" "credential.helper=/workspace/cargo-home/bin/git-credential-null" "clone" "--bare" "https://github.com/glmdgrielson/advent-2025" "/workspace/cache/git-repos/https%3A%2F%2Fgithub.com%2Fglmdgrielson%2Fadvent-2025", kill_on_drop: false }`
[INFO] [stderr] Cloning into bare repository '/workspace/cache/git-repos/https%3A%2F%2Fgithub.com%2Fglmdgrielson%2Fadvent-2025'...
[INFO] running `Command { std: "git" "rev-parse" "HEAD", kill_on_drop: false }`
[INFO] [stdout] 38dc07460aa37548cbec25d096951035ed47ef49
[INFO] testing glmdgrielson/advent-2025 against 1.99.0-beta.8+cargoflags=--release for beta-release-1.100-2
[INFO] running `Command { std: "git" "clone" "/workspace/cache/git-repos/https%3A%2F%2Fgithub.com%2Fglmdgrielson%2Fadvent-2025" "/workspace/builds/worker-4-tc1/source", kill_on_drop: false }`
[INFO] [stderr] Cloning into '/workspace/builds/worker-4-tc1/source'...
[INFO] [stderr] done.
[INFO] started tweaking git repo https://github.com/glmdgrielson/advent-2025
[INFO] finished tweaking git repo https://github.com/glmdgrielson/advent-2025
[INFO] tweaked toml for git repo https://github.com/glmdgrielson/advent-2025 written to /workspace/builds/worker-4-tc1/source/Cargo.toml
[INFO] validating manifest of git repo https://github.com/glmdgrielson/advent-2025 on toolchain 1.99.0-beta.8
[INFO] running `Command { std: CARGO_HOME="/workspace/cargo-home" RUSTUP_HOME="/workspace/rustup-home" "/workspace/cargo-home/bin/cargo" "+1.99.0-beta.8" "metadata" "--manifest-path" "Cargo.toml" "--no-deps", kill_on_drop: false }`
[INFO] crate git repo https://github.com/glmdgrielson/advent-2025 already has a lockfile, it will not be regenerated
[INFO] running `Command { std: CARGO_HOME="/workspace/cargo-home" RUSTUP_HOME="/workspace/rustup-home" "/workspace/cargo-home/bin/cargo" "+1.99.0-beta.8" "fetch" "--manifest-path" "Cargo.toml", kill_on_drop: false }`
[INFO] [stderr]     Updating crates.io index
[INFO] [stderr]  Downloading crates ...
[INFO] [stderr]   Downloaded simple-grid v2.2.1
[INFO] running `Command { std: "docker" "create" "-v" "/var/lib/crater-agent-workspace/builds/worker-4-tc1/source:/opt/rustwide/workdir:ro,Z" "-v" "/var/lib/crater-agent-workspace/builds/worker-4-tc1/target:/opt/rustwide/target:rw,Z" "-v" "/var/lib/crater-agent-workspace/cargo-home:/opt/rustwide/cargo-home:ro,Z" "-v" "/var/lib/crater-agent-workspace/rustup-home:/opt/rustwide/rustup-home:ro,Z" "-m" "1610612736" "--network" "none" "ghcr.io/rust-lang/crates-build-env/linux@sha256:77db811e55d90add9212f6832c23229e3de5f1c1f9905e8cb07319ea15df73ac" "sleep" "infinity", kill_on_drop: false }`
[INFO] [stdout] 005e5bcb5c34b3ab7f098d16c3ea71fff1cc9644f47ef3de0b195990551337cb
[INFO] running `Command { std: "docker" "start" "005e5bcb5c34b3ab7f098d16c3ea71fff1cc9644f47ef3de0b195990551337cb", kill_on_drop: false }`
[INFO] running `Command { std: "docker" "inspect" "005e5bcb5c34b3ab7f098d16c3ea71fff1cc9644f47ef3de0b195990551337cb", kill_on_drop: false }`
[INFO] running `Command { std: "docker" "exec" "-e" "SOURCE_DIR=/opt/rustwide/workdir" "-e" "CARGO_HOME=/opt/rustwide/cargo-home" "-e" "RUSTUP_HOME=/opt/rustwide/rustup-home" "-e" "CARGO_TARGET_DIR=/opt/rustwide/target" "-w" "/opt/rustwide/workdir" "--user" "0:0" "005e5bcb5c34b3ab7f098d16c3ea71fff1cc9644f47ef3de0b195990551337cb" "/opt/rustwide/cargo-home/bin/cargo" "+1.99.0-beta.8" "metadata" "--no-deps" "--format-version=1", kill_on_drop: false }`
[INFO] running `Command { std: "docker" "inspect" "005e5bcb5c34b3ab7f098d16c3ea71fff1cc9644f47ef3de0b195990551337cb", kill_on_drop: false }`
[INFO] running `Command { std: "docker" "exec" "-e" "SOURCE_DIR=/opt/rustwide/workdir" "-e" "CARGO_HOME=/opt/rustwide/cargo-home" "-e" "RUSTUP_HOME=/opt/rustwide/rustup-home" "-e" "CARGO_TARGET_DIR=/opt/rustwide/target" "-e" "CARGO_INCREMENTAL=0" "-e" "RUST_BACKTRACE=full" "-e" "RUSTFLAGS=--cap-lints=warn" "-e" "RUSTDOCFLAGS=--cap-lints=warn" "-w" "/opt/rustwide/workdir" "--user" "0:0" "005e5bcb5c34b3ab7f098d16c3ea71fff1cc9644f47ef3de0b195990551337cb" "/opt/rustwide/cargo-home/bin/cargo" "+1.99.0-beta.8" "build" "--frozen" "--message-format=json" "--release", kill_on_drop: false }`
[INFO] [stderr]    Compiling memchr v2.7.6
[INFO] [stderr]    Compiling syn v2.0.111
[INFO] [stderr]    Compiling regex-syntax v0.8.8
[INFO] [stderr]    Compiling fixedbitset v0.5.7
[INFO] [stderr]    Compiling simple-grid v2.2.1
[INFO] [stderr]    Compiling indexmap v2.12.1
[INFO] [stderr]    Compiling hashbrown v0.15.5
[INFO] [stderr]    Compiling aho-corasick v1.1.4
[INFO] [stderr]    Compiling petgraph v0.8.3
[INFO] [stderr]    Compiling thiserror-impl v2.0.17
[INFO] [stderr]    Compiling regex-automata v0.4.13
[INFO] [stderr]    Compiling thiserror v2.0.17
[INFO] [stderr]    Compiling regex v1.12.2
[INFO] [stderr]    Compiling advent-2025 v0.1.0 (/opt/rustwide/workdir)
[INFO] [stdout] warning: unused import: `read_file`
[INFO] [stdout]  --> src/bin/puzzle-08.rs:6:19
[INFO] [stdout]   |
[INFO] [stdout] 6 | use advent_2025::{read_file, AdventError, Puzzle};
[INFO] [stdout]   |                   ^^^^^^^^^
[INFO] [stdout]   |
[INFO] [stdout]   = note: `#[warn(unused_imports)]` (part of `#[warn(unused)]`) on by default
[INFO] [stdout] 
[INFO] [stdout] 
[INFO] [stdout] warning: struct `JunctionMap` is never constructed
[INFO] [stdout]  --> src/bin/puzzle-08.rs:9:8
[INFO] [stdout]   |
[INFO] [stdout] 9 | struct JunctionMap(Vec<Junction>);
[INFO] [stdout]   |        ^^^^^^^^^^^
[INFO] [stdout]   |
[INFO] [stdout]   = note: `#[warn(dead_code)]` (part of `#[warn(unused)]`) on by default
[INFO] [stdout] 
[INFO] [stdout] 
[INFO] [stdout] warning: struct `Junction` is never constructed
[INFO] [stdout]   --> src/bin/puzzle-08.rs:12:8
[INFO] [stdout]    |
[INFO] [stdout] 12 | struct Junction {
[INFO] [stdout]    |        ^^^^^^^^
[INFO] [stdout] 
[INFO] [stdout] 
[INFO] [stdout] warning: function `find_press_count` is never used
[INFO] [stdout]    --> src/bin/puzzle-10.rs:183:4
[INFO] [stdout]     |
[INFO] [stdout] 183 | fn find_press_count(buttons: &[usize], pattern: usize) -> Option<usize> {
[INFO] [stdout]     |    ^^^^^^^^^^^^^^^^
[INFO] [stdout]     |
[INFO] [stdout]     = note: `#[warn(dead_code)]` (part of `#[warn(unused)]`) on by default
[INFO] [stdout] 
[INFO] [stdout] 
[INFO] [stderr]     Finished `release` profile [optimized] target(s) in 25.62s
[INFO] running `Command { std: "docker" "inspect" "005e5bcb5c34b3ab7f098d16c3ea71fff1cc9644f47ef3de0b195990551337cb", kill_on_drop: false }`
[INFO] running `Command { std: "docker" "exec" "-e" "SOURCE_DIR=/opt/rustwide/workdir" "-e" "CARGO_HOME=/opt/rustwide/cargo-home" "-e" "RUSTUP_HOME=/opt/rustwide/rustup-home" "-e" "CARGO_TARGET_DIR=/opt/rustwide/target" "-e" "CARGO_INCREMENTAL=0" "-e" "RUST_BACKTRACE=full" "-e" "RUSTFLAGS=--cap-lints=warn" "-e" "RUSTDOCFLAGS=--cap-lints=warn" "-w" "/opt/rustwide/workdir" "--user" "0:0" "005e5bcb5c34b3ab7f098d16c3ea71fff1cc9644f47ef3de0b195990551337cb" "/opt/rustwide/cargo-home/bin/cargo" "+1.99.0-beta.8" "test" "--frozen" "--no-run" "--message-format=json" "--release", kill_on_drop: false }`
[INFO] [stderr]    Compiling advent-2025 v0.1.0 (/opt/rustwide/workdir)
[INFO] [stdout] warning: function `find_press_count` is never used
[INFO] [stdout]    --> src/bin/puzzle-10.rs:183:4
[INFO] [stdout]     |
[INFO] [stdout] 183 | fn find_press_count(buttons: &[usize], pattern: usize) -> Option<usize> {
[INFO] [stdout]     |    ^^^^^^^^^^^^^^^^
[INFO] [stdout]     |
[INFO] [stdout]     = note: `#[warn(dead_code)]` (part of `#[warn(unused)]`) on by default
[INFO] [stdout] 
[INFO] [stdout] 
[INFO] [stderr]     Finished `release` profile [optimized] target(s) in 4.09s
[INFO] running `Command { std: "docker" "inspect" "005e5bcb5c34b3ab7f098d16c3ea71fff1cc9644f47ef3de0b195990551337cb", kill_on_drop: false }`
[INFO] running `Command { std: "docker" "exec" "-e" "SOURCE_DIR=/opt/rustwide/workdir" "-e" "CARGO_HOME=/opt/rustwide/cargo-home" "-e" "RUSTUP_HOME=/opt/rustwide/rustup-home" "-e" "CARGO_TARGET_DIR=/opt/rustwide/target" "-e" "CARGO_INCREMENTAL=0" "-e" "RUST_BACKTRACE=full" "-e" "RUSTFLAGS=--cap-lints=warn" "-e" "RUSTDOCFLAGS=--cap-lints=warn" "-w" "/opt/rustwide/workdir" "--user" "0:0" "005e5bcb5c34b3ab7f098d16c3ea71fff1cc9644f47ef3de0b195990551337cb" "/opt/rustwide/cargo-home/bin/cargo" "+1.99.0-beta.8" "test" "--frozen" "--release", kill_on_drop: false }`
[INFO] [stderr] warning: function `find_press_count` is never used
[INFO] [stderr]    --> src/bin/puzzle-10.rs:183:4
[INFO] [stderr]     |
[INFO] [stderr] 183 | fn find_press_count(buttons: &[usize], pattern: usize) -> Option<usize> {
[INFO] [stderr]     |    ^^^^^^^^^^^^^^^^
[INFO] [stderr]     |
[INFO] [stderr]     = note: `#[warn(dead_code)]` (part of `#[warn(unused)]`) on by default
[INFO] [stderr] 
[INFO] [stderr] warning: `advent-2025` (bin "puzzle-10" test) generated 1 warning
[INFO] [stderr]     Finished `release` profile [optimized] target(s) in 0.04s
[INFO] [stderr]      Running unittests src/lib.rs (/opt/rustwide/target/release/deps/advent_2025-0963d80bf17a17fb)
[INFO] [stdout] 
[INFO] [stderr]      Running unittests src/main.rs (/opt/rustwide/target/release/deps/advent_2025-8cfc3a95c50b7579)
[INFO] [stdout] running 0 tests
[INFO] [stdout] 
[INFO] [stdout] test result: ok. 0 passed; 0 failed; 0 ignored; 0 measured; 0 filtered out; finished in 0.00s
[INFO] [stdout] 
[INFO] [stdout] 
[INFO] [stdout] running 0 tests
[INFO] [stdout] 
[INFO] [stdout] test result: ok. 0 passed; 0 failed; 0 ignored; 0 measured; 0 filtered out; finished in 0.00s
[INFO] [stdout] 
[INFO] [stderr]      Running unittests src/bin/puzzle-01.rs (/opt/rustwide/target/release/deps/puzzle_01-1dd0ea62dccb2929)
[INFO] [stdout] 
[INFO] [stdout] running 4 tests
[INFO] [stdout] test test::test_adjust ... ok
[INFO] [stdout] test test::part_two ... FAILED
[INFO] [stderr] error: test failed, to rerun pass `--bin puzzle-01`
[INFO] [stdout] test test::parse_input ... FAILED
[INFO] [stdout] test test::part_one ... FAILED
[INFO] [stdout] 
[INFO] [stdout] failures:
[INFO] [stdout] 
[INFO] [stdout] ---- test::part_two stdout ----
[INFO] [stdout] 
[INFO] [stdout] thread 'test::part_two' (1142) panicked at src/bin/puzzle-01.rs:121:55:
[INFO] [stdout] Could not read input file: Os { code: 2, kind: NotFound, message: "No such file or directory" }
[INFO] [stdout] stack backtrace:
[INFO] [stdout]    0:     0x57ad0bfcb4e1 - <<std[70759c8f55707aa4]::sys::backtrace::BacktraceLock>::print::DisplayBacktrace as core[df12db4294e9bfd3]::fmt::Display>::fmt
[INFO] [stdout]    1:     0x57ad0bfdf8fa - core[df12db4294e9bfd3]::fmt::write
[INFO] [stdout]    2:     0x57ad0bfcf97c - <alloc[2182bb758b4b3781]::vec::Vec<u8> as core[df12db4294e9bfd3]::io::write::Write>::write_fmt
[INFO] [stdout]    3:     0x57ad0bfa7746 - std[70759c8f55707aa4]::panicking::default_hook::{closure#0}
[INFO] [stdout]    4:     0x57ad0bfc38b9 - std[70759c8f55707aa4]::panicking::default_hook
[INFO] [stdout]    5:     0x57ad0bf5f7f0 - test[9d35eded1c95d3be]::test_main_inner::<test[9d35eded1c95d3be]::test_main_static::{closure#0}>::{closure#0}
[INFO] [stdout]    6:     0x57ad0bfc3a72 - std[70759c8f55707aa4]::panicking::panic_with_hook
[INFO] [stdout]    7:     0x57ad0bfa77f2 - std[70759c8f55707aa4]::panicking::panic_handler::{closure#0}
[INFO] [stdout]    8:     0x57ad0bfa03e9 - std[70759c8f55707aa4]::sys::backtrace::__rust_end_short_backtrace::<std[70759c8f55707aa4]::panicking::panic_handler::{closure#0}, !>
[INFO] [stdout]    9:     0x57ad0bfa83ed - __rustc[8fa7c3cbc660c2b3]::rust_begin_unwind
[INFO] [stdout]   10:     0x57ad0bfe002c - core[df12db4294e9bfd3]::panicking::panic_fmt
[INFO] [stdout]   11:     0x57ad0bfdfe02 - core[df12db4294e9bfd3]::result::unwrap_failed
[INFO] [stdout]   12:     0x57ad0bf52a5d - <puzzle_01[81a7b70e56bca521]::test::TEST_FILE::{closure#0} as core[df12db4294e9bfd3]::ops::function::FnOnce<()>>::call_once
[INFO] [stdout]   13:     0x57ad0bf51654 - <std[70759c8f55707aa4]::sync::once::Once>::call_once_force::<<std[70759c8f55707aa4]::sync::lazy_lock::LazyLock<alloc[2182bb758b4b3781]::string::String>>::force::{closure#0}>::{closure#0}
[INFO] [stdout]   14:     0x57ad0bfad2f9 - <std[70759c8f55707aa4]::sys::sync::once::futex::Once>::call
[INFO] [stdout]   15:     0x57ad0bf528d0 - <puzzle_01[81a7b70e56bca521]::test::part_two::{closure#0} as core[df12db4294e9bfd3]::ops::function::FnOnce<()>>::call_once
[INFO] [stdout]   16:     0x57ad0bf52adb - test[9d35eded1c95d3be]::__rust_begin_short_backtrace::<core[df12db4294e9bfd3]::result::Result<(), alloc[2182bb758b4b3781]::string::String>, fn() -> core[df12db4294e9bfd3]::result::Result<(), alloc[2182bb758b4b3781]::string::String>>
[INFO] [stdout]   17:     0x57ad0bf60145 - test[9d35eded1c95d3be]::run_test::{closure#0}
[INFO] [stdout]   18:     0x57ad0bf59a04 - std[70759c8f55707aa4]::sys::backtrace::__rust_begin_short_backtrace::<test[9d35eded1c95d3be]::run_test::{closure#1}, ()>
[INFO] [stdout]   19:     0x57ad0bf632a2 - <std[70759c8f55707aa4]::thread::lifecycle::spawn_unchecked<test[9d35eded1c95d3be]::run_test::{closure#1}, ()>::{closure#1} as core[df12db4294e9bfd3]::ops::function::FnOnce<()>>::call_once::{shim:vtable#0}
[INFO] [stdout]   20:     0x57ad0bfcaa49 - <std[70759c8f55707aa4]::sys::thread::unix::Thread>::new::thread_start
[INFO] [stdout]   21:     0x7413974f9dfa - <unknown>
[INFO] [stdout]   22:     0x74139758d3d4 - clone
[INFO] [stdout]   23:                0x0 - <unknown>
[INFO] [stdout] 
[INFO] [stdout] ---- test::parse_input stdout ----
[INFO] [stdout] 
[INFO] [stdout] thread 'test::parse_input' (1140) panicked at /rustc/dfb0accb7f508ae8be965d8629557221c889dd98/library/std/src/sync/lazy_lock.rs:415:5:
[INFO] [stdout] LazyLock instance has previously been poisoned
[INFO] [stdout] stack backtrace:
[INFO] [stdout]    0:     0x57ad0bfcb4e1 - <<std[70759c8f55707aa4]::sys::backtrace::BacktraceLock>::print::DisplayBacktrace as core[df12db4294e9bfd3]::fmt::Display>::fmt
[INFO] [stdout]    1:     0x57ad0bfdf8fa - core[df12db4294e9bfd3]::fmt::write
[INFO] [stdout]    2:     0x57ad0bfcf97c - <alloc[2182bb758b4b3781]::vec::Vec<u8> as core[df12db4294e9bfd3]::io::write::Write>::write_fmt
[INFO] [stdout]    3:     0x57ad0bfa7746 - std[70759c8f55707aa4]::panicking::default_hook::{closure#0}
[INFO] [stdout]    4:     0x57ad0bfc38b9 - std[70759c8f55707aa4]::panicking::default_hook
[INFO] [stdout]    5:     0x57ad0bf5f7f0 - test[9d35eded1c95d3be]::test_main_inner::<test[9d35eded1c95d3be]::test_main_static::{closure#0}>::{closure#0}
[INFO] [stdout]    6:     0x57ad0bfc3a72 - std[70759c8f55707aa4]::panicking::panic_with_hook
[INFO] [stdout]    7:     0x57ad0bfa7824 - std[70759c8f55707aa4]::panicking::panic_handler::{closure#0}
[INFO] [stdout]    8:     0x57ad0bfa03e9 - std[70759c8f55707aa4]::sys::backtrace::__rust_end_short_backtrace::<std[70759c8f55707aa4]::panicking::panic_handler::{closure#0}, !>
[INFO] [stdout]    9:     0x57ad0bfa83ed - __rustc[8fa7c3cbc660c2b3]::rust_begin_unwind
[INFO] [stdout]   10:     0x57ad0bfe002c - core[df12db4294e9bfd3]::panicking::panic_fmt
[INFO] [stdout]   11:     0x57ad0bfc475d - std[70759c8f55707aa4]::sync::lazy_lock::panic_poisoned
[INFO] [stdout]   12:     0x57ad0bf5167e - <std[70759c8f55707aa4]::sync::once::Once>::call_once_force::<<std[70759c8f55707aa4]::sync::lazy_lock::LazyLock<alloc[2182bb758b4b3781]::string::String>>::force::{closure#0}>::{closure#0}
[INFO] [stdout]   13:     0x57ad0bfad2f9 - <std[70759c8f55707aa4]::sys::sync::once::futex::Once>::call
[INFO] [stdout]   14:     0x57ad0bf52106 - <puzzle_01[81a7b70e56bca521]::test::parse_input::{closure#0} as core[df12db4294e9bfd3]::ops::function::FnOnce<()>>::call_once
[INFO] [stdout]   15:     0x57ad0bf52adb - test[9d35eded1c95d3be]::__rust_begin_short_backtrace::<core[df12db4294e9bfd3]::result::Result<(), alloc[2182bb758b4b3781]::string::String>, fn() -> core[df12db4294e9bfd3]::result::Result<(), alloc[2182bb758b4b3781]::string::String>>
[INFO] [stdout]   16:     0x57ad0bf60145 - test[9d35eded1c95d3be]::run_test::{closure#0}
[INFO] [stdout]   17:     0x57ad0bf59a04 - std[70759c8f55707aa4]::sys::backtrace::__rust_begin_short_backtrace::<test[9d35eded1c95d3be]::run_test::{closure#1}, ()>
[INFO] [stdout]   18:     0x57ad0bf632a2 - <std[70759c8f55707aa4]::thread::lifecycle::spawn_unchecked<test[9d35eded1c95d3be]::run_test::{closure#1}, ()>::{closure#1} as core[df12db4294e9bfd3]::ops::function::FnOnce<()>>::call_once::{shim:vtable#0}
[INFO] [stdout]   19:     0x57ad0bfcaa49 - <std[70759c8f55707aa4]::sys::thread::unix::Thread>::new::thread_start
[INFO] [stdout]   20:     0x7413974f9dfa - <unknown>
[INFO] [stdout]   21:     0x74139758d3d4 - clone
[INFO] [stdout]   22:                0x0 - <unknown>
[INFO] [stdout] 
[INFO] [stdout] ---- test::part_one stdout ----
[INFO] [stdout] 
[INFO] [stdout] thread 'test::part_one' (1141) panicked at /rustc/dfb0accb7f508ae8be965d8629557221c889dd98/library/std/src/sync/lazy_lock.rs:415:5:
[INFO] [stdout] LazyLock instance has previously been poisoned
[INFO] [stdout] stack backtrace:
[INFO] [stdout]    0:     0x57ad0bfcb4e1 - <<std[70759c8f55707aa4]::sys::backtrace::BacktraceLock>::print::DisplayBacktrace as core[df12db4294e9bfd3]::fmt::Display>::fmt
[INFO] [stdout]    1:     0x57ad0bfdf8fa - core[df12db4294e9bfd3]::fmt::write
[INFO] [stdout]    2:     0x57ad0bfcf97c - <alloc[2182bb758b4b3781]::vec::Vec<u8> as core[df12db4294e9bfd3]::io::write::Write>::write_fmt
[INFO] [stdout]    3:     0x57ad0bfa7746 - std[70759c8f55707aa4]::panicking::default_hook::{closure#0}
[INFO] [stdout]    4:     0x57ad0bfc38b9 - std[70759c8f55707aa4]::panicking::default_hook
[INFO] [stdout]    5:     0x57ad0bf5f7f0 - test[9d35eded1c95d3be]::test_main_inner::<test[9d35eded1c95d3be]::test_main_static::{closure#0}>::{closure#0}
[INFO] [stdout]    6:     0x57ad0bfc3a72 - std[70759c8f55707aa4]::panicking::panic_with_hook
[INFO] [stdout]    7:     0x57ad0bfa7824 - std[70759c8f55707aa4]::panicking::panic_handler::{closure#0}
[INFO] [stdout]    8:     0x57ad0bfa03e9 - std[70759c8f55707aa4]::sys::backtrace::__rust_end_short_backtrace::<std[70759c8f55707aa4]::panicking::panic_handler::{closure#0}, !>
[INFO] [stdout]    9:     0x57ad0bfa83ed - __rustc[8fa7c3cbc660c2b3]::rust_begin_unwind
[INFO] [stdout]   10:     0x57ad0bfe002c - core[df12db4294e9bfd3]::panicking::panic_fmt
[INFO] [stdout]   11:     0x57ad0bfc475d - std[70759c8f55707aa4]::sync::lazy_lock::panic_poisoned
[INFO] [stdout]   12:     0x57ad0bf5167e - <std[70759c8f55707aa4]::sync::once::Once>::call_once_force::<<std[70759c8f55707aa4]::sync::lazy_lock::LazyLock<alloc[2182bb758b4b3781]::string::String>>::force::{closure#0}>::{closure#0}
[INFO] [stdout]   13:     0x57ad0bfad2f9 - <std[70759c8f55707aa4]::sys::sync::once::futex::Once>::call
[INFO] [stdout]   14:     0x57ad0bf524cf - <puzzle_01[81a7b70e56bca521]::test::part_one::{closure#0} as core[df12db4294e9bfd3]::ops::function::FnOnce<()>>::call_once
[INFO] [stdout]   15:     0x57ad0bf52adb - test[9d35eded1c95d3be]::__rust_begin_short_backtrace::<core[df12db4294e9bfd3]::result::Result<(), alloc[2182bb758b4b3781]::string::String>, fn() -> core[df12db4294e9bfd3]::result::Result<(), alloc[2182bb758b4b3781]::string::String>>
[INFO] [stdout]   16:     0x57ad0bf60145 - test[9d35eded1c95d3be]::run_test::{closure#0}
[INFO] [stdout]   17:     0x57ad0bf59a04 - std[70759c8f55707aa4]::sys::backtrace::__rust_begin_short_backtrace::<test[9d35eded1c95d3be]::run_test::{closure#1}, ()>
[INFO] [stdout]   18:     0x57ad0bf632a2 - <std[70759c8f55707aa4]::thread::lifecycle::spawn_unchecked<test[9d35eded1c95d3be]::run_test::{closure#1}, ()>::{closure#1} as core[df12db4294e9bfd3]::ops::function::FnOnce<()>>::call_once::{shim:vtable#0}
[INFO] [stdout]   19:     0x57ad0bfcaa49 - <std[70759c8f55707aa4]::sys::thread::unix::Thread>::new::thread_start
[INFO] [stdout]   20:     0x7413974f9dfa - <unknown>
[INFO] [stdout]   21:     0x74139758d3d4 - clone
[INFO] [stdout]   22:                0x0 - <unknown>
[INFO] [stdout] 
[INFO] [stdout] 
[INFO] [stdout] failures:
[INFO] [stdout]     test::parse_input
[INFO] [stdout]     test::part_one
[INFO] [stdout]     test::part_two
[INFO] [stdout] 
[INFO] [stdout] test result: FAILED. 1 passed; 3 failed; 0 ignored; 0 measured; 0 filtered out; finished in 0.00s
[INFO] [stdout] 
[INFO] running `Command { std: "docker" "inspect" "005e5bcb5c34b3ab7f098d16c3ea71fff1cc9644f47ef3de0b195990551337cb", kill_on_drop: false }`
[INFO] running `Command { std: "docker" "rm" "-f" "005e5bcb5c34b3ab7f098d16c3ea71fff1cc9644f47ef3de0b195990551337cb", kill_on_drop: false }`
[INFO] [stdout] 005e5bcb5c34b3ab7f098d16c3ea71fff1cc9644f47ef3de0b195990551337cb
