[INFO] cloning repository https://github.com/glener10/files-organizer-per-year
[INFO] running `Command { std: "git" "-c" "credential.helper=" "-c" "credential.helper=/workspace/cargo-home/bin/git-credential-null" "clone" "--bare" "https://github.com/glener10/files-organizer-per-year" "/workspace/cache/git-repos/https%3A%2F%2Fgithub.com%2Fglener10%2Ffiles-organizer-per-year", kill_on_drop: false }`
[INFO] [stderr] Cloning into bare repository '/workspace/cache/git-repos/https%3A%2F%2Fgithub.com%2Fglener10%2Ffiles-organizer-per-year'...
[INFO] running `Command { std: "git" "rev-parse" "HEAD", kill_on_drop: false }`
[INFO] [stdout] 2b9df778145de51f142d79996fd70181b89948ad
[INFO] testing glener10/files-organizer-per-year against 1.99.0-beta.8+cargoflags=--release for beta-release-1.100-2
[INFO] running `Command { std: "git" "clone" "/workspace/cache/git-repos/https%3A%2F%2Fgithub.com%2Fglener10%2Ffiles-organizer-per-year" "/workspace/builds/worker-4-tc1/source", kill_on_drop: false }`
[INFO] [stderr] Cloning into '/workspace/builds/worker-4-tc1/source'...
[INFO] [stderr] done.
[INFO] started tweaking git repo https://github.com/glener10/files-organizer-per-year
[INFO] finished tweaking git repo https://github.com/glener10/files-organizer-per-year
[INFO] tweaked toml for git repo https://github.com/glener10/files-organizer-per-year written to /workspace/builds/worker-4-tc1/source/Cargo.toml
[INFO] validating manifest of git repo https://github.com/glener10/files-organizer-per-year on toolchain 1.99.0-beta.8
[INFO] running `Command { std: CARGO_HOME="/workspace/cargo-home" RUSTUP_HOME="/workspace/rustup-home" "/workspace/cargo-home/bin/cargo" "+1.99.0-beta.8" "metadata" "--manifest-path" "Cargo.toml" "--no-deps", kill_on_drop: false }`
[INFO] crate git repo https://github.com/glener10/files-organizer-per-year already has a lockfile, it will not be regenerated
[INFO] running `Command { std: CARGO_HOME="/workspace/cargo-home" RUSTUP_HOME="/workspace/rustup-home" "/workspace/cargo-home/bin/cargo" "+1.99.0-beta.8" "fetch" "--manifest-path" "Cargo.toml", kill_on_drop: false }`
[INFO] [stderr]  Downloading crates ...
[INFO] [stderr]   Downloaded windows-targets v0.52.3
[INFO] [stderr]   Downloaded cc v1.0.86
[INFO] [stderr]   Downloaded syn v2.0.50
[INFO] [stderr]   Downloaded windows_x86_64_gnullvm v0.52.3
[INFO] [stderr]   Downloaded windows_aarch64_gnullvm v0.52.3
[INFO] [stderr]   Downloaded windows_x86_64_msvc v0.52.3
[INFO] [stderr]   Downloaded windows_aarch64_msvc v0.52.3
[INFO] [stderr]   Downloaded windows_i686_gnu v0.52.3
[INFO] [stderr]   Downloaded windows_x86_64_gnu v0.52.3
[INFO] [stderr]   Downloaded windows_i686_msvc v0.52.3
[INFO] running `Command { std: "docker" "create" "-v" "/var/lib/crater-agent-workspace/builds/worker-4-tc1/source:/opt/rustwide/workdir:ro,Z" "-v" "/var/lib/crater-agent-workspace/builds/worker-4-tc1/target:/opt/rustwide/target:rw,Z" "-v" "/var/lib/crater-agent-workspace/cargo-home:/opt/rustwide/cargo-home:ro,Z" "-v" "/var/lib/crater-agent-workspace/rustup-home:/opt/rustwide/rustup-home:ro,Z" "-m" "1610612736" "--network" "none" "ghcr.io/rust-lang/crates-build-env/linux@sha256:77db811e55d90add9212f6832c23229e3de5f1c1f9905e8cb07319ea15df73ac" "sleep" "infinity", kill_on_drop: false }`
[INFO] [stdout] b133b98098fae629bccf0921ac9ce1a53473269e12e583bae9f84365966343c0
[INFO] running `Command { std: "docker" "start" "b133b98098fae629bccf0921ac9ce1a53473269e12e583bae9f84365966343c0", kill_on_drop: false }`
[INFO] running `Command { std: "docker" "inspect" "b133b98098fae629bccf0921ac9ce1a53473269e12e583bae9f84365966343c0", kill_on_drop: false }`
[INFO] running `Command { std: "docker" "exec" "-e" "SOURCE_DIR=/opt/rustwide/workdir" "-e" "CARGO_HOME=/opt/rustwide/cargo-home" "-e" "RUSTUP_HOME=/opt/rustwide/rustup-home" "-e" "CARGO_TARGET_DIR=/opt/rustwide/target" "-w" "/opt/rustwide/workdir" "--user" "0:0" "b133b98098fae629bccf0921ac9ce1a53473269e12e583bae9f84365966343c0" "/opt/rustwide/cargo-home/bin/cargo" "+1.99.0-beta.8" "metadata" "--no-deps" "--format-version=1", kill_on_drop: false }`
[INFO] running `Command { std: "docker" "inspect" "b133b98098fae629bccf0921ac9ce1a53473269e12e583bae9f84365966343c0", kill_on_drop: false }`
[INFO] running `Command { std: "docker" "exec" "-e" "SOURCE_DIR=/opt/rustwide/workdir" "-e" "CARGO_HOME=/opt/rustwide/cargo-home" "-e" "RUSTUP_HOME=/opt/rustwide/rustup-home" "-e" "CARGO_TARGET_DIR=/opt/rustwide/target" "-e" "CARGO_INCREMENTAL=0" "-e" "RUST_BACKTRACE=full" "-e" "RUSTFLAGS=--cap-lints=warn" "-e" "RUSTDOCFLAGS=--cap-lints=warn" "-w" "/opt/rustwide/workdir" "--user" "0:0" "b133b98098fae629bccf0921ac9ce1a53473269e12e583bae9f84365966343c0" "/opt/rustwide/cargo-home/bin/cargo" "+1.99.0-beta.8" "build" "--frozen" "--message-format=json" "--release", kill_on_drop: false }`
[INFO] [stderr]    Compiling libc v0.2.153
[INFO] [stderr]    Compiling unicode-width v0.1.11
[INFO] [stderr]    Compiling iana-time-zone v0.1.60
[INFO] [stderr]    Compiling strsim v0.8.0
[INFO] [stderr]    Compiling num-traits v0.2.18
[INFO] [stderr]    Compiling vec_map v0.8.2
[INFO] [stderr]    Compiling same-file v1.0.6
[INFO] [stderr]    Compiling ansi_term v0.12.1
[INFO] [stderr]    Compiling textwrap v0.11.0
[INFO] [stderr]    Compiling walkdir v2.4.0
[INFO] [stderr]    Compiling getrandom v0.2.12
[INFO] [stderr]    Compiling atty v0.2.14
[INFO] [stderr]    Compiling clap v2.34.0
[INFO] [stderr]    Compiling rand_core v0.6.4
[INFO] [stderr]    Compiling rand_chacha v0.3.1
[INFO] [stderr]    Compiling chrono v0.4.34
[INFO] [stderr]    Compiling rand v0.8.5
[INFO] [stderr]    Compiling file-organizer-by-file-modification-date v0.1.0 (/opt/rustwide/workdir)
[INFO] [stdout] warning: field `0` is never read
[INFO] [stdout]  --> src/errors.rs:5:17
[INFO] [stdout]   |
[INFO] [stdout] 5 |   ReadDirectory(String),
[INFO] [stdout]   |   ------------- ^^^^^^
[INFO] [stdout]   |   |
[INFO] [stdout]   |   field in this variant
[INFO] [stdout]   |
[INFO] [stdout]   = note: `AppError` has a derived impl for the trait `Debug`, but this is intentionally ignored during dead code analysis
[INFO] [stdout]   = note: `#[warn(dead_code)]` (part of `#[warn(unused)]`) on by default
[INFO] [stdout] help: consider changing the field to be of unit type to suppress this warning while preserving the field numbering, or remove the field
[INFO] [stdout]   |
[INFO] [stdout] 5 -   ReadDirectory(String),
[INFO] [stdout] 5 +   ReadDirectory(()),
[INFO] [stdout]   |
[INFO] [stdout] 
[INFO] [stdout] 
[INFO] [stdout] warning: field `0` is never read
[INFO] [stdout]  --> src/errors.rs:6:8
[INFO] [stdout]   |
[INFO] [stdout] 6 |   File(String),
[INFO] [stdout]   |   ---- ^^^^^^
[INFO] [stdout]   |   |
[INFO] [stdout]   |   field in this variant
[INFO] [stdout]   |
[INFO] [stdout]   = note: `AppError` has a derived impl for the trait `Debug`, but this is intentionally ignored during dead code analysis
[INFO] [stdout] help: consider changing the field to be of unit type to suppress this warning while preserving the field numbering, or remove the field
[INFO] [stdout]   |
[INFO] [stdout] 6 -   File(String),
[INFO] [stdout] 6 +   File(()),
[INFO] [stdout]   |
[INFO] [stdout] 
[INFO] [stdout] 
[INFO] [stdout] warning: field `0` is never read
[INFO] [stdout]  --> src/errors.rs:7:6
[INFO] [stdout]   |
[INFO] [stdout] 7 |   IO(io::Error),
[INFO] [stdout]   |   -- ^^^^^^^^^
[INFO] [stdout]   |   |
[INFO] [stdout]   |   field in this variant
[INFO] [stdout]   |
[INFO] [stdout]   = note: `AppError` has a derived impl for the trait `Debug`, but this is intentionally ignored during dead code analysis
[INFO] [stdout] help: consider changing the field to be of unit type to suppress this warning while preserving the field numbering, or remove the field
[INFO] [stdout]   |
[INFO] [stdout] 7 -   IO(io::Error),
[INFO] [stdout] 7 +   IO(()),
[INFO] [stdout]   |
[INFO] [stdout] 
[INFO] [stdout] 
[INFO] [stdout] warning: creating a shared reference to mutable static
[INFO] [stdout]   --> src/organize.rs:87:7
[INFO] [stdout]    |
[INFO] [stdout] 87 | /       FILE_OPERATION
[INFO] [stdout] 88 | |         .execute(&path.to_string_lossy(), &output_file.to_string_lossy())
[INFO] [stdout]    | |_________________________________________________________________________^ shared reference to mutable static
[INFO] [stdout]    |
[INFO] [stdout]    = note: shared references to mutable statics are dangerous; it's undefined behavior if the static is mutated or if a mutable reference is created for it while the shared reference lives
[INFO] [stdout]    = help: use a type that relies on "interior mutability" instead; to read more on this, visit <https://doc.rust-lang.org/reference/interior-mutability.html>
[INFO] [stdout]    = note: for more information, see <https://doc.rust-lang.org/edition-guide/rust-2024/static-mut-references.html>
[INFO] [stdout]    = note: `#[warn(static_mut_refs)]` (part of `#[warn(rust_2024_compatibility)]`) on by default
[INFO] [stdout] 
[INFO] [stdout] 
[INFO] [stderr]     Finished `release` profile [optimized] target(s) in 26.65s
[INFO] running `Command { std: "docker" "inspect" "b133b98098fae629bccf0921ac9ce1a53473269e12e583bae9f84365966343c0", kill_on_drop: false }`
[INFO] running `Command { std: "docker" "exec" "-e" "SOURCE_DIR=/opt/rustwide/workdir" "-e" "CARGO_HOME=/opt/rustwide/cargo-home" "-e" "RUSTUP_HOME=/opt/rustwide/rustup-home" "-e" "CARGO_TARGET_DIR=/opt/rustwide/target" "-e" "CARGO_INCREMENTAL=0" "-e" "RUST_BACKTRACE=full" "-e" "RUSTFLAGS=--cap-lints=warn" "-e" "RUSTDOCFLAGS=--cap-lints=warn" "-w" "/opt/rustwide/workdir" "--user" "0:0" "b133b98098fae629bccf0921ac9ce1a53473269e12e583bae9f84365966343c0" "/opt/rustwide/cargo-home/bin/cargo" "+1.99.0-beta.8" "test" "--frozen" "--no-run" "--message-format=json" "--release", kill_on_drop: false }`
[INFO] [stderr]    Compiling file-organizer-by-file-modification-date v0.1.0 (/opt/rustwide/workdir)
[INFO] [stdout] warning: field `0` is never read
[INFO] [stdout]  --> src/errors.rs:5:17
[INFO] [stdout]   |
[INFO] [stdout] 5 |   ReadDirectory(String),
[INFO] [stdout]   |   ------------- ^^^^^^
[INFO] [stdout]   |   |
[INFO] [stdout]   |   field in this variant
[INFO] [stdout]   |
[INFO] [stdout]   = note: `AppError` has a derived impl for the trait `Debug`, but this is intentionally ignored during dead code analysis
[INFO] [stdout]   = note: `#[warn(dead_code)]` (part of `#[warn(unused)]`) on by default
[INFO] [stdout] help: consider changing the field to be of unit type to suppress this warning while preserving the field numbering, or remove the field
[INFO] [stdout]   |
[INFO] [stdout] 5 -   ReadDirectory(String),
[INFO] [stdout] 5 +   ReadDirectory(()),
[INFO] [stdout]   |
[INFO] [stdout] 
[INFO] [stdout] 
[INFO] [stdout] warning: field `0` is never read
[INFO] [stdout]  --> src/errors.rs:6:8
[INFO] [stdout]   |
[INFO] [stdout] 6 |   File(String),
[INFO] [stdout]   |   ---- ^^^^^^
[INFO] [stdout]   |   |
[INFO] [stdout]   |   field in this variant
[INFO] [stdout]   |
[INFO] [stdout]   = note: `AppError` has a derived impl for the trait `Debug`, but this is intentionally ignored during dead code analysis
[INFO] [stdout] help: consider changing the field to be of unit type to suppress this warning while preserving the field numbering, or remove the field
[INFO] [stdout]   |
[INFO] [stdout] 6 -   File(String),
[INFO] [stdout] 6 +   File(()),
[INFO] [stdout]   |
[INFO] [stdout] 
[INFO] [stdout] 
[INFO] [stdout] warning: field `0` is never read
[INFO] [stdout]  --> src/errors.rs:7:6
[INFO] [stdout]   |
[INFO] [stdout] 7 |   IO(io::Error),
[INFO] [stdout]   |   -- ^^^^^^^^^
[INFO] [stdout]   |   |
[INFO] [stdout]   |   field in this variant
[INFO] [stdout]   |
[INFO] [stdout]   = note: `AppError` has a derived impl for the trait `Debug`, but this is intentionally ignored during dead code analysis
[INFO] [stdout] help: consider changing the field to be of unit type to suppress this warning while preserving the field numbering, or remove the field
[INFO] [stdout]   |
[INFO] [stdout] 7 -   IO(io::Error),
[INFO] [stdout] 7 +   IO(()),
[INFO] [stdout]   |
[INFO] [stdout] 
[INFO] [stdout] 
[INFO] [stdout] warning: creating a shared reference to mutable static
[INFO] [stdout]   --> src/organize.rs:87:7
[INFO] [stdout]    |
[INFO] [stdout] 87 | /       FILE_OPERATION
[INFO] [stdout] 88 | |         .execute(&path.to_string_lossy(), &output_file.to_string_lossy())
[INFO] [stdout]    | |_________________________________________________________________________^ shared reference to mutable static
[INFO] [stdout]    |
[INFO] [stdout]    = note: shared references to mutable statics are dangerous; it's undefined behavior if the static is mutated or if a mutable reference is created for it while the shared reference lives
[INFO] [stdout]    = help: use a type that relies on "interior mutability" instead; to read more on this, visit <https://doc.rust-lang.org/reference/interior-mutability.html>
[INFO] [stdout]    = note: for more information, see <https://doc.rust-lang.org/edition-guide/rust-2024/static-mut-references.html>
[INFO] [stdout]    = note: `#[warn(static_mut_refs)]` (part of `#[warn(rust_2024_compatibility)]`) on by default
[INFO] [stdout] 
[INFO] [stdout] 
[INFO] [stdout] warning: field `0` is never read
[INFO] [stdout]  --> src/errors.rs:5:17
[INFO] [stdout]   |
[INFO] [stdout] 5 |   ReadDirectory(String),
[INFO] [stdout]   |   ------------- ^^^^^^
[INFO] [stdout]   |   |
[INFO] [stdout]   |   field in this variant
[INFO] [stdout]   |
[INFO] [stdout]   = note: `AppError` has a derived impl for the trait `Debug`, but this is intentionally ignored during dead code analysis
[INFO] [stdout]   = note: `#[warn(dead_code)]` (part of `#[warn(unused)]`) on by default
[INFO] [stdout] help: consider changing the field to be of unit type to suppress this warning while preserving the field numbering, or remove the field
[INFO] [stdout]   |
[INFO] [stdout] 5 -   ReadDirectory(String),
[INFO] [stdout] 5 +   ReadDirectory(()),
[INFO] [stdout]   |
[INFO] [stdout] 
[INFO] [stdout] 
[INFO] [stdout] warning: field `0` is never read
[INFO] [stdout]  --> src/errors.rs:6:8
[INFO] [stdout]   |
[INFO] [stdout] 6 |   File(String),
[INFO] [stdout]   |   ---- ^^^^^^
[INFO] [stdout]   |   |
[INFO] [stdout]   |   field in this variant
[INFO] [stdout]   |
[INFO] [stdout]   = note: `AppError` has a derived impl for the trait `Debug`, but this is intentionally ignored during dead code analysis
[INFO] [stdout] help: consider changing the field to be of unit type to suppress this warning while preserving the field numbering, or remove the field
[INFO] [stdout]   |
[INFO] [stdout] 6 -   File(String),
[INFO] [stdout] 6 +   File(()),
[INFO] [stdout]   |
[INFO] [stdout] 
[INFO] [stdout] 
[INFO] [stdout] warning: field `0` is never read
[INFO] [stdout]  --> src/errors.rs:7:6
[INFO] [stdout]   |
[INFO] [stdout] 7 |   IO(io::Error),
[INFO] [stdout]   |   -- ^^^^^^^^^
[INFO] [stdout]   |   |
[INFO] [stdout]   |   field in this variant
[INFO] [stdout]   |
[INFO] [stdout]   = note: `AppError` has a derived impl for the trait `Debug`, but this is intentionally ignored during dead code analysis
[INFO] [stdout] help: consider changing the field to be of unit type to suppress this warning while preserving the field numbering, or remove the field
[INFO] [stdout]   |
[INFO] [stdout] 7 -   IO(io::Error),
[INFO] [stdout] 7 +   IO(()),
[INFO] [stdout]   |
[INFO] [stdout] 
[INFO] [stdout] 
[INFO] [stdout] warning: creating a shared reference to mutable static
[INFO] [stdout]   --> src/organize.rs:87:7
[INFO] [stdout]    |
[INFO] [stdout] 87 | /       FILE_OPERATION
[INFO] [stdout] 88 | |         .execute(&path.to_string_lossy(), &output_file.to_string_lossy())
[INFO] [stdout]    | |_________________________________________________________________________^ shared reference to mutable static
[INFO] [stdout]    |
[INFO] [stdout]    = note: shared references to mutable statics are dangerous; it's undefined behavior if the static is mutated or if a mutable reference is created for it while the shared reference lives
[INFO] [stdout]    = help: use a type that relies on "interior mutability" instead; to read more on this, visit <https://doc.rust-lang.org/reference/interior-mutability.html>
[INFO] [stdout]    = note: for more information, see <https://doc.rust-lang.org/edition-guide/rust-2024/static-mut-references.html>
[INFO] [stdout]    = note: `#[warn(static_mut_refs)]` (part of `#[warn(rust_2024_compatibility)]`) on by default
[INFO] [stdout] 
[INFO] [stdout] 
[INFO] [stderr]     Finished `release` profile [optimized] target(s) in 0.82s
[INFO] running `Command { std: "docker" "inspect" "b133b98098fae629bccf0921ac9ce1a53473269e12e583bae9f84365966343c0", kill_on_drop: false }`
[INFO] running `Command { std: "docker" "exec" "-e" "SOURCE_DIR=/opt/rustwide/workdir" "-e" "CARGO_HOME=/opt/rustwide/cargo-home" "-e" "RUSTUP_HOME=/opt/rustwide/rustup-home" "-e" "CARGO_TARGET_DIR=/opt/rustwide/target" "-e" "CARGO_INCREMENTAL=0" "-e" "RUST_BACKTRACE=full" "-e" "RUSTFLAGS=--cap-lints=warn" "-e" "RUSTDOCFLAGS=--cap-lints=warn" "-w" "/opt/rustwide/workdir" "--user" "0:0" "b133b98098fae629bccf0921ac9ce1a53473269e12e583bae9f84365966343c0" "/opt/rustwide/cargo-home/bin/cargo" "+1.99.0-beta.8" "test" "--frozen" "--release", kill_on_drop: false }`
[INFO] [stderr] warning: field `0` is never read
[INFO] [stderr]  --> src/errors.rs:5:17
[INFO] [stderr]   |
[INFO] [stderr] 5 |   ReadDirectory(String),
[INFO] [stderr]   |   ------------- ^^^^^^
[INFO] [stderr]   |   |
[INFO] [stderr]   |   field in this variant
[INFO] [stderr]   |
[INFO] [stderr]   = note: `AppError` has a derived impl for the trait `Debug`, but this is intentionally ignored during dead code analysis
[INFO] [stderr]   = note: `#[warn(dead_code)]` (part of `#[warn(unused)]`) on by default
[INFO] [stderr] help: consider changing the field to be of unit type to suppress this warning while preserving the field numbering, or remove the field
[INFO] [stderr]   |
[INFO] [stderr] 5 -   ReadDirectory(String),
[INFO] [stderr] 5 +   ReadDirectory(()),
[INFO] [stderr]   |
[INFO] [stderr] 
[INFO] [stderr] warning: field `0` is never read
[INFO] [stderr]  --> src/errors.rs:6:8
[INFO] [stderr]   |
[INFO] [stderr] 6 |   File(String),
[INFO] [stderr]   |   ---- ^^^^^^
[INFO] [stderr]   |   |
[INFO] [stderr]   |   field in this variant
[INFO] [stderr]   |
[INFO] [stderr]   = note: `AppError` has a derived impl for the trait `Debug`, but this is intentionally ignored during dead code analysis
[INFO] [stderr] help: consider changing the field to be of unit type to suppress this warning while preserving the field numbering, or remove the field
[INFO] [stderr]   |
[INFO] [stderr] 6 -   File(String),
[INFO] [stderr] 6 +   File(()),
[INFO] [stderr]   |
[INFO] [stderr] 
[INFO] [stderr] warning: field `0` is never read
[INFO] [stderr]  --> src/errors.rs:7:6
[INFO] [stderr]   |
[INFO] [stderr] 7 |   IO(io::Error),
[INFO] [stderr]   |   -- ^^^^^^^^^
[INFO] [stderr]   |   |
[INFO] [stderr]   |   field in this variant
[INFO] [stderr]   |
[INFO] [stderr]   = note: `AppError` has a derived impl for the trait `Debug`, but this is intentionally ignored during dead code analysis
[INFO] [stderr] help: consider changing the field to be of unit type to suppress this warning while preserving the field numbering, or remove the field
[INFO] [stderr]   |
[INFO] [stderr] 7 -   IO(io::Error),
[INFO] [stderr] 7 +   IO(()),
[INFO] [stderr]   |
[INFO] [stderr] 
[INFO] [stderr] warning: creating a shared reference to mutable static
[INFO] [stderr]   --> src/organize.rs:87:7
[INFO] [stderr]    |
[INFO] [stderr] 87 | /       FILE_OPERATION
[INFO] [stderr] 88 | |         .execute(&path.to_string_lossy(), &output_file.to_string_lossy())
[INFO] [stderr]    | |_________________________________________________________________________^ shared reference to mutable static
[INFO] [stderr]    |
[INFO] [stderr]    = note: shared references to mutable statics are dangerous; it's undefined behavior if the static is mutated or if a mutable reference is created for it while the shared reference lives
[INFO] [stderr]    = help: use a type that relies on "interior mutability" instead; to read more on this, visit <https://doc.rust-lang.org/reference/interior-mutability.html>
[INFO] [stderr]    = note: for more information, see <https://doc.rust-lang.org/edition-guide/rust-2024/static-mut-references.html>
[INFO] [stderr]    = note: `#[warn(static_mut_refs)]` (part of `#[warn(rust_2024_compatibility)]`) on by default
[INFO] [stderr] 
[INFO] [stderr] warning: `file-organizer-by-file-modification-date` (bin "file-organizer-by-file-modification-date" test) generated 4 warnings
[INFO] [stderr] warning: `file-organizer-by-file-modification-date` (bin "file-organizer-by-file-modification-date") generated 4 warnings (4 duplicates)
[INFO] [stderr]     Finished `release` profile [optimized] target(s) in 0.04s
[INFO] [stderr]      Running unittests src/main.rs (/opt/rustwide/target/release/deps/file_organizer_by_file_modification_date-dacd884800786b0a)
[INFO] [stderr]      Running tests/main_test.rs (/opt/rustwide/target/release/deps/main_test-3a804328aa52fc5b)
[INFO] [stdout] 
[INFO] [stdout] running 0 tests
[INFO] [stdout] 
[INFO] [stdout] test result: ok. 0 passed; 0 failed; 0 ignored; 0 measured; 0 filtered out; finished in 0.00s
[INFO] [stdout] 
[INFO] [stdout] 
[INFO] [stdout] running 1 test
[INFO] [stdout] test test_main_with_args ... FAILED
[INFO] [stdout] 
[INFO] [stdout] failures:
[INFO] [stdout] 
[INFO] [stdout] ---- test_main_with_args stdout ----
[INFO] [stdout] 
[INFO] [stdout] thread 'test_main_with_args' (480) panicked at tests/main_test.rs:24:3:
[INFO] [stdout] assertion failed: output.status.success()
[INFO] [stdout] stack backtrace:
[INFO] [stdout]    0:     0x64cc15c2ea01 - <<std[70759c8f55707aa4]::sys::backtrace::BacktraceLock>::print::DisplayBacktrace as core[df12db4294e9bfd3]::fmt::Display>::fmt
[INFO] [stdout]    1:     0x64cc15c42f0a - core[df12db4294e9bfd3]::fmt::write
[INFO] [stdout]    2:     0x64cc15c330fc - <alloc[2182bb758b4b3781]::vec::Vec<u8> as core[df12db4294e9bfd3]::io::write::Write>::write_fmt
[INFO] [stdout]    3:     0x64cc15c0a786 - std[70759c8f55707aa4]::panicking::default_hook::{closure#0}
[INFO] [stdout]    4:     0x64cc15c26a99 - std[70759c8f55707aa4]::panicking::default_hook
[INFO] [stdout]    5:     0x64cc15bc2c00 - test[9d35eded1c95d3be]::test_main_inner::<test[9d35eded1c95d3be]::test_main_static::{closure#0}>::{closure#0}
[INFO] [stdout]    6:     0x64cc15c26c52 - std[70759c8f55707aa4]::panicking::panic_with_hook
[INFO] [stdout]    7:     0x64cc15c0a864 - std[70759c8f55707aa4]::panicking::panic_handler::{closure#0}
[INFO] [stdout]    8:     0x64cc15c03509 - std[70759c8f55707aa4]::sys::backtrace::__rust_end_short_backtrace::<std[70759c8f55707aa4]::panicking::panic_handler::{closure#0}, !>
[INFO] [stdout]    9:     0x64cc15c0b42d - __rustc[8fa7c3cbc660c2b3]::rust_begin_unwind
[INFO] [stdout]   10:     0x64cc15c4363c - core[df12db4294e9bfd3]::panicking::panic_fmt
[INFO] [stdout]   11:     0x64cc15c43602 - core[df12db4294e9bfd3]::panicking::panic
[INFO] [stdout]   12:     0x64cc15bb5c8e - <main_test[1baf2dbaf5c0be74]::test_main_with_args::{closure#0} as core[df12db4294e9bfd3]::ops::function::FnOnce<()>>::call_once
[INFO] [stdout]   13:     0x64cc15bb5eeb - test[9d35eded1c95d3be]::__rust_begin_short_backtrace::<core[df12db4294e9bfd3]::result::Result<(), alloc[2182bb758b4b3781]::string::String>, fn() -> core[df12db4294e9bfd3]::result::Result<(), alloc[2182bb758b4b3781]::string::String>>
[INFO] [stdout]   14:     0x64cc15bc3555 - test[9d35eded1c95d3be]::run_test::{closure#0}
[INFO] [stdout]   15:     0x64cc15bbce14 - std[70759c8f55707aa4]::sys::backtrace::__rust_begin_short_backtrace::<test[9d35eded1c95d3be]::run_test::{closure#1}, ()>
[INFO] [stdout]   16:     0x64cc15bc66b2 - <std[70759c8f55707aa4]::thread::lifecycle::spawn_unchecked<test[9d35eded1c95d3be]::run_test::{closure#1}, ()>::{closure#1} as core[df12db4294e9bfd3]::ops::function::FnOnce<()>>::call_once::{shim:vtable#0}
[INFO] [stdout]   17:     0x64cc15c2e2d9 - <std[70759c8f55707aa4]::sys::thread::unix::Thread>::new::thread_start
[INFO] [stdout]   18:     0x79be6cfa9dfa - <unknown>
[INFO] [stdout]   19:     0x79be6d03d3d4 - clone
[INFO] [stdout]   20:                0x0 - <unknown>
[INFO] [stdout] 
[INFO] [stdout] 
[INFO] [stdout] failures:
[INFO] [stdout]     test_main_with_args
[INFO] [stdout] 
[INFO] [stdout] test result: FAILED. 0 passed; 1 failed; 0 ignored; 0 measured; 0 filtered out; finished in 40.05s
[INFO] [stdout] 
[INFO] [stderr] error: test failed, to rerun pass `--test main_test`
[INFO] running `Command { std: "docker" "inspect" "b133b98098fae629bccf0921ac9ce1a53473269e12e583bae9f84365966343c0", kill_on_drop: false }`
[INFO] running `Command { std: "docker" "rm" "-f" "b133b98098fae629bccf0921ac9ce1a53473269e12e583bae9f84365966343c0", kill_on_drop: false }`
[INFO] [stdout] b133b98098fae629bccf0921ac9ce1a53473269e12e583bae9f84365966343c0
