[INFO] cloning repository https://github.com/glaucomaa/mx230
[INFO] running `Command { std: "git" "-c" "credential.helper=" "-c" "credential.helper=/workspace/cargo-home/bin/git-credential-null" "clone" "--bare" "https://github.com/glaucomaa/mx230" "/workspace/cache/git-repos/https%3A%2F%2Fgithub.com%2Fglaucomaa%2Fmx230", kill_on_drop: false }`
[INFO] [stderr] Cloning into bare repository '/workspace/cache/git-repos/https%3A%2F%2Fgithub.com%2Fglaucomaa%2Fmx230'...
[INFO] running `Command { std: "git" "rev-parse" "HEAD", kill_on_drop: false }`
[INFO] [stdout] 835445d288e8ac996b36898547842923a9bc77c9
[INFO] testing glaucomaa/mx230 against 1.100.0-beta.1+cargoflags=--release for beta-release-1.100-2
[INFO] running `Command { std: "git" "clone" "/workspace/cache/git-repos/https%3A%2F%2Fgithub.com%2Fglaucomaa%2Fmx230" "/workspace/builds/worker-0-tc2/source", kill_on_drop: false }`
[INFO] [stderr] Cloning into '/workspace/builds/worker-0-tc2/source'...
[INFO] [stderr] done.
[INFO] started tweaking git repo https://github.com/glaucomaa/mx230
[INFO] finished tweaking git repo https://github.com/glaucomaa/mx230
[INFO] tweaked toml for git repo https://github.com/glaucomaa/mx230 written to /workspace/builds/worker-0-tc2/source/Cargo.toml
[INFO] validating manifest of git repo https://github.com/glaucomaa/mx230 on toolchain 1.100.0-beta.1
[INFO] running `Command { std: CARGO_HOME="/workspace/cargo-home" RUSTUP_HOME="/workspace/rustup-home" "/workspace/cargo-home/bin/cargo" "+1.100.0-beta.1" "metadata" "--manifest-path" "Cargo.toml" "--no-deps", kill_on_drop: false }`
[INFO] crate git repo https://github.com/glaucomaa/mx230 already has a lockfile, it will not be regenerated
[INFO] running `Command { std: CARGO_HOME="/workspace/cargo-home" RUSTUP_HOME="/workspace/rustup-home" "/workspace/cargo-home/bin/cargo" "+1.100.0-beta.1" "fetch" "--manifest-path" "Cargo.toml", kill_on_drop: false }`
[INFO] running `Command { std: "docker" "create" "-v" "/var/lib/crater-agent-workspace/builds/worker-0-tc2/source:/opt/rustwide/workdir:ro,Z" "-v" "/var/lib/crater-agent-workspace/builds/worker-0-tc2/target:/opt/rustwide/target:rw,Z" "-v" "/var/lib/crater-agent-workspace/cargo-home:/opt/rustwide/cargo-home:ro,Z" "-v" "/var/lib/crater-agent-workspace/rustup-home:/opt/rustwide/rustup-home:ro,Z" "-m" "1610612736" "--network" "none" "ghcr.io/rust-lang/crates-build-env/linux@sha256:77db811e55d90add9212f6832c23229e3de5f1c1f9905e8cb07319ea15df73ac" "sleep" "infinity", kill_on_drop: false }`
[INFO] [stdout] 61bdfbdbe5b87b6dfca4e9dd4e3bf8e543a67537510520c615ce7cf794b73e0b
[INFO] running `Command { std: "docker" "start" "61bdfbdbe5b87b6dfca4e9dd4e3bf8e543a67537510520c615ce7cf794b73e0b", kill_on_drop: false }`
[INFO] running `Command { std: "docker" "inspect" "61bdfbdbe5b87b6dfca4e9dd4e3bf8e543a67537510520c615ce7cf794b73e0b", kill_on_drop: false }`
[INFO] running `Command { std: "docker" "exec" "-e" "SOURCE_DIR=/opt/rustwide/workdir" "-e" "CARGO_HOME=/opt/rustwide/cargo-home" "-e" "RUSTUP_HOME=/opt/rustwide/rustup-home" "-e" "CARGO_TARGET_DIR=/opt/rustwide/target" "-w" "/opt/rustwide/workdir" "--user" "0:0" "61bdfbdbe5b87b6dfca4e9dd4e3bf8e543a67537510520c615ce7cf794b73e0b" "/opt/rustwide/cargo-home/bin/cargo" "+1.100.0-beta.1" "metadata" "--no-deps" "--format-version=1", kill_on_drop: false }`
[INFO] running `Command { std: "docker" "inspect" "61bdfbdbe5b87b6dfca4e9dd4e3bf8e543a67537510520c615ce7cf794b73e0b", kill_on_drop: false }`
[INFO] running `Command { std: "docker" "exec" "-e" "SOURCE_DIR=/opt/rustwide/workdir" "-e" "CARGO_HOME=/opt/rustwide/cargo-home" "-e" "RUSTUP_HOME=/opt/rustwide/rustup-home" "-e" "CARGO_TARGET_DIR=/opt/rustwide/target" "-e" "CARGO_INCREMENTAL=0" "-e" "RUST_BACKTRACE=full" "-e" "RUSTFLAGS=--cap-lints=warn" "-e" "RUSTDOCFLAGS=--cap-lints=warn" "-w" "/opt/rustwide/workdir" "--user" "0:0" "61bdfbdbe5b87b6dfca4e9dd4e3bf8e543a67537510520c615ce7cf794b73e0b" "/opt/rustwide/cargo-home/bin/cargo" "+1.100.0-beta.1" "build" "--frozen" "--message-format=json" "--release", kill_on_drop: false }`
[INFO] [stderr]    Compiling proc-macro2 v1.0.106
[INFO] [stderr]    Compiling unicode-ident v1.0.24
[INFO] [stderr]    Compiling quote v1.0.45
[INFO] [stderr]    Compiling kernel-build v0.1.0 (/opt/rustwide/workdir/kernel-build)
[INFO] [stderr]    Compiling libc v0.2.186
[INFO] [stderr]    Compiling zerocopy v0.8.52
[INFO] [stderr]    Compiling getrandom v0.3.4
[INFO] [stderr]    Compiling cfg-if v1.0.4
[INFO] [stderr]    Compiling autocfg v1.5.1
[INFO] [stderr]    Compiling libm v0.2.16
[INFO] [stderr]    Compiling cudarc v0.19.7
[INFO] [stderr]    Compiling common v0.1.0 (/opt/rustwide/workdir/common)
[INFO] [stderr]    Compiling libloading v0.9.0
[INFO] [stderr] warning: common@0.1.0: nvcc not found (CUDA_HOME / /opt/cuda / PATH) — writing empty PTX stubs
[INFO] [stderr]    Compiling serde_core v1.0.228
[INFO] [stderr]    Compiling zmij v1.0.21
[INFO] [stderr]    Compiling serde v1.0.228
[INFO] [stderr]    Compiling serde_json v1.0.150
[INFO] [stderr]    Compiling num-traits v0.2.19
[INFO] [stderr]    Compiling graph-compiler v0.1.0 (/opt/rustwide/workdir/05-graph-compiler)
[INFO] [stderr]    Compiling memchr v2.8.1
[INFO] [stderr]    Compiling itoa v1.0.18
[INFO] [stderr] warning: graph-compiler@0.1.0: nvcc not found (CUDA_HOME / /opt/cuda / PATH) — writing empty PTX stubs
[INFO] [stderr]    Compiling cutlass v0.1.0 (/opt/rustwide/workdir/04-cutlass)
[INFO] [stderr]    Compiling flash-attention v0.1.0 (/opt/rustwide/workdir/02-flash-attention)
[INFO] [stderr]    Compiling gemm v0.1.0 (/opt/rustwide/workdir/01-gemm)
[INFO] [stderr]    Compiling llm-engine v0.1.0 (/opt/rustwide/workdir/03-llm-engine)
[INFO] [stderr] warning: gemm@0.1.0: nvcc not found (CUDA_HOME / /opt/cuda / PATH) — writing empty PTX stubs
[INFO] [stderr] warning: flash-attention@0.1.0: nvcc not found (CUDA_HOME / /opt/cuda / PATH) — writing empty PTX stubs
[INFO] [stderr] warning: cutlass@0.1.0: nvcc not found (CUDA_HOME / /opt/cuda / PATH) — writing empty PTX stubs
[INFO] [stderr]    Compiling syn v2.0.117
[INFO] [stderr] warning: llm-engine@0.1.0: nvcc not found (CUDA_HOME / /opt/cuda / PATH) — writing empty PTX stubs
[INFO] [stderr]    Compiling memmap2 v0.9.10
[INFO] [stderr]    Compiling rand_core v0.9.5
[INFO] [stderr]    Compiling zerocopy-derive v0.8.52
[INFO] [stderr]    Compiling serde_derive v1.0.228
[INFO] [stderr]    Compiling safetensors v0.5.3
[INFO] [stderr]    Compiling ppv-lite86 v0.2.21
[INFO] [stderr]    Compiling rand_chacha v0.9.0
[INFO] [stderr]    Compiling rand v0.9.4
[INFO] [stderr]    Compiling rand_distr v0.5.1
[INFO] [stderr]    Compiling half v2.7.1
[INFO] [stderr]     Finished `release` profile [optimized + debuginfo] target(s) in 2m 27s
[INFO] running `Command { std: "docker" "inspect" "61bdfbdbe5b87b6dfca4e9dd4e3bf8e543a67537510520c615ce7cf794b73e0b", kill_on_drop: false }`
[INFO] running `Command { std: "docker" "exec" "-e" "SOURCE_DIR=/opt/rustwide/workdir" "-e" "CARGO_HOME=/opt/rustwide/cargo-home" "-e" "RUSTUP_HOME=/opt/rustwide/rustup-home" "-e" "CARGO_TARGET_DIR=/opt/rustwide/target" "-e" "CARGO_INCREMENTAL=0" "-e" "RUST_BACKTRACE=full" "-e" "RUSTFLAGS=--cap-lints=warn" "-e" "RUSTDOCFLAGS=--cap-lints=warn" "-w" "/opt/rustwide/workdir" "--user" "0:0" "61bdfbdbe5b87b6dfca4e9dd4e3bf8e543a67537510520c615ce7cf794b73e0b" "/opt/rustwide/cargo-home/bin/cargo" "+1.100.0-beta.1" "test" "--frozen" "--no-run" "--message-format=json" "--release", kill_on_drop: false }`
[INFO] [stderr] warning: common@0.1.0: nvcc not found (CUDA_HOME / /opt/cuda / PATH) — writing empty PTX stubs
[INFO] [stderr] warning: graph-compiler@0.1.0: nvcc not found (CUDA_HOME / /opt/cuda / PATH) — writing empty PTX stubs
[INFO] [stderr] warning: cutlass@0.1.0: nvcc not found (CUDA_HOME / /opt/cuda / PATH) — writing empty PTX stubs
[INFO] [stderr] warning: flash-attention@0.1.0: nvcc not found (CUDA_HOME / /opt/cuda / PATH) — writing empty PTX stubs
[INFO] [stderr] warning: gemm@0.1.0: nvcc not found (CUDA_HOME / /opt/cuda / PATH) — writing empty PTX stubs
[INFO] [stderr]    Compiling kernel-build v0.1.0 (/opt/rustwide/workdir/kernel-build)
[INFO] [stderr] warning: llm-engine@0.1.0: nvcc not found (CUDA_HOME / /opt/cuda / PATH) — writing empty PTX stubs
[INFO] [stderr]    Compiling common v0.1.0 (/opt/rustwide/workdir/common)
[INFO] [stderr]    Compiling graph-compiler v0.1.0 (/opt/rustwide/workdir/05-graph-compiler)
[INFO] [stderr]    Compiling cutlass v0.1.0 (/opt/rustwide/workdir/04-cutlass)
[INFO] [stderr]    Compiling flash-attention v0.1.0 (/opt/rustwide/workdir/02-flash-attention)
[INFO] [stderr]    Compiling gemm v0.1.0 (/opt/rustwide/workdir/01-gemm)
[INFO] [stderr]    Compiling llm-engine v0.1.0 (/opt/rustwide/workdir/03-llm-engine)
[INFO] [stderr]     Finished `release` profile [optimized + debuginfo] target(s) in 38.47s
[INFO] running `Command { std: "docker" "inspect" "61bdfbdbe5b87b6dfca4e9dd4e3bf8e543a67537510520c615ce7cf794b73e0b", kill_on_drop: false }`
[INFO] running `Command { std: "docker" "exec" "-e" "SOURCE_DIR=/opt/rustwide/workdir" "-e" "CARGO_HOME=/opt/rustwide/cargo-home" "-e" "RUSTUP_HOME=/opt/rustwide/rustup-home" "-e" "CARGO_TARGET_DIR=/opt/rustwide/target" "-e" "CARGO_INCREMENTAL=0" "-e" "RUST_BACKTRACE=full" "-e" "RUSTFLAGS=--cap-lints=warn" "-e" "RUSTDOCFLAGS=--cap-lints=warn" "-w" "/opt/rustwide/workdir" "--user" "0:0" "61bdfbdbe5b87b6dfca4e9dd4e3bf8e543a67537510520c615ce7cf794b73e0b" "/opt/rustwide/cargo-home/bin/cargo" "+1.100.0-beta.1" "test" "--frozen" "--release", kill_on_drop: false }`
[INFO] [stderr] warning: common@0.1.0: nvcc not found (CUDA_HOME / /opt/cuda / PATH) — writing empty PTX stubs
[INFO] [stderr] warning: graph-compiler@0.1.0: nvcc not found (CUDA_HOME / /opt/cuda / PATH) — writing empty PTX stubs
[INFO] [stderr] warning: cutlass@0.1.0: nvcc not found (CUDA_HOME / /opt/cuda / PATH) — writing empty PTX stubs
[INFO] [stderr] warning: flash-attention@0.1.0: nvcc not found (CUDA_HOME / /opt/cuda / PATH) — writing empty PTX stubs
[INFO] [stderr] warning: gemm@0.1.0: nvcc not found (CUDA_HOME / /opt/cuda / PATH) — writing empty PTX stubs
[INFO] [stderr] warning: llm-engine@0.1.0: nvcc not found (CUDA_HOME / /opt/cuda / PATH) — writing empty PTX stubs
[INFO] [stderr]     Finished `release` profile [optimized + debuginfo] target(s) in 0.22s
[INFO] [stderr]      Running unittests src/lib.rs (/opt/rustwide/target/release/build/common/6d3304efe61bf2cd/out/common-6d3304efe61bf2cd)
[INFO] [stdout] 
[INFO] [stdout] running 4 tests
[INFO] [stdout] test tests::allclose_err_threshold ... ok
[INFO] [stdout] test tests::error_metrics_reject_non_finite_values ... ok
[INFO] [stdout] test tests::pseudo_rand_is_deterministic_and_bounded ... ok
[INFO] [stdout] test tests::max_rel_err_basics ... ok
[INFO] [stdout] 
[INFO] [stdout] test result: ok. 4 passed; 0 failed; 0 ignored; 0 measured; 0 filtered out; finished in 0.00s
[INFO] [stdout] 
[INFO] [stderr]      Running unittests src/main.rs (/opt/rustwide/target/release/build/cutlass/5f8563c1584bb11b/out/cutlass-5f8563c1584bb11b)
[INFO] [stdout] 
[INFO] [stdout] running 1 test
[INFO] [stdout] test tests::cutlass_matches_reference ... FAILED
[INFO] [stdout] 
[INFO] [stdout] failures:
[INFO] [stdout] 
[INFO] [stdout] ---- tests::cutlass_matches_reference stdout ----
[INFO] [stdout] 
[INFO] [stdout] thread 'tests::cutlass_matches_reference' (1589) panicked at /opt/rustwide/cargo-home/registry/src/index.crates.io-1949cf8c6b5b557f/cudarc-0.19.7/src/lib.rs:200:5:
[INFO] [stdout] Unable to dynamically load the "cuda" shared library - searched for library names: ["libcuda.so", "libcuda64.so", "libcuda64_12.so", "libcuda64_129.so", "libcuda64_129_0.so", "libcuda64_120_9.so", "libcuda64_10.so", "libcuda64_11.so", "libcuda64_12.so", "libcuda64_120_0.so", "libcuda64_9.so", "libcuda.so.12", "libcuda.so.12", "libcuda.so.11", "libcuda.so.10", "libcuda.so.9", "libcuda.so.1", "libnvcuda.so", "libnvcuda64.so", "libnvcuda64_12.so", "libnvcuda64_129.so", "libnvcuda64_129_0.so", "libnvcuda64_120_9.so", "libnvcuda64_10.so", "libnvcuda64_11.so", "libnvcuda64_12.so", "libnvcuda64_120_0.so", "libnvcuda64_9.so", "libnvcuda.so.12", "libnvcuda.so.12", "libnvcuda.so.11", "libnvcuda.so.10", "libnvcuda.so.9", "libnvcuda.so.1"]. Ensure that `LD_LIBRARY_PATH` has the correct path to the installed library. If the shared library is present on the system under a different name than one of those listed above, please open a GitHub issue.
[INFO] [stdout] stack backtrace:
[INFO] [stdout]    0:     0x5c09f891c461 - std[617be2ca0a6fd877]::backtrace_rs::backtrace::libunwind::trace
[INFO] [stdout]                                at /rustc/e3feeb59cd1bdd011a2bfcc0747b55125d9b8527/library/std/src/../../backtrace/src/backtrace/libunwind.rs:117:9
[INFO] [stdout]    1:     0x5c09f891c461 - std[617be2ca0a6fd877]::backtrace_rs::backtrace::trace_unsynchronized::<std[617be2ca0a6fd877]::sys::backtrace::_print_fmt::{closure#1}>
[INFO] [stdout]                                at /rustc/e3feeb59cd1bdd011a2bfcc0747b55125d9b8527/library/std/src/../../backtrace/src/backtrace/mod.rs:66:14
[INFO] [stdout]    2:     0x5c09f891c461 - std[617be2ca0a6fd877]::sys::backtrace::_print_fmt
[INFO] [stdout]                                at /rustc/e3feeb59cd1bdd011a2bfcc0747b55125d9b8527/library/std/src/sys/backtrace.rs:74:9
[INFO] [stdout]    3:     0x5c09f891c461 - <<std[617be2ca0a6fd877]::sys::backtrace::BacktraceLock>::print::DisplayBacktrace as core[a373ad73a504971]::fmt::Display>::fmt
[INFO] [stdout]                                at /rustc/e3feeb59cd1bdd011a2bfcc0747b55125d9b8527/library/std/src/sys/backtrace.rs:44:26
[INFO] [stdout]    4:     0x5c09f893056a - <core[a373ad73a504971]::fmt::rt::Argument>::fmt
[INFO] [stdout]                                at /rustc/e3feeb59cd1bdd011a2bfcc0747b55125d9b8527/library/core/src/fmt/rt.rs:152:76
[INFO] [stdout]    5:     0x5c09f893056a - core[a373ad73a504971]::fmt::write
[INFO] [stdout]    6:     0x5c09f892067c - core[a373ad73a504971]::io::write::default_write_fmt::<alloc[2e1b2a31b91974c5]::vec::Vec<u8>>
[INFO] [stdout]                                at /rustc/e3feeb59cd1bdd011a2bfcc0747b55125d9b8527/library/core/src/io/write.rs:402:11
[INFO] [stdout]    7:     0x5c09f892067c - <alloc[2e1b2a31b91974c5]::vec::Vec<u8> as core[a373ad73a504971]::io::write::Write>::write_fmt
[INFO] [stdout]                                at /rustc/e3feeb59cd1bdd011a2bfcc0747b55125d9b8527/library/core/src/io/write.rs:335:13
[INFO] [stdout]    8:     0x5c09f88f88c6 - <std[617be2ca0a6fd877]::sys::backtrace::BacktraceLock>::print
[INFO] [stdout]                                at /rustc/e3feeb59cd1bdd011a2bfcc0747b55125d9b8527/library/std/src/sys/backtrace.rs:47:9
[INFO] [stdout]    9:     0x5c09f88f88c6 - std[617be2ca0a6fd877]::panicking::default_hook::{closure#0}
[INFO] [stdout]                                at /rustc/e3feeb59cd1bdd011a2bfcc0747b55125d9b8527/library/std/src/panicking.rs:289:27
[INFO] [stdout]   10:     0x5c09f8914af9 - std[617be2ca0a6fd877]::panicking::default_hook
[INFO] [stdout]                                at /rustc/e3feeb59cd1bdd011a2bfcc0747b55125d9b8527/library/std/src/panicking.rs:313:9
[INFO] [stdout]   11:     0x5c09f88ad410 - <alloc[2e1b2a31b91974c5]::boxed::Box<dyn for<'a, 'b> core[a373ad73a504971]::ops::function::Fn<(&'a std[617be2ca0a6fd877]::panic::PanicHookInfo<'b>,), Output = ()> + core[a373ad73a504971]::marker::Sync + core[a373ad73a504971]::marker::Send> as core[a373ad73a504971]::ops::function::Fn<(&std[617be2ca0a6fd877]::panic::PanicHookInfo,)>>::call
[INFO] [stdout]                                at /rustc/e3feeb59cd1bdd011a2bfcc0747b55125d9b8527/library/alloc/src/boxed.rs:2328:9
[INFO] [stdout]   12:     0x5c09f88ad410 - test[aada8e7e76ba119b]::test_main_inner::{closure#0}
[INFO] [stdout]                                at /rustc/e3feeb59cd1bdd011a2bfcc0747b55125d9b8527/library/test/src/lib.rs:137:21
[INFO] [stdout]   13:     0x5c09f8914cb2 - <alloc[2e1b2a31b91974c5]::boxed::Box<dyn for<'a, 'b> core[a373ad73a504971]::ops::function::Fn<(&'a std[617be2ca0a6fd877]::panic::PanicHookInfo<'b>,), Output = ()> + core[a373ad73a504971]::marker::Sync + core[a373ad73a504971]::marker::Send> as core[a373ad73a504971]::ops::function::Fn<(&std[617be2ca0a6fd877]::panic::PanicHookInfo,)>>::call
[INFO] [stdout]                                at /rustc/e3feeb59cd1bdd011a2bfcc0747b55125d9b8527/library/alloc/src/boxed.rs:2328:9
[INFO] [stdout]   14:     0x5c09f8914cb2 - std[617be2ca0a6fd877]::panicking::panic_with_hook
[INFO] [stdout]                                at /rustc/e3feeb59cd1bdd011a2bfcc0747b55125d9b8527/library/std/src/panicking.rs:819:13
[INFO] [stdout]   15:     0x5c09f88f8972 - std[617be2ca0a6fd877]::panicking::panic_handler::{closure#0}
[INFO] [stdout]                                at /rustc/e3feeb59cd1bdd011a2bfcc0747b55125d9b8527/library/std/src/panicking.rs:685:13
[INFO] [stdout]   16:     0x5c09f88f1689 - std[617be2ca0a6fd877]::sys::backtrace::__rust_end_short_backtrace::<std[617be2ca0a6fd877]::panicking::panic_handler::{closure#0}, !>
[INFO] [stdout]                                at /rustc/e3feeb59cd1bdd011a2bfcc0747b55125d9b8527/library/std/src/sys/backtrace.rs:182:18
[INFO] [stdout]   17:     0x5c09f88f957d - __rustc[ea4f61d10b84890b]::rust_begin_unwind
[INFO] [stdout]                                at /rustc/e3feeb59cd1bdd011a2bfcc0747b55125d9b8527/library/std/src/panicking.rs:676:5
[INFO] [stdout]   18:     0x5c09f8930c9c - core[a373ad73a504971]::panicking::panic_fmt
[INFO] [stdout]                                at /rustc/e3feeb59cd1bdd011a2bfcc0747b55125d9b8527/library/core/src/panicking.rs:80:14
[INFO] [stdout]   19:     0x5c09f88e363d - cudarc[15f02cb2cd660a01]::panic_no_lib_found::<alloc[2e1b2a31b91974c5]::string::String>
[INFO] [stdout]                                at /opt/rustwide/cargo-home/registry/src/index.crates.io-1949cf8c6b5b557f/cudarc-0.19.7/src/lib.rs:200:5
[INFO] [stdout]   20:     0x5c09f88e2223 - cudarc[15f02cb2cd660a01]::driver::sys::culib::{closure#0}
[INFO] [stdout]                                at /opt/rustwide/cargo-home/registry/src/index.crates.io-1949cf8c6b5b557f/cudarc-0.19.7/src/driver/sys/mod.rs:15462:9
[INFO] [stdout]   21:     0x5c09f88e2223 - <std[617be2ca0a6fd877]::sync::once_lock::OnceLock<libloading[2bec42c4d9d96606]::safe::Library>>::get_or_init::<cudarc[15f02cb2cd660a01]::driver::sys::culib::{closure#0}>::{closure#0}
[INFO] [stdout]                                at /rustc/e3feeb59cd1bdd011a2bfcc0747b55125d9b8527/library/std/src/sync/once_lock.rs:350:50
[INFO] [stdout]   22:     0x5c09f88e2223 - <std[617be2ca0a6fd877]::sync::once_lock::OnceLock<libloading[2bec42c4d9d96606]::safe::Library>>::initialize::<<std[617be2ca0a6fd877]::sync::once_lock::OnceLock<libloading[2bec42c4d9d96606]::safe::Library>>::get_or_init<cudarc[15f02cb2cd660a01]::driver::sys::culib::{closure#0}>::{closure#0}, !>::{closure#0}
[INFO] [stdout]                                at /rustc/e3feeb59cd1bdd011a2bfcc0747b55125d9b8527/library/std/src/sync/once_lock.rs:572:19
[INFO] [stdout]   23:     0x5c09f88e2223 - <std[617be2ca0a6fd877]::sync::once::Once>::call_once_force::<<std[617be2ca0a6fd877]::sync::once_lock::OnceLock<libloading[2bec42c4d9d96606]::safe::Library>>::initialize<<std[617be2ca0a6fd877]::sync::once_lock::OnceLock<libloading[2bec42c4d9d96606]::safe::Library>>::get_or_init<cudarc[15f02cb2cd660a01]::driver::sys::culib::{closure#0}>::{closure#0}, !>::{closure#0}>::{closure#0}
[INFO] [stdout]                                at /rustc/e3feeb59cd1bdd011a2bfcc0747b55125d9b8527/library/std/src/sync/once.rs:227:40
[INFO] [stdout]   24:     0x5c09f88fe4a9 - <std[617be2ca0a6fd877]::sys::sync::once::futex::Once>::call
[INFO] [stdout]                                at /rustc/e3feeb59cd1bdd011a2bfcc0747b55125d9b8527/library/std/src/sys/sync/once/futex.rs:183:21
[INFO] [stdout]   25:     0x5c09f88e19d1 - <std[617be2ca0a6fd877]::sync::once::Once>::call_once_force::<<std[617be2ca0a6fd877]::sync::once_lock::OnceLock<libloading[2bec42c4d9d96606]::safe::Library>>::initialize<<std[617be2ca0a6fd877]::sync::once_lock::OnceLock<libloading[2bec42c4d9d96606]::safe::Library>>::get_or_init<cudarc[15f02cb2cd660a01]::driver::sys::culib::{closure#0}>::{closure#0}, !>::{closure#0}>
[INFO] [stdout]                                at /rustc/e3feeb59cd1bdd011a2bfcc0747b55125d9b8527/library/std/src/sync/once.rs:227:20
[INFO] [stdout]   26:     0x5c09f88e19d1 - <std[617be2ca0a6fd877]::sync::once_lock::OnceLock<libloading[2bec42c4d9d96606]::safe::Library>>::initialize::<<std[617be2ca0a6fd877]::sync::once_lock::OnceLock<libloading[2bec42c4d9d96606]::safe::Library>>::get_or_init<cudarc[15f02cb2cd660a01]::driver::sys::culib::{closure#0}>::{closure#0}, !>
[INFO] [stdout]                                at /rustc/e3feeb59cd1bdd011a2bfcc0747b55125d9b8527/library/std/src/sync/once_lock.rs:571:19
[INFO] [stdout]   27:     0x5c09f88e20b3 - <std[617be2ca0a6fd877]::sync::once_lock::OnceLock<libloading[2bec42c4d9d96606]::safe::Library>>::get_or_try_init::<<std[617be2ca0a6fd877]::sync::once_lock::OnceLock<libloading[2bec42c4d9d96606]::safe::Library>>::get_or_init<cudarc[15f02cb2cd660a01]::driver::sys::culib::{closure#0}>::{closure#0}, !>
[INFO] [stdout]                                at /rustc/e3feeb59cd1bdd011a2bfcc0747b55125d9b8527/library/std/src/sync/once_lock.rs:439:14
[INFO] [stdout]   28:     0x5c09f88e20b3 - <std[617be2ca0a6fd877]::sync::once_lock::OnceLock<libloading[2bec42c4d9d96606]::safe::Library>>::get_or_init::<cudarc[15f02cb2cd660a01]::driver::sys::culib::{closure#0}>
[INFO] [stdout]                                at /rustc/e3feeb59cd1bdd011a2bfcc0747b55125d9b8527/library/std/src/sync/once_lock.rs:350:20
[INFO] [stdout]   29:     0x5c09f88e20b3 - cudarc[15f02cb2cd660a01]::driver::sys::culib
[INFO] [stdout]                                at /opt/rustwide/cargo-home/registry/src/index.crates.io-1949cf8c6b5b557f/cudarc-0.19.7/src/driver/sys/mod.rs:15454:9
[INFO] [stdout]   30:     0x5c09f88e20b3 - cudarc[15f02cb2cd660a01]::driver::sys::load::<unsafe extern "C" fn(u32) -> cudarc[15f02cb2cd660a01]::driver::sys::cudaError_enum>
[INFO] [stdout]                                at /opt/rustwide/cargo-home/registry/src/index.crates.io-1949cf8c6b5b557f/cudarc-0.19.7/src/driver/sys/mod.rs:12:15
[INFO] [stdout]   31:     0x5c09f88e20b3 - cudarc[15f02cb2cd660a01]::driver::sys::cuInit::{closure#0}
[INFO] [stdout]                                at /opt/rustwide/cargo-home/registry/src/index.crates.io-1949cf8c6b5b557f/cudarc-0.19.7/src/driver/sys/mod.rs:11041:45
[INFO] [stdout]   32:     0x5c09f88e20b3 - <std[617be2ca0a6fd877]::sync::once_lock::OnceLock<unsafe extern "C" fn(u32) -> cudarc[15f02cb2cd660a01]::driver::sys::cudaError_enum>>::get_or_init::<cudarc[15f02cb2cd660a01]::driver::sys::cuInit::{closure#0}>::{closure#0}
[INFO] [stdout]                                at /rustc/e3feeb59cd1bdd011a2bfcc0747b55125d9b8527/library/std/src/sync/once_lock.rs:350:50
[INFO] [stdout]   33:     0x5c09f88e20b3 - <std[617be2ca0a6fd877]::sync::once_lock::OnceLock<unsafe extern "C" fn(u32) -> cudarc[15f02cb2cd660a01]::driver::sys::cudaError_enum>>::initialize::<<std[617be2ca0a6fd877]::sync::once_lock::OnceLock<unsafe extern "C" fn(u32) -> cudarc[15f02cb2cd660a01]::driver::sys::cudaError_enum>>::get_or_init<cudarc[15f02cb2cd660a01]::driver::sys::cuInit::{closure#0}>::{closure#0}, !>::{closure#0}
[INFO] [stdout]                                at /rustc/e3feeb59cd1bdd011a2bfcc0747b55125d9b8527/library/std/src/sync/once_lock.rs:572:19
[INFO] [stdout]   34:     0x5c09f88e20b3 - <std[617be2ca0a6fd877]::sync::once::Once>::call_once_force::<<std[617be2ca0a6fd877]::sync::once_lock::OnceLock<unsafe extern "C" fn(u32) -> cudarc[15f02cb2cd660a01]::driver::sys::cudaError_enum>>::initialize<<std[617be2ca0a6fd877]::sync::once_lock::OnceLock<unsafe extern "C" fn(u32) -> cudarc[15f02cb2cd660a01]::driver::sys::cudaError_enum>>::get_or_init<cudarc[15f02cb2cd660a01]::driver::sys::cuInit::{closure#0}>::{closure#0}, !>::{closure#0}>::{closure#0}
[INFO] [stdout]                                at /rustc/e3feeb59cd1bdd011a2bfcc0747b55125d9b8527/library/std/src/sync/once.rs:227:40
[INFO] [stdout]   35:     0x5c09f88fe4a9 - <std[617be2ca0a6fd877]::sys::sync::once::futex::Once>::call
[INFO] [stdout]                                at /rustc/e3feeb59cd1bdd011a2bfcc0747b55125d9b8527/library/std/src/sys/sync/once/futex.rs:183:21
[INFO] [stdout]   36:     0x5c09f88e198c - <std[617be2ca0a6fd877]::sync::once::Once>::call_once_force::<<std[617be2ca0a6fd877]::sync::once_lock::OnceLock<unsafe extern "C" fn(u32) -> cudarc[15f02cb2cd660a01]::driver::sys::cudaError_enum>>::initialize<<std[617be2ca0a6fd877]::sync::once_lock::OnceLock<unsafe extern "C" fn(u32) -> cudarc[15f02cb2cd660a01]::driver::sys::cudaError_enum>>::get_or_init<cudarc[15f02cb2cd660a01]::driver::sys::cuInit::{closure#0}>::{closure#0}, !>::{closure#0}>
[INFO] [stdout]                                at /rustc/e3feeb59cd1bdd011a2bfcc0747b55125d9b8527/library/std/src/sync/once.rs:227:20
[INFO] [stdout]   37:     0x5c09f88e198c - <std[617be2ca0a6fd877]::sync::once_lock::OnceLock<unsafe extern "C" fn(u32) -> cudarc[15f02cb2cd660a01]::driver::sys::cudaError_enum>>::initialize::<<std[617be2ca0a6fd877]::sync::once_lock::OnceLock<unsafe extern "C" fn(u32) -> cudarc[15f02cb2cd660a01]::driver::sys::cudaError_enum>>::get_or_init<cudarc[15f02cb2cd660a01]::driver::sys::cuInit::{closure#0}>::{closure#0}, !>
[INFO] [stdout]                                at /rustc/e3feeb59cd1bdd011a2bfcc0747b55125d9b8527/library/std/src/sync/once_lock.rs:571:19
[INFO] [stdout]   38:     0x5c09f88e1328 - <std[617be2ca0a6fd877]::sync::once_lock::OnceLock<unsafe extern "C" fn(u32) -> cudarc[15f02cb2cd660a01]::driver::sys::cudaError_enum>>::get_or_try_init::<<std[617be2ca0a6fd877]::sync::once_lock::OnceLock<unsafe extern "C" fn(u32) -> cudarc[15f02cb2cd660a01]::driver::sys::cudaError_enum>>::get_or_init<cudarc[15f02cb2cd660a01]::driver::sys::cuInit::{closure#0}>::{closure#0}, !>
[INFO] [stdout]                                at /rustc/e3feeb59cd1bdd011a2bfcc0747b55125d9b8527/library/std/src/sync/once_lock.rs:439:14
[INFO] [stdout]   39:     0x5c09f88e1328 - <std[617be2ca0a6fd877]::sync::once_lock::OnceLock<unsafe extern "C" fn(u32) -> cudarc[15f02cb2cd660a01]::driver::sys::cudaError_enum>>::get_or_init::<cudarc[15f02cb2cd660a01]::driver::sys::cuInit::{closure#0}>
[INFO] [stdout]                                at /rustc/e3feeb59cd1bdd011a2bfcc0747b55125d9b8527/library/std/src/sync/once_lock.rs:350:20
[INFO] [stdout]   40:     0x5c09f88e1328 - cudarc[15f02cb2cd660a01]::driver::sys::cuInit
[INFO] [stdout]                                at /opt/rustwide/cargo-home/registry/src/index.crates.io-1949cf8c6b5b557f/cudarc-0.19.7/src/driver/sys/mod.rs:11041:21
[INFO] [stdout]   41:     0x5c09f88e1328 - cudarc[15f02cb2cd660a01]::driver::result::init
[INFO] [stdout]                                at /opt/rustwide/cargo-home/registry/src/index.crates.io-1949cf8c6b5b557f/cudarc-0.19.7/src/driver/result.rs:89:14
[INFO] [stdout]   42:     0x5c09f88e1328 - <cudarc[15f02cb2cd660a01]::driver::safe::core::CudaContext>::new
[INFO] [stdout]                                at /opt/rustwide/cargo-home/registry/src/index.crates.io-1949cf8c6b5b557f/cudarc-0.19.7/src/driver/safe/core.rs:75:9
[INFO] [stdout]   43:     0x5c09f88a0735 - cutlass[b1ed735f54491f60]::tests::cutlass_matches_reference
[INFO] [stdout]                                at /opt/rustwide/workdir/04-cutlass/src/main.rs:410:25
[INFO] [stdout]   44:     0x5c09f88a0735 - cutlass[b1ed735f54491f60]::tests::cutlass_matches_reference::{closure#0}
[INFO] [stdout]                                at /opt/rustwide/workdir/04-cutlass/src/main.rs:409:35
[INFO] [stdout]   45:     0x5c09f88a0735 - <cutlass[b1ed735f54491f60]::tests::cutlass_matches_reference::{closure#0} as core[a373ad73a504971]::ops::function::FnOnce<()>>::call_once
[INFO] [stdout]                                at /rustc/e3feeb59cd1bdd011a2bfcc0747b55125d9b8527/library/core/src/ops/function.rs:250:5
[INFO] [stdout]   46:     0x5c09f88a085b - <fn() -> core[a373ad73a504971]::result::Result<(), alloc[2e1b2a31b91974c5]::string::String> as core[a373ad73a504971]::ops::function::FnOnce<()>>::call_once
[INFO] [stdout]                                at /rustc/e3feeb59cd1bdd011a2bfcc0747b55125d9b8527/library/core/src/ops/function.rs:250:5
[INFO] [stdout]   47:     0x5c09f88a085b - test[aada8e7e76ba119b]::__rust_begin_short_backtrace::<core[a373ad73a504971]::result::Result<(), alloc[2e1b2a31b91974c5]::string::String>, fn() -> core[a373ad73a504971]::result::Result<(), alloc[2e1b2a31b91974c5]::string::String>>
[INFO] [stdout]                                at /rustc/e3feeb59cd1bdd011a2bfcc0747b55125d9b8527/library/test/src/lib.rs:701:18
[INFO] [stdout]   48:     0x5c09f88ada35 - test[aada8e7e76ba119b]::run_test_in_process::{closure#0}
[INFO] [stdout]                                at /rustc/e3feeb59cd1bdd011a2bfcc0747b55125d9b8527/library/test/src/lib.rs:724:74
[INFO] [stdout]   49:     0x5c09f88ada35 - <core[a373ad73a504971]::panic::unwind_safe::AssertUnwindSafe<test[aada8e7e76ba119b]::run_test_in_process::{closure#0}> as core[a373ad73a504971]::ops::function::FnOnce<()>>::call_once
[INFO] [stdout]                                at /rustc/e3feeb59cd1bdd011a2bfcc0747b55125d9b8527/library/core/src/panic/unwind_safe.rs:275:9
[INFO] [stdout]   50:     0x5c09f88ada35 - std[617be2ca0a6fd877]::panicking::catch_unwind::do_call::<core[a373ad73a504971]::panic::unwind_safe::AssertUnwindSafe<test[aada8e7e76ba119b]::run_test_in_process::{closure#0}>, core[a373ad73a504971]::result::Result<(), alloc[2e1b2a31b91974c5]::string::String>>
[INFO] [stdout]                                at /rustc/e3feeb59cd1bdd011a2bfcc0747b55125d9b8527/library/std/src/panicking.rs:573:43
[INFO] [stdout]   51:     0x5c09f88ada35 - std[617be2ca0a6fd877]::panicking::catch_unwind::<core[a373ad73a504971]::result::Result<(), alloc[2e1b2a31b91974c5]::string::String>, core[a373ad73a504971]::panic::unwind_safe::AssertUnwindSafe<test[aada8e7e76ba119b]::run_test_in_process::{closure#0}>>
[INFO] [stdout]                                at /rustc/e3feeb59cd1bdd011a2bfcc0747b55125d9b8527/library/std/src/panicking.rs:541:19
[INFO] [stdout]   52:     0x5c09f88ada35 - std[617be2ca0a6fd877]::panic::catch_unwind::<core[a373ad73a504971]::panic::unwind_safe::AssertUnwindSafe<test[aada8e7e76ba119b]::run_test_in_process::{closure#0}>, core[a373ad73a504971]::result::Result<(), alloc[2e1b2a31b91974c5]::string::String>>
[INFO] [stdout]                                at /rustc/e3feeb59cd1bdd011a2bfcc0747b55125d9b8527/library/std/src/panic.rs:359:14
[INFO] [stdout]   53:     0x5c09f88ada35 - test[aada8e7e76ba119b]::run_test_in_process
[INFO] [stdout]                                at /rustc/e3feeb59cd1bdd011a2bfcc0747b55125d9b8527/library/test/src/lib.rs:724:27
[INFO] [stdout]   54:     0x5c09f88ada35 - test[aada8e7e76ba119b]::run_test::{closure#0}
[INFO] [stdout]                                at /rustc/e3feeb59cd1bdd011a2bfcc0747b55125d9b8527/library/test/src/lib.rs:645:43
[INFO] [stdout]   55:     0x5c09f88a7324 - test[aada8e7e76ba119b]::run_test::{closure#1}
[INFO] [stdout]                                at /rustc/e3feeb59cd1bdd011a2bfcc0747b55125d9b8527/library/test/src/lib.rs:675:41
[INFO] [stdout]   56:     0x5c09f88a7324 - std[617be2ca0a6fd877]::sys::backtrace::__rust_begin_short_backtrace::<test[aada8e7e76ba119b]::run_test::{closure#1}, ()>
[INFO] [stdout]                                at /rustc/e3feeb59cd1bdd011a2bfcc0747b55125d9b8527/library/std/src/sys/backtrace.rs:166:18
[INFO] [stdout]   57:     0x5c09f88b0ac2 - std[617be2ca0a6fd877]::thread::lifecycle::spawn_unchecked::<test[aada8e7e76ba119b]::run_test::{closure#1}, ()>::{closure#1}::{closure#0}
[INFO] [stdout]                                at /rustc/e3feeb59cd1bdd011a2bfcc0747b55125d9b8527/library/std/src/thread/lifecycle.rs:70:13
[INFO] [stdout]   58:     0x5c09f88b0ac2 - <core[a373ad73a504971]::panic::unwind_safe::AssertUnwindSafe<std[617be2ca0a6fd877]::thread::lifecycle::spawn_unchecked<test[aada8e7e76ba119b]::run_test::{closure#1}, ()>::{closure#1}::{closure#0}> as core[a373ad73a504971]::ops::function::FnOnce<()>>::call_once
[INFO] [stdout]                                at /rustc/e3feeb59cd1bdd011a2bfcc0747b55125d9b8527/library/core/src/panic/unwind_safe.rs:275:9
[INFO] [stdout]   59:     0x5c09f88b0ac2 - std[617be2ca0a6fd877]::panicking::catch_unwind::do_call::<core[a373ad73a504971]::panic::unwind_safe::AssertUnwindSafe<std[617be2ca0a6fd877]::thread::lifecycle::spawn_unchecked<test[aada8e7e76ba119b]::run_test::{closure#1}, ()>::{closure#1}::{closure#0}>, ()>
[INFO] [stdout]                                at /rustc/e3feeb59cd1bdd011a2bfcc0747b55125d9b8527/library/std/src/panicking.rs:573:43
[INFO] [stdout]   60:     0x5c09f88b0ac2 - std[617be2ca0a6fd877]::panicking::catch_unwind::<(), core[a373ad73a504971]::panic::unwind_safe::AssertUnwindSafe<std[617be2ca0a6fd877]::thread::lifecycle::spawn_unchecked<test[aada8e7e76ba119b]::run_test::{closure#1}, ()>::{closure#1}::{closure#0}>>
[INFO] [stdout]                                at /rustc/e3feeb59cd1bdd011a2bfcc0747b55125d9b8527/library/std/src/panicking.rs:541:19
[INFO] [stdout]   61:     0x5c09f88b0ac2 - std[617be2ca0a6fd877]::panic::catch_unwind::<core[a373ad73a504971]::panic::unwind_safe::AssertUnwindSafe<std[617be2ca0a6fd877]::thread::lifecycle::spawn_unchecked<test[aada8e7e76ba119b]::run_test::{closure#1}, ()>::{closure#1}::{closure#0}>, ()>
[INFO] [stdout]                                at /rustc/e3feeb59cd1bdd011a2bfcc0747b55125d9b8527/library/std/src/panic.rs:359:14
[INFO] [stdout]   62:     0x5c09f88b0ac2 - std[617be2ca0a6fd877]::thread::lifecycle::spawn_unchecked::<test[aada8e7e76ba119b]::run_test::{closure#1}, ()>::{closure#1}
[INFO] [stdout]                                at /rustc/e3feeb59cd1bdd011a2bfcc0747b55125d9b8527/library/std/src/thread/lifecycle.rs:68:26
[INFO] [stdout]   63:     0x5c09f88b0ac2 - <std[617be2ca0a6fd877]::thread::lifecycle::spawn_unchecked<test[aada8e7e76ba119b]::run_test::{closure#1}, ()>::{closure#1} as core[a373ad73a504971]::ops::function::FnOnce<()>>::call_once::{shim:vtable#0}
[INFO] [stdout]                                at /rustc/e3feeb59cd1bdd011a2bfcc0747b55125d9b8527/library/core/src/ops/function.rs:250:5
[INFO] [stdout]   64:     0x5c09f891bcbf - <alloc[2e1b2a31b91974c5]::boxed::Box<dyn core[a373ad73a504971]::ops::function::FnOnce<(), Output = ()> + core[a373ad73a504971]::marker::Send> as core[a373ad73a504971]::ops::function::FnOnce<()>>::call_once
[INFO] [stdout]                                at /rustc/e3feeb59cd1bdd011a2bfcc0747b55125d9b8527/library/alloc/src/boxed.rs:2314:9
[INFO] [stdout]   65:     0x5c09f891bcbf - <std[617be2ca0a6fd877]::sys::thread::unix::Thread>::new::thread_start
[INFO] [stdout]                                at /rustc/e3feeb59cd1bdd011a2bfcc0747b55125d9b8527/library/std/src/sys/thread/unix.rs:127:17
[INFO] [stdout]   66:     0x7f1f441a7dfa - <unknown>
[INFO] [stdout]   67:     0x7f1f4423b3d4 - clone
[INFO] [stdout]   68:                0x0 - <unknown>
[INFO] [stdout] 
[INFO] [stdout] 
[INFO] [stdout] failures:
[INFO] [stdout]     tests::cutlass_matches_reference
[INFO] [stdout] 
[INFO] [stdout] test result: FAILED. 0 passed; 1 failed; 0 ignored; 0 measured; 0 filtered out; finished in 0.11s
[INFO] [stdout] 
[INFO] [stderr] error: test failed, to rerun pass `-p cutlass --bin cutlass`
[INFO] running `Command { std: "docker" "inspect" "61bdfbdbe5b87b6dfca4e9dd4e3bf8e543a67537510520c615ce7cf794b73e0b", kill_on_drop: false }`
[INFO] running `Command { std: "docker" "rm" "-f" "61bdfbdbe5b87b6dfca4e9dd4e3bf8e543a67537510520c615ce7cf794b73e0b", kill_on_drop: false }`
[INFO] [stdout] 61bdfbdbe5b87b6dfca4e9dd4e3bf8e543a67537510520c615ce7cf794b73e0b
