[INFO] cloning repository https://github.com/gilles-g/lazycomposer
[INFO] running `Command { std: "git" "-c" "credential.helper=" "-c" "credential.helper=/workspace/cargo-home/bin/git-credential-null" "clone" "--bare" "https://github.com/gilles-g/lazycomposer" "/workspace/cache/git-repos/https%3A%2F%2Fgithub.com%2Fgilles-g%2Flazycomposer", kill_on_drop: false }`
[INFO] [stderr] Cloning into bare repository '/workspace/cache/git-repos/https%3A%2F%2Fgithub.com%2Fgilles-g%2Flazycomposer'...
[INFO] running `Command { std: "git" "rev-parse" "HEAD", kill_on_drop: false }`
[INFO] [stdout] dcde54076d53596da6b283f072489557d1f1a15e
[INFO] testing gilles-g/lazycomposer/dcde54076d53596da6b283f072489557d1f1a15e against 1.99.0-beta.8+cargoflags=--release for beta-release-1.100-2
[INFO] running `Command { std: "git" "clone" "/workspace/cache/git-repos/https%3A%2F%2Fgithub.com%2Fgilles-g%2Flazycomposer" "/workspace/builds/worker-1-tc1/source", kill_on_drop: false }`
[INFO] [stderr] Cloning into '/workspace/builds/worker-1-tc1/source'...
[INFO] [stderr] done.
[INFO] started tweaking git repo https://github.com/gilles-g/lazycomposer
[INFO] finished tweaking git repo https://github.com/gilles-g/lazycomposer
[INFO] tweaked toml for git repo https://github.com/gilles-g/lazycomposer written to /workspace/builds/worker-1-tc1/source/Cargo.toml
[INFO] validating manifest of git repo https://github.com/gilles-g/lazycomposer on toolchain 1.99.0-beta.8
[INFO] running `Command { std: CARGO_HOME="/workspace/cargo-home" RUSTUP_HOME="/workspace/rustup-home" "/workspace/cargo-home/bin/cargo" "+1.99.0-beta.8" "metadata" "--manifest-path" "Cargo.toml" "--no-deps", kill_on_drop: false }`
[INFO] crate git repo https://github.com/gilles-g/lazycomposer already has a lockfile, it will not be regenerated
[INFO] running `Command { std: CARGO_HOME="/workspace/cargo-home" RUSTUP_HOME="/workspace/rustup-home" "/workspace/cargo-home/bin/cargo" "+1.99.0-beta.8" "fetch" "--manifest-path" "Cargo.toml", kill_on_drop: false }`
[INFO] [stderr]     Updating crates.io index
[INFO] [stderr]  Downloading crates ...
[INFO] [stderr]   Downloaded serial_test v3.4.0
[INFO] [stderr]   Downloaded serial_test_derive v3.4.0
[INFO] [stderr]   Downloaded scc v2.4.0
[INFO] [stderr]   Downloaded env_home v0.1.0
[INFO] [stderr]   Downloaded libredox v0.1.14
[INFO] [stderr]   Downloaded which v7.0.3
[INFO] [stderr]   Downloaded unicode-truncate v1.1.0
[INFO] [stderr]   Downloaded cassowary v0.3.0
[INFO] [stderr]   Downloaded sdd v3.0.10
[INFO] [stderr]   Downloaded ansi-to-tui v7.0.0
[INFO] [stderr]   Downloaded compact_str v0.8.1
[INFO] [stderr]   Downloaded crossterm v0.28.1
[INFO] [stderr]   Downloaded unicode-width v0.2.0
[INFO] [stderr]   Downloaded ratatui v0.29.0
[INFO] running `Command { std: "docker" "create" "-v" "/var/lib/crater-agent-workspace/builds/worker-1-tc1/source:/opt/rustwide/workdir:ro,Z" "-v" "/var/lib/crater-agent-workspace/builds/worker-1-tc1/target:/opt/rustwide/target:rw,Z" "-v" "/var/lib/crater-agent-workspace/cargo-home:/opt/rustwide/cargo-home:ro,Z" "-v" "/var/lib/crater-agent-workspace/rustup-home:/opt/rustwide/rustup-home:ro,Z" "-m" "1610612736" "--network" "none" "ghcr.io/rust-lang/crates-build-env/linux@sha256:77db811e55d90add9212f6832c23229e3de5f1c1f9905e8cb07319ea15df73ac" "sleep" "infinity", kill_on_drop: false }`
[INFO] [stdout] b24f5a9a00792dd810534bf900007679db3ac428fe3d963bd547bdc7bfe96659
[INFO] running `Command { std: "docker" "start" "b24f5a9a00792dd810534bf900007679db3ac428fe3d963bd547bdc7bfe96659", kill_on_drop: false }`
[INFO] running `Command { std: "docker" "inspect" "b24f5a9a00792dd810534bf900007679db3ac428fe3d963bd547bdc7bfe96659", kill_on_drop: false }`
[INFO] running `Command { std: "docker" "exec" "-e" "SOURCE_DIR=/opt/rustwide/workdir" "-e" "CARGO_HOME=/opt/rustwide/cargo-home" "-e" "RUSTUP_HOME=/opt/rustwide/rustup-home" "-e" "CARGO_TARGET_DIR=/opt/rustwide/target" "-w" "/opt/rustwide/workdir" "--user" "0:0" "b24f5a9a00792dd810534bf900007679db3ac428fe3d963bd547bdc7bfe96659" "/opt/rustwide/cargo-home/bin/cargo" "+1.99.0-beta.8" "metadata" "--no-deps" "--format-version=1", kill_on_drop: false }`
[INFO] running `Command { std: "docker" "inspect" "b24f5a9a00792dd810534bf900007679db3ac428fe3d963bd547bdc7bfe96659", kill_on_drop: false }`
[INFO] running `Command { std: "docker" "exec" "-e" "SOURCE_DIR=/opt/rustwide/workdir" "-e" "CARGO_HOME=/opt/rustwide/cargo-home" "-e" "RUSTUP_HOME=/opt/rustwide/rustup-home" "-e" "CARGO_TARGET_DIR=/opt/rustwide/target" "-e" "CARGO_INCREMENTAL=0" "-e" "RUST_BACKTRACE=full" "-e" "RUSTFLAGS=--cap-lints=warn" "-e" "RUSTDOCFLAGS=--cap-lints=warn" "-w" "/opt/rustwide/workdir" "--user" "0:0" "b24f5a9a00792dd810534bf900007679db3ac428fe3d963bd547bdc7bfe96659" "/opt/rustwide/cargo-home/bin/cargo" "+1.99.0-beta.8" "build" "--frozen" "--message-format=json" "--release", kill_on_drop: false }`
[INFO] [stderr]    Compiling quote v1.0.45
[INFO] [stderr]    Compiling libc v0.2.183
[INFO] [stderr]    Compiling strsim v0.11.1
[INFO] [stderr]    Compiling bitflags v2.11.0
[INFO] [stderr]    Compiling memchr v2.8.0
[INFO] [stderr]    Compiling signal-hook v0.3.18
[INFO] [stderr]    Compiling ident_case v1.0.1
[INFO] [stderr]    Compiling rustix v0.38.44
[INFO] [stderr]    Compiling log v0.4.29
[INFO] [stderr]    Compiling either v1.15.0
[INFO] [stderr]    Compiling itoa v1.0.18
[INFO] [stderr]    Compiling linux-raw-sys v0.4.15
[INFO] [stderr]    Compiling instability v0.3.12
[INFO] [stderr]    Compiling castaway v0.2.4
[INFO] [stderr]    Compiling anstyle-parse v1.0.0
[INFO] [stderr]    Compiling indoc v2.0.7
[INFO] [stderr]    Compiling unicode-width v0.1.14
[INFO] [stderr]    Compiling anstyle v1.0.14
[INFO] [stderr]    Compiling unicode-segmentation v1.12.0
[INFO] [stderr]    Compiling ryu v1.0.23
[INFO] [stderr]    Compiling syn v2.0.117
[INFO] [stderr]    Compiling itertools v0.13.0
[INFO] [stderr]    Compiling is_terminal_polyfill v1.70.2
[INFO] [stderr]    Compiling rustix v1.1.4
[INFO] [stderr]    Compiling colorchoice v1.0.5
[INFO] [stderr]    Compiling anstyle-query v1.1.5
[INFO] [stderr]    Compiling zmij v1.0.21
[INFO] [stderr]    Compiling anstream v1.0.0
[INFO] [stderr]    Compiling compact_str v0.8.1
[INFO] [stderr]    Compiling lru v0.12.5
[INFO] [stderr]    Compiling clap_lex v1.1.0
[INFO] [stderr]    Compiling regex-syntax v0.8.10
[INFO] [stderr]    Compiling linux-raw-sys v0.12.1
[INFO] [stderr]    Compiling option-ext v0.2.0
[INFO] [stderr]    Compiling cassowary v0.3.0
[INFO] [stderr]    Compiling unicode-width v0.2.0
[INFO] [stderr]    Compiling thread_local v1.1.9
[INFO] [stderr]    Compiling simdutf8 v0.1.5
[INFO] [stderr]    Compiling aho-corasick v1.1.4
[INFO] [stderr]    Compiling clap_builder v4.6.0
[INFO] [stderr]    Compiling nom v7.1.3
[INFO] [stderr]    Compiling env_home v0.1.0
[INFO] [stderr]    Compiling lazycomposer v0.1.0 (/opt/rustwide/workdir)
[INFO] [stderr]    Compiling serde_json v1.0.149
[INFO] [stderr]    Compiling fuzzy-matcher v0.3.7
[INFO] [stderr]    Compiling unicode-truncate v1.1.0
[INFO] [stderr]    Compiling errno v0.3.14
[INFO] [stderr]    Compiling mio v1.1.1
[INFO] [stderr]    Compiling parking_lot_core v0.9.12
[INFO] [stderr]    Compiling dirs-sys v0.5.0
[INFO] [stderr]    Compiling signal-hook-registry v1.4.8
[INFO] [stderr]    Compiling dirs v6.0.0
[INFO] [stderr]    Compiling parking_lot v0.12.5
[INFO] [stderr]    Compiling signal-hook-mio v0.2.5
[INFO] [stderr]    Compiling crossterm v0.28.1
[INFO] [stderr]    Compiling regex-automata v0.4.14
[INFO] [stderr]    Compiling which v7.0.3
[INFO] [stderr]    Compiling darling_core v0.23.0
[INFO] [stderr]    Compiling strum_macros v0.26.4
[INFO] [stderr]    Compiling thiserror-impl v1.0.69
[INFO] [stderr]    Compiling thiserror-impl v2.0.18
[INFO] [stderr]    Compiling clap_derive v4.6.0
[INFO] [stderr]    Compiling serde_derive v1.0.228
[INFO] [stderr]    Compiling thiserror v2.0.18
[INFO] [stderr]    Compiling thiserror v1.0.69
[INFO] [stderr]    Compiling strum v0.26.3
[INFO] [stderr]    Compiling clap v4.6.0
[INFO] [stderr]    Compiling regex v1.12.3
[INFO] [stderr]    Compiling darling_macro v0.23.0
[INFO] [stderr]    Compiling serde v1.0.228
[INFO] [stderr]    Compiling darling v0.23.0
[INFO] [stderr]    Compiling ratatui v0.29.0
[INFO] [stderr]    Compiling ansi-to-tui v7.0.0
[INFO] [stderr]     Finished `release` profile [optimized] target(s) in 1m 04s
[INFO] running `Command { std: "docker" "inspect" "b24f5a9a00792dd810534bf900007679db3ac428fe3d963bd547bdc7bfe96659", kill_on_drop: false }`
[INFO] running `Command { std: "docker" "exec" "-e" "SOURCE_DIR=/opt/rustwide/workdir" "-e" "CARGO_HOME=/opt/rustwide/cargo-home" "-e" "RUSTUP_HOME=/opt/rustwide/rustup-home" "-e" "CARGO_TARGET_DIR=/opt/rustwide/target" "-e" "CARGO_INCREMENTAL=0" "-e" "RUST_BACKTRACE=full" "-e" "RUSTFLAGS=--cap-lints=warn" "-e" "RUSTDOCFLAGS=--cap-lints=warn" "-w" "/opt/rustwide/workdir" "--user" "0:0" "b24f5a9a00792dd810534bf900007679db3ac428fe3d963bd547bdc7bfe96659" "/opt/rustwide/cargo-home/bin/cargo" "+1.99.0-beta.8" "test" "--frozen" "--no-run" "--message-format=json" "--release", kill_on_drop: false }`
[INFO] [stderr]    Compiling rustix v1.1.4
[INFO] [stderr]    Compiling slab v0.4.12
[INFO] [stderr]    Compiling getrandom v0.4.2
[INFO] [stderr]    Compiling futures-core v0.3.32
[INFO] [stderr]    Compiling sdd v3.0.10
[INFO] [stderr]    Compiling once_cell v1.21.4
[INFO] [stderr]    Compiling serial_test_derive v3.4.0
[INFO] [stderr]    Compiling fastrand v2.3.0
[INFO] [stderr]    Compiling scc v2.4.0
[INFO] [stderr]    Compiling futures-util v0.3.32
[INFO] [stderr]    Compiling which v7.0.3
[INFO] [stderr]    Compiling tempfile v3.27.0
[INFO] [stderr]    Compiling lazycomposer v0.1.0 (/opt/rustwide/workdir)
[INFO] [stderr]    Compiling futures-executor v0.3.32
[INFO] [stderr]    Compiling serial_test v3.4.0
[INFO] [stderr]     Finished `release` profile [optimized] target(s) in 26.50s
[INFO] running `Command { std: "docker" "inspect" "b24f5a9a00792dd810534bf900007679db3ac428fe3d963bd547bdc7bfe96659", kill_on_drop: false }`
[INFO] running `Command { std: "docker" "exec" "-e" "SOURCE_DIR=/opt/rustwide/workdir" "-e" "CARGO_HOME=/opt/rustwide/cargo-home" "-e" "RUSTUP_HOME=/opt/rustwide/rustup-home" "-e" "CARGO_TARGET_DIR=/opt/rustwide/target" "-e" "CARGO_INCREMENTAL=0" "-e" "RUST_BACKTRACE=full" "-e" "RUSTFLAGS=--cap-lints=warn" "-e" "RUSTDOCFLAGS=--cap-lints=warn" "-w" "/opt/rustwide/workdir" "--user" "0:0" "b24f5a9a00792dd810534bf900007679db3ac428fe3d963bd547bdc7bfe96659" "/opt/rustwide/cargo-home/bin/cargo" "+1.99.0-beta.8" "test" "--frozen" "--release", kill_on_drop: false }`
[INFO] [stderr]     Finished `release` profile [optimized] target(s) in 0.16s
[INFO] [stderr]      Running unittests src/lib.rs (/opt/rustwide/target/release/deps/lazycomposer-6fcc3ab0a44545e0)
[INFO] [stdout] 
[INFO] [stdout] running 246 tests
[INFO] [stdout] test composer::parser::tests::best_version_in_constraint ... ok
[INFO] [stdout] test composer::parser::tests::best_version_empty ... ok
[INFO] [stdout] test composer::parser::tests::caret_with_patch ... ok
[INFO] [stdout] test composer::parser::tests::caret_blocks_lower_minor ... ok
[INFO] [stdout] test composer::parser::tests::caret_allows_same_major ... ok
[INFO] [stdout] test composer::parser::tests::explain_caret ... ok
[INFO] [stdout] test composer::parser::tests::best_version_skips_dev ... ok
[INFO] [stdout] test composer::parser::tests::best_version_with_caret ... ok
[INFO] [stdout] test composer::parser::tests::detect_framework_empty_extra ... ok
[INFO] [stdout] test composer::parser::tests::explain_tilde ... ok
[INFO] [stdout] test composer::parser::tests::best_version_no_match ... ok
[INFO] [stdout] test composer::parser::tests::explain_gte ... ok
[INFO] [stdout] test composer::parser::tests::explain_unparseable ... ok
[INFO] [stdout] test composer::parser::tests::is_symfony_package_test ... ok
[INFO] [stdout] test composer::parser::tests::detect_framework_none ... ok
[INFO] [stdout] test composer::parser::tests::merge_packages_empty_lock ... ok
[INFO] [stdout] test composer::parser::tests::merge_packages_only_dev ... ok
[INFO] [stdout] test composer::parser::tests::merge_packages_multiple_licenses ... ok
[INFO] [stdout] test composer::parser::tests::merge_packages_source_info ... ok
[INFO] [stdout] test composer::parser::tests::detect_framework_symfony_partial ... ok
[INFO] [stdout] test composer::parser::tests::caret_blocks_next_major ... ok
[INFO] [stdout] test composer::parser::tests::merge_packages_no_license ... ok
[INFO] [stdout] test composer::parser::tests::merge_packages_transitive_filtered ... ok
[INFO] [stdout] test composer::parser::tests::detect_framework_from_testdata ... ok
[INFO] [stdout] test composer::parser::tests::detect_framework_symfony ... ok
[INFO] [stdout] test composer::parser::tests::parse_lock_not_found ... ok
[INFO] [stdout] test composer::parser::tests::parse_json_invalid ... ok
[INFO] [stdout] test composer::parser::tests::tilde_allows_same_minor ... ok
[INFO] [stdout] test composer::parser::tests::tilde_blocks_lower_patch ... ok
[INFO] [stdout] test composer::parser::tests::parse_json ... ok
[INFO] [stdout] test composer::parser::tests::parse_lock_invalid ... ok
[INFO] [stdout] test composer::parser::tests::parse_lock ... ok
[INFO] [stdout] test composer::parser::tests::parse_version_test ... ok
[INFO] [stdout] test composer::parser::tests::explain_exact ... ok
[INFO] [stdout] test composer::parser::tests::explain_wildcard ... ok
[INFO] [stdout] test composer::parser::tests::gte_constraint ... ok
[INFO] [stdout] test composer::parser::tests::parse_json_not_found ... ok
[INFO] [stdout] test composer::parser::tests::unparseable_version_allows ... ok
[INFO] [stdout] test composer::parser::tests::merge_packages ... ok
[INFO] [stdout] test composer::parser::tests::version_matches_affected_or_groups ... ok
[INFO] [stdout] test composer::parser::tests::version_matches_affected_simple_range ... ok
[INFO] [stdout] test composer::parser::tests::version_matches_affected_unparseable_version ... ok
[INFO] [stdout] test composer::parser::tests::tilde_blocks_next_minor ... ok
[INFO] [stdout] test composer::runner::tests::runner_is_available_not_found ... ok
[INFO] [stdout] test composer::runner::tests::runner_audit_error ... ok
[INFO] [stdout] test composer::runner::tests::runner_audit_empty_result ... ok
[INFO] [stdout] test composer::runner::tests::runner_outdated ... ok
[INFO] [stdout] test composer::runner::tests::runner_outdated_error ... ok
[INFO] [stdout] test composer::parser::tests::version_matches_affected_with_le_gt ... ok
[INFO] [stdout] test composer::parser::tests::version_within_framework_delegates ... ok
[INFO] [stdout] test composer::runner::tests::runner_outdated_empty_result ... ok
[INFO] [stdout] test composer::parser::tests::wildcard_minor ... ok
[INFO] [stdout] test composer::parser::tests::wildcard_patch ... ok
[INFO] [stdout] test composer::runner::tests::runner_show ... ok
[INFO] [stdout] test composer::runner::tests::runner_audit ... ok
[INFO] [stdout] test composer::runner::tests::runner_audit_invalid_json ... ok
[INFO] [stdout] test composer::runner::tests::runner_is_available ... ok
[INFO] [stdout] test composer::runner::tests::runner_remove ... ok
[INFO] [stdout] test composer::parser::tests::version_matches_affected_not_affected ... ok
[INFO] [stdout] test composer::parser::tests::version_matches_affected_empty ... ok
[INFO] [stdout] test composer::runner::tests::runner_show_invalid_json ... ok
[INFO] [stdout] test composer::runner::tests::runner_require ... ok
[INFO] [stdout] test composer::runner::tests::runner_show_empty_output ... ok
[INFO] [stdout] test composer::runner::tests::runner_outdated_invalid_json ... ok
[INFO] [stdout] test composer::runner::tests::runner_why_empty ... ok
[INFO] [stdout] test composer::types::tests::audit_result_unmarshal ... ok
[INFO] [stdout] test composer::types::tests::advisory_nullable_fields ... ok
[INFO] [stdout] test composer::runner::tests::runner_remove_error ... ok
[INFO] [stdout] test composer::runner::tests::runner_why_multiple ... ok
[INFO] [stdout] test composer::types::tests::composer_json_license_as_string ... ok
[INFO] [stdout] test composer::types::tests::composer_json_minimal ... ok
[INFO] [stdout] test composer::types::tests::author_full ... ok
[INFO] [stdout] test composer::types::tests::author_partial ... ok
[INFO] [stdout] test composer::types::tests::composer_json_all_new_fields ... ok
[INFO] [stdout] test composer::types::tests::composer_json_license_as_array ... ok
[INFO] [stdout] test composer::types::tests::outdated_package_abandoned_false ... ok
[INFO] [stdout] test composer::types::tests::package_status_constants ... ok
[INFO] [stdout] test composer::types::tests::show_result_minimal ... ok
[INFO] [stdout] test composer::types::tests::show_result_multiple_versions ... ok
[INFO] [stdout] test composer::types::tests::show_result_null_fields ... ok
[INFO] [stdout] test composer::types::tests::show_result_unmarshal ... ok
[INFO] [stdout] test composer::runner::tests::runner_require_error ... ok
[INFO] [stdout] test composer::runner::tests::runner_show_all ... ok
[INFO] [stdout] test composer::runner::tests::runner_show_error ... ok
[INFO] [stdout] test composer::runner::tests::runner_update_all ... ok
[INFO] [stdout] test composer::runner::tests::runner_show_null_fields ... ok
[INFO] [stdout] test composer::runner::tests::runner_update ... ok
[INFO] [stdout] test composer::types::tests::string_or_vec_from_array ... ok
[INFO] [stdout] test composer::types::tests::show_result_with_all_deps ... ok
[INFO] [stdout] test composer::types::tests::string_or_vec_from_string ... ok
[INFO] [stdout] test composer::types::tests::string_or_bool_in_struct ... ok
[INFO] [stdout] test composer::types::tests::string_or_bool_unmarshal_bool_false ... ok
[INFO] [stdout] test composer::types::tests::string_or_bool_unmarshal_bool_true ... ok
[INFO] [stdout] test composer::types::tests::string_or_bool_unmarshal_string ... ok
[INFO] [stdout] test composer::runner::tests::runner_update_error ... ok
[INFO] [stdout] test composer::runner::tests::runner_why ... ok
[INFO] [stdout] test composer::types::tests::advisory_with_cve ... ok
[INFO] [stdout] test composer::types::tests::audit_result_advisories_as_object ... ok
[INFO] [stdout] test composer::types::tests::outdated_package_unmarshal ... ok
[INFO] [stdout] test composer::types::tests::show_result_multiple_licenses ... ok
[INFO] [stdout] test composer::types::tests::show_license_default ... ok
[INFO] [stdout] test composer::types::tests::string_or_vec_missing_field ... ok
[INFO] [stdout] test config::tests::resolve_invalid_composer_bin ... ok
[INFO] [stdout] test composer::types::tests::support_full ... ok
[INFO] [stdout] test config::tests::no_composer_error_message ... ok
[INFO] [stdout] test composer::types::tests::string_or_bool_unmarshal_empty_string ... ok
[INFO] [stdout] test composer::types::tests::string_or_bool_unmarshal_null ... ok
[INFO] [stdout] test security::validate::tests::valid_names ... ok
[INFO] [stdout] test ui::components::choice::tests::show_hide ... ok
[INFO] [stdout] test ui::components::choice::tests::handle_key_when_hidden ... ok
[INFO] [stdout] test ui::components::choice::tests::unknown_key_ignored ... ok
[INFO] [stdout] test ui::components::choice::tests::view_visible_contains_choices ... ok
[INFO] [stdout] test ui::components::choice::tests::select_choice ... ok
[INFO] [stdout] test ui::components::confirm::tests::cancel_with_esc ... ok
[INFO] [stdout] test security::validate::tests::invalid_names ... ok
[INFO] [stdout] test security::sanitize::tests::truncates_long_output ... ok
[INFO] [stdout] test ui::components::confirm::tests::confirm_with_y ... ok
[INFO] [stdout] test security::sanitize::tests::redacts_sensitive_patterns ... ok
[INFO] [stdout] test security::sanitize::tests::short_output_unchanged ... ok
[INFO] [stdout] test security::sanitize::tests::preserves_normal_output ... ok
[INFO] [stdout] test ui::components::help::tests::close_with_q ... ok
[INFO] [stdout] test ui::components::help::tests::close_with_question_mark ... ok
[INFO] [stdout] test ui::components::confirm::tests::view_visible_not_empty ... ok
[INFO] [stdout] test ui::components::help::tests::help_sections_has_four ... ok
[INFO] [stdout] test ui::components::help::tests::close_with_esc ... ok
[INFO] [stdout] test ui::components::confirm::tests::handle_key_when_hidden ... ok
[INFO] [stdout] test config::tests::resolve_canonicalizes_path ... FAILED
[INFO] [stdout] test ui::components::help::tests::show_hide ... ok
[INFO] [stdout] test ui::components::input::tests::cancel_returns_action ... ok
[INFO] [stdout] test ui::components::confirm::tests::cancel_with_n ... ok
[INFO] [stdout] test ui::components::help::tests::view_hidden_empty ... ok
[INFO] [stdout] test ui::components::confirm::tests::confirm_with_enter ... ok
[INFO] [stdout] test ui::components::help::tests::view_visible_has_sections ... ok
[INFO] [stdout] test ui::components::input::tests::show_hide ... ok
[INFO] [stdout] test ui::components::confirm::tests::show_hide ... ok
[INFO] [stdout] test ui::components::input::tests::submit_returns_action ... ok
[INFO] [stdout] test ui::components::input::tests::view_hidden_empty ... ok
[INFO] [stdout] test ui::components::confirm::tests::view_hidden_empty ... ok
[INFO] [stdout] test ui::components::spinner::tests::start_stop ... ok
[INFO] [stdout] test ui::components::spinner::tests::tick_when_inactive ... ok
[INFO] [stdout] test ui::components::spinner::tests::view_when_inactive ... ok
[INFO] [stdout] test ui::components::statusbar::tests::default_hints_packages ... ok
[INFO] [stdout] test ui::components::statusbar::tests::default_hints_audit ... ok
[INFO] [stdout] test ui::components::statusbar::tests::empty_hints ... ok
[INFO] [stdout] test config::tests::resolve_relative_path_becomes_absolute ... FAILED
[INFO] [stdout] test ui::components::help::tests::other_keys_ignored ... ok
[INFO] [stdout] test ui::components::tabbar::tests::tab_bar_view_packages ... ok
[INFO] [stdout] test ui::components::tabbar::tests::tab_bar_view_audit ... ok
[INFO] [stdout] test config::tests::resolve_with_composer_json ... FAILED
[INFO] [stdout] test ui::components::choice::tests::cancel_with_esc ... ok
[INFO] [stdout] test ui::keys::tests::default_key_map_quit_keys ... ok
[INFO] [stdout] test ui::components::input::tests::handle_key_when_hidden ... ok
[INFO] [stdout] test ui::components::tabbar::tests::tab_bar_view_project ... ok
[INFO] [stdout] test ui::components::choice::tests::view_hidden_empty ... ok
[INFO] [stdout] test ui::components::statusbar::tests::set_hints_view ... ok
[INFO] [stdout] test ui::layout::tests::adjust_ratio_increase ... ok
[INFO] [stdout] test ui::layout::tests::custom_left_ratio ... ok
[INFO] [stdout] test ui::keys::tests::default_key_map_all_bindings_set ... ok
[INFO] [stdout] test ui::layout::tests::adjust_ratio_clamps ... ok
[INFO] [stdout] test ui::layout::tests::adjust_ratio_decrease ... ok
[INFO] [stdout] test ui::layout::tests::normal_terminal ... ok
[INFO] [stdout] test ui::panels::audit::tests::navigate_up ... ok
[INFO] [stdout] test ui::panels::audit::tests::set_audit_empty ... ok
[INFO] [stdout] test ui::panels::audit::tests::navigate_down ... ok
[INFO] [stdout] test ui::layout::tests::content_height_calculation ... ok
[INFO] [stdout] test ui::layout::tests::narrow_terminal ... ok
[INFO] [stdout] test ui::panels::audit::tests::navigate_up_at_top ... ok
[INFO] [stdout] test ui::panels::audit::tests::navigate_down_at_bottom ... ok
[INFO] [stdout] test ui::panels::audit::tests::set_audit_mixed ... ok
[INFO] [stdout] test ui::panels::audit::tests::navigate_with_jk ... ok
[INFO] [stdout] test ui::panels::audit::tests::set_audit_nil ... ok
[INFO] [stdout] test ui::panels::audit::tests::set_audit_with_abandoned ... ok
[INFO] [stdout] test ui::panels::audit::tests::set_audit_with_advisories ... ok
[INFO] [stdout] test ui::panels::audit::tests::set_audit_resets_state ... ok
[INFO] [stdout] test ui::panels::audit::tests::set_why_result_updates_entries ... ok
[INFO] [stdout] test ui::panels::audit::tests::transitive_advisory_packages_list ... ok
[INFO] [stdout] test ui::panels::audit::tests::set_size_test ... ok
[INFO] [stdout] test ui::panels::detail::tests::detail_view_nil_package_focused ... ok
[INFO] [stdout] test ui::panels::audit::tests::view_with_abandoned ... ok
[INFO] [stdout] test ui::panels::audit::tests::update_versions_direct_dep ... ok
[INFO] [stdout] test ui::panels::detail::tests::detail_view_dev_package ... ok
[INFO] [stdout] test ui::panels::audit::tests::view_no_issues ... ok
[INFO] [stdout] test ui::panels::audit::tests::view_with_advisories ... ok
[INFO] [stdout] test ui::panels::detail::tests::detail_view_nil_package ... ok
[INFO] [stdout] test ui::panels::audit::tests::view_with_transitive_shows_via ... ok
[INFO] [stdout] test ui::panels::outdated::tests::outdated_detail_abandoned_no_replacement ... ok
[INFO] [stdout] test ui::panels::detail::tests::detail_view_with_package ... ok
[INFO] [stdout] test ui::panels::detail::tests::test_status_label ... ok
[INFO] [stdout] test ui::panels::detail::tests::detail_view_no_framework_info ... ok
[INFO] [stdout] test ui::panels::audit::tests::update_versions_transitive_dep ... ok
[INFO] [stdout] test ui::panels::outdated::tests::outdated_detail_abandoned ... ok
[INFO] [stdout] test ui::panels::outdated::tests::outdated_detail_nil ... ok
[INFO] [stdout] test ui::panels::outdated::tests::outdated_detail_transitive ... ok
[INFO] [stdout] test ui::panels::outdated::tests::outdated_detail_semver_safe ... ok
[INFO] [stdout] test ui::panels::outdated::tests::selected_outdated_package_empty ... ok
[INFO] [stdout] test ui::panels::outdated::tests::outdated_detail_with_package ... ok
[INFO] [stdout] test ui::panels::outdated::tests::outdated_detail_with_warning ... ok
[INFO] [stdout] test ui::panels::outdated::tests::selected_package ... ok
[INFO] [stdout] test ui::panels::outdated::tests::set_outdated ... ok
[INFO] [stdout] test ui::panels::output::tests::show_resets_content ... ok
[INFO] [stdout] test ui::panels::outdated::tests::set_outdated_empty ... ok
[INFO] [stdout] test ui::panels::outdated::tests::set_size ... ok
[INFO] [stdout] test ui::panels::output::tests::append_line ... ok
[INFO] [stdout] test ui::panels::output::tests::view_hidden ... ok
[INFO] [stdout] test ui::panels::output::tests::view_visible ... ok
[INFO] [stdout] test ui::panels::packages::tests::focus_toggle ... ok
[INFO] [stdout] test ui::panels::output::tests::set_size_test ... ok
[INFO] [stdout] test ui::panels::packages::tests::framework_view_symfony ... ok
[INFO] [stdout] test ui::panels::packages::tests::is_filtering ... ok
[INFO] [stdout] test ui::panels::packages::tests::framework_view_symfony_partial ... ok
[INFO] [stdout] test ui::panels::packages::tests::set_packages_splits_prod_and_dev ... ok
[INFO] [stdout] test ui::panels::packages::tests::set_size ... ok
[INFO] [stdout] test ui::panels::outdated::tests::test_format_status ... ok
[INFO] [stdout] test ui::panels::packages::tests::selected_package_dev_focused ... ok
[INFO] [stdout] test ui::panels::outdated::tests::view_empty ... ok
[INFO] [stdout] test ui::panels::packages::tests::selected_package_prod_focused ... ok
[INFO] [stdout] test ui::panels::output::tests::show_hide ... ok
[INFO] [stdout] test ui::panels::packages::tests::selected_package_empty_list ... ok
[INFO] [stdout] test ui::panels::packages::tests::update_statuses_abandoned ... ok
[INFO] [stdout] test ui::panels::outdated::tests::view_with_data ... ok
[INFO] [stdout] test ui::panels::packages::tests::set_packages_empty ... ok
[INFO] [stdout] test ui::panels::packages::tests::update_statuses_abandoned_from_outdated ... ok
[INFO] [stdout] test ui::panels::packages::tests::set_packages_no_dev ... ok
[INFO] [stdout] test ui::panels::packages::tests::update_statuses_framework_allows_outdated_within_constraint ... ok
[INFO] [stdout] test ui::panels::packages::tests::update_statuses_framework_blocks_outdated ... ok
[INFO] [stdout] test ui::panels::packages::tests::update_statuses_outdated ... ok
[INFO] [stdout] test ui::panels::packages::tests::update_statuses_nil_audit_and_outdated ... ok
[INFO] [stdout] test ui::panels::packages::tests::update_statuses_vulnerable ... ok
[INFO] [stdout] test ui::panels::packages::tests::view_unfocused ... ok
[INFO] [stdout] test ui::panels::project::tests::project_view_with_support ... ok
[INFO] [stdout] test ui::style::theme::tests::status_color_empty ... ok
[INFO] [stdout] test ui::style::theme::tests::status_color_semver_safe ... ok
[INFO] [stdout] test ui::style::theme::tests::status_color_unknown ... ok
[INFO] [stdout] test ui::style::theme::tests::status_color_update_possible ... ok
[INFO] [stdout] test ui::panels::packages::tests::update_statuses_priority ... ok
[INFO] [stdout] test ui::panels::packages::tests::view_not_empty ... ok
[INFO] [stdout] test ui::panels::project::tests::project_view_full ... ok
[INFO] [stdout] test ui::panels::project::tests::project_view_minimal ... ok
[INFO] [stdout] test ui::style::styles::tests::package_status_style_all_statuses ... ok
[INFO] [stdout] test ui::style::styles::tests::package_status_style_defaults_to_ok ... ok
[INFO] [stdout] test ui::text::tests::empty_value ... ok
[INFO] [stdout] test ui::text::tests::long_value_wraps ... ok
[INFO] [stdout] test ui::text::tests::short_value_no_wrap ... ok
[INFO] [stdout] test ui::text::tests::zero_width_no_panic ... ok
[INFO] [stdout] test config::tests::resolve_missing_composer_json ... ok
[INFO] [stdout] test config::tests::resolve_empty_dir_uses_cwd ... FAILED
[INFO] [stdout] 
[INFO] [stdout] failures:
[INFO] [stdout] 
[INFO] [stdout] ---- config::tests::resolve_canonicalizes_path stdout ----
[INFO] [stdout] 
[INFO] [stdout] thread 'config::tests::resolve_canonicalizes_path' (1979) panicked at src/config/mod.rs:122:56:
[INFO] [stdout] called `Result::unwrap()` on an `Err` value: InvalidBin { bin: "composer" }
[INFO] [stdout] stack backtrace:
[INFO] [stdout]    0:     0x5a1534b35391 - <<std[70759c8f55707aa4]::sys::backtrace::BacktraceLock>::print::DisplayBacktrace as core[df12db4294e9bfd3]::fmt::Display>::fmt
[INFO] [stdout]    1:     0x5a1534b4bc4a - core[df12db4294e9bfd3]::fmt::write
[INFO] [stdout]    2:     0x5a1534b39b4c - <alloc[2182bb758b4b3781]::vec::Vec<u8> as core[df12db4294e9bfd3]::io::write::Write>::write_fmt
[INFO] [stdout]    3:     0x5a1534b0f506 - std[70759c8f55707aa4]::panicking::default_hook::{closure#0}
[INFO] [stdout]    4:     0x5a1534b2c7c9 - std[70759c8f55707aa4]::panicking::default_hook
[INFO] [stdout]    5:     0x5a15349f0700 - test[9d35eded1c95d3be]::test_main_inner::<test[9d35eded1c95d3be]::test_main_static::{closure#0}>::{closure#0}
[INFO] [stdout]    6:     0x5a1534b2c982 - std[70759c8f55707aa4]::panicking::panic_with_hook
[INFO] [stdout]    7:     0x5a1534b0f5b2 - std[70759c8f55707aa4]::panicking::panic_handler::{closure#0}
[INFO] [stdout]    8:     0x5a1534b07e09 - std[70759c8f55707aa4]::sys::backtrace::__rust_end_short_backtrace::<std[70759c8f55707aa4]::panicking::panic_handler::{closure#0}, !>
[INFO] [stdout]    9:     0x5a1534b104bd - __rustc[8fa7c3cbc660c2b3]::rust_begin_unwind
[INFO] [stdout]   10:     0x5a1534b4c42c - core[df12db4294e9bfd3]::panicking::panic_fmt
[INFO] [stdout]   11:     0x5a1534b4c202 - core[df12db4294e9bfd3]::result::unwrap_failed
[INFO] [stdout]   12:     0x5a15349c10dc - <lazycomposer[da0d7e0fd671ab95]::config::tests::resolve_canonicalizes_path::{closure#0} as core[df12db4294e9bfd3]::ops::function::FnOnce<()>>::call_once
[INFO] [stdout]   13:     0x5a1534ae9b33 - serial_test[c8f1bc693dd5c0a2]::serial_code_lock::local_serial_core
[INFO] [stdout]   14:     0x5a153498ea6d - <lazycomposer[da0d7e0fd671ab95]::config::tests::resolve_canonicalizes_path::{closure#0} as core[df12db4294e9bfd3]::ops::function::FnOnce<()>>::call_once
[INFO] [stdout]   15:     0x5a15349e39eb - test[9d35eded1c95d3be]::__rust_begin_short_backtrace::<core[df12db4294e9bfd3]::result::Result<(), alloc[2182bb758b4b3781]::string::String>, fn() -> core[df12db4294e9bfd3]::result::Result<(), alloc[2182bb758b4b3781]::string::String>>
[INFO] [stdout]   16:     0x5a15349f1055 - test[9d35eded1c95d3be]::run_test::{closure#0}
[INFO] [stdout]   17:     0x5a15349ea914 - std[70759c8f55707aa4]::sys::backtrace::__rust_begin_short_backtrace::<test[9d35eded1c95d3be]::run_test::{closure#1}, ()>
[INFO] [stdout]   18:     0x5a15349f41b2 - <std[70759c8f55707aa4]::thread::lifecycle::spawn_unchecked<test[9d35eded1c95d3be]::run_test::{closure#1}, ()>::{closure#1} as core[df12db4294e9bfd3]::ops::function::FnOnce<()>>::call_once::{shim:vtable#0}
[INFO] [stdout]   19:     0x5a1534b346d9 - <std[70759c8f55707aa4]::sys::thread::unix::Thread>::new::thread_start
[INFO] [stdout]   20:     0x7662147cddfa - <unknown>
[INFO] [stdout]   21:     0x7662148613d4 - clone
[INFO] [stdout]   22:                0x0 - <unknown>
[INFO] [stdout] 
[INFO] [stdout] ---- config::tests::resolve_relative_path_becomes_absolute stdout ----
[INFO] [stdout] 
[INFO] [stdout] thread 'config::tests::resolve_relative_path_becomes_absolute' (1983) panicked at src/config/mod.rs:139:26:
[INFO] [stdout] called `Result::unwrap()` on an `Err` value: InvalidBin { bin: "composer" }
[INFO] [stdout] stack backtrace:
[INFO] [stdout]    0:     0x5a1534b35391 - <<std[70759c8f55707aa4]::sys::backtrace::BacktraceLock>::print::DisplayBacktrace as core[df12db4294e9bfd3]::fmt::Display>::fmt
[INFO] [stdout]    1:     0x5a1534b4bc4a - core[df12db4294e9bfd3]::fmt::write
[INFO] [stdout]    2:     0x5a1534b39b4c - <alloc[2182bb758b4b3781]::vec::Vec<u8> as core[df12db4294e9bfd3]::io::write::Write>::write_fmt
[INFO] [stdout]    3:     0x5a1534b0f506 - std[70759c8f55707aa4]::panicking::default_hook::{closure#0}
[INFO] [stdout]    4:     0x5a1534b2c7c9 - std[70759c8f55707aa4]::panicking::default_hook
[INFO] [stdout]    5:     0x5a15349f0700 - test[9d35eded1c95d3be]::test_main_inner::<test[9d35eded1c95d3be]::test_main_static::{closure#0}>::{closure#0}
[INFO] [stdout]    6:     0x5a1534b2c982 - std[70759c8f55707aa4]::panicking::panic_with_hook
[INFO] [stdout]    7:     0x5a1534b0f5b2 - std[70759c8f55707aa4]::panicking::panic_handler::{closure#0}
[INFO] [stdout]    8:     0x5a1534b07e09 - std[70759c8f55707aa4]::sys::backtrace::__rust_end_short_backtrace::<std[70759c8f55707aa4]::panicking::panic_handler::{closure#0}, !>
[INFO] [stdout]    9:     0x5a1534b104bd - __rustc[8fa7c3cbc660c2b3]::rust_begin_unwind
[INFO] [stdout]   10:     0x5a1534b4c42c - core[df12db4294e9bfd3]::panicking::panic_fmt
[INFO] [stdout]   11:     0x5a1534b4c202 - core[df12db4294e9bfd3]::result::unwrap_failed
[INFO] [stdout]   12:     0x5a15349c2356 - <lazycomposer[da0d7e0fd671ab95]::config::tests::resolve_relative_path_becomes_absolute::{closure#0} as core[df12db4294e9bfd3]::ops::function::FnOnce<()>>::call_once
[INFO] [stdout]   13:     0x5a1534ae9b33 - serial_test[c8f1bc693dd5c0a2]::serial_code_lock::local_serial_core
[INFO] [stdout]   14:     0x5a153498eced - <lazycomposer[da0d7e0fd671ab95]::config::tests::resolve_relative_path_becomes_absolute::{closure#0} as core[df12db4294e9bfd3]::ops::function::FnOnce<()>>::call_once
[INFO] [stdout]   15:     0x5a15349e39eb - test[9d35eded1c95d3be]::__rust_begin_short_backtrace::<core[df12db4294e9bfd3]::result::Result<(), alloc[2182bb758b4b3781]::string::String>, fn() -> core[df12db4294e9bfd3]::result::Result<(), alloc[2182bb758b4b3781]::string::String>>
[INFO] [stdout]   16:     0x5a15349f1055 - test[9d35eded1c95d3be]::run_test::{closure#0}
[INFO] [stdout]   17:     0x5a15349ea914 - std[70759c8f55707aa4]::sys::backtrace::__rust_begin_short_backtrace::<test[9d35eded1c95d3be]::run_test::{closure#1}, ()>
[INFO] [stdout]   18:     0x5a15349f41b2 - <std[70759c8f55707aa4]::thread::lifecycle::spawn_unchecked<test[9d35eded1c95d3be]::run_test::{closure#1}, ()>::{closure#1} as core[df12db4294e9bfd3]::ops::function::FnOnce<()>>::call_once::{shim:vtable#0}
[INFO] [stdout]   19:     0x5a1534b346d9 - <std[70759c8f55707aa4]::sys::thread::unix::Thread>::new::thread_start
[INFO] [stdout]   20:     0x7662147cddfa - <unknown>
[INFO] [stdout]   21:     0x7662148613d4 - clone
[INFO] [stdout]   22:                0x0 - <unknown>
[INFO] [stdout] 
[INFO] [stdout] ---- config::tests::resolve_with_composer_json stdout ----
[INFO] [stdout] 
[INFO] [stdout] thread 'config::tests::resolve_with_composer_json' (1984) panicked at src/config/mod.rs:71:57:
[INFO] [stdout] called `Result::unwrap()` on an `Err` value: InvalidBin { bin: "composer" }
[INFO] [stdout] stack backtrace:
[INFO] [stdout]    0:     0x5a1534b35391 - <<std[70759c8f55707aa4]::sys::backtrace::BacktraceLock>::print::DisplayBacktrace as core[df12db4294e9bfd3]::fmt::Display>::fmt
[INFO] [stdout]    1:     0x5a1534b4bc4a - core[df12db4294e9bfd3]::fmt::write
[INFO] [stdout]    2:     0x5a1534b39b4c - <alloc[2182bb758b4b3781]::vec::Vec<u8> as core[df12db4294e9bfd3]::io::write::Write>::write_fmt
[INFO] [stdout]    3:     0x5a1534b0f506 - std[70759c8f55707aa4]::panicking::default_hook::{closure#0}
[INFO] [stdout]    4:     0x5a1534b2c7c9 - std[70759c8f55707aa4]::panicking::default_hook
[INFO] [stdout]    5:     0x5a15349f0700 - test[9d35eded1c95d3be]::test_main_inner::<test[9d35eded1c95d3be]::test_main_static::{closure#0}>::{closure#0}
[INFO] [stdout]    6:     0x5a1534b2c982 - std[70759c8f55707aa4]::panicking::panic_with_hook
[INFO] [stdout]    7:     0x5a1534b0f5b2 - std[70759c8f55707aa4]::panicking::panic_handler::{closure#0}
[INFO] [stdout]    8:     0x5a1534b07e09 - std[70759c8f55707aa4]::sys::backtrace::__rust_end_short_backtrace::<std[70759c8f55707aa4]::panicking::panic_handler::{closure#0}, !>
[INFO] [stdout]    9:     0x5a1534b104bd - __rustc[8fa7c3cbc660c2b3]::rust_begin_unwind
[INFO] [stdout]   10:     0x5a1534b4c42c - core[df12db4294e9bfd3]::panicking::panic_fmt
[INFO] [stdout]   11:     0x5a1534b4c202 - core[df12db4294e9bfd3]::result::unwrap_failed
[INFO] [stdout]   12:     0x5a15349c1879 - <lazycomposer[da0d7e0fd671ab95]::config::tests::resolve_with_composer_json::{closure#0} as core[df12db4294e9bfd3]::ops::function::FnOnce<()>>::call_once
[INFO] [stdout]   13:     0x5a1534ae9b33 - serial_test[c8f1bc693dd5c0a2]::serial_code_lock::local_serial_core
[INFO] [stdout]   14:     0x5a153498eb6d - <lazycomposer[da0d7e0fd671ab95]::config::tests::resolve_with_composer_json::{closure#0} as core[df12db4294e9bfd3]::ops::function::FnOnce<()>>::call_once
[INFO] [stdout]   15:     0x5a15349e39eb - test[9d35eded1c95d3be]::__rust_begin_short_backtrace::<core[df12db4294e9bfd3]::result::Result<(), alloc[2182bb758b4b3781]::string::String>, fn() -> core[df12db4294e9bfd3]::result::Result<(), alloc[2182bb758b4b3781]::string::String>>
[INFO] [stdout]   16:     0x5a15349f1055 - test[9d35eded1c95d3be]::run_test::{closure#0}
[INFO] [stdout]   17:     0x5a15349ea914 - std[70759c8f55707aa4]::sys::backtrace::__rust_begin_short_backtrace::<test[9d35eded1c95d3be]::run_test::{closure#1}, ()>
[INFO] [stdout]   18:     0x5a15349f41b2 - <std[70759c8f55707aa4]::thread::lifecycle::spawn_unchecked<test[9d35eded1c95d3be]::run_test::{closure#1}, ()>::{closure#1} as core[df12db4294e9bfd3]::ops::function::FnOnce<()>>::call_once::{shim:vtable#0}
[INFO] [stdout]   19:     0x5a1534b346d9 - <std[70759c8f55707aa4]::sys::thread::unix::Thread>::new::thread_start
[INFO] [stdout]   20:     0x7662147cddfa - <unknown>
[INFO] [stdout]   21:     0x7662148613d4 - clone
[INFO] [stdout]   22:                0x0 - <unknown>
[INFO] [stdout] 
[INFO] [stdout] ---- config::tests::resolve_empty_dir_uses_cwd stdout ----
[INFO] [stdout] 
[INFO] [stdout] thread 'config::tests::resolve_empty_dir_uses_cwd' (1980) panicked at src/config/mod.rs:101:9:
[INFO] [stdout] assertion failed: result.is_ok()
[INFO] [stdout] stack backtrace:
[INFO] [stdout]    0:     0x5a1534b35391 - <<std[70759c8f55707aa4]::sys::backtrace::BacktraceLock>::print::DisplayBacktrace as core[df12db4294e9bfd3]::fmt::Display>::fmt
[INFO] [stdout]    1:     0x5a1534b4bc4a - core[df12db4294e9bfd3]::fmt::write
[INFO] [stdout]    2:     0x5a1534b39b4c - <alloc[2182bb758b4b3781]::vec::Vec<u8> as core[df12db4294e9bfd3]::io::write::Write>::write_fmt
[INFO] [stdout]    3:     0x5a1534b0f506 - std[70759c8f55707aa4]::panicking::default_hook::{closure#0}
[INFO] [stdout]    4:     0x5a1534b2c7c9 - std[70759c8f55707aa4]::panicking::default_hook
[INFO] [stdout]    5:     0x5a15349f0700 - test[9d35eded1c95d3be]::test_main_inner::<test[9d35eded1c95d3be]::test_main_static::{closure#0}>::{closure#0}
[INFO] [stdout]    6:     0x5a1534b2c982 - std[70759c8f55707aa4]::panicking::panic_with_hook
[INFO] [stdout]    7:     0x5a1534b0f5e4 - std[70759c8f55707aa4]::panicking::panic_handler::{closure#0}
[INFO] [stdout]    8:     0x5a1534b07e09 - std[70759c8f55707aa4]::sys::backtrace::__rust_end_short_backtrace::<std[70759c8f55707aa4]::panicking::panic_handler::{closure#0}, !>
[INFO] [stdout]    9:     0x5a1534b104bd - __rustc[8fa7c3cbc660c2b3]::rust_begin_unwind
[INFO] [stdout]   10:     0x5a1534b4c42c - core[df12db4294e9bfd3]::panicking::panic_fmt
[INFO] [stdout]   11:     0x5a1534b4c3f2 - core[df12db4294e9bfd3]::panicking::panic
[INFO] [stdout]   12:     0x5a15349c1544 - <lazycomposer[da0d7e0fd671ab95]::config::tests::resolve_empty_dir_uses_cwd::{closure#0} as core[df12db4294e9bfd3]::ops::function::FnOnce<()>>::call_once
[INFO] [stdout]   13:     0x5a1534ae9b33 - serial_test[c8f1bc693dd5c0a2]::serial_code_lock::local_serial_core
[INFO] [stdout]   14:     0x5a153498eaed - <lazycomposer[da0d7e0fd671ab95]::config::tests::resolve_empty_dir_uses_cwd::{closure#0} as core[df12db4294e9bfd3]::ops::function::FnOnce<()>>::call_once
[INFO] [stdout]   15:     0x5a15349e39eb - test[9d35eded1c95d3be]::__rust_begin_short_backtrace::<core[df12db4294e9bfd3]::result::Result<(), alloc[2182bb758b4b3781]::string::String>, fn() -> core[df12db4294e9bfd3]::result::Result<(), alloc[2182bb758b4b3781]::string::String>>
[INFO] [stdout]   16:     0x5a15349f1055 - test[9d35eded1c95d3be]::run_test::{closure#0}
[INFO] [stdout]   17:     0x5a15349ea914 - std[70759c8f55707aa4]::sys::backtrace::__rust_begin_short_backtrace::<test[9d35eded1c95d3be]::run_test::{closure#1}, ()>
[INFO] [stdout]   18:     0x5a15349f41b2 - <std[70759c8f55707aa4]::thread::lifecycle::spawn_unchecked<test[9d35eded1c95d3be]::run_test::{closure#1}, ()>::{closure#1} as core[df12db4294e9bfd3]::ops::function::FnOnce<()>>::call_once::{shim:vtable#0}
[INFO] [stdout]   19:     0x5a1534b346d9 - <std[70759c8f55707aa4]::sys::thread::unix::Thread>::new::thread_start
[INFO] [stdout]   20:     0x7662147cddfa - <unknown>
[INFO] [stdout]   21:     0x7662148613d4 - clone
[INFO] [stdout]   22:                0x0 - <unknown>
[INFO] [stdout] 
[INFO] [stdout] 
[INFO] [stdout] failures:
[INFO] [stdout]     config::tests::resolve_canonicalizes_path
[INFO] [stdout]     config::tests::resolve_empty_dir_uses_cwd
[INFO] [stdout]     config::tests::resolve_relative_path_becomes_absolute
[INFO] [stdout]     config::tests::resolve_with_composer_json
[INFO] [stdout] 
[INFO] [stdout] test result: FAILED. 242 passed; 4 failed; 0 ignored; 0 measured; 0 filtered out; finished in 1.02s
[INFO] [stdout] 
[INFO] [stderr] error: test failed, to rerun pass `--lib`
[INFO] running `Command { std: "docker" "inspect" "b24f5a9a00792dd810534bf900007679db3ac428fe3d963bd547bdc7bfe96659", kill_on_drop: false }`
[INFO] running `Command { std: "docker" "rm" "-f" "b24f5a9a00792dd810534bf900007679db3ac428fe3d963bd547bdc7bfe96659", kill_on_drop: false }`
[INFO] [stdout] b24f5a9a00792dd810534bf900007679db3ac428fe3d963bd547bdc7bfe96659
