[INFO] cloning repository https://github.com/gilengel/proc-server
[INFO] running `Command { std: "git" "-c" "credential.helper=" "-c" "credential.helper=/workspace/cargo-home/bin/git-credential-null" "clone" "--bare" "https://github.com/gilengel/proc-server" "/workspace/cache/git-repos/https%3A%2F%2Fgithub.com%2Fgilengel%2Fproc-server", kill_on_drop: false }`
[INFO] [stderr] Cloning into bare repository '/workspace/cache/git-repos/https%3A%2F%2Fgithub.com%2Fgilengel%2Fproc-server'...
[INFO] running `Command { std: "git" "rev-parse" "HEAD", kill_on_drop: false }`
[INFO] [stdout] 3429b3109893fc4ef4f23ab8a57c99d22d72ccd9
[INFO] testing gilengel/proc-server against 1.99.0-beta.8+cargoflags=--release for beta-release-1.100-2
[INFO] running `Command { std: "git" "clone" "/workspace/cache/git-repos/https%3A%2F%2Fgithub.com%2Fgilengel%2Fproc-server" "/workspace/builds/worker-2-tc1/source", kill_on_drop: false }`
[INFO] [stderr] Cloning into '/workspace/builds/worker-2-tc1/source'...
[INFO] [stderr] done.
[INFO] started tweaking git repo https://github.com/gilengel/proc-server
[INFO] finished tweaking git repo https://github.com/gilengel/proc-server
[INFO] tweaked toml for git repo https://github.com/gilengel/proc-server written to /workspace/builds/worker-2-tc1/source/Cargo.toml
[INFO] validating manifest of git repo https://github.com/gilengel/proc-server on toolchain 1.99.0-beta.8
[INFO] running `Command { std: CARGO_HOME="/workspace/cargo-home" RUSTUP_HOME="/workspace/rustup-home" "/workspace/cargo-home/bin/cargo" "+1.99.0-beta.8" "metadata" "--manifest-path" "Cargo.toml" "--no-deps", kill_on_drop: false }`
[INFO] crate git repo https://github.com/gilengel/proc-server already has a lockfile, it will not be regenerated
[INFO] running `Command { std: CARGO_HOME="/workspace/cargo-home" RUSTUP_HOME="/workspace/rustup-home" "/workspace/cargo-home/bin/cargo" "+1.99.0-beta.8" "fetch" "--manifest-path" "Cargo.toml", kill_on_drop: false }`
[INFO] [stderr]     Updating crates.io index
[INFO] [stderr]  Downloading crates ...
[INFO] [stderr]   Downloaded serial_test v3.1.1
[INFO] [stderr]   Downloaded serial_test_derive v3.1.1
[INFO] [stderr]   Downloaded unicode-ident v1.0.3
[INFO] [stderr]   Downloaded ref-cast-impl v1.0.9
[INFO] [stderr]   Downloaded migrations_internals v2.1.0
[INFO] [stderr]   Downloaded scc v2.1.1
[INFO] [stderr]   Downloaded itoa v1.0.3
[INFO] [stderr]   Downloaded devise v0.4.1
[INFO] [stderr]   Downloaded devise_codegen v0.4.1
[INFO] [stderr]   Downloaded ubyte v0.10.2
[INFO] [stderr]   Downloaded uncased v0.9.7
[INFO] [stderr]   Downloaded proc-macro2-diagnostics v0.9.1
[INFO] [stderr]   Downloaded either v1.7.0
[INFO] [stderr]   Downloaded futures-macro v0.3.23
[INFO] [stderr]   Downloaded futures-task v0.3.23
[INFO] [stderr]   Downloaded futures-sink v0.3.23
[INFO] [stderr]   Downloaded futures-core v0.3.23
[INFO] [stderr]   Downloaded rocket_sync_db_pools v0.1.0
[INFO] [stderr]   Downloaded devise_core v0.4.1
[INFO] [stderr]   Downloaded scoped-tls v1.0.0
[INFO] [stderr]   Downloaded atomic v0.5.1
[INFO] [stderr]   Downloaded r2d2_postgres v0.18.1
[INFO] [stderr]   Downloaded phf_shared v0.10.0
[INFO] [stderr]   Downloaded wasm-bindgen-shared v0.2.82
[INFO] [stderr]   Downloaded okapi v0.7.0
[INFO] [stderr]   Downloaded rocket_sync_db_pools_codegen v0.1.0
[INFO] [stderr]   Downloaded ref-cast v1.0.9
[INFO] [stderr]   Downloaded md-5 v0.10.1
[INFO] [stderr]   Downloaded iana-time-zone v0.1.44
[INFO] [stderr]   Downloaded migrations_macros v2.1.0
[INFO] [stderr]   Downloaded sdd v0.2.0
[INFO] [stderr]   Downloaded yansi v0.5.1
[INFO] [stderr]   Downloaded pear_codegen v0.2.3
[INFO] [stderr]   Downloaded try-lock v0.2.3
[INFO] [stderr]   Downloaded futures-io v0.3.23
[INFO] [stderr]   Downloaded fastrand v1.8.0
[INFO] [stderr]   Downloaded thread_local v1.1.4
[INFO] [stderr]   Downloaded async-stream v0.3.3
[INFO] [stderr]   Downloaded phf v0.10.1
[INFO] [stderr]   Downloaded pq-sys v0.4.7
[INFO] [stderr]   Downloaded wasm-bindgen-macro v0.2.82
[INFO] [stderr]   Downloaded android_system_properties v0.1.4
[INFO] [stderr]   Downloaded rocket_okapi_codegen v0.8.0
[INFO] [stderr]   Downloaded dyn-clone v1.0.17
[INFO] [stderr]   Downloaded is-terminal v0.4.12
[INFO] [stderr]   Downloaded tracing-attributes v0.1.22
[INFO] [stderr]   Downloaded tempfile v3.3.0
[INFO] [stderr]   Downloaded remove_dir_all v0.5.3
[INFO] [stderr]   Downloaded generator v0.7.1
[INFO] [stderr]   Downloaded pear v0.2.3
[INFO] [stderr]   Downloaded spin v0.9.4
[INFO] [stderr]   Downloaded async-stream-impl v0.3.3
[INFO] [stderr]   Downloaded postgres v0.19.3
[INFO] [stderr]   Downloaded wasm-bindgen-macro-support v0.2.82
[INFO] [stderr]   Downloaded bigdecimal v0.1.2
[INFO] [stderr]   Downloaded schemars_derive v0.8.19
[INFO] [stderr]   Downloaded serde_spanned v0.6.5
[INFO] [stderr]   Downloaded futures-executor v0.3.23
[INFO] [stderr]   Downloaded unicode-xid v0.2.3
[INFO] [stderr]   Downloaded multer v2.0.3
[INFO] [stderr]   Downloaded futures-channel v0.3.23
[INFO] [stderr]   Downloaded tokio-stream v0.1.9
[INFO] [stderr]   Downloaded async-trait v0.1.57
[INFO] [stderr]   Downloaded wasm-bindgen-backend v0.2.82
[INFO] [stderr]   Downloaded diesel_migrations v2.1.0
[INFO] [stderr]   Downloaded tracing-log v0.1.3
[INFO] [stderr]   Downloaded postgres-types v0.2.3
[INFO] [stderr]   Downloaded sha2 v0.10.2
[INFO] [stderr]   Downloaded bytes v1.2.1
[INFO] [stderr]   Downloaded uuid v1.1.2
[INFO] [stderr]   Downloaded tracing-core v0.1.29
[INFO] [stderr]   Downloaded schemars v0.8.19
[INFO] [stderr]   Downloaded openssl-sys v0.9.75
[INFO] [stderr]   Downloaded sharded-slab v0.1.4
[INFO] [stderr]   Downloaded figment v0.10.6
[INFO] [stderr]   Downloaded toml v0.7.8
[INFO] [stderr]   Downloaded futures v0.3.23
[INFO] [stderr]   Downloaded tracing v0.1.36
[INFO] [stderr]   Downloaded tokio-postgres v0.7.6
[INFO] [stderr]   Downloaded bumpalo v3.10.0
[INFO] [stderr]   Downloaded time v0.3.13
[INFO] [stderr]   Downloaded rocket_http v0.5.0
[INFO] [stderr]   Downloaded rocket_codegen v0.5.0
[INFO] [stderr]   Downloaded num-bigint v0.2.6
[INFO] [stderr]   Downloaded js-sys v0.3.59
[INFO] [stderr]   Downloaded serde_json v1.0.83
[INFO] [stderr]   Downloaded wasm-bindgen v0.2.82
[INFO] [stderr]   Downloaded futures-util v0.3.23
[INFO] [stderr]   Downloaded hyper v0.14.20
[INFO] [stderr]   Downloaded tracing-subscriber v0.3.15
[INFO] [stderr]   Downloaded openssl v0.10.41
[INFO] [stderr]   Downloaded syn v2.0.63
[INFO] [stderr]   Downloaded syn v1.0.99
[INFO] [stderr]   Downloaded rocket v0.5.0
[INFO] [stderr]   Downloaded libc v0.2.131
[INFO] [stderr]   Downloaded tokio v1.20.1
[INFO] [stderr]   Downloaded windows_aarch64_msvc v0.32.0
[INFO] [stderr]   Downloaded windows_x86_64_msvc v0.32.0
[INFO] [stderr]   Downloaded rocket_okapi v0.8.0
[INFO] [stderr]   Downloaded windows_x86_64_gnu v0.32.0
[INFO] [stderr]   Downloaded windows_i686_msvc v0.32.0
[INFO] [stderr]   Downloaded windows_i686_gnu v0.32.0
[INFO] [stderr]   Downloaded windows v0.32.0
[INFO] running `Command { std: "docker" "create" "-v" "/var/lib/crater-agent-workspace/builds/worker-2-tc1/source:/opt/rustwide/workdir:ro,Z" "-v" "/var/lib/crater-agent-workspace/builds/worker-2-tc1/target:/opt/rustwide/target:rw,Z" "-v" "/var/lib/crater-agent-workspace/cargo-home:/opt/rustwide/cargo-home:ro,Z" "-v" "/var/lib/crater-agent-workspace/rustup-home:/opt/rustwide/rustup-home:ro,Z" "-m" "1610612736" "--network" "none" "ghcr.io/rust-lang/crates-build-env/linux@sha256:77db811e55d90add9212f6832c23229e3de5f1c1f9905e8cb07319ea15df73ac" "sleep" "infinity", kill_on_drop: false }`
[INFO] [stdout] 737ab43d8442f78ac00e84ea006e038c228c4fecb615d040c195b70f2162e0fe
[INFO] running `Command { std: "docker" "start" "737ab43d8442f78ac00e84ea006e038c228c4fecb615d040c195b70f2162e0fe", kill_on_drop: false }`
[INFO] running `Command { std: "docker" "inspect" "737ab43d8442f78ac00e84ea006e038c228c4fecb615d040c195b70f2162e0fe", kill_on_drop: false }`
[INFO] running `Command { std: "docker" "exec" "-e" "SOURCE_DIR=/opt/rustwide/workdir" "-e" "CARGO_HOME=/opt/rustwide/cargo-home" "-e" "RUSTUP_HOME=/opt/rustwide/rustup-home" "-e" "CARGO_TARGET_DIR=/opt/rustwide/target" "-w" "/opt/rustwide/workdir" "--user" "0:0" "737ab43d8442f78ac00e84ea006e038c228c4fecb615d040c195b70f2162e0fe" "/opt/rustwide/cargo-home/bin/cargo" "+1.99.0-beta.8" "metadata" "--no-deps" "--format-version=1", kill_on_drop: false }`
[INFO] running `Command { std: "docker" "inspect" "737ab43d8442f78ac00e84ea006e038c228c4fecb615d040c195b70f2162e0fe", kill_on_drop: false }`
[INFO] running `Command { std: "docker" "exec" "-e" "SOURCE_DIR=/opt/rustwide/workdir" "-e" "CARGO_HOME=/opt/rustwide/cargo-home" "-e" "RUSTUP_HOME=/opt/rustwide/rustup-home" "-e" "CARGO_TARGET_DIR=/opt/rustwide/target" "-e" "CARGO_INCREMENTAL=0" "-e" "RUST_BACKTRACE=full" "-e" "RUSTFLAGS=--cap-lints=warn" "-e" "RUSTDOCFLAGS=--cap-lints=warn" "-w" "/opt/rustwide/workdir" "--user" "0:0" "737ab43d8442f78ac00e84ea006e038c228c4fecb615d040c195b70f2162e0fe" "/opt/rustwide/cargo-home/bin/cargo" "+1.99.0-beta.8" "build" "--frozen" "--message-format=json" "--release", kill_on_drop: false }`
[INFO] [stderr]    Compiling proc-macro2 v1.0.82
[INFO] [stderr]    Compiling unicode-ident v1.0.3
[INFO] [stderr]    Compiling autocfg v1.1.0
[INFO] [stderr]    Compiling libc v0.2.131
[INFO] [stderr]    Compiling version_check v0.9.4
[INFO] [stderr]    Compiling syn v1.0.99
[INFO] [stderr]    Compiling serde v1.0.201
[INFO] [stderr]    Compiling memchr v2.5.0
[INFO] [stderr]    Compiling log v0.4.17
[INFO] [stderr]    Compiling futures-core v0.3.23
[INFO] [stderr]    Compiling futures-channel v0.3.23
[INFO] [stderr]    Compiling futures-task v0.3.23
[INFO] [stderr]    Compiling futures-util v0.3.23
[INFO] [stderr]    Compiling slab v0.4.7
[INFO] [stderr]    Compiling tokio v1.20.1
[INFO] [stderr]    Compiling pin-project-lite v0.2.9
[INFO] [stderr]    Compiling indexmap v1.9.1
[INFO] [stderr]    Compiling bytes v1.2.1
[INFO] [stderr]    Compiling itoa v1.0.3
[INFO] [stderr]    Compiling once_cell v1.19.0
[INFO] [stderr]    Compiling typenum v1.15.0
[INFO] [stderr]    Compiling futures-sink v0.3.23
[INFO] [stderr]    Compiling generic-array v0.14.6
[INFO] [stderr]    Compiling httparse v1.7.1
[INFO] [stderr]    Compiling quote v1.0.36
[INFO] [stderr]    Compiling syn v2.0.63
[INFO] [stderr]    Compiling socket2 v0.4.4
[INFO] [stderr]    Compiling signal-hook-registry v1.4.0
[INFO] [stderr]    Compiling mio v0.8.4
[INFO] [stderr]    Compiling num_cpus v1.13.1
[INFO] [stderr]    Compiling proc-macro2-diagnostics v0.9.1
[INFO] [stderr]    Compiling lock_api v0.4.7
[INFO] [stderr]    Compiling fnv v1.0.7
[INFO] [stderr]    Compiling futures-io v0.3.23
[INFO] [stderr]    Compiling parking_lot_core v0.9.3
[INFO] [stderr]    Compiling smallvec v1.9.0
[INFO] [stderr]    Compiling tracing-core v0.1.29
[INFO] [stderr]    Compiling uncased v0.9.7
[INFO] [stderr]    Compiling scopeguard v1.1.0
[INFO] [stderr]    Compiling yansi v0.5.1
[INFO] [stderr]    Compiling hashbrown v0.14.5
[INFO] [stderr]    Compiling getrandom v0.2.7
[INFO] [stderr]    Compiling cookie v0.18.1
[INFO] [stderr]    Compiling ref-cast v1.0.9
[INFO] [stderr]    Compiling time-macros v0.2.4
[INFO] [stderr]    Compiling rand_core v0.6.3
[INFO] [stderr]    Compiling parking_lot v0.12.1
[INFO] [stderr]    Compiling block-buffer v0.10.2
[INFO] [stderr]    Compiling crypto-common v0.1.6
[INFO] [stderr]    Compiling is-terminal v0.4.12
[INFO] [stderr]    Compiling proc-macro2-diagnostics v0.10.1
[INFO] [stderr]    Compiling ppv-lite86 v0.2.16
[INFO] [stderr]    Compiling subtle v2.4.1
[INFO] [stderr]    Compiling yansi v1.0.1
[INFO] [stderr]    Compiling http v0.2.8
[INFO] [stderr]    Compiling digest v0.10.3
[INFO] [stderr]    Compiling rand_chacha v0.3.1
[INFO] [stderr]    Compiling num-traits v0.2.15
[INFO] [stderr]    Compiling serde_json v1.0.83
[INFO] [stderr]    Compiling tinyvec_macros v0.1.0
[INFO] [stderr]    Compiling hashbrown v0.12.3
[INFO] [stderr]    Compiling rand v0.8.5
[INFO] [stderr]    Compiling tinyvec v1.6.0
[INFO] [stderr]    Compiling num-integer v0.1.45
[INFO] [stderr]    Compiling bitflags v2.5.0
[INFO] [stderr]    Compiling num_threads v0.1.6
[INFO] [stderr]    Compiling async-trait v0.1.57
[INFO] [stderr]    Compiling try-lock v0.2.3
[INFO] [stderr]    Compiling byteorder v1.4.3
[INFO] [stderr]    Compiling percent-encoding v2.1.0
[INFO] [stderr]    Compiling ryu v1.0.11
[INFO] [stderr]    Compiling want v0.3.0
[INFO] [stderr]    Compiling time v0.3.13
[INFO] [stderr]    Compiling http-body v0.4.5
[INFO] [stderr]    Compiling devise_core v0.4.1
[INFO] [stderr]    Compiling unicode-normalization v0.1.21
[INFO] [stderr]    Compiling httpdate v1.0.2
[INFO] [stderr]    Compiling tower-service v0.3.2
[INFO] [stderr]    Compiling inlinable_string v0.1.15
[INFO] [stderr]    Compiling unicode-bidi v0.3.8
[INFO] [stderr]    Compiling cpufeatures v0.2.2
[INFO] [stderr]    Compiling sha2 v0.10.2
[INFO] [stderr]    Compiling stringprep v0.1.2
[INFO] [stderr]    Compiling hmac v0.12.1
[INFO] [stderr]    Compiling md-5 v0.10.1
[INFO] [stderr]    Compiling stable-pattern v0.1.0
[INFO] [stderr]    Compiling num-bigint v0.2.6
[INFO] [stderr]    Compiling either v1.7.0
[INFO] [stderr]    Compiling futures-macro v0.3.23
[INFO] [stderr]    Compiling tokio-macros v1.8.0
[INFO] [stderr]    Compiling tracing-attributes v0.1.22
[INFO] [stderr]    Compiling serde_derive v1.0.201
[INFO] [stderr]    Compiling pear_codegen v0.2.3
[INFO] [stderr]    Compiling ref-cast-impl v1.0.9
[INFO] [stderr]    Compiling pear v0.2.3
[INFO] [stderr]    Compiling tracing v0.1.36
[INFO] [stderr]    Compiling devise_codegen v0.4.1
[INFO] [stderr]    Compiling base64 v0.13.0
[INFO] [stderr]    Compiling encoding_rs v0.8.31
[INFO] [stderr]    Compiling siphasher v0.3.10
[INFO] [stderr]    Compiling state v0.6.0
[INFO] [stderr]    Compiling postgres-protocol v0.6.4
[INFO] [stderr]    Compiling futures-executor v0.3.23
[INFO] [stderr]    Compiling futures v0.3.23
[INFO] [stderr]    Compiling phf_shared v0.10.0
[INFO] [stderr]    Compiling devise v0.4.1
[INFO] [stderr]    Compiling scheduled-thread-pool v0.2.6
[INFO] [stderr]    Compiling tokio-util v0.7.3
[INFO] [stderr]    Compiling multer v2.0.3
[INFO] [stderr]    Compiling figment v0.10.6
[INFO] [stderr]    Compiling atomic v0.5.1
[INFO] [stderr]    Compiling winnow v0.5.40
[INFO] [stderr]    Compiling cc v1.0.73
[INFO] [stderr]    Compiling strsim v0.10.0
[INFO] [stderr]    Compiling pq-sys v0.4.7
[INFO] [stderr]    Compiling pkg-config v0.3.25
[INFO] [stderr]    Compiling indexmap v2.2.6
[INFO] [stderr]    Compiling darling_core v0.13.4
[INFO] [stderr]    Compiling openssl-sys v0.9.75
[INFO] [stderr]    Compiling h2 v0.3.13
[INFO] [stderr]    Compiling uuid v1.1.2
[INFO] [stderr]    Compiling toml_datetime v0.6.5
[INFO] [stderr]    Compiling serde_spanned v0.6.5
[INFO] [stderr]    Compiling toml v0.5.9
[INFO] [stderr]    Compiling toml_edit v0.19.15
[INFO] [stderr]    Compiling r2d2 v0.8.10
[INFO] [stderr]    Compiling phf v0.10.1
[INFO] [stderr]    Compiling postgres-types v0.2.3
[INFO] [stderr]    Compiling hyper v0.14.20
[INFO] [stderr]    Compiling async-stream-impl v0.3.3
[INFO] [stderr]    Compiling diesel_table_macro_syntax v0.1.0
[INFO] [stderr]    Compiling serde_derive_internals v0.29.1
[INFO] [stderr]    Compiling rocket_http v0.5.0
[INFO] [stderr]    Compiling time v0.1.44
[INFO] [stderr]    Compiling rocket v0.5.0
[INFO] [stderr]    Compiling schemars v0.8.19
[INFO] [stderr]    Compiling glob v0.3.0
[INFO] [stderr]    Compiling mime v0.3.16
[INFO] [stderr]    Compiling spin v0.9.4
[INFO] [stderr]    Compiling fastrand v1.8.0
[INFO] [stderr]    Compiling unicode-xid v0.2.3
[INFO] [stderr]    Compiling iana-time-zone v0.1.44
[INFO] [stderr]    Compiling remove_dir_all v0.5.3
[INFO] [stderr]    Compiling tempfile v3.3.0
[INFO] [stderr]    Compiling chrono v0.4.22
[INFO] [stderr]    Compiling schemars_derive v0.8.19
[INFO] [stderr]    Compiling diesel_derives v2.1.4
[INFO] [stderr]    Compiling rocket_codegen v0.5.0
[INFO] [stderr]    Compiling async-stream v0.3.3
[INFO] [stderr]    Compiling bigdecimal v0.1.2
[INFO] [stderr]    Compiling toml v0.7.8
[INFO] [stderr]    Compiling tokio-postgres v0.7.6
[INFO] [stderr]    Compiling darling_macro v0.13.4
[INFO] [stderr]    Compiling ubyte v0.10.2
[INFO] [stderr]    Compiling tokio-stream v0.1.9
[INFO] [stderr]    Compiling dyn-clone v1.0.17
[INFO] [stderr]    Compiling binascii v0.1.4
[INFO] [stderr]    Compiling postgres v0.19.3
[INFO] [stderr]    Compiling diesel v2.1.6
[INFO] [stderr]    Compiling darling v0.13.4
[INFO] [stderr]    Compiling migrations_internals v2.1.0
[INFO] [stderr]    Compiling rocket_sync_db_pools v0.1.0
[INFO] [stderr]    Compiling openssl v0.10.41
[INFO] [stderr]    Compiling foreign-types-shared v0.1.1
[INFO] [stderr]    Compiling foreign-types v0.3.2
[INFO] [stderr]    Compiling migrations_macros v2.1.0
[INFO] [stderr]    Compiling rocket_okapi_codegen v0.8.0
[INFO] [stderr]    Compiling okapi v0.7.0
[INFO] [stderr]    Compiling r2d2_postgres v0.18.1
[INFO] [stderr]    Compiling rocket_sync_db_pools_codegen v0.1.0
[INFO] [stderr]    Compiling openssl-macros v0.1.0
[INFO] [stderr]    Compiling dotenv v0.15.0
[INFO] [stderr]    Compiling openssl-probe v0.1.5
[INFO] [stderr]    Compiling rocket_okapi v0.8.0
[INFO] [stderr]    Compiling diesel_migrations v2.1.0
[INFO] [stderr]    Compiling backend v0.1.0 (/opt/rustwide/workdir/backend)
[INFO] [stderr]     Finished `release` profile [optimized] target(s) in 5m 49s
[INFO] [stderr] warning: the following packages contain code that will be rejected by a future version of Rust: openssl v0.10.41
[INFO] [stderr] note: to see what the problems were, use the option `--future-incompat-report`, or run `cargo report future-incompatibilities --id 3`
[INFO] running `Command { std: "docker" "inspect" "737ab43d8442f78ac00e84ea006e038c228c4fecb615d040c195b70f2162e0fe", kill_on_drop: false }`
[INFO] running `Command { std: "docker" "exec" "-e" "SOURCE_DIR=/opt/rustwide/workdir" "-e" "CARGO_HOME=/opt/rustwide/cargo-home" "-e" "RUSTUP_HOME=/opt/rustwide/rustup-home" "-e" "CARGO_TARGET_DIR=/opt/rustwide/target" "-e" "CARGO_INCREMENTAL=0" "-e" "RUST_BACKTRACE=full" "-e" "RUSTFLAGS=--cap-lints=warn" "-e" "RUSTDOCFLAGS=--cap-lints=warn" "-w" "/opt/rustwide/workdir" "--user" "0:0" "737ab43d8442f78ac00e84ea006e038c228c4fecb615d040c195b70f2162e0fe" "/opt/rustwide/cargo-home/bin/cargo" "+1.99.0-beta.8" "test" "--frozen" "--no-run" "--message-format=json" "--release", kill_on_drop: false }`
[INFO] [stderr]    Compiling sdd v0.2.0
[INFO] [stderr]    Compiling serial_test_derive v3.1.1
[INFO] [stderr]    Compiling scc v2.1.1
[INFO] [stderr]    Compiling serial_test v3.1.1
[INFO] [stderr]    Compiling backend v0.1.0 (/opt/rustwide/workdir/backend)
[INFO] [stderr]     Finished `release` profile [optimized] target(s) in 24.51s
[INFO] [stderr] warning: the following packages contain code that will be rejected by a future version of Rust: openssl v0.10.41
[INFO] [stderr] note: to see what the problems were, use the option `--future-incompat-report`, or run `cargo report future-incompatibilities --id 3`
[INFO] running `Command { std: "docker" "inspect" "737ab43d8442f78ac00e84ea006e038c228c4fecb615d040c195b70f2162e0fe", kill_on_drop: false }`
[INFO] running `Command { std: "docker" "exec" "-e" "SOURCE_DIR=/opt/rustwide/workdir" "-e" "CARGO_HOME=/opt/rustwide/cargo-home" "-e" "RUSTUP_HOME=/opt/rustwide/rustup-home" "-e" "CARGO_TARGET_DIR=/opt/rustwide/target" "-e" "CARGO_INCREMENTAL=0" "-e" "RUST_BACKTRACE=full" "-e" "RUSTFLAGS=--cap-lints=warn" "-e" "RUSTDOCFLAGS=--cap-lints=warn" "-w" "/opt/rustwide/workdir" "--user" "0:0" "737ab43d8442f78ac00e84ea006e038c228c4fecb615d040c195b70f2162e0fe" "/opt/rustwide/cargo-home/bin/cargo" "+1.99.0-beta.8" "test" "--frozen" "--release", kill_on_drop: false }`
[INFO] [stderr]     Finished `release` profile [optimized] target(s) in 0.25s
[INFO] [stderr] warning: the following packages contain code that will be rejected by a future version of Rust: openssl v0.10.41
[INFO] [stderr] note: to see what the problems were, use the option `--future-incompat-report`, or run `cargo report future-incompatibilities --id 3`
[INFO] [stderr]      Running unittests src/main.rs (/opt/rustwide/target/release/deps/backend-cfe284a82c0e43a9)
[INFO] [stdout] 
[INFO] [stdout] running 14 tests
[INFO] [stdout] test api_pages::controller::test::get_pages_via_api ... FAILED
[INFO] [stdout] test api_pages::controller::test::add_page_to_db ... FAILED
[INFO] [stdout] test api_pages::controller::test::delete_page_by_id_via_api ... FAILED
[INFO] [stdout] test api_pages::controller::test::add_page_via_api_with_db_storage ... FAILED
[INFO] [stdout] test api_pages::controller::test::get_page_by_id_via_api_failing ... FAILED
[INFO] [stdout] test api_pages::controller::test::get_all_pages ... FAILED
[INFO] [stdout] test api_pages::controller::test::get_page_by_id_via_api ... FAILED
[INFO] [stdout] test api_pages::controller::test::delete_page_by_id_via_api_failing ... FAILED
[INFO] [stdout] test api_pages::db_entity::tests::db_pages_are_eq ... ok
[INFO] [stdout] test api_pages::controller::test::update_page_by_page_id_failing ... FAILED
[INFO] [stdout] test api_pages::controller::test::update_page_by_page_id ... FAILED
[INFO] [stdout] test api_pages::entity::pages_are_eq ... ok
[INFO] [stdout] test api_pages::entity::pages_are_not_eq ... ok
[INFO] [stdout] test api_pages::db_entity::tests::db_pages_are_not_eq ... ok
[INFO] [stdout] 
[INFO] [stdout] failures:
[INFO] [stdout] 
[INFO] [stdout] ---- api_pages::controller::test::get_pages_via_api stdout ----
[INFO] [stdout] postgres://procserver:procserver@localhost:5432/procserver
[INFO] [stdout] 
[INFO] [stdout] thread 'api_pages::controller::test::get_pages_via_api' (4431) panicked at backend/src/main.rs:90:14:
[INFO] [stdout] Error connecting to postgres://procserver:procserver@localhost:5432/procserver: BadConnection("connection to server at \"localhost\" (::1), port 5432 failed: Connection refused\n\tIs the server running on that host and accepting TCP/IP connections?\nconnection to server at \"localhost\" (127.0.0.1), port 5432 failed: Connection refused\n\tIs the server running on that host and accepting TCP/IP connections?\n")
[INFO] [stdout] stack backtrace:
[INFO] [stdout]    0:     0x591d77f0e8e1 - <<std[70759c8f55707aa4]::sys::backtrace::BacktraceLock>::print::DisplayBacktrace as core[df12db4294e9bfd3]::fmt::Display>::fmt
[INFO] [stdout]    1:     0x591d77f2648a - core[df12db4294e9bfd3]::fmt::write
[INFO] [stdout]    2:     0x591d77f12ffc - <alloc[2182bb758b4b3781]::vec::Vec<u8> as core[df12db4294e9bfd3]::io::write::Write>::write_fmt
[INFO] [stdout]    3:     0x591d77ee9d76 - std[70759c8f55707aa4]::panicking::default_hook::{closure#0}
[INFO] [stdout]    4:     0x591d77f06819 - std[70759c8f55707aa4]::panicking::default_hook
[INFO] [stdout]    5:     0x591d77d46e40 - test[9d35eded1c95d3be]::test_main_inner::<test[9d35eded1c95d3be]::test_main_static::{closure#0}>::{closure#0}
[INFO] [stdout]    6:     0x591d77f06b42 - std[70759c8f55707aa4]::panicking::panic_with_hook
[INFO] [stdout]    7:     0x591d77ee9e22 - std[70759c8f55707aa4]::panicking::panic_handler::{closure#0}
[INFO] [stdout]    8:     0x591d77ee27a9 - std[70759c8f55707aa4]::sys::backtrace::__rust_end_short_backtrace::<std[70759c8f55707aa4]::panicking::panic_handler::{closure#0}, !>
[INFO] [stdout]    9:     0x591d77eeaabd - __rustc[8fa7c3cbc660c2b3]::rust_begin_unwind
[INFO] [stdout]   10:     0x591d77f26bec - core[df12db4294e9bfd3]::panicking::panic_fmt
[INFO] [stdout]   11:     0x591d77f269c2 - core[df12db4294e9bfd3]::result::unwrap_failed
[INFO] [stdout]   12:     0x591d77cecd1d - backend[26c603f03db15638]::test::setup_connection
[INFO] [stdout]   13:     0x591d77ce4b76 - backend[26c603f03db15638]::test::run_test::<backend[26c603f03db15638]::api_pages::controller::test::get_pages_via_api::{closure#0}::{closure#0}>
[INFO] [stdout]   14:     0x591d77d7f4a2 - serial_test[a01f122316791cbf]::serial_code_lock::local_serial_core
[INFO] [stdout]   15:     0x591d77ce358d - <backend[26c603f03db15638]::api_pages::controller::test::get_pages_via_api::{closure#0} as core[df12db4294e9bfd3]::ops::function::FnOnce<()>>::call_once
[INFO] [stdout]   16:     0x591d77d3a12b - test[9d35eded1c95d3be]::__rust_begin_short_backtrace::<core[df12db4294e9bfd3]::result::Result<(), alloc[2182bb758b4b3781]::string::String>, fn() -> core[df12db4294e9bfd3]::result::Result<(), alloc[2182bb758b4b3781]::string::String>>
[INFO] [stdout]   17:     0x591d77d47795 - test[9d35eded1c95d3be]::run_test::{closure#0}
[INFO] [stdout]   18:     0x591d77d41054 - std[70759c8f55707aa4]::sys::backtrace::__rust_begin_short_backtrace::<test[9d35eded1c95d3be]::run_test::{closure#1}, ()>
[INFO] [stdout]   19:     0x591d77d4a8f2 - <std[70759c8f55707aa4]::thread::lifecycle::spawn_unchecked<test[9d35eded1c95d3be]::run_test::{closure#1}, ()>::{closure#1} as core[df12db4294e9bfd3]::ops::function::FnOnce<()>>::call_once::{shim:vtable#0}
[INFO] [stdout]   20:     0x591d77f0de09 - <std[70759c8f55707aa4]::sys::thread::unix::Thread>::new::thread_start
[INFO] [stdout]   21:     0x7df3a4d74dfa - <unknown>
[INFO] [stdout]   22:     0x7df3a4e083d4 - clone
[INFO] [stdout]   23:                0x0 - <unknown>
[INFO] [stdout] 
[INFO] [stdout] thread 'api_pages::controller::test::get_pages_via_api' (4431) panicked at backend/src/main.rs:98:9:
[INFO] [stdout] assertion failed: result.is_ok()
[INFO] [stdout] stack backtrace:
[INFO] [stdout]    0:     0x591d77f0e8e1 - <<std[70759c8f55707aa4]::sys::backtrace::BacktraceLock>::print::DisplayBacktrace as core[df12db4294e9bfd3]::fmt::Display>::fmt
[INFO] [stdout]    1:     0x591d77f2648a - core[df12db4294e9bfd3]::fmt::write
[INFO] [stdout]    2:     0x591d77f12ffc - <alloc[2182bb758b4b3781]::vec::Vec<u8> as core[df12db4294e9bfd3]::io::write::Write>::write_fmt
[INFO] [stdout]    3:     0x591d77ee9d76 - std[70759c8f55707aa4]::panicking::default_hook::{closure#0}
[INFO] [stdout]    4:     0x591d77f06819 - std[70759c8f55707aa4]::panicking::default_hook
[INFO] [stdout]    5:     0x591d77d46e40 - test[9d35eded1c95d3be]::test_main_inner::<test[9d35eded1c95d3be]::test_main_static::{closure#0}>::{closure#0}
[INFO] [stdout]    6:     0x591d77f06b42 - std[70759c8f55707aa4]::panicking::panic_with_hook
[INFO] [stdout]    7:     0x591d77ee9e54 - std[70759c8f55707aa4]::panicking::panic_handler::{closure#0}
[INFO] [stdout]    8:     0x591d77ee27a9 - std[70759c8f55707aa4]::sys::backtrace::__rust_end_short_backtrace::<std[70759c8f55707aa4]::panicking::panic_handler::{closure#0}, !>
[INFO] [stdout]    9:     0x591d77eeaabd - __rustc[8fa7c3cbc660c2b3]::rust_begin_unwind
[INFO] [stdout]   10:     0x591d77f26bec - core[df12db4294e9bfd3]::panicking::panic_fmt
[INFO] [stdout]   11:     0x591d77f26bb2 - core[df12db4294e9bfd3]::panicking::panic
[INFO] [stdout]   12:     0x591d77ce4df9 - backend[26c603f03db15638]::test::run_test::<backend[26c603f03db15638]::api_pages::controller::test::get_pages_via_api::{closure#0}::{closure#0}>
[INFO] [stdout]   13:     0x591d77d7f4a2 - serial_test[a01f122316791cbf]::serial_code_lock::local_serial_core
[INFO] [stdout]   14:     0x591d77ce358d - <backend[26c603f03db15638]::api_pages::controller::test::get_pages_via_api::{closure#0} as core[df12db4294e9bfd3]::ops::function::FnOnce<()>>::call_once
[INFO] [stdout]   15:     0x591d77d3a12b - test[9d35eded1c95d3be]::__rust_begin_short_backtrace::<core[df12db4294e9bfd3]::result::Result<(), alloc[2182bb758b4b3781]::string::String>, fn() -> core[df12db4294e9bfd3]::result::Result<(), alloc[2182bb758b4b3781]::string::String>>
[INFO] [stdout]   16:     0x591d77d47795 - test[9d35eded1c95d3be]::run_test::{closure#0}
[INFO] [stdout]   17:     0x591d77d41054 - std[70759c8f55707aa4]::sys::backtrace::__rust_begin_short_backtrace::<test[9d35eded1c95d3be]::run_test::{closure#1}, ()>
[INFO] [stdout]   18:     0x591d77d4a8f2 - <std[70759c8f55707aa4]::thread::lifecycle::spawn_unchecked<test[9d35eded1c95d3be]::run_test::{closure#1}, ()>::{closure#1} as core[df12db4294e9bfd3]::ops::function::FnOnce<()>>::call_once::{shim:vtable#0}
[INFO] [stdout]   19:     0x591d77f0de09 - <std[70759c8f55707aa4]::sys::thread::unix::Thread>::new::thread_start
[INFO] [stdout]   20:     0x7df3a4d74dfa - <unknown>
[INFO] [stdout]   21:     0x7df3a4e083d4 - clone
[INFO] [stdout]   22:                0x0 - <unknown>
[INFO] [stdout] 
[INFO] [stdout] ---- api_pages::controller::test::add_page_to_db stdout ----
[INFO] [stdout] postgres://procserver:procserver@localhost:5432/procserver
[INFO] [stdout] 
[INFO] [stdout] thread 'api_pages::controller::test::add_page_to_db' (4424) panicked at backend/src/main.rs:90:14:
[INFO] [stdout] Error connecting to postgres://procserver:procserver@localhost:5432/procserver: BadConnection("connection to server at \"localhost\" (::1), port 5432 failed: Connection refused\n\tIs the server running on that host and accepting TCP/IP connections?\nconnection to server at \"localhost\" (127.0.0.1), port 5432 failed: Connection refused\n\tIs the server running on that host and accepting TCP/IP connections?\n")
[INFO] [stdout] stack backtrace:
[INFO] [stdout]    0:     0x591d77f0e8e1 - <<std[70759c8f55707aa4]::sys::backtrace::BacktraceLock>::print::DisplayBacktrace as core[df12db4294e9bfd3]::fmt::Display>::fmt
[INFO] [stdout]    1:     0x591d77f2648a - core[df12db4294e9bfd3]::fmt::write
[INFO] [stdout]    2:     0x591d77f12ffc - <alloc[2182bb758b4b3781]::vec::Vec<u8> as core[df12db4294e9bfd3]::io::write::Write>::write_fmt
[INFO] [stdout]    3:     0x591d77ee9d76 - std[70759c8f55707aa4]::panicking::default_hook::{closure#0}
[INFO] [stdout]    4:     0x591d77f06819 - std[70759c8f55707aa4]::panicking::default_hook
[INFO] [stdout]    5:     0x591d77d46e40 - test[9d35eded1c95d3be]::test_main_inner::<test[9d35eded1c95d3be]::test_main_static::{closure#0}>::{closure#0}
[INFO] [stdout]    6:     0x591d77f06b42 - std[70759c8f55707aa4]::panicking::panic_with_hook
[INFO] [stdout]    7:     0x591d77ee9e22 - std[70759c8f55707aa4]::panicking::panic_handler::{closure#0}
[INFO] [stdout]    8:     0x591d77ee27a9 - std[70759c8f55707aa4]::sys::backtrace::__rust_end_short_backtrace::<std[70759c8f55707aa4]::panicking::panic_handler::{closure#0}, !>
[INFO] [stdout]    9:     0x591d77eeaabd - __rustc[8fa7c3cbc660c2b3]::rust_begin_unwind
[INFO] [stdout]   10:     0x591d77f26bec - core[df12db4294e9bfd3]::panicking::panic_fmt
[INFO] [stdout]   11:     0x591d77f269c2 - core[df12db4294e9bfd3]::result::unwrap_failed
[INFO] [stdout]   12:     0x591d77cecd1d - backend[26c603f03db15638]::test::setup_connection
[INFO] [stdout]   13:     0x591d77ce4876 - backend[26c603f03db15638]::test::run_test::<backend[26c603f03db15638]::api_pages::controller::test::add_page_to_db::{closure#0}::{closure#0}>
[INFO] [stdout]   14:     0x591d77d7f4a2 - serial_test[a01f122316791cbf]::serial_code_lock::local_serial_core
[INFO] [stdout]   15:     0x591d77ce350d - <backend[26c603f03db15638]::api_pages::controller::test::add_page_to_db::{closure#0} as core[df12db4294e9bfd3]::ops::function::FnOnce<()>>::call_once
[INFO] [stdout]   16:     0x591d77d3a12b - test[9d35eded1c95d3be]::__rust_begin_short_backtrace::<core[df12db4294e9bfd3]::result::Result<(), alloc[2182bb758b4b3781]::string::String>, fn() -> core[df12db4294e9bfd3]::result::Result<(), alloc[2182bb758b4b3781]::string::String>>
[INFO] [stdout]   17:     0x591d77d47795 - test[9d35eded1c95d3be]::run_test::{closure#0}
[INFO] [stdout]   18:     0x591d77d41054 - std[70759c8f55707aa4]::sys::backtrace::__rust_begin_short_backtrace::<test[9d35eded1c95d3be]::run_test::{closure#1}, ()>
[INFO] [stdout]   19:     0x591d77d4a8f2 - <std[70759c8f55707aa4]::thread::lifecycle::spawn_unchecked<test[9d35eded1c95d3be]::run_test::{closure#1}, ()>::{closure#1} as core[df12db4294e9bfd3]::ops::function::FnOnce<()>>::call_once::{shim:vtable#0}
[INFO] [stdout]   20:     0x591d77f0de09 - <std[70759c8f55707aa4]::sys::thread::unix::Thread>::new::thread_start
[INFO] [stdout]   21:     0x7df3a4d74dfa - <unknown>
[INFO] [stdout]   22:     0x7df3a4e083d4 - clone
[INFO] [stdout]   23:                0x0 - <unknown>
[INFO] [stdout] 
[INFO] [stdout] thread 'api_pages::controller::test::add_page_to_db' (4424) panicked at backend/src/main.rs:98:9:
[INFO] [stdout] assertion failed: result.is_ok()
[INFO] [stdout] stack backtrace:
[INFO] [stdout]    0:     0x591d77f0e8e1 - <<std[70759c8f55707aa4]::sys::backtrace::BacktraceLock>::print::DisplayBacktrace as core[df12db4294e9bfd3]::fmt::Display>::fmt
[INFO] [stdout]    1:     0x591d77f2648a - core[df12db4294e9bfd3]::fmt::write
[INFO] [stdout]    2:     0x591d77f12ffc - <alloc[2182bb758b4b3781]::vec::Vec<u8> as core[df12db4294e9bfd3]::io::write::Write>::write_fmt
[INFO] [stdout]    3:     0x591d77ee9d76 - std[70759c8f55707aa4]::panicking::default_hook::{closure#0}
[INFO] [stdout]    4:     0x591d77f06819 - std[70759c8f55707aa4]::panicking::default_hook
[INFO] [stdout]    5:     0x591d77d46e40 - test[9d35eded1c95d3be]::test_main_inner::<test[9d35eded1c95d3be]::test_main_static::{closure#0}>::{closure#0}
[INFO] [stdout]    6:     0x591d77f06b42 - std[70759c8f55707aa4]::panicking::panic_with_hook
[INFO] [stdout]    7:     0x591d77ee9e54 - std[70759c8f55707aa4]::panicking::panic_handler::{closure#0}
[INFO] [stdout]    8:     0x591d77ee27a9 - std[70759c8f55707aa4]::sys::backtrace::__rust_end_short_backtrace::<std[70759c8f55707aa4]::panicking::panic_handler::{closure#0}, !>
[INFO] [stdout]    9:     0x591d77eeaabd - __rustc[8fa7c3cbc660c2b3]::rust_begin_unwind
[INFO] [stdout]   10:     0x591d77f26bec - core[df12db4294e9bfd3]::panicking::panic_fmt
[INFO] [stdout]   11:     0x591d77f26bb2 - core[df12db4294e9bfd3]::panicking::panic
[INFO] [stdout]   12:     0x591d77ce4b2a - backend[26c603f03db15638]::test::run_test::<backend[26c603f03db15638]::api_pages::controller::test::add_page_to_db::{closure#0}::{closure#0}>
[INFO] [stdout]   13:     0x591d77d7f4a2 - serial_test[a01f122316791cbf]::serial_code_lock::local_serial_core
[INFO] [stdout]   14:     0x591d77ce350d - <backend[26c603f03db15638]::api_pages::controller::test::add_page_to_db::{closure#0} as core[df12db4294e9bfd3]::ops::function::FnOnce<()>>::call_once
[INFO] [stdout]   15:     0x591d77d3a12b - test[9d35eded1c95d3be]::__rust_begin_short_backtrace::<core[df12db4294e9bfd3]::result::Result<(), alloc[2182bb758b4b3781]::string::String>, fn() -> core[df12db4294e9bfd3]::result::Result<(), alloc[2182bb758b4b3781]::string::String>>
[INFO] [stdout]   16:     0x591d77d47795 - test[9d35eded1c95d3be]::run_test::{closure#0}
[INFO] [stdout]   17:     0x591d77d41054 - std[70759c8f55707aa4]::sys::backtrace::__rust_begin_short_backtrace::<test[9d35eded1c95d3be]::run_test::{closure#1}, ()>
[INFO] [stdout]   18:     0x591d77d4a8f2 - <std[70759c8f55707aa4]::thread::lifecycle::spawn_unchecked<test[9d35eded1c95d3be]::run_test::{closure#1}, ()>::{closure#1} as core[df12db4294e9bfd3]::ops::function::FnOnce<()>>::call_once::{shim:vtable#0}
[INFO] [stdout]   19:     0x591d77f0de09 - <std[70759c8f55707aa4]::sys::thread::unix::Thread>::new::thread_start
[INFO] [stdout]   20:     0x7df3a4d74dfa - <unknown>
[INFO] [stdout]   21:     0x7df3a4e083d4 - clone
[INFO] [stdout]   22:                0x0 - <unknown>
[INFO] [stdout] 
[INFO] [stdout] ---- api_pages::controller::test::delete_page_by_id_via_api stdout ----
[INFO] [stdout] postgres://procserver:procserver@localhost:5432/procserver
[INFO] [stdout] 
[INFO] [stdout] thread 'api_pages::controller::test::delete_page_by_id_via_api' (4426) panicked at backend/src/main.rs:90:14:
[INFO] [stdout] Error connecting to postgres://procserver:procserver@localhost:5432/procserver: BadConnection("connection to server at \"localhost\" (::1), port 5432 failed: Connection refused\n\tIs the server running on that host and accepting TCP/IP connections?\nconnection to server at \"localhost\" (127.0.0.1), port 5432 failed: Connection refused\n\tIs the server running on that host and accepting TCP/IP connections?\n")
[INFO] [stdout] stack backtrace:
[INFO] [stdout]    0:     0x591d77f0e8e1 - <<std[70759c8f55707aa4]::sys::backtrace::BacktraceLock>::print::DisplayBacktrace as core[df12db4294e9bfd3]::fmt::Display>::fmt
[INFO] [stdout]    1:     0x591d77f2648a - core[df12db4294e9bfd3]::fmt::write
[INFO] [stdout]    2:     0x591d77f12ffc - <alloc[2182bb758b4b3781]::vec::Vec<u8> as core[df12db4294e9bfd3]::io::write::Write>::write_fmt
[INFO] [stdout]    3:     0x591d77ee9d76 - std[70759c8f55707aa4]::panicking::default_hook::{closure#0}
[INFO] [stdout]    4:     0x591d77f06819 - std[70759c8f55707aa4]::panicking::default_hook
[INFO] [stdout]    5:     0x591d77d46e40 - test[9d35eded1c95d3be]::test_main_inner::<test[9d35eded1c95d3be]::test_main_static::{closure#0}>::{closure#0}
[INFO] [stdout]    6:     0x591d77f06b42 - std[70759c8f55707aa4]::panicking::panic_with_hook
[INFO] [stdout]    7:     0x591d77ee9e22 - std[70759c8f55707aa4]::panicking::panic_handler::{closure#0}
[INFO] [stdout]    8:     0x591d77ee27a9 - std[70759c8f55707aa4]::sys::backtrace::__rust_end_short_backtrace::<std[70759c8f55707aa4]::panicking::panic_handler::{closure#0}, !>
[INFO] [stdout]    9:     0x591d77eeaabd - __rustc[8fa7c3cbc660c2b3]::rust_begin_unwind
[INFO] [stdout]   10:     0x591d77f26bec - core[df12db4294e9bfd3]::panicking::panic_fmt
[INFO] [stdout]   11:     0x591d77f269c2 - core[df12db4294e9bfd3]::result::unwrap_failed
[INFO] [stdout]   12:     0x591d77cecd1d - backend[26c603f03db15638]::test::setup_connection
[INFO] [stdout]   13:     0x591d77ce6bd6 - backend[26c603f03db15638]::test::run_test::<backend[26c603f03db15638]::api_pages::controller::test::delete_page_by_id_via_api::{closure#0}::{closure#0}>
[INFO] [stdout]   14:     0x591d77d7f4a2 - serial_test[a01f122316791cbf]::serial_code_lock::local_serial_core
[INFO] [stdout]   15:     0x591d77ce370d - <backend[26c603f03db15638]::api_pages::controller::test::delete_page_by_id_via_api::{closure#0} as core[df12db4294e9bfd3]::ops::function::FnOnce<()>>::call_once
[INFO] [stdout]   16:     0x591d77d3a12b - test[9d35eded1c95d3be]::__rust_begin_short_backtrace::<core[df12db4294e9bfd3]::result::Result<(), alloc[2182bb758b4b3781]::string::String>, fn() -> core[df12db4294e9bfd3]::result::Result<(), alloc[2182bb758b4b3781]::string::String>>
[INFO] [stdout]   17:     0x591d77d47795 - test[9d35eded1c95d3be]::run_test::{closure#0}
[INFO] [stdout]   18:     0x591d77d41054 - std[70759c8f55707aa4]::sys::backtrace::__rust_begin_short_backtrace::<test[9d35eded1c95d3be]::run_test::{closure#1}, ()>
[INFO] [stdout]   19:     0x591d77d4a8f2 - <std[70759c8f55707aa4]::thread::lifecycle::spawn_unchecked<test[9d35eded1c95d3be]::run_test::{closure#1}, ()>::{closure#1} as core[df12db4294e9bfd3]::ops::function::FnOnce<()>>::call_once::{shim:vtable#0}
[INFO] [stdout]   20:     0x591d77f0de09 - <std[70759c8f55707aa4]::sys::thread::unix::Thread>::new::thread_start
[INFO] [stdout]   21:     0x7df3a4d74dfa - <unknown>
[INFO] [stdout]   22:     0x7df3a4e083d4 - clone
[INFO] [stdout]   23:                0x0 - <unknown>
[INFO] [stdout] 
[INFO] [stdout] thread 'api_pages::controller::test::delete_page_by_id_via_api' (4426) panicked at backend/src/main.rs:98:9:
[INFO] [stdout] assertion failed: result.is_ok()
[INFO] [stdout] stack backtrace:
[INFO] [stdout]    0:     0x591d77f0e8e1 - <<std[70759c8f55707aa4]::sys::backtrace::BacktraceLock>::print::DisplayBacktrace as core[df12db4294e9bfd3]::fmt::Display>::fmt
[INFO] [stdout]    1:     0x591d77f2648a - core[df12db4294e9bfd3]::fmt::write
[INFO] [stdout]    2:     0x591d77f12ffc - <alloc[2182bb758b4b3781]::vec::Vec<u8> as core[df12db4294e9bfd3]::io::write::Write>::write_fmt
[INFO] [stdout]    3:     0x591d77ee9d76 - std[70759c8f55707aa4]::panicking::default_hook::{closure#0}
[INFO] [stdout]    4:     0x591d77f06819 - std[70759c8f55707aa4]::panicking::default_hook
[INFO] [stdout]    5:     0x591d77d46e40 - test[9d35eded1c95d3be]::test_main_inner::<test[9d35eded1c95d3be]::test_main_static::{closure#0}>::{closure#0}
[INFO] [stdout]    6:     0x591d77f06b42 - std[70759c8f55707aa4]::panicking::panic_with_hook
[INFO] [stdout]    7:     0x591d77ee9e54 - std[70759c8f55707aa4]::panicking::panic_handler::{closure#0}
[INFO] [stdout]    8:     0x591d77ee27a9 - std[70759c8f55707aa4]::sys::backtrace::__rust_end_short_backtrace::<std[70759c8f55707aa4]::panicking::panic_handler::{closure#0}, !>
[INFO] [stdout]    9:     0x591d77eeaabd - __rustc[8fa7c3cbc660c2b3]::rust_begin_unwind
[INFO] [stdout]   10:     0x591d77f26bec - core[df12db4294e9bfd3]::panicking::panic_fmt
[INFO] [stdout]   11:     0x591d77f26bb2 - core[df12db4294e9bfd3]::panicking::panic
[INFO] [stdout]   12:     0x591d77ce6f66 - backend[26c603f03db15638]::test::run_test::<backend[26c603f03db15638]::api_pages::controller::test::delete_page_by_id_via_api::{closure#0}::{closure#0}>
[INFO] [stdout]   13:     0x591d77d7f4a2 - serial_test[a01f122316791cbf]::serial_code_lock::local_serial_core
[INFO] [stdout]   14:     0x591d77ce370d - <backend[26c603f03db15638]::api_pages::controller::test::delete_page_by_id_via_api::{closure#0} as core[df12db4294e9bfd3]::ops::function::FnOnce<()>>::call_once
[INFO] [stdout]   15:     0x591d77d3a12b - test[9d35eded1c95d3be]::__rust_begin_short_backtrace::<core[df12db4294e9bfd3]::result::Result<(), alloc[2182bb758b4b3781]::string::String>, fn() -> core[df12db4294e9bfd3]::result::Result<(), alloc[2182bb758b4b3781]::string::String>>
[INFO] [stdout]   16:     0x591d77d47795 - test[9d35eded1c95d3be]::run_test::{closure#0}
[INFO] [stdout]   17:     0x591d77d41054 - std[70759c8f55707aa4]::sys::backtrace::__rust_begin_short_backtrace::<test[9d35eded1c95d3be]::run_test::{closure#1}, ()>
[INFO] [stdout]   18:     0x591d77d4a8f2 - <std[70759c8f55707aa4]::thread::lifecycle::spawn_unchecked<test[9d35eded1c95d3be]::run_test::{closure#1}, ()>::{closure#1} as core[df12db4294e9bfd3]::ops::function::FnOnce<()>>::call_once::{shim:vtable#0}
[INFO] [stdout]   19:     0x591d77f0de09 - <std[70759c8f55707aa4]::sys::thread::unix::Thread>::new::thread_start
[INFO] [stdout]   20:     0x7df3a4d74dfa - <unknown>
[INFO] [stdout]   21:     0x7df3a4e083d4 - clone
[INFO] [stdout]   22:                0x0 - <unknown>
[INFO] [stdout] 
[INFO] [stdout] ---- api_pages::controller::test::add_page_via_api_with_db_storage stdout ----
[INFO] [stdout] postgres://procserver:procserver@localhost:5432/procserver
[INFO] [stdout] 
[INFO] [stdout] thread 'api_pages::controller::test::add_page_via_api_with_db_storage' (4425) panicked at backend/src/main.rs:90:14:
[INFO] [stdout] Error connecting to postgres://procserver:procserver@localhost:5432/procserver: BadConnection("connection to server at \"localhost\" (::1), port 5432 failed: Connection refused\n\tIs the server running on that host and accepting TCP/IP connections?\nconnection to server at \"localhost\" (127.0.0.1), port 5432 failed: Connection refused\n\tIs the server running on that host and accepting TCP/IP connections?\n")
[INFO] [stdout] stack backtrace:
[INFO] [stdout]    0:     0x591d77f0e8e1 - <<std[70759c8f55707aa4]::sys::backtrace::BacktraceLock>::print::DisplayBacktrace as core[df12db4294e9bfd3]::fmt::Display>::fmt
[INFO] [stdout]    1:     0x591d77f2648a - core[df12db4294e9bfd3]::fmt::write
[INFO] [stdout]    2:     0x591d77f12ffc - <alloc[2182bb758b4b3781]::vec::Vec<u8> as core[df12db4294e9bfd3]::io::write::Write>::write_fmt
[INFO] [stdout]    3:     0x591d77ee9d76 - std[70759c8f55707aa4]::panicking::default_hook::{closure#0}
[INFO] [stdout]    4:     0x591d77f06819 - std[70759c8f55707aa4]::panicking::default_hook
[INFO] [stdout]    5:     0x591d77d46e40 - test[9d35eded1c95d3be]::test_main_inner::<test[9d35eded1c95d3be]::test_main_static::{closure#0}>::{closure#0}
[INFO] [stdout]    6:     0x591d77f06b42 - std[70759c8f55707aa4]::panicking::panic_with_hook
[INFO] [stdout]    7:     0x591d77ee9e22 - std[70759c8f55707aa4]::panicking::panic_handler::{closure#0}
[INFO] [stdout]    8:     0x591d77ee27a9 - std[70759c8f55707aa4]::sys::backtrace::__rust_end_short_backtrace::<std[70759c8f55707aa4]::panicking::panic_handler::{closure#0}, !>
[INFO] [stdout]    9:     0x591d77eeaabd - __rustc[8fa7c3cbc660c2b3]::rust_begin_unwind
[INFO] [stdout]   10:     0x591d77f26bec - core[df12db4294e9bfd3]::panicking::panic_fmt
[INFO] [stdout]   11:     0x591d77f269c2 - core[df12db4294e9bfd3]::result::unwrap_failed
[INFO] [stdout]   12:     0x591d77cecd1d - backend[26c603f03db15638]::test::setup_connection
[INFO] [stdout]   13:     0x591d77ce788b - backend[26c603f03db15638]::test::run_test::<backend[26c603f03db15638]::api_pages::controller::test::add_page_via_api_with_db_storage::{closure#0}::{closure#0}>
[INFO] [stdout]   14:     0x591d77d7f4a2 - serial_test[a01f122316791cbf]::serial_code_lock::local_serial_core
[INFO] [stdout]   15:     0x591d77ce388d - <backend[26c603f03db15638]::api_pages::controller::test::add_page_via_api_with_db_storage::{closure#0} as core[df12db4294e9bfd3]::ops::function::FnOnce<()>>::call_once
[INFO] [stdout]   16:     0x591d77d3a12b - test[9d35eded1c95d3be]::__rust_begin_short_backtrace::<core[df12db4294e9bfd3]::result::Result<(), alloc[2182bb758b4b3781]::string::String>, fn() -> core[df12db4294e9bfd3]::result::Result<(), alloc[2182bb758b4b3781]::string::String>>
[INFO] [stdout]   17:     0x591d77d47795 - test[9d35eded1c95d3be]::run_test::{closure#0}
[INFO] [stdout]   18:     0x591d77d41054 - std[70759c8f55707aa4]::sys::backtrace::__rust_begin_short_backtrace::<test[9d35eded1c95d3be]::run_test::{closure#1}, ()>
[INFO] [stdout]   19:     0x591d77d4a8f2 - <std[70759c8f55707aa4]::thread::lifecycle::spawn_unchecked<test[9d35eded1c95d3be]::run_test::{closure#1}, ()>::{closure#1} as core[df12db4294e9bfd3]::ops::function::FnOnce<()>>::call_once::{shim:vtable#0}
[INFO] [stdout]   20:     0x591d77f0de09 - <std[70759c8f55707aa4]::sys::thread::unix::Thread>::new::thread_start
[INFO] [stdout]   21:     0x7df3a4d74dfa - <unknown>
[INFO] [stdout]   22:     0x7df3a4e083d4 - clone
[INFO] [stdout]   23:                0x0 - <unknown>
[INFO] [stdout] 
[INFO] [stdout] thread 'api_pages::controller::test::add_page_via_api_with_db_storage' (4425) panicked at backend/src/main.rs:98:9:
[INFO] [stdout] assertion failed: result.is_ok()
[INFO] [stdout] stack backtrace:
[INFO] [stdout]    0:     0x591d77f0e8e1 - <<std[70759c8f55707aa4]::sys::backtrace::BacktraceLock>::print::DisplayBacktrace as core[df12db4294e9bfd3]::fmt::Display>::fmt
[INFO] [stdout]    1:     0x591d77f2648a - core[df12db4294e9bfd3]::fmt::write
[INFO] [stdout]    2:     0x591d77f12ffc - <alloc[2182bb758b4b3781]::vec::Vec<u8> as core[df12db4294e9bfd3]::io::write::Write>::write_fmt
[INFO] [stdout]    3:     0x591d77ee9d76 - std[70759c8f55707aa4]::panicking::default_hook::{closure#0}
[INFO] [stdout]    4:     0x591d77f06819 - std[70759c8f55707aa4]::panicking::default_hook
[INFO] [stdout]    5:     0x591d77d46e40 - test[9d35eded1c95d3be]::test_main_inner::<test[9d35eded1c95d3be]::test_main_static::{closure#0}>::{closure#0}
[INFO] [stdout]    6:     0x591d77f06b42 - std[70759c8f55707aa4]::panicking::panic_with_hook
[INFO] [stdout]    7:     0x591d77ee9e54 - std[70759c8f55707aa4]::panicking::panic_handler::{closure#0}
[INFO] [stdout]    8:     0x591d77ee27a9 - std[70759c8f55707aa4]::sys::backtrace::__rust_end_short_backtrace::<std[70759c8f55707aa4]::panicking::panic_handler::{closure#0}, !>
[INFO] [stdout]    9:     0x591d77eeaabd - __rustc[8fa7c3cbc660c2b3]::rust_begin_unwind
[INFO] [stdout]   10:     0x591d77f26bec - core[df12db4294e9bfd3]::panicking::panic_fmt
[INFO] [stdout]   11:     0x591d77f26bb2 - core[df12db4294e9bfd3]::panicking::panic
[INFO] [stdout]   12:     0x591d77ce8101 - backend[26c603f03db15638]::test::run_test::<backend[26c603f03db15638]::api_pages::controller::test::add_page_via_api_with_db_storage::{closure#0}::{closure#0}>
[INFO] [stdout]   13:     0x591d77d7f4a2 - serial_test[a01f122316791cbf]::serial_code_lock::local_serial_core
[INFO] [stdout]   14:     0x591d77ce388d - <backend[26c603f03db15638]::api_pages::controller::test::add_page_via_api_with_db_storage::{closure#0} as core[df12db4294e9bfd3]::ops::function::FnOnce<()>>::call_once
[INFO] [stdout]   15:     0x591d77d3a12b - test[9d35eded1c95d3be]::__rust_begin_short_backtrace::<core[df12db4294e9bfd3]::result::Result<(), alloc[2182bb758b4b3781]::string::String>, fn() -> core[df12db4294e9bfd3]::result::Result<(), alloc[2182bb758b4b3781]::string::String>>
[INFO] [stdout]   16:     0x591d77d47795 - test[9d35eded1c95d3be]::run_test::{closure#0}
[INFO] [stdout]   17:     0x591d77d41054 - std[70759c8f55707aa4]::sys::backtrace::__rust_begin_short_backtrace::<test[9d35eded1c95d3be]::run_test::{closure#1}, ()>
[INFO] [stdout]   18:     0x591d77d4a8f2 - <std[70759c8f55707aa4]::thread::lifecycle::spawn_unchecked<test[9d35eded1c95d3be]::run_test::{closure#1}, ()>::{closure#1} as core[df12db4294e9bfd3]::ops::function::FnOnce<()>>::call_once::{shim:vtable#0}
[INFO] [stdout]   19:     0x591d77f0de09 - <std[70759c8f55707aa4]::sys::thread::unix::Thread>::new::thread_start
[INFO] [stdout]   20:     0x7df3a4d74dfa - <unknown>
[INFO] [stdout]   21:     0x7df3a4e083d4 - clone
[INFO] [stdout]   22:                0x0 - <unknown>
[INFO] [stdout] 
[INFO] [stdout] ---- api_pages::controller::test::get_page_by_id_via_api_failing stdout ----
[INFO] [stdout] postgres://procserver:procserver@localhost:5432/procserver
[INFO] [stdout] 
[INFO] [stdout] thread 'api_pages::controller::test::get_page_by_id_via_api_failing' (4430) panicked at backend/src/main.rs:90:14:
[INFO] [stdout] Error connecting to postgres://procserver:procserver@localhost:5432/procserver: BadConnection("connection to server at \"localhost\" (::1), port 5432 failed: Connection refused\n\tIs the server running on that host and accepting TCP/IP connections?\nconnection to server at \"localhost\" (127.0.0.1), port 5432 failed: Connection refused\n\tIs the server running on that host and accepting TCP/IP connections?\n")
[INFO] [stdout] stack backtrace:
[INFO] [stdout]    0:     0x591d77f0e8e1 - <<std[70759c8f55707aa4]::sys::backtrace::BacktraceLock>::print::DisplayBacktrace as core[df12db4294e9bfd3]::fmt::Display>::fmt
[INFO] [stdout]    1:     0x591d77f2648a - core[df12db4294e9bfd3]::fmt::write
[INFO] [stdout]    2:     0x591d77f12ffc - <alloc[2182bb758b4b3781]::vec::Vec<u8> as core[df12db4294e9bfd3]::io::write::Write>::write_fmt
[INFO] [stdout]    3:     0x591d77ee9d76 - std[70759c8f55707aa4]::panicking::default_hook::{closure#0}
[INFO] [stdout]    4:     0x591d77f06819 - std[70759c8f55707aa4]::panicking::default_hook
[INFO] [stdout]    5:     0x591d77d46e40 - test[9d35eded1c95d3be]::test_main_inner::<test[9d35eded1c95d3be]::test_main_static::{closure#0}>::{closure#0}
[INFO] [stdout]    6:     0x591d77f06b42 - std[70759c8f55707aa4]::panicking::panic_with_hook
[INFO] [stdout]    7:     0x591d77ee9e22 - std[70759c8f55707aa4]::panicking::panic_handler::{closure#0}
[INFO] [stdout]    8:     0x591d77ee27a9 - std[70759c8f55707aa4]::sys::backtrace::__rust_end_short_backtrace::<std[70759c8f55707aa4]::panicking::panic_handler::{closure#0}, !>
[INFO] [stdout]    9:     0x591d77eeaabd - __rustc[8fa7c3cbc660c2b3]::rust_begin_unwind
[INFO] [stdout]   10:     0x591d77f26bec - core[df12db4294e9bfd3]::panicking::panic_fmt
[INFO] [stdout]   11:     0x591d77f269c2 - core[df12db4294e9bfd3]::result::unwrap_failed
[INFO] [stdout]   12:     0x591d77cecd1d - backend[26c603f03db15638]::test::setup_connection
[INFO] [stdout]   13:     0x591d77ce6fab - backend[26c603f03db15638]::test::run_test::<backend[26c603f03db15638]::api_pages::controller::test::get_page_by_id_via_api_failing::{closure#0}::{closure#0}>
[INFO] [stdout]   14:     0x591d77d7f4a2 - serial_test[a01f122316791cbf]::serial_code_lock::local_serial_core
[INFO] [stdout]   15:     0x591d77ce378d - <backend[26c603f03db15638]::api_pages::controller::test::get_page_by_id_via_api_failing::{closure#0} as core[df12db4294e9bfd3]::ops::function::FnOnce<()>>::call_once
[INFO] [stdout]   16:     0x591d77d3a12b - test[9d35eded1c95d3be]::__rust_begin_short_backtrace::<core[df12db4294e9bfd3]::result::Result<(), alloc[2182bb758b4b3781]::string::String>, fn() -> core[df12db4294e9bfd3]::result::Result<(), alloc[2182bb758b4b3781]::string::String>>
[INFO] [stdout]   17:     0x591d77d47795 - test[9d35eded1c95d3be]::run_test::{closure#0}
[INFO] [stdout]   18:     0x591d77d41054 - std[70759c8f55707aa4]::sys::backtrace::__rust_begin_short_backtrace::<test[9d35eded1c95d3be]::run_test::{closure#1}, ()>
[INFO] [stdout]   19:     0x591d77d4a8f2 - <std[70759c8f55707aa4]::thread::lifecycle::spawn_unchecked<test[9d35eded1c95d3be]::run_test::{closure#1}, ()>::{closure#1} as core[df12db4294e9bfd3]::ops::function::FnOnce<()>>::call_once::{shim:vtable#0}
[INFO] [stdout]   20:     0x591d77f0de09 - <std[70759c8f55707aa4]::sys::thread::unix::Thread>::new::thread_start
[INFO] [stdout]   21:     0x7df3a4d74dfa - <unknown>
[INFO] [stdout]   22:     0x7df3a4e083d4 - clone
[INFO] [stdout]   23:                0x0 - <unknown>
[INFO] [stdout] 
[INFO] [stdout] thread 'api_pages::controller::test::get_page_by_id_via_api_failing' (4430) panicked at backend/src/main.rs:98:9:
[INFO] [stdout] assertion failed: result.is_ok()
[INFO] [stdout] stack backtrace:
[INFO] [stdout]    0:     0x591d77f0e8e1 - <<std[70759c8f55707aa4]::sys::backtrace::BacktraceLock>::print::DisplayBacktrace as core[df12db4294e9bfd3]::fmt::Display>::fmt
[INFO] [stdout]    1:     0x591d77f2648a - core[df12db4294e9bfd3]::fmt::write
[INFO] [stdout]    2:     0x591d77f12ffc - <alloc[2182bb758b4b3781]::vec::Vec<u8> as core[df12db4294e9bfd3]::io::write::Write>::write_fmt
[INFO] [stdout]    3:     0x591d77ee9d76 - std[70759c8f55707aa4]::panicking::default_hook::{closure#0}
[INFO] [stdout]    4:     0x591d77f06819 - std[70759c8f55707aa4]::panicking::default_hook
[INFO] [stdout]    5:     0x591d77d46e40 - test[9d35eded1c95d3be]::test_main_inner::<test[9d35eded1c95d3be]::test_main_static::{closure#0}>::{closure#0}
[INFO] [stdout]    6:     0x591d77f06b42 - std[70759c8f55707aa4]::panicking::panic_with_hook
[INFO] [stdout]    7:     0x591d77ee9e54 - std[70759c8f55707aa4]::panicking::panic_handler::{closure#0}
[INFO] [stdout]    8:     0x591d77ee27a9 - std[70759c8f55707aa4]::sys::backtrace::__rust_end_short_backtrace::<std[70759c8f55707aa4]::panicking::panic_handler::{closure#0}, !>
[INFO] [stdout]    9:     0x591d77eeaabd - __rustc[8fa7c3cbc660c2b3]::rust_begin_unwind
[INFO] [stdout]   10:     0x591d77f26bec - core[df12db4294e9bfd3]::panicking::panic_fmt
[INFO] [stdout]   11:     0x591d77f26bb2 - core[df12db4294e9bfd3]::panicking::panic
[INFO] [stdout]   12:     0x591d77ce73cf - backend[26c603f03db15638]::test::run_test::<backend[26c603f03db15638]::api_pages::controller::test::get_page_by_id_via_api_failing::{closure#0}::{closure#0}>
[INFO] [stdout]   13:     0x591d77d7f4a2 - serial_test[a01f122316791cbf]::serial_code_lock::local_serial_core
[INFO] [stdout]   14:     0x591d77ce378d - <backend[26c603f03db15638]::api_pages::controller::test::get_page_by_id_via_api_failing::{closure#0} as core[df12db4294e9bfd3]::ops::function::FnOnce<()>>::call_once
[INFO] [stdout]   15:     0x591d77d3a12b - test[9d35eded1c95d3be]::__rust_begin_short_backtrace::<core[df12db4294e9bfd3]::result::Result<(), alloc[2182bb758b4b3781]::string::String>, fn() -> core[df12db4294e9bfd3]::result::Result<(), alloc[2182bb758b4b3781]::string::String>>
[INFO] [stdout]   16:     0x591d77d47795 - test[9d35eded1c95d3be]::run_test::{closure#0}
[INFO] [stdout]   17:     0x591d77d41054 - std[70759c8f55707aa4]::sys::backtrace::__rust_begin_short_backtrace::<test[9d35eded1c95d3be]::run_test::{closure#1}, ()>
[INFO] [stdout]   18:     0x591d77d4a8f2 - <std[70759c8f55707aa4]::thread::lifecycle::spawn_unchecked<test[9d35eded1c95d3be]::run_test::{closure#1}, ()>::{closure#1} as core[df12db4294e9bfd3]::ops::function::FnOnce<()>>::call_once::{shim:vtable#0}
[INFO] [stdout]   19:     0x591d77f0de09 - <std[70759c8f55707aa4]::sys::thread::unix::Thread>::new::thread_start
[INFO] [stdout]   20:     0x7df3a4d74dfa - <unknown>
[INFO] [stdout]   21:     0x7df3a4e083d4 - clone
[INFO] [stdout]   22:                0x0 - <unknown>
[INFO] [stdout] 
[INFO] [stdout] ---- api_pages::controller::test::get_all_pages stdout ----
[INFO] [stdout] postgres://procserver:procserver@localhost:5432/procserver
[INFO] [stdout] 
[INFO] [stdout] thread 'api_pages::controller::test::get_all_pages' (4428) panicked at backend/src/main.rs:90:14:
[INFO] [stdout] Error connecting to postgres://procserver:procserver@localhost:5432/procserver: BadConnection("connection to server at \"localhost\" (::1), port 5432 failed: Connection refused\n\tIs the server running on that host and accepting TCP/IP connections?\nconnection to server at \"localhost\" (127.0.0.1), port 5432 failed: Connection refused\n\tIs the server running on that host and accepting TCP/IP connections?\n")
[INFO] [stdout] stack backtrace:
[INFO] [stdout]    0:     0x591d77f0e8e1 - <<std[70759c8f55707aa4]::sys::backtrace::BacktraceLock>::print::DisplayBacktrace as core[df12db4294e9bfd3]::fmt::Display>::fmt
[INFO] [stdout]    1:     0x591d77f2648a - core[df12db4294e9bfd3]::fmt::write
[INFO] [stdout]    2:     0x591d77f12ffc - <alloc[2182bb758b4b3781]::vec::Vec<u8> as core[df12db4294e9bfd3]::io::write::Write>::write_fmt
[INFO] [stdout]    3:     0x591d77ee9d76 - std[70759c8f55707aa4]::panicking::default_hook::{closure#0}
[INFO] [stdout]    4:     0x591d77f06819 - std[70759c8f55707aa4]::panicking::default_hook
[INFO] [stdout]    5:     0x591d77d46e40 - test[9d35eded1c95d3be]::test_main_inner::<test[9d35eded1c95d3be]::test_main_static::{closure#0}>::{closure#0}
[INFO] [stdout]    6:     0x591d77f06b42 - std[70759c8f55707aa4]::panicking::panic_with_hook
[INFO] [stdout]    7:     0x591d77ee9e22 - std[70759c8f55707aa4]::panicking::panic_handler::{closure#0}
[INFO] [stdout]    8:     0x591d77ee27a9 - std[70759c8f55707aa4]::sys::backtrace::__rust_end_short_backtrace::<std[70759c8f55707aa4]::panicking::panic_handler::{closure#0}, !>
[INFO] [stdout]    9:     0x591d77eeaabd - __rustc[8fa7c3cbc660c2b3]::rust_begin_unwind
[INFO] [stdout]   10:     0x591d77f26bec - core[df12db4294e9bfd3]::panicking::panic_fmt
[INFO] [stdout]   11:     0x591d77f269c2 - core[df12db4294e9bfd3]::result::unwrap_failed
[INFO] [stdout]   12:     0x591d77cecd1d - backend[26c603f03db15638]::test::setup_connection
[INFO] [stdout]   13:     0x591d77ce437e - backend[26c603f03db15638]::test::run_test::<backend[26c603f03db15638]::api_pages::controller::test::get_all_pages::{closure#0}::{closure#0}>
[INFO] [stdout]   14:     0x591d77d7f4a2 - serial_test[a01f122316791cbf]::serial_code_lock::local_serial_core
[INFO] [stdout]   15:     0x591d77ce348d - <backend[26c603f03db15638]::api_pages::controller::test::get_all_pages::{closure#0} as core[df12db4294e9bfd3]::ops::function::FnOnce<()>>::call_once
[INFO] [stdout]   16:     0x591d77d3a12b - test[9d35eded1c95d3be]::__rust_begin_short_backtrace::<core[df12db4294e9bfd3]::result::Result<(), alloc[2182bb758b4b3781]::string::String>, fn() -> core[df12db4294e9bfd3]::result::Result<(), alloc[2182bb758b4b3781]::string::String>>
[INFO] [stdout]   17:     0x591d77d47795 - test[9d35eded1c95d3be]::run_test::{closure#0}
[INFO] [stdout]   18:     0x591d77d41054 - std[70759c8f55707aa4]::sys::backtrace::__rust_begin_short_backtrace::<test[9d35eded1c95d3be]::run_test::{closure#1}, ()>
[INFO] [stdout]   19:     0x591d77d4a8f2 - <std[70759c8f55707aa4]::thread::lifecycle::spawn_unchecked<test[9d35eded1c95d3be]::run_test::{closure#1}, ()>::{closure#1} as core[df12db4294e9bfd3]::ops::function::FnOnce<()>>::call_once::{shim:vtable#0}
[INFO] [stdout]   20:     0x591d77f0de09 - <std[70759c8f55707aa4]::sys::thread::unix::Thread>::new::thread_start
[INFO] [stdout]   21:     0x7df3a4d74dfa - <unknown>
[INFO] [stdout]   22:     0x7df3a4e083d4 - clone
[INFO] [stdout]   23:                0x0 - <unknown>
[INFO] [stdout] 
[INFO] [stdout] thread 'api_pages::controller::test::get_all_pages' (4428) panicked at backend/src/main.rs:98:9:
[INFO] [stdout] assertion failed: result.is_ok()
[INFO] [stdout] stack backtrace:
[INFO] [stdout]    0:     0x591d77f0e8e1 - <<std[70759c8f55707aa4]::sys::backtrace::BacktraceLock>::print::DisplayBacktrace as core[df12db4294e9bfd3]::fmt::Display>::fmt
[INFO] [stdout]    1:     0x591d77f2648a - core[df12db4294e9bfd3]::fmt::write
[INFO] [stdout]    2:     0x591d77f12ffc - <alloc[2182bb758b4b3781]::vec::Vec<u8> as core[df12db4294e9bfd3]::io::write::Write>::write_fmt
[INFO] [stdout]    3:     0x591d77ee9d76 - std[70759c8f55707aa4]::panicking::default_hook::{closure#0}
[INFO] [stdout]    4:     0x591d77f06819 - std[70759c8f55707aa4]::panicking::default_hook
[INFO] [stdout]    5:     0x591d77d46e40 - test[9d35eded1c95d3be]::test_main_inner::<test[9d35eded1c95d3be]::test_main_static::{closure#0}>::{closure#0}
[INFO] [stdout]    6:     0x591d77f06b42 - std[70759c8f55707aa4]::panicking::panic_with_hook
[INFO] [stdout]    7:     0x591d77ee9e54 - std[70759c8f55707aa4]::panicking::panic_handler::{closure#0}
[INFO] [stdout]    8:     0x591d77ee27a9 - std[70759c8f55707aa4]::sys::backtrace::__rust_end_short_backtrace::<std[70759c8f55707aa4]::panicking::panic_handler::{closure#0}, !>
[INFO] [stdout]    9:     0x591d77eeaabd - __rustc[8fa7c3cbc660c2b3]::rust_begin_unwind
[INFO] [stdout]   10:     0x591d77f26bec - core[df12db4294e9bfd3]::panicking::panic_fmt
[INFO] [stdout]   11:     0x591d77f26bb2 - core[df12db4294e9bfd3]::panicking::panic
[INFO] [stdout]   12:     0x591d77ce482d - backend[26c603f03db15638]::test::run_test::<backend[26c603f03db15638]::api_pages::controller::test::get_all_pages::{closure#0}::{closure#0}>
[INFO] [stdout]   13:     0x591d77d7f4a2 - serial_test[a01f122316791cbf]::serial_code_lock::local_serial_core
[INFO] [stdout]   14:     0x591d77ce348d - <backend[26c603f03db15638]::api_pages::controller::test::get_all_pages::{closure#0} as core[df12db4294e9bfd3]::ops::function::FnOnce<()>>::call_once
[INFO] [stdout]   15:     0x591d77d3a12b - test[9d35eded1c95d3be]::__rust_begin_short_backtrace::<core[df12db4294e9bfd3]::result::Result<(), alloc[2182bb758b4b3781]::string::String>, fn() -> core[df12db4294e9bfd3]::result::Result<(), alloc[2182bb758b4b3781]::string::String>>
[INFO] [stdout]   16:     0x591d77d47795 - test[9d35eded1c95d3be]::run_test::{closure#0}
[INFO] [stdout]   17:     0x591d77d41054 - std[70759c8f55707aa4]::sys::backtrace::__rust_begin_short_backtrace::<test[9d35eded1c95d3be]::run_test::{closure#1}, ()>
[INFO] [stdout]   18:     0x591d77d4a8f2 - <std[70759c8f55707aa4]::thread::lifecycle::spawn_unchecked<test[9d35eded1c95d3be]::run_test::{closure#1}, ()>::{closure#1} as core[df12db4294e9bfd3]::ops::function::FnOnce<()>>::call_once::{shim:vtable#0}
[INFO] [stdout]   19:     0x591d77f0de09 - <std[70759c8f55707aa4]::sys::thread::unix::Thread>::new::thread_start
[INFO] [stdout]   20:     0x7df3a4d74dfa - <unknown>
[INFO] [stdout]   21:     0x7df3a4e083d4 - clone
[INFO] [stdout]   22:                0x0 - <unknown>
[INFO] [stdout] 
[INFO] [stdout] ---- api_pages::controller::test::get_page_by_id_via_api stdout ----
[INFO] [stdout] postgres://procserver:procserver@localhost:5432/procserver
[INFO] [stdout] 
[INFO] [stdout] thread 'api_pages::controller::test::get_page_by_id_via_api' (4429) panicked at backend/src/main.rs:90:14:
[INFO] [stdout] Error connecting to postgres://procserver:procserver@localhost:5432/procserver: BadConnection("connection to server at \"localhost\" (::1), port 5432 failed: Connection refused\n\tIs the server running on that host and accepting TCP/IP connections?\nconnection to server at \"localhost\" (127.0.0.1), port 5432 failed: Connection refused\n\tIs the server running on that host and accepting TCP/IP connections?\n")
[INFO] [stdout] stack backtrace:
[INFO] [stdout]    0:     0x591d77f0e8e1 - <<std[70759c8f55707aa4]::sys::backtrace::BacktraceLock>::print::DisplayBacktrace as core[df12db4294e9bfd3]::fmt::Display>::fmt
[INFO] [stdout]    1:     0x591d77f2648a - core[df12db4294e9bfd3]::fmt::write
[INFO] [stdout]    2:     0x591d77f12ffc - <alloc[2182bb758b4b3781]::vec::Vec<u8> as core[df12db4294e9bfd3]::io::write::Write>::write_fmt
[INFO] [stdout]    3:     0x591d77ee9d76 - std[70759c8f55707aa4]::panicking::default_hook::{closure#0}
[INFO] [stdout]    4:     0x591d77f06819 - std[70759c8f55707aa4]::panicking::default_hook
[INFO] [stdout]    5:     0x591d77d46e40 - test[9d35eded1c95d3be]::test_main_inner::<test[9d35eded1c95d3be]::test_main_static::{closure#0}>::{closure#0}
[INFO] [stdout]    6:     0x591d77f06b42 - std[70759c8f55707aa4]::panicking::panic_with_hook
[INFO] [stdout]    7:     0x591d77ee9e22 - std[70759c8f55707aa4]::panicking::panic_handler::{closure#0}
[INFO] [stdout]    8:     0x591d77ee27a9 - std[70759c8f55707aa4]::sys::backtrace::__rust_end_short_backtrace::<std[70759c8f55707aa4]::panicking::panic_handler::{closure#0}, !>
[INFO] [stdout]    9:     0x591d77eeaabd - __rustc[8fa7c3cbc660c2b3]::rust_begin_unwind
[INFO] [stdout]   10:     0x591d77f26bec - core[df12db4294e9bfd3]::panicking::panic_fmt
[INFO] [stdout]   11:     0x591d77f269c2 - core[df12db4294e9bfd3]::result::unwrap_failed
[INFO] [stdout]   12:     0x591d77cecd1d - backend[26c603f03db15638]::test::setup_connection
[INFO] [stdout]   13:     0x591d77ce4e4e - backend[26c603f03db15638]::test::run_test::<backend[26c603f03db15638]::api_pages::controller::test::get_page_by_id_via_api::{closure#0}::{closure#0}>
[INFO] [stdout]   14:     0x591d77d7f4a2 - serial_test[a01f122316791cbf]::serial_code_lock::local_serial_core
[INFO] [stdout]   15:     0x591d77ce360d - <backend[26c603f03db15638]::api_pages::controller::test::get_page_by_id_via_api::{closure#0} as core[df12db4294e9bfd3]::ops::function::FnOnce<()>>::call_once
[INFO] [stdout]   16:     0x591d77d3a12b - test[9d35eded1c95d3be]::__rust_begin_short_backtrace::<core[df12db4294e9bfd3]::result::Result<(), alloc[2182bb758b4b3781]::string::String>, fn() -> core[df12db4294e9bfd3]::result::Result<(), alloc[2182bb758b4b3781]::string::String>>
[INFO] [stdout]   17:     0x591d77d47795 - test[9d35eded1c95d3be]::run_test::{closure#0}
[INFO] [stdout]   18:     0x591d77d41054 - std[70759c8f55707aa4]::sys::backtrace::__rust_begin_short_backtrace::<test[9d35eded1c95d3be]::run_test::{closure#1}, ()>
[INFO] [stdout]   19:     0x591d77d4a8f2 - <std[70759c8f55707aa4]::thread::lifecycle::spawn_unchecked<test[9d35eded1c95d3be]::run_test::{closure#1}, ()>::{closure#1} as core[df12db4294e9bfd3]::ops::function::FnOnce<()>>::call_once::{shim:vtable#0}
[INFO] [stdout]   20:     0x591d77f0de09 - <std[70759c8f55707aa4]::sys::thread::unix::Thread>::new::thread_start
[INFO] [stdout]   21:     0x7df3a4d74dfa - <unknown>
[INFO] [stdout]   22:     0x7df3a4e083d4 - clone
[INFO] [stdout]   23:                0x0 - <unknown>
[INFO] [stdout] 
[INFO] [stdout] thread 'api_pages::controller::test::get_page_by_id_via_api' (4429) panicked at backend/src/main.rs:98:9:
[INFO] [stdout] assertion failed: result.is_ok()
[INFO] [stdout] stack backtrace:
[INFO] [stdout]    0:     0x591d77f0e8e1 - <<std[70759c8f55707aa4]::sys::backtrace::BacktraceLock>::print::DisplayBacktrace as core[df12db4294e9bfd3]::fmt::Display>::fmt
[INFO] [stdout]    1:     0x591d77f2648a - core[df12db4294e9bfd3]::fmt::write
[INFO] [stdout]    2:     0x591d77f12ffc - <alloc[2182bb758b4b3781]::vec::Vec<u8> as core[df12db4294e9bfd3]::io::write::Write>::write_fmt
[INFO] [stdout]    3:     0x591d77ee9d76 - std[70759c8f55707aa4]::panicking::default_hook::{closure#0}
[INFO] [stdout]    4:     0x591d77f06819 - std[70759c8f55707aa4]::panicking::default_hook
[INFO] [stdout]    5:     0x591d77d46e40 - test[9d35eded1c95d3be]::test_main_inner::<test[9d35eded1c95d3be]::test_main_static::{closure#0}>::{closure#0}
[INFO] [stdout]    6:     0x591d77f06b42 - std[70759c8f55707aa4]::panicking::panic_with_hook
[INFO] [stdout]    7:     0x591d77ee9e54 - std[70759c8f55707aa4]::panicking::panic_handler::{closure#0}
[INFO] [stdout]    8:     0x591d77ee27a9 - std[70759c8f55707aa4]::sys::backtrace::__rust_end_short_backtrace::<std[70759c8f55707aa4]::panicking::panic_handler::{closure#0}, !>
[INFO] [stdout]    9:     0x591d77eeaabd - __rustc[8fa7c3cbc660c2b3]::rust_begin_unwind
[INFO] [stdout]   10:     0x591d77f26bec - core[df12db4294e9bfd3]::panicking::panic_fmt
[INFO] [stdout]   11:     0x591d77f26bb2 - core[df12db4294e9bfd3]::panicking::panic
[INFO] [stdout]   12:     0x591d77ce64aa - backend[26c603f03db15638]::test::run_test::<backend[26c603f03db15638]::api_pages::controller::test::get_page_by_id_via_api::{closure#0}::{closure#0}>
[INFO] [stdout]   13:     0x591d77d7f4a2 - serial_test[a01f122316791cbf]::serial_code_lock::local_serial_core
[INFO] [stdout]   14:     0x591d77ce360d - <backend[26c603f03db15638]::api_pages::controller::test::get_page_by_id_via_api::{closure#0} as core[df12db4294e9bfd3]::ops::function::FnOnce<()>>::call_once
[INFO] [stdout]   15:     0x591d77d3a12b - test[9d35eded1c95d3be]::__rust_begin_short_backtrace::<core[df12db4294e9bfd3]::result::Result<(), alloc[2182bb758b4b3781]::string::String>, fn() -> core[df12db4294e9bfd3]::result::Result<(), alloc[2182bb758b4b3781]::string::String>>
[INFO] [stdout]   16:     0x591d77d47795 - test[9d35eded1c95d3be]::run_test::{closure#0}
[INFO] [stdout]   17:     0x591d77d41054 - std[70759c8f55707aa4]::sys::backtrace::__rust_begin_short_backtrace::<test[9d35eded1c95d3be]::run_test::{closure#1}, ()>
[INFO] [stdout]   18:     0x591d77d4a8f2 - <std[70759c8f55707aa4]::thread::lifecycle::spawn_unchecked<test[9d35eded1c95d3be]::run_test::{closure#1}, ()>::{closure#1} as core[df12db4294e9bfd3]::ops::function::FnOnce<()>>::call_once::{shim:vtable#0}
[INFO] [stdout]   19:     0x591d77f0de09 - <std[70759c8f55707aa4]::sys::thread::unix::Thread>::new::thread_start
[INFO] [stdout]   20:     0x7df3a4d74dfa - <unknown>
[INFO] [stdout]   21:     0x7df3a4e083d4 - clone
[INFO] [stdout]   22:                0x0 - <unknown>
[INFO] [stdout] 
[INFO] [stdout] ---- api_pages::controller::test::delete_page_by_id_via_api_failing stdout ----
[INFO] [stdout] postgres://procserver:procserver@localhost:5432/procserver
[INFO] [stdout] 
[INFO] [stdout] thread 'api_pages::controller::test::delete_page_by_id_via_api_failing' (4427) panicked at backend/src/main.rs:90:14:
[INFO] [stdout] Error connecting to postgres://procserver:procserver@localhost:5432/procserver: BadConnection("connection to server at \"localhost\" (::1), port 5432 failed: Connection refused\n\tIs the server running on that host and accepting TCP/IP connections?\nconnection to server at \"localhost\" (127.0.0.1), port 5432 failed: Connection refused\n\tIs the server running on that host and accepting TCP/IP connections?\n")
[INFO] [stdout] stack backtrace:
[INFO] [stdout]    0:     0x591d77f0e8e1 - <<std[70759c8f55707aa4]::sys::backtrace::BacktraceLock>::print::DisplayBacktrace as core[df12db4294e9bfd3]::fmt::Display>::fmt
[INFO] [stdout]    1:     0x591d77f2648a - core[df12db4294e9bfd3]::fmt::write
[INFO] [stdout]    2:     0x591d77f12ffc - <alloc[2182bb758b4b3781]::vec::Vec<u8> as core[df12db4294e9bfd3]::io::write::Write>::write_fmt
[INFO] [stdout]    3:     0x591d77ee9d76 - std[70759c8f55707aa4]::panicking::default_hook::{closure#0}
[INFO] [stdout]    4:     0x591d77f06819 - std[70759c8f55707aa4]::panicking::default_hook
[INFO] [stderr] error: test failed, to rerun pass `--bin backend`
[INFO] [stdout]    5:     0x591d77d46e40 - test[9d35eded1c95d3be]::test_main_inner::<test[9d35eded1c95d3be]::test_main_static::{closure#0}>::{closure#0}
[INFO] [stdout]    6:     0x591d77f06b42 - std[70759c8f55707aa4]::panicking::panic_with_hook
[INFO] [stdout]    7:     0x591d77ee9e22 - std[70759c8f55707aa4]::panicking::panic_handler::{closure#0}
[INFO] [stdout]    8:     0x591d77ee27a9 - std[70759c8f55707aa4]::sys::backtrace::__rust_end_short_backtrace::<std[70759c8f55707aa4]::panicking::panic_handler::{closure#0}, !>
[INFO] [stdout]    9:     0x591d77eeaabd - __rustc[8fa7c3cbc660c2b3]::rust_begin_unwind
[INFO] [stdout]   10:     0x591d77f26bec - core[df12db4294e9bfd3]::panicking::panic_fmt
[INFO] [stdout]   11:     0x591d77f269c2 - core[df12db4294e9bfd3]::result::unwrap_failed
[INFO] [stdout]   12:     0x591d77cecd1d - backend[26c603f03db15638]::test::setup_connection
[INFO] [stdout]   13:     0x591d77ce8156 - backend[26c603f03db15638]::test::run_test::<backend[26c603f03db15638]::api_pages::controller::test::delete_page_by_id_via_api_failing::{closure#0}::{closure#0}>
[INFO] [stdout]   14:     0x591d77d7f4a2 - serial_test[a01f122316791cbf]::serial_code_lock::local_serial_core
[INFO] [stdout]   15:     0x591d77ce390d - <backend[26c603f03db15638]::api_pages::controller::test::delete_page_by_id_via_api_failing::{closure#0} as core[df12db4294e9bfd3]::ops::function::FnOnce<()>>::call_once
[INFO] [stdout]   16:     0x591d77d3a12b - test[9d35eded1c95d3be]::__rust_begin_short_backtrace::<core[df12db4294e9bfd3]::result::Result<(), alloc[2182bb758b4b3781]::string::String>, fn() -> core[df12db4294e9bfd3]::result::Result<(), alloc[2182bb758b4b3781]::string::String>>
[INFO] [stdout]   17:     0x591d77d47795 - test[9d35eded1c95d3be]::run_test::{closure#0}
[INFO] [stdout]   18:     0x591d77d41054 - std[70759c8f55707aa4]::sys::backtrace::__rust_begin_short_backtrace::<test[9d35eded1c95d3be]::run_test::{closure#1}, ()>
[INFO] [stdout]   19:     0x591d77d4a8f2 - <std[70759c8f55707aa4]::thread::lifecycle::spawn_unchecked<test[9d35eded1c95d3be]::run_test::{closure#1}, ()>::{closure#1} as core[df12db4294e9bfd3]::ops::function::FnOnce<()>>::call_once::{shim:vtable#0}
[INFO] [stdout]   20:     0x591d77f0de09 - <std[70759c8f55707aa4]::sys::thread::unix::Thread>::new::thread_start
[INFO] [stdout]   21:     0x7df3a4d74dfa - <unknown>
[INFO] [stdout]   22:     0x7df3a4e083d4 - clone
[INFO] [stdout]   23:                0x0 - <unknown>
[INFO] [stdout] 
[INFO] [stdout] thread 'api_pages::controller::test::delete_page_by_id_via_api_failing' (4427) panicked at backend/src/main.rs:98:9:
[INFO] [stdout] assertion failed: result.is_ok()
[INFO] [stdout] stack backtrace:
[INFO] [stdout]    0:     0x591d77f0e8e1 - <<std[70759c8f55707aa4]::sys::backtrace::BacktraceLock>::print::DisplayBacktrace as core[df12db4294e9bfd3]::fmt::Display>::fmt
[INFO] [stdout]    1:     0x591d77f2648a - core[df12db4294e9bfd3]::fmt::write
[INFO] [stdout]    2:     0x591d77f12ffc - <alloc[2182bb758b4b3781]::vec::Vec<u8> as core[df12db4294e9bfd3]::io::write::Write>::write_fmt
[INFO] [stdout]    3:     0x591d77ee9d76 - std[70759c8f55707aa4]::panicking::default_hook::{closure#0}
[INFO] [stdout]    4:     0x591d77f06819 - std[70759c8f55707aa4]::panicking::default_hook
[INFO] [stdout]    5:     0x591d77d46e40 - test[9d35eded1c95d3be]::test_main_inner::<test[9d35eded1c95d3be]::test_main_static::{closure#0}>::{closure#0}
[INFO] [stdout]    6:     0x591d77f06b42 - std[70759c8f55707aa4]::panicking::panic_with_hook
[INFO] [stdout]    7:     0x591d77ee9e54 - std[70759c8f55707aa4]::panicking::panic_handler::{closure#0}
[INFO] [stdout]    8:     0x591d77ee27a9 - std[70759c8f55707aa4]::sys::backtrace::__rust_end_short_backtrace::<std[70759c8f55707aa4]::panicking::panic_handler::{closure#0}, !>
[INFO] [stdout]    9:     0x591d77eeaabd - __rustc[8fa7c3cbc660c2b3]::rust_begin_unwind
[INFO] [stdout]   10:     0x591d77f26bec - core[df12db4294e9bfd3]::panicking::panic_fmt
[INFO] [stdout]   11:     0x591d77f26bb2 - core[df12db4294e9bfd3]::panicking::panic
[INFO] [stdout]   12:     0x591d77ce83dc - backend[26c603f03db15638]::test::run_test::<backend[26c603f03db15638]::api_pages::controller::test::delete_page_by_id_via_api_failing::{closure#0}::{closure#0}>
[INFO] [stdout]   13:     0x591d77d7f4a2 - serial_test[a01f122316791cbf]::serial_code_lock::local_serial_core
[INFO] [stdout]   14:     0x591d77ce390d - <backend[26c603f03db15638]::api_pages::controller::test::delete_page_by_id_via_api_failing::{closure#0} as core[df12db4294e9bfd3]::ops::function::FnOnce<()>>::call_once
[INFO] [stdout]   15:     0x591d77d3a12b - test[9d35eded1c95d3be]::__rust_begin_short_backtrace::<core[df12db4294e9bfd3]::result::Result<(), alloc[2182bb758b4b3781]::string::String>, fn() -> core[df12db4294e9bfd3]::result::Result<(), alloc[2182bb758b4b3781]::string::String>>
[INFO] [stdout]   16:     0x591d77d47795 - test[9d35eded1c95d3be]::run_test::{closure#0}
[INFO] [stdout]   17:     0x591d77d41054 - std[70759c8f55707aa4]::sys::backtrace::__rust_begin_short_backtrace::<test[9d35eded1c95d3be]::run_test::{closure#1}, ()>
[INFO] [stdout]   18:     0x591d77d4a8f2 - <std[70759c8f55707aa4]::thread::lifecycle::spawn_unchecked<test[9d35eded1c95d3be]::run_test::{closure#1}, ()>::{closure#1} as core[df12db4294e9bfd3]::ops::function::FnOnce<()>>::call_once::{shim:vtable#0}
[INFO] [stdout]   19:     0x591d77f0de09 - <std[70759c8f55707aa4]::sys::thread::unix::Thread>::new::thread_start
[INFO] [stdout]   20:     0x7df3a4d74dfa - <unknown>
[INFO] [stdout]   21:     0x7df3a4e083d4 - clone
[INFO] [stdout]   22:                0x0 - <unknown>
[INFO] [stdout] 
[INFO] [stdout] ---- api_pages::controller::test::update_page_by_page_id_failing stdout ----
[INFO] [stdout] postgres://procserver:procserver@localhost:5432/procserver
[INFO] [stdout] 
[INFO] [stdout] thread 'api_pages::controller::test::update_page_by_page_id_failing' (4433) panicked at backend/src/main.rs:90:14:
[INFO] [stdout] Error connecting to postgres://procserver:procserver@localhost:5432/procserver: BadConnection("connection to server at \"localhost\" (::1), port 5432 failed: Connection refused\n\tIs the server running on that host and accepting TCP/IP connections?\nconnection to server at \"localhost\" (127.0.0.1), port 5432 failed: Connection refused\n\tIs the server running on that host and accepting TCP/IP connections?\n")
[INFO] [stdout] stack backtrace:
[INFO] [stdout]    0:     0x591d77f0e8e1 - <<std[70759c8f55707aa4]::sys::backtrace::BacktraceLock>::print::DisplayBacktrace as core[df12db4294e9bfd3]::fmt::Display>::fmt
[INFO] [stdout]    1:     0x591d77f2648a - core[df12db4294e9bfd3]::fmt::write
[INFO] [stdout]    2:     0x591d77f12ffc - <alloc[2182bb758b4b3781]::vec::Vec<u8> as core[df12db4294e9bfd3]::io::write::Write>::write_fmt
[INFO] [stdout]    3:     0x591d77ee9d76 - std[70759c8f55707aa4]::panicking::default_hook::{closure#0}
[INFO] [stdout]    4:     0x591d77f06819 - std[70759c8f55707aa4]::panicking::default_hook
[INFO] [stdout]    5:     0x591d77d46e40 - test[9d35eded1c95d3be]::test_main_inner::<test[9d35eded1c95d3be]::test_main_static::{closure#0}>::{closure#0}
[INFO] [stdout]    6:     0x591d77f06b42 - std[70759c8f55707aa4]::panicking::panic_with_hook
[INFO] [stdout]    7:     0x591d77ee9e22 - std[70759c8f55707aa4]::panicking::panic_handler::{closure#0}
[INFO] [stdout]    8:     0x591d77ee27a9 - std[70759c8f55707aa4]::sys::backtrace::__rust_end_short_backtrace::<std[70759c8f55707aa4]::panicking::panic_handler::{closure#0}, !>
[INFO] [stdout]    9:     0x591d77eeaabd - __rustc[8fa7c3cbc660c2b3]::rust_begin_unwind
[INFO] [stdout]   10:     0x591d77f26bec - core[df12db4294e9bfd3]::panicking::panic_fmt
[INFO] [stdout]   11:     0x591d77f269c2 - core[df12db4294e9bfd3]::result::unwrap_failed
[INFO] [stdout]   12:     0x591d77cecd1d - backend[26c603f03db15638]::test::setup_connection
[INFO] [stdout]   13:     0x591d77ce7416 - backend[26c603f03db15638]::test::run_test::<backend[26c603f03db15638]::api_pages::controller::test::update_page_by_page_id_failing::{closure#0}::{closure#0}>
[INFO] [stdout]   14:     0x591d77d7f4a2 - serial_test[a01f122316791cbf]::serial_code_lock::local_serial_core
[INFO] [stdout]   15:     0x591d77ce380d - <backend[26c603f03db15638]::api_pages::controller::test::update_page_by_page_id_failing::{closure#0} as core[df12db4294e9bfd3]::ops::function::FnOnce<()>>::call_once
[INFO] [stdout]   16:     0x591d77d3a12b - test[9d35eded1c95d3be]::__rust_begin_short_backtrace::<core[df12db4294e9bfd3]::result::Result<(), alloc[2182bb758b4b3781]::string::String>, fn() -> core[df12db4294e9bfd3]::result::Result<(), alloc[2182bb758b4b3781]::string::String>>
[INFO] [stdout]   17:     0x591d77d47795 - test[9d35eded1c95d3be]::run_test::{closure#0}
[INFO] [stdout]   18:     0x591d77d41054 - std[70759c8f55707aa4]::sys::backtrace::__rust_begin_short_backtrace::<test[9d35eded1c95d3be]::run_test::{closure#1}, ()>
[INFO] [stdout]   19:     0x591d77d4a8f2 - <std[70759c8f55707aa4]::thread::lifecycle::spawn_unchecked<test[9d35eded1c95d3be]::run_test::{closure#1}, ()>::{closure#1} as core[df12db4294e9bfd3]::ops::function::FnOnce<()>>::call_once::{shim:vtable#0}
[INFO] [stdout]   20:     0x591d77f0de09 - <std[70759c8f55707aa4]::sys::thread::unix::Thread>::new::thread_start
[INFO] [stdout]   21:     0x7df3a4d74dfa - <unknown>
[INFO] [stdout]   22:     0x7df3a4e083d4 - clone
[INFO] [stdout]   23:                0x0 - <unknown>
[INFO] [stdout] 
[INFO] [stdout] thread 'api_pages::controller::test::update_page_by_page_id_failing' (4433) panicked at backend/src/main.rs:98:9:
[INFO] [stdout] assertion failed: result.is_ok()
[INFO] [stdout] stack backtrace:
[INFO] [stdout]    0:     0x591d77f0e8e1 - <<std[70759c8f55707aa4]::sys::backtrace::BacktraceLock>::print::DisplayBacktrace as core[df12db4294e9bfd3]::fmt::Display>::fmt
[INFO] [stdout]    1:     0x591d77f2648a - core[df12db4294e9bfd3]::fmt::write
[INFO] [stdout]    2:     0x591d77f12ffc - <alloc[2182bb758b4b3781]::vec::Vec<u8> as core[df12db4294e9bfd3]::io::write::Write>::write_fmt
[INFO] [stdout]    3:     0x591d77ee9d76 - std[70759c8f55707aa4]::panicking::default_hook::{closure#0}
[INFO] [stdout]    4:     0x591d77f06819 - std[70759c8f55707aa4]::panicking::default_hook
[INFO] [stdout]    5:     0x591d77d46e40 - test[9d35eded1c95d3be]::test_main_inner::<test[9d35eded1c95d3be]::test_main_static::{closure#0}>::{closure#0}
[INFO] [stdout]    6:     0x591d77f06b42 - std[70759c8f55707aa4]::panicking::panic_with_hook
[INFO] [stdout]    7:     0x591d77ee9e54 - std[70759c8f55707aa4]::panicking::panic_handler::{closure#0}
[INFO] [stdout]    8:     0x591d77ee27a9 - std[70759c8f55707aa4]::sys::backtrace::__rust_end_short_backtrace::<std[70759c8f55707aa4]::panicking::panic_handler::{closure#0}, !>
[INFO] [stdout]    9:     0x591d77eeaabd - __rustc[8fa7c3cbc660c2b3]::rust_begin_unwind
[INFO] [stdout]   10:     0x591d77f26bec - core[df12db4294e9bfd3]::panicking::panic_fmt
[INFO] [stdout]   11:     0x591d77f26bb2 - core[df12db4294e9bfd3]::panicking::panic
[INFO] [stdout]   12:     0x591d77ce783b - backend[26c603f03db15638]::test::run_test::<backend[26c603f03db15638]::api_pages::controller::test::update_page_by_page_id_failing::{closure#0}::{closure#0}>
[INFO] [stdout]   13:     0x591d77d7f4a2 - serial_test[a01f122316791cbf]::serial_code_lock::local_serial_core
[INFO] [stdout]   14:     0x591d77ce380d - <backend[26c603f03db15638]::api_pages::controller::test::update_page_by_page_id_failing::{closure#0} as core[df12db4294e9bfd3]::ops::function::FnOnce<()>>::call_once
[INFO] [stdout]   15:     0x591d77d3a12b - test[9d35eded1c95d3be]::__rust_begin_short_backtrace::<core[df12db4294e9bfd3]::result::Result<(), alloc[2182bb758b4b3781]::string::String>, fn() -> core[df12db4294e9bfd3]::result::Result<(), alloc[2182bb758b4b3781]::string::String>>
[INFO] [stdout]   16:     0x591d77d47795 - test[9d35eded1c95d3be]::run_test::{closure#0}
[INFO] [stdout]   17:     0x591d77d41054 - std[70759c8f55707aa4]::sys::backtrace::__rust_begin_short_backtrace::<test[9d35eded1c95d3be]::run_test::{closure#1}, ()>
[INFO] [stdout]   18:     0x591d77d4a8f2 - <std[70759c8f55707aa4]::thread::lifecycle::spawn_unchecked<test[9d35eded1c95d3be]::run_test::{closure#1}, ()>::{closure#1} as core[df12db4294e9bfd3]::ops::function::FnOnce<()>>::call_once::{shim:vtable#0}
[INFO] [stdout]   19:     0x591d77f0de09 - <std[70759c8f55707aa4]::sys::thread::unix::Thread>::new::thread_start
[INFO] [stdout]   20:     0x7df3a4d74dfa - <unknown>
[INFO] [stdout]   21:     0x7df3a4e083d4 - clone
[INFO] [stdout]   22:                0x0 - <unknown>
[INFO] [stdout] 
[INFO] [stdout] ---- api_pages::controller::test::update_page_by_page_id stdout ----
[INFO] [stdout] postgres://procserver:procserver@localhost:5432/procserver
[INFO] [stdout] 
[INFO] [stdout] thread 'api_pages::controller::test::update_page_by_page_id' (4432) panicked at backend/src/main.rs:90:14:
[INFO] [stdout] Error connecting to postgres://procserver:procserver@localhost:5432/procserver: BadConnection("connection to server at \"localhost\" (::1), port 5432 failed: Connection refused\n\tIs the server running on that host and accepting TCP/IP connections?\nconnection to server at \"localhost\" (127.0.0.1), port 5432 failed: Connection refused\n\tIs the server running on that host and accepting TCP/IP connections?\n")
[INFO] [stdout] stack backtrace:
[INFO] [stdout]    0:     0x591d77f0e8e1 - <<std[70759c8f55707aa4]::sys::backtrace::BacktraceLock>::print::DisplayBacktrace as core[df12db4294e9bfd3]::fmt::Display>::fmt
[INFO] [stdout]    1:     0x591d77f2648a - core[df12db4294e9bfd3]::fmt::write
[INFO] [stdout]    2:     0x591d77f12ffc - <alloc[2182bb758b4b3781]::vec::Vec<u8> as core[df12db4294e9bfd3]::io::write::Write>::write_fmt
[INFO] [stdout]    3:     0x591d77ee9d76 - std[70759c8f55707aa4]::panicking::default_hook::{closure#0}
[INFO] [stdout]    4:     0x591d77f06819 - std[70759c8f55707aa4]::panicking::default_hook
[INFO] [stdout]    5:     0x591d77d46e40 - test[9d35eded1c95d3be]::test_main_inner::<test[9d35eded1c95d3be]::test_main_static::{closure#0}>::{closure#0}
[INFO] [stdout]    6:     0x591d77f06b42 - std[70759c8f55707aa4]::panicking::panic_with_hook
[INFO] [stdout]    7:     0x591d77ee9e22 - std[70759c8f55707aa4]::panicking::panic_handler::{closure#0}
[INFO] [stdout]    8:     0x591d77ee27a9 - std[70759c8f55707aa4]::sys::backtrace::__rust_end_short_backtrace::<std[70759c8f55707aa4]::panicking::panic_handler::{closure#0}, !>
[INFO] [stdout]    9:     0x591d77eeaabd - __rustc[8fa7c3cbc660c2b3]::rust_begin_unwind
[INFO] [stdout]   10:     0x591d77f26bec - core[df12db4294e9bfd3]::panicking::panic_fmt
[INFO] [stdout]   11:     0x591d77f269c2 - core[df12db4294e9bfd3]::result::unwrap_failed
[INFO] [stdout]   12:     0x591d77cecd1d - backend[26c603f03db15638]::test::setup_connection
[INFO] [stdout]   13:     0x591d77ce6569 - backend[26c603f03db15638]::test::run_test::<backend[26c603f03db15638]::api_pages::controller::test::update_page_by_page_id::{closure#0}::{closure#0}>
[INFO] [stdout]   14:     0x591d77d7f4a2 - serial_test[a01f122316791cbf]::serial_code_lock::local_serial_core
[INFO] [stdout]   15:     0x591d77ce368d - <backend[26c603f03db15638]::api_pages::controller::test::update_page_by_page_id::{closure#0} as core[df12db4294e9bfd3]::ops::function::FnOnce<()>>::call_once
[INFO] [stdout]   16:     0x591d77d3a12b - test[9d35eded1c95d3be]::__rust_begin_short_backtrace::<core[df12db4294e9bfd3]::result::Result<(), alloc[2182bb758b4b3781]::string::String>, fn() -> core[df12db4294e9bfd3]::result::Result<(), alloc[2182bb758b4b3781]::string::String>>
[INFO] [stdout]   17:     0x591d77d47795 - test[9d35eded1c95d3be]::run_test::{closure#0}
[INFO] [stdout]   18:     0x591d77d41054 - std[70759c8f55707aa4]::sys::backtrace::__rust_begin_short_backtrace::<test[9d35eded1c95d3be]::run_test::{closure#1}, ()>
[INFO] [stdout]   19:     0x591d77d4a8f2 - <std[70759c8f55707aa4]::thread::lifecycle::spawn_unchecked<test[9d35eded1c95d3be]::run_test::{closure#1}, ()>::{closure#1} as core[df12db4294e9bfd3]::ops::function::FnOnce<()>>::call_once::{shim:vtable#0}
[INFO] [stdout]   20:     0x591d77f0de09 - <std[70759c8f55707aa4]::sys::thread::unix::Thread>::new::thread_start
[INFO] [stdout]   21:     0x7df3a4d74dfa - <unknown>
[INFO] [stdout]   22:     0x7df3a4e083d4 - clone
[INFO] [stdout]   23:                0x0 - <unknown>
[INFO] [stdout] 
[INFO] [stdout] thread 'api_pages::controller::test::update_page_by_page_id' (4432) panicked at backend/src/main.rs:98:9:
[INFO] [stdout] assertion failed: result.is_ok()
[INFO] [stdout] stack backtrace:
[INFO] [stdout]    0:     0x591d77f0e8e1 - <<std[70759c8f55707aa4]::sys::backtrace::BacktraceLock>::print::DisplayBacktrace as core[df12db4294e9bfd3]::fmt::Display>::fmt
[INFO] [stdout]    1:     0x591d77f2648a - core[df12db4294e9bfd3]::fmt::write
[INFO] [stdout]    2:     0x591d77f12ffc - <alloc[2182bb758b4b3781]::vec::Vec<u8> as core[df12db4294e9bfd3]::io::write::Write>::write_fmt
[INFO] [stdout]    3:     0x591d77ee9d76 - std[70759c8f55707aa4]::panicking::default_hook::{closure#0}
[INFO] [stdout]    4:     0x591d77f06819 - std[70759c8f55707aa4]::panicking::default_hook
[INFO] [stdout]    5:     0x591d77d46e40 - test[9d35eded1c95d3be]::test_main_inner::<test[9d35eded1c95d3be]::test_main_static::{closure#0}>::{closure#0}
[INFO] [stdout]    6:     0x591d77f06b42 - std[70759c8f55707aa4]::panicking::panic_with_hook
[INFO] [stdout]    7:     0x591d77ee9e54 - std[70759c8f55707aa4]::panicking::panic_handler::{closure#0}
[INFO] [stdout]    8:     0x591d77ee27a9 - std[70759c8f55707aa4]::sys::backtrace::__rust_end_short_backtrace::<std[70759c8f55707aa4]::panicking::panic_handler::{closure#0}, !>
[INFO] [stdout]    9:     0x591d77eeaabd - __rustc[8fa7c3cbc660c2b3]::rust_begin_unwind
[INFO] [stdout]   10:     0x591d77f26bec - core[df12db4294e9bfd3]::panicking::panic_fmt
[INFO] [stdout]   11:     0x591d77f26bb2 - core[df12db4294e9bfd3]::panicking::panic
[INFO] [stdout]   12:     0x591d77ce6b6b - backend[26c603f03db15638]::test::run_test::<backend[26c603f03db15638]::api_pages::controller::test::update_page_by_page_id::{closure#0}::{closure#0}>
[INFO] [stdout]   13:     0x591d77d7f4a2 - serial_test[a01f122316791cbf]::serial_code_lock::local_serial_core
[INFO] [stdout]   14:     0x591d77ce368d - <backend[26c603f03db15638]::api_pages::controller::test::update_page_by_page_id::{closure#0} as core[df12db4294e9bfd3]::ops::function::FnOnce<()>>::call_once
[INFO] [stdout]   15:     0x591d77d3a12b - test[9d35eded1c95d3be]::__rust_begin_short_backtrace::<core[df12db4294e9bfd3]::result::Result<(), alloc[2182bb758b4b3781]::string::String>, fn() -> core[df12db4294e9bfd3]::result::Result<(), alloc[2182bb758b4b3781]::string::String>>
[INFO] [stdout]   16:     0x591d77d47795 - test[9d35eded1c95d3be]::run_test::{closure#0}
[INFO] [stdout]   17:     0x591d77d41054 - std[70759c8f55707aa4]::sys::backtrace::__rust_begin_short_backtrace::<test[9d35eded1c95d3be]::run_test::{closure#1}, ()>
[INFO] [stdout]   18:     0x591d77d4a8f2 - <std[70759c8f55707aa4]::thread::lifecycle::spawn_unchecked<test[9d35eded1c95d3be]::run_test::{closure#1}, ()>::{closure#1} as core[df12db4294e9bfd3]::ops::function::FnOnce<()>>::call_once::{shim:vtable#0}
[INFO] [stdout]   19:     0x591d77f0de09 - <std[70759c8f55707aa4]::sys::thread::unix::Thread>::new::thread_start
[INFO] [stdout]   20:     0x7df3a4d74dfa - <unknown>
[INFO] [stdout]   21:     0x7df3a4e083d4 - clone
[INFO] [stdout]   22:                0x0 - <unknown>
[INFO] [stdout] 
[INFO] [stdout] 
[INFO] [stdout] failures:
[INFO] [stdout]     api_pages::controller::test::add_page_to_db
[INFO] [stdout]     api_pages::controller::test::add_page_via_api_with_db_storage
[INFO] [stdout]     api_pages::controller::test::delete_page_by_id_via_api
[INFO] [stdout]     api_pages::controller::test::delete_page_by_id_via_api_failing
[INFO] [stdout]     api_pages::controller::test::get_all_pages
[INFO] [stdout]     api_pages::controller::test::get_page_by_id_via_api
[INFO] [stdout]     api_pages::controller::test::get_page_by_id_via_api_failing
[INFO] [stdout]     api_pages::controller::test::get_pages_via_api
[INFO] [stdout]     api_pages::controller::test::update_page_by_page_id
[INFO] [stdout]     api_pages::controller::test::update_page_by_page_id_failing
[INFO] [stdout] 
[INFO] [stdout] test result: FAILED. 4 passed; 10 failed; 0 ignored; 0 measured; 0 filtered out; finished in 0.04s
[INFO] [stdout] 
[INFO] running `Command { std: "docker" "inspect" "737ab43d8442f78ac00e84ea006e038c228c4fecb615d040c195b70f2162e0fe", kill_on_drop: false }`
[INFO] running `Command { std: "docker" "rm" "-f" "737ab43d8442f78ac00e84ea006e038c228c4fecb615d040c195b70f2162e0fe", kill_on_drop: false }`
[INFO] [stdout] 737ab43d8442f78ac00e84ea006e038c228c4fecb615d040c195b70f2162e0fe
