[INFO] cloning repository https://github.com/ghost-smith-re45/btc-vanity
[INFO] running `Command { std: "git" "-c" "credential.helper=" "-c" "credential.helper=/workspace/cargo-home/bin/git-credential-null" "clone" "--bare" "https://github.com/ghost-smith-re45/btc-vanity" "/workspace/cache/git-repos/https%3A%2F%2Fgithub.com%2Fghost-smith-re45%2Fbtc-vanity", kill_on_drop: false }`
[INFO] [stderr] Cloning into bare repository '/workspace/cache/git-repos/https%3A%2F%2Fgithub.com%2Fghost-smith-re45%2Fbtc-vanity'...
[INFO] running `Command { std: "git" "rev-parse" "HEAD", kill_on_drop: false }`
[INFO] [stdout] a39581886fa75cb125cb6986678e7fe35481c1da
[INFO] testing ghost-smith-re45/btc-vanity against 1.99.0-beta.8+cargoflags=--release for beta-release-1.100-2
[INFO] running `Command { std: "git" "clone" "/workspace/cache/git-repos/https%3A%2F%2Fgithub.com%2Fghost-smith-re45%2Fbtc-vanity" "/workspace/builds/worker-4-tc1/source", kill_on_drop: false }`
[INFO] [stderr] Cloning into '/workspace/builds/worker-4-tc1/source'...
[INFO] [stderr] done.
[INFO] started tweaking git repo https://github.com/ghost-smith-re45/btc-vanity
[INFO] finished tweaking git repo https://github.com/ghost-smith-re45/btc-vanity
[INFO] tweaked toml for git repo https://github.com/ghost-smith-re45/btc-vanity written to /workspace/builds/worker-4-tc1/source/Cargo.toml
[INFO] validating manifest of git repo https://github.com/ghost-smith-re45/btc-vanity on toolchain 1.99.0-beta.8
[INFO] running `Command { std: CARGO_HOME="/workspace/cargo-home" RUSTUP_HOME="/workspace/rustup-home" "/workspace/cargo-home/bin/cargo" "+1.99.0-beta.8" "metadata" "--manifest-path" "Cargo.toml" "--no-deps", kill_on_drop: false }`
[INFO] crate git repo https://github.com/ghost-smith-re45/btc-vanity already has a lockfile, it will not be regenerated
[INFO] running `Command { std: CARGO_HOME="/workspace/cargo-home" RUSTUP_HOME="/workspace/rustup-home" "/workspace/cargo-home/bin/cargo" "+1.99.0-beta.8" "fetch" "--manifest-path" "Cargo.toml", kill_on_drop: false }`
[INFO] [stderr]     Updating crates.io index
[INFO] [stderr]  Downloading crates ...
[INFO] [stderr]   Downloaded solana-sha256-hasher v2.2.1
[INFO] [stderr]   Downloaded solana-transaction-error v2.2.1
[INFO] [stderr]   Downloaded bytemuck_derive v1.9.3
[INFO] [stderr]   Downloaded solana-sdk v2.3.0
[INFO] [stderr]   Downloaded solana-validator-exit v2.2.1
[INFO] [stderr]   Downloaded solana-slot-history v2.2.1
[INFO] [stderr]   Downloaded solana-transaction-context v2.3.0
[INFO] [stderr]   Downloaded solana-sysvar-id v2.2.1
[INFO] [stderr]   Downloaded solana-serialize-utils v2.2.1
[INFO] [stderr]   Downloaded solana-slot-hashes v2.2.1
[INFO] [stderr]   Downloaded solana-fee-calculator v2.2.1
[INFO] [stderr]   Downloaded solana-epoch-schedule v2.2.1
[INFO] [stderr]   Downloaded solana-signature v2.3.0
[INFO] [stderr]   Downloaded solana-instructions-sysvar v2.2.2
[INFO] [stderr]   Downloaded bytemuck v1.23.1
[INFO] [stderr]   Downloaded solana-last-restart-slot v2.2.1
[INFO] [stderr]   Downloaded solana-signer v2.2.1
[INFO] [stderr]   Downloaded solana-secp256r1-program v2.2.4
[INFO] [stderr]   Downloaded solana-system-interface v1.0.0
[INFO] [stderr]   Downloaded solana-epoch-rewards v2.2.1
[INFO] [stderr]   Downloaded solana-rent v2.2.1
[INFO] [stderr]   Downloaded solana-sysvar v2.2.2
[INFO] [stderr]   Downloaded solana-stake-interface v1.2.1
[INFO] [stderr]   Downloaded solana-short-vec v2.2.1
[INFO] [stderr]   Downloaded solana-precompiles v2.2.2
[INFO] [stderr]   Downloaded solana-precompile-error v2.2.2
[INFO] [stderr]   Downloaded solana-feature-set v2.2.5
[INFO] [stderr]   Downloaded solana-transaction v2.2.3
[INFO] [stderr]   Downloaded solana-secp256k1-program v2.2.3
[INFO] [stderr]   Downloaded solana-seed-phrase v2.2.1
[INFO] [stderr]   Downloaded solana-seed-derivable v2.2.1
[INFO] [stderr]   Downloaded solana-derivation-path v2.2.1
[INFO] [stderr]   Downloaded solana-message v2.4.0
[INFO] [stderr]   Downloaded solana-bincode v2.2.1
[INFO] [stderr]   Downloaded solana-ed25519-program v2.2.3
[INFO] [stderr]   Downloaded solana-keypair v2.2.3
[INFO] [stderr]   Downloaded blake3 v1.8.2
[INFO] [stderr]   Downloaded solana-serde v2.2.1
[INFO] [stderr]   Downloaded solana-secp256k1-recover v2.2.1
[INFO] [stderr]   Downloaded solana-poh-config v2.2.1
[INFO] [stderr]   Downloaded solana-shred-version v2.2.1
[INFO] [stderr]   Downloaded solana-hard-forks v2.2.1
[INFO] [stderr]   Downloaded solana-serde-varint v2.2.2
[INFO] [stderr]   Downloaded solana-reward-info v2.2.1
[INFO] [stderr]   Downloaded solana-system-transaction v2.2.1
[INFO] [stderr]   Downloaded solana-reserved-account-keys v2.2.2
[INFO] [stderr]   Downloaded solana-time-utils v2.2.1
[INFO] [stderr]   Downloaded solana-rent-debits v2.2.1
[INFO] [stderr]   Downloaded solana-rent-collector v2.2.1
[INFO] [stderr]   Downloaded solana-genesis-config v2.3.0
[INFO] [stderr]   Downloaded solana-logger v2.3.1
[INFO] [stderr]   Downloaded humantime v2.2.0
[INFO] [stderr]   Downloaded solana-inflation v2.2.1
[INFO] [stderr]   Downloaded solana-cluster-type v2.2.1
[INFO] [stderr]   Downloaded solana-example-mocks v2.2.1
[INFO] [stderr]   Downloaded solana-quic-definitions v2.3.1
[INFO] [stderr]   Downloaded solana-program-pack v2.2.1
[INFO] [stderr]   Downloaded solana-program-option v2.2.1
[INFO] [stderr]   Downloaded solana-nonce v2.2.1
[INFO] [stderr]   Downloaded solana-native-token v2.3.0
[INFO] [stderr]   Downloaded solana-loader-v4-interface v2.2.1
[INFO] [stderr]   Downloaded solana-loader-v3-interface v5.0.0
[INFO] [stderr]   Downloaded solana-loader-v2-interface v2.2.1
[INFO] [stderr]   Downloaded solana-feature-gate-interface v2.2.2
[INFO] [stderr]   Downloaded solana-blake3-hasher v2.2.1
[INFO] [stderr]   Downloaded solana-big-mod-exp v2.2.1
[INFO] [stderr]   Downloaded solana-presigner v2.2.1
[INFO] [stderr]   Downloaded solana-packet v2.2.1
[INFO] [stderr]   Downloaded solana-program v2.3.0
[INFO] [stderr]   Downloaded solana-keccak-hasher v2.2.1
[INFO] [stderr]   Downloaded solana-address-lookup-table-interface v2.2.2
[INFO] [stderr]   Downloaded serde_with_macros v3.13.0
[INFO] [stderr]   Downloaded solana-vote-interface v2.2.5
[INFO] [stderr]   Downloaded serde_with v3.13.0
[INFO] [stderr]   Downloaded solana-offchain-message v2.2.1
[INFO] [stderr]   Downloaded solana-nonce-account v2.2.1
[INFO] [stderr]   Downloaded solana-epoch-info v2.2.1
[INFO] [stderr]   Downloaded solana-compute-budget-interface v2.2.2
[INFO] [stderr]   Downloaded solana-commitment-config v2.2.1
[INFO] [stderr]   Downloaded solana-client-traits v2.2.1
[INFO] [stderr]   Downloaded solana-bn254 v2.2.2
[INFO] [stderr]   Downloaded solana-fee-structure v2.3.0
[INFO] [stderr]   Downloaded solana-epoch-rewards-hasher v2.2.1
[INFO] [stderr]   Downloaded crypto-common v0.2.0-rc.3
[INFO] [stderr]   Downloaded keccak v0.2.0-pre.0
[INFO] [stderr]   Downloaded digest v0.11.0-rc.0
[INFO] [stderr]   Downloaded hybrid-array v0.3.1
[INFO] [stderr]   Downloaded const-oid v0.10.1
[INFO] [stderr]   Downloaded block-buffer v0.11.0-rc.4
[INFO] [stderr]   Downloaded sha3 v0.11.0-rc.0
[INFO] [stderr]   Downloaded clap v4.5.40
[INFO] [stderr]   Downloaded anstream v0.6.19
[INFO] [stderr]   Downloaded memx v0.1.32
[INFO] [stderr]   Downloaded clap_builder v4.5.40
[INFO] [stderr]   Downloaded openssl-src v300.5.0+3.5.0
[INFO] [stderr]   Downloaded anstyle-wincon v3.0.9
[INFO] [stderr]   Downloaded anstyle-query v1.1.3
[INFO] [stderr]   Downloaded bitcoin v0.32.6
[INFO] running `Command { std: "docker" "create" "-v" "/var/lib/crater-agent-workspace/builds/worker-4-tc1/source:/opt/rustwide/workdir:ro,Z" "-v" "/var/lib/crater-agent-workspace/builds/worker-4-tc1/target:/opt/rustwide/target:rw,Z" "-v" "/var/lib/crater-agent-workspace/cargo-home:/opt/rustwide/cargo-home:ro,Z" "-v" "/var/lib/crater-agent-workspace/rustup-home:/opt/rustwide/rustup-home:ro,Z" "-m" "1610612736" "--network" "none" "ghcr.io/rust-lang/crates-build-env/linux@sha256:77db811e55d90add9212f6832c23229e3de5f1c1f9905e8cb07319ea15df73ac" "sleep" "infinity", kill_on_drop: false }`
[INFO] [stdout] b06ebde4672b45f16d921a5c18a486089d82f85cf0fc57098b56dee5704735f4
[INFO] running `Command { std: "docker" "start" "b06ebde4672b45f16d921a5c18a486089d82f85cf0fc57098b56dee5704735f4", kill_on_drop: false }`
[INFO] running `Command { std: "docker" "inspect" "b06ebde4672b45f16d921a5c18a486089d82f85cf0fc57098b56dee5704735f4", kill_on_drop: false }`
[INFO] running `Command { std: "docker" "exec" "-e" "SOURCE_DIR=/opt/rustwide/workdir" "-e" "CARGO_HOME=/opt/rustwide/cargo-home" "-e" "RUSTUP_HOME=/opt/rustwide/rustup-home" "-e" "CARGO_TARGET_DIR=/opt/rustwide/target" "-w" "/opt/rustwide/workdir" "--user" "0:0" "b06ebde4672b45f16d921a5c18a486089d82f85cf0fc57098b56dee5704735f4" "/opt/rustwide/cargo-home/bin/cargo" "+1.99.0-beta.8" "metadata" "--no-deps" "--format-version=1", kill_on_drop: false }`
[INFO] running `Command { std: "docker" "inspect" "b06ebde4672b45f16d921a5c18a486089d82f85cf0fc57098b56dee5704735f4", kill_on_drop: false }`
[INFO] running `Command { std: "docker" "exec" "-e" "SOURCE_DIR=/opt/rustwide/workdir" "-e" "CARGO_HOME=/opt/rustwide/cargo-home" "-e" "RUSTUP_HOME=/opt/rustwide/rustup-home" "-e" "CARGO_TARGET_DIR=/opt/rustwide/target" "-e" "CARGO_INCREMENTAL=0" "-e" "RUST_BACKTRACE=full" "-e" "RUSTFLAGS=--cap-lints=warn" "-e" "RUSTDOCFLAGS=--cap-lints=warn" "-w" "/opt/rustwide/workdir" "--user" "0:0" "b06ebde4672b45f16d921a5c18a486089d82f85cf0fc57098b56dee5704735f4" "/opt/rustwide/cargo-home/bin/cargo" "+1.99.0-beta.8" "build" "--frozen" "--message-format=json" "--release", kill_on_drop: false }`
[INFO] [stderr]    Compiling libc v0.2.174
[INFO] [stderr]    Compiling bitcoin-io v0.1.3
[INFO] [stderr]    Compiling bitcoin-internals v0.3.0
[INFO] [stderr]    Compiling cc v1.2.27
[INFO] [stderr]    Compiling arrayvec v0.7.6
[INFO] [stderr]    Compiling utf8parse v0.2.2
[INFO] [stderr]    Compiling memchr v2.7.5
[INFO] [stderr]    Compiling hex_lit v0.1.1
[INFO] [stderr]    Compiling anstyle-parse v0.2.7
[INFO] [stderr]    Compiling is_terminal_polyfill v1.70.1
[INFO] [stderr]    Compiling colorchoice v1.0.4
[INFO] [stderr]    Compiling hex-conservative v0.2.1
[INFO] [stderr]    Compiling anstyle-query v1.1.3
[INFO] [stderr]    Compiling anstyle v1.0.11
[INFO] [stderr]    Compiling num-traits v0.2.19
[INFO] [stderr]    Compiling syn v2.0.104
[INFO] [stderr]    Compiling clap_lex v0.7.5
[INFO] [stderr]    Compiling bitcoin_hashes v0.14.0
[INFO] [stderr]    Compiling anstream v0.6.19
[INFO] [stderr]    Compiling bitcoin v0.32.6
[INFO] [stderr]    Compiling memx v0.1.32
[INFO] [stderr]    Compiling strsim v0.11.1
[INFO] [stderr]    Compiling aho-corasick v1.1.3
[INFO] [stderr]    Compiling getrandom v0.2.16
[INFO] [stderr]    Compiling getrandom v0.3.3
[INFO] [stderr]    Compiling rand_core v0.6.4
[INFO] [stderr]    Compiling rand_core v0.9.3
[INFO] [stderr]    Compiling rand_chacha v0.3.1
[INFO] [stderr]    Compiling rand_chacha v0.9.0
[INFO] [stderr]    Compiling clap_builder v4.5.40
[INFO] [stderr]    Compiling bitcoin-units v0.1.2
[INFO] [stderr]    Compiling secp256k1-sys v0.10.1
[INFO] [stderr]    Compiling rand v0.8.5
[INFO] [stderr]    Compiling base58ck v0.1.0
[INFO] [stderr]    Compiling bech32 v0.11.0
[INFO] [stderr]    Compiling regex-automata v0.4.9
[INFO] [stderr]    Compiling rand v0.9.1
[INFO] [stderr]    Compiling thiserror-impl v2.0.12
[INFO] [stderr]    Compiling thiserror v2.0.12
[INFO] [stderr]    Compiling clap v4.5.40
[INFO] [stderr]    Compiling regex v1.11.1
[INFO] [stderr]    Compiling secp256k1 v0.29.1
[INFO] [stderr]    Compiling btc-vanity v2.1.2 (/opt/rustwide/workdir)
[INFO] [stderr]     Finished `release` profile [optimized] target(s) in 1m 24s
[INFO] running `Command { std: "docker" "inspect" "b06ebde4672b45f16d921a5c18a486089d82f85cf0fc57098b56dee5704735f4", kill_on_drop: false }`
[INFO] running `Command { std: "docker" "exec" "-e" "SOURCE_DIR=/opt/rustwide/workdir" "-e" "CARGO_HOME=/opt/rustwide/cargo-home" "-e" "RUSTUP_HOME=/opt/rustwide/rustup-home" "-e" "CARGO_TARGET_DIR=/opt/rustwide/target" "-e" "CARGO_INCREMENTAL=0" "-e" "RUST_BACKTRACE=full" "-e" "RUSTFLAGS=--cap-lints=warn" "-e" "RUSTDOCFLAGS=--cap-lints=warn" "-w" "/opt/rustwide/workdir" "--user" "0:0" "b06ebde4672b45f16d921a5c18a486089d82f85cf0fc57098b56dee5704735f4" "/opt/rustwide/cargo-home/bin/cargo" "+1.99.0-beta.8" "test" "--frozen" "--no-run" "--message-format=json" "--release", kill_on_drop: false }`
[INFO] [stderr]    Compiling rustix v1.0.7
[INFO] [stderr]    Compiling linux-raw-sys v0.9.4
[INFO] [stderr]    Compiling once_cell v1.21.3
[INFO] [stderr]    Compiling fastrand v2.3.0
[INFO] [stderr]    Compiling tempfile v3.20.0
[INFO] [stderr]    Compiling btc-vanity v2.1.2 (/opt/rustwide/workdir)
[INFO] [stderr]     Finished `release` profile [optimized] target(s) in 10.67s
[INFO] running `Command { std: "docker" "inspect" "b06ebde4672b45f16d921a5c18a486089d82f85cf0fc57098b56dee5704735f4", kill_on_drop: false }`
[INFO] running `Command { std: "docker" "exec" "-e" "SOURCE_DIR=/opt/rustwide/workdir" "-e" "CARGO_HOME=/opt/rustwide/cargo-home" "-e" "RUSTUP_HOME=/opt/rustwide/rustup-home" "-e" "CARGO_TARGET_DIR=/opt/rustwide/target" "-e" "CARGO_INCREMENTAL=0" "-e" "RUST_BACKTRACE=full" "-e" "RUSTFLAGS=--cap-lints=warn" "-e" "RUSTDOCFLAGS=--cap-lints=warn" "-w" "/opt/rustwide/workdir" "--user" "0:0" "b06ebde4672b45f16d921a5c18a486089d82f85cf0fc57098b56dee5704735f4" "/opt/rustwide/cargo-home/bin/cargo" "+1.99.0-beta.8" "test" "--frozen" "--release", kill_on_drop: false }`
[INFO] [stderr]     Finished `release` profile [optimized] target(s) in 0.20s
[INFO] [stderr]      Running unittests src/lib.rs (/opt/rustwide/target/release/deps/btc_vanity-93872fef905e9e24)
[INFO] [stdout] 
[INFO] [stdout] running 28 tests
[INFO] [stdout] test file::tests::test_parse_empty_line ... ok
[INFO] [stdout] test file::tests::test_parse_line_with_no_flags ... ok
[INFO] [stdout] test file::tests::test_parse_input_file_with_valid_lines ... FAILED
[INFO] [stdout] test file::tests::test_parse_input_file_with_invalid_lines ... FAILED
[INFO] [stdout] test file::tests::test_parse_input_file_with_invalid_path ... ok
[INFO] [stdout] test file::tests::test_parse_input_file_with_missing_flags ... FAILED
[INFO] [stdout] test file::tests::test_parse_comment_line ... ok
[INFO] [stdout] test file::tests::test_parse_input_file_with_empty_lines ... FAILED
[INFO] [stdout] test keys_and_address::btc::tests::test_generate_random ... ok
[INFO] [stdout] test vanity_addr_generator::comp::tests::test_case_insensitive_contains ... ok
[INFO] [stdout] test vanity_addr_generator::comp::tests::test_case_insensitive_contains_no_match ... ok
[INFO] [stdout] test file::tests::test_parse_line_with_output_file_flag ... ok
[INFO] [stdout] test file::tests::test_parse_line_with_valid_flags ... ok
[INFO] [stdout] test vanity_addr_generator::comp::tests::test_case_insensitive_contains_hex ... ok
[INFO] [stdout] test vanity_addr_generator::vanity_addr::tests::bitcoin_vanity_tests::test_generate_regex_invalid_syntax - should panic ... ok
[INFO] [stdout] test vanity_addr_generator::vanity_addr::tests::bitcoin_vanity_tests::test_generate_regex_forbidden_char_i - should panic ... ok
[INFO] [stdout] test file::tests::test_parse_line_with_invalid_flags ... ok
[INFO] [stdout] test vanity_addr_generator::vanity_addr::tests::bitcoin_vanity_tests::test_generate_regex_forbidden_char_zero - should panic ... ok
[INFO] [stdout] test vanity_addr_generator::vanity_addr::tests::bitcoin_vanity_tests::test_generate_regex_forbidden_char_o - should panic ... ok
[INFO] [stdout] test vanity_addr_generator::vanity_addr::tests::bitcoin_vanity_tests::test_generate_vanity_invalid_base58 - should panic ... ok
[INFO] [stdout] test vanity_addr_generator::vanity_addr::tests::bitcoin_vanity_tests::test_generate_vanity_string_too_long_with_fast_mode - should panic ... ok
[INFO] [stdout] test vanity_addr_generator::vanity_addr::tests::bitcoin_vanity_tests::test_generate_regex_et_ends ... ok
[INFO] [stdout] test vanity_addr_generator::vanity_addr::tests::bitcoin_vanity_tests::test_generate_vanity_anywhere ... ok
[INFO] [stdout] test vanity_addr_generator::vanity_addr::tests::bitcoin_vanity_tests::test_generate_regex_rewrite ... ok
[INFO] [stdout] test vanity_addr_generator::vanity_addr::tests::bitcoin_vanity_tests::test_generate_vanity_suffix ... ok
[INFO] [stdout] test vanity_addr_generator::vanity_addr::tests::bitcoin_vanity_tests::test_generate_regex_e_any_t ... ok
[INFO] [stdout] test vanity_addr_generator::vanity_addr::tests::bitcoin_vanity_tests::test_generate_vanity_prefix ... ok
[INFO] [stdout] test vanity_addr_generator::vanity_addr::tests::bitcoin_vanity_tests::test_generate_regex_e_69_any_t ... ok
[INFO] [stdout] 
[INFO] [stdout] failures:
[INFO] [stdout] 
[INFO] [stdout] ---- file::tests::test_parse_input_file_with_valid_lines stdout ----
[INFO] [stdout] 
[INFO] [stdout] thread 'file::tests::test_parse_input_file_with_valid_lines' (1162) panicked at src/file.rs:246:49:
[INFO] [stdout] Failed to create mock input file: Os { code: 30, kind: ReadOnlyFilesystem, message: "Read-only file system" }
[INFO] [stdout] stack backtrace:
[INFO] [stdout]    0:     0x5f4a622e0e41 - <<std[70759c8f55707aa4]::sys::backtrace::BacktraceLock>::print::DisplayBacktrace as core[df12db4294e9bfd3]::fmt::Display>::fmt
[INFO] [stdout]    1:     0x5f4a622f743a - core[df12db4294e9bfd3]::fmt::write
[INFO] [stdout]    2:     0x5f4a622e52dc - <alloc[2182bb758b4b3781]::vec::Vec<u8> as core[df12db4294e9bfd3]::io::write::Write>::write_fmt
[INFO] [stdout]    3:     0x5f4a622bcdf6 - std[70759c8f55707aa4]::panicking::default_hook::{closure#0}
[INFO] [stdout]    4:     0x5f4a622d8f69 - std[70759c8f55707aa4]::panicking::default_hook
[INFO] [stdout]    5:     0x5f4a621a0fc0 - test[9d35eded1c95d3be]::test_main_inner::<test[9d35eded1c95d3be]::test_main_static::{closure#0}>::{closure#0}
[INFO] [stdout]    6:     0x5f4a622d9122 - std[70759c8f55707aa4]::panicking::panic_with_hook
[INFO] [stdout]    7:     0x5f4a622bcea2 - std[70759c8f55707aa4]::panicking::panic_handler::{closure#0}
[INFO] [stdout]    8:     0x5f4a622b59e9 - std[70759c8f55707aa4]::sys::backtrace::__rust_end_short_backtrace::<std[70759c8f55707aa4]::panicking::panic_handler::{closure#0}, !>
[INFO] [stdout]    9:     0x5f4a622bda9d - __rustc[8fa7c3cbc660c2b3]::rust_begin_unwind
[INFO] [stdout]   10:     0x5f4a622f7c1c - core[df12db4294e9bfd3]::panicking::panic_fmt
[INFO] [stdout]   11:     0x5f4a622f79f2 - core[df12db4294e9bfd3]::result::unwrap_failed
[INFO] [stdout]   12:     0x5f4a62183076 - btc_vanity[2a2a2774a318e86]::file::tests::test_parse_input_file_with_valid_lines
[INFO] [stdout]   13:     0x5f4a62188ed9 - <btc_vanity[2a2a2774a318e86]::file::tests::test_parse_input_file_with_valid_lines::{closure#0} as core[df12db4294e9bfd3]::ops::function::FnOnce<()>>::call_once
[INFO] [stdout]   14:     0x5f4a621942ab - test[9d35eded1c95d3be]::__rust_begin_short_backtrace::<core[df12db4294e9bfd3]::result::Result<(), alloc[2182bb758b4b3781]::string::String>, fn() -> core[df12db4294e9bfd3]::result::Result<(), alloc[2182bb758b4b3781]::string::String>>
[INFO] [stdout]   15:     0x5f4a621a1915 - test[9d35eded1c95d3be]::run_test::{closure#0}
[INFO] [stdout]   16:     0x5f4a6219b1d4 - std[70759c8f55707aa4]::sys::backtrace::__rust_begin_short_backtrace::<test[9d35eded1c95d3be]::run_test::{closure#1}, ()>
[INFO] [stdout]   17:     0x5f4a621a4a72 - <std[70759c8f55707aa4]::thread::lifecycle::spawn_unchecked<test[9d35eded1c95d3be]::run_test::{closure#1}, ()>::{closure#1} as core[df12db4294e9bfd3]::ops::function::FnOnce<()>>::call_once::{shim:vtable#0}
[INFO] [stdout]   18:     0x5f4a622e01b9 - <std[70759c8f55707aa4]::sys::thread::unix::Thread>::new::thread_start
[INFO] [stdout]   19:     0x78c7f8db0dfa - <unknown>
[INFO] [stdout]   20:     0x78c7f8e443d4 - clone
[INFO] [stdout]   21:                0x0 - <unknown>
[INFO] [stdout] 
[INFO] [stdout] ---- file::tests::test_parse_input_file_with_invalid_lines stdout ----
[INFO] [stdout] 
[INFO] [stdout] thread 'file::tests::test_parse_input_file_with_invalid_lines' (1159) panicked at src/file.rs:273:49:
[INFO] [stdout] Failed to create mock input file: Os { code: 30, kind: ReadOnlyFilesystem, message: "Read-only file system" }
[INFO] [stdout] stack backtrace:
[INFO] [stdout]    0:     0x5f4a622e0e41 - <<std[70759c8f55707aa4]::sys::backtrace::BacktraceLock>::print::DisplayBacktrace as core[df12db4294e9bfd3]::fmt::Display>::fmt
[INFO] [stdout]    1:     0x5f4a622f743a - core[df12db4294e9bfd3]::fmt::write
[INFO] [stdout]    2:     0x5f4a622e52dc - <alloc[2182bb758b4b3781]::vec::Vec<u8> as core[df12db4294e9bfd3]::io::write::Write>::write_fmt
[INFO] [stdout]    3:     0x5f4a622bcdf6 - std[70759c8f55707aa4]::panicking::default_hook::{closure#0}
[INFO] [stdout]    4:     0x5f4a622d8f69 - std[70759c8f55707aa4]::panicking::default_hook
[INFO] [stdout]    5:     0x5f4a621a0fc0 - test[9d35eded1c95d3be]::test_main_inner::<test[9d35eded1c95d3be]::test_main_static::{closure#0}>::{closure#0}
[INFO] [stdout]    6:     0x5f4a622d9122 - std[70759c8f55707aa4]::panicking::panic_with_hook
[INFO] [stdout]    7:     0x5f4a622bcea2 - std[70759c8f55707aa4]::panicking::panic_handler::{closure#0}
[INFO] [stdout]    8:     0x5f4a622b59e9 - std[70759c8f55707aa4]::sys::backtrace::__rust_end_short_backtrace::<std[70759c8f55707aa4]::panicking::panic_handler::{closure#0}, !>
[INFO] [stdout]    9:     0x5f4a622bda9d - __rustc[8fa7c3cbc660c2b3]::rust_begin_unwind
[INFO] [stdout]   10:     0x5f4a622f7c1c - core[df12db4294e9bfd3]::panicking::panic_fmt
[INFO] [stdout]   11:     0x5f4a622f79f2 - core[df12db4294e9bfd3]::result::unwrap_failed
[INFO] [stdout]   12:     0x5f4a621838cc - btc_vanity[2a2a2774a318e86]::file::tests::test_parse_input_file_with_invalid_lines
[INFO] [stdout]   13:     0x5f4a62188f19 - <btc_vanity[2a2a2774a318e86]::file::tests::test_parse_input_file_with_invalid_lines::{closure#0} as core[df12db4294e9bfd3]::ops::function::FnOnce<()>>::call_once
[INFO] [stdout]   14:     0x5f4a621942ab - test[9d35eded1c95d3be]::__rust_begin_short_backtrace::<core[df12db4294e9bfd3]::result::Result<(), alloc[2182bb758b4b3781]::string::String>, fn() -> core[df12db4294e9bfd3]::result::Result<(), alloc[2182bb758b4b3781]::string::String>>
[INFO] [stdout]   15:     0x5f4a621a1915 - test[9d35eded1c95d3be]::run_test::{closure#0}
[INFO] [stdout]   16:     0x5f4a6219b1d4 - std[70759c8f55707aa4]::sys::backtrace::__rust_begin_short_backtrace::<test[9d35eded1c95d3be]::run_test::{closure#1}, ()>
[INFO] [stdout]   17:     0x5f4a621a4a72 - <std[70759c8f55707aa4]::thread::lifecycle::spawn_unchecked<test[9d35eded1c95d3be]::run_test::{closure#1}, ()>::{closure#1} as core[df12db4294e9bfd3]::ops::function::FnOnce<()>>::call_once::{shim:vtable#0}
[INFO] [stdout]   18:     0x5f4a622e01b9 - <std[70759c8f55707aa4]::sys::thread::unix::Thread>::new::thread_start
[INFO] [stdout]   19:     0x78c7f8db0dfa - <unknown>
[INFO] [stdout]   20:     0x78c7f8e443d4 - clone
[INFO] [stdout]   21:                0x0 - <unknown>
[INFO] [stdout] 
[INFO] [stdout] ---- file::tests::test_parse_input_file_with_missing_flags stdout ----
[INFO] [stdout] 
[INFO] [stdout] thread 'file::tests::test_parse_input_file_with_missing_flags' (1161) panicked at src/file.rs:339:49:
[INFO] [stdout] Failed to create mock input file: Os { code: 30, kind: ReadOnlyFilesystem, message: "Read-only file system" }
[INFO] [stdout] stack backtrace:
[INFO] [stdout]    0:     0x5f4a622e0e41 - <<std[70759c8f55707aa4]::sys::backtrace::BacktraceLock>::print::DisplayBacktrace as core[df12db4294e9bfd3]::fmt::Display>::fmt
[INFO] [stdout]    1:     0x5f4a622f743a - core[df12db4294e9bfd3]::fmt::write
[INFO] [stdout]    2:     0x5f4a622e52dc - <alloc[2182bb758b4b3781]::vec::Vec<u8> as core[df12db4294e9bfd3]::io::write::Write>::write_fmt
[INFO] [stdout]    3:     0x5f4a622bcdf6 - std[70759c8f55707aa4]::panicking::default_hook::{closure#0}
[INFO] [stdout]    4:     0x5f4a622d8f69 - std[70759c8f55707aa4]::panicking::default_hook
[INFO] [stdout]    5:     0x5f4a621a0fc0 - test[9d35eded1c95d3be]::test_main_inner::<test[9d35eded1c95d3be]::test_main_static::{closure#0}>::{closure#0}
[INFO] [stdout]    6:     0x5f4a622d9122 - std[70759c8f55707aa4]::panicking::panic_with_hook
[INFO] [stdout]    7:     0x5f4a622bcea2 - std[70759c8f55707aa4]::panicking::panic_handler::{closure#0}
[INFO] [stdout]    8:     0x5f4a622b59e9 - std[70759c8f55707aa4]::sys::backtrace::__rust_end_short_backtrace::<std[70759c8f55707aa4]::panicking::panic_handler::{closure#0}, !>
[INFO] [stdout]    9:     0x5f4a622bda9d - __rustc[8fa7c3cbc660c2b3]::rust_begin_unwind
[INFO] [stdout]   10:     0x5f4a622f7c1c - core[df12db4294e9bfd3]::panicking::panic_fmt
[INFO] [stdout]   11:     0x5f4a622f79f2 - core[df12db4294e9bfd3]::result::unwrap_failed
[INFO] [stdout]   12:     0x5f4a62183c29 - btc_vanity[2a2a2774a318e86]::file::tests::test_parse_input_file_with_missing_flags
[INFO] [stdout]   13:     0x5f4a62188f39 - <btc_vanity[2a2a2774a318e86]::file::tests::test_parse_input_file_with_missing_flags::{closure#0} as core[df12db4294e9bfd3]::ops::function::FnOnce<()>>::call_once
[INFO] [stdout]   14:     0x5f4a621942ab - test[9d35eded1c95d3be]::__rust_begin_short_backtrace::<core[df12db4294e9bfd3]::result::Result<(), alloc[2182bb758b4b3781]::string::String>, fn() -> core[df12db4294e9bfd3]::result::Result<(), alloc[2182bb758b4b3781]::string::String>>
[INFO] [stdout]   15:     0x5f4a621a1915 - test[9d35eded1c95d3be]::run_test::{closure#0}
[INFO] [stdout]   16:     0x5f4a6219b1d4 - std[70759c8f55707aa4]::sys::backtrace::__rust_begin_short_backtrace::<test[9d35eded1c95d3be]::run_test::{closure#1}, ()>
[INFO] [stdout]   17:     0x5f4a621a4a72 - <std[70759c8f55707aa4]::thread::lifecycle::spawn_unchecked<test[9d35eded1c95d3be]::run_test::{closure#1}, ()>::{closure#1} as core[df12db4294e9bfd3]::ops::function::FnOnce<()>>::call_once::{shim:vtable#0}
[INFO] [stdout]   18:     0x5f4a622e01b9 - <std[70759c8f55707aa4]::sys::thread::unix::Thread>::new::thread_start
[INFO] [stdout]   19:     0x78c7f8db0dfa - <unknown>
[INFO] [stdout]   20:     0x78c7f8e443d4 - clone
[INFO] [stdout]   21:                0x0 - <unknown>
[INFO] [stdout] 
[INFO] [stdout] ---- file::tests::test_parse_input_file_with_empty_lines stdout ----
[INFO] [stdout] 
[INFO] [stdout] thread 'file::tests::test_parse_input_file_with_empty_lines' (1158) panicked at src/file.rs:297:49:
[INFO] [stdout] Failed to create mock input file: Os { code: 30, kind: ReadOnlyFilesystem, message: "Read-only file system" }
[INFO] [stdout] stack backtrace:
[INFO] [stdout]    0:     0x5f4a622e0e41 - <<std[70759c8f55707aa4]::sys::backtrace::BacktraceLock>::print::DisplayBacktrace as core[df12db4294e9bfd3]::fmt::Display>::fmt
[INFO] [stdout]    1:     0x5f4a622f743a - core[df12db4294e9bfd3]::fmt::write
[INFO] [stdout]    2:     0x5f4a622e52dc - <alloc[2182bb758b4b3781]::vec::Vec<u8> as core[df12db4294e9bfd3]::io::write::Write>::write_fmt
[INFO] [stdout]    3:     0x5f4a622bcdf6 - std[70759c8f55707aa4]::panicking::default_hook::{closure#0}
[INFO] [stdout]    4:     0x5f4a622d8f69 - std[70759c8f55707aa4]::panicking::default_hook
[INFO] [stdout]    5:     0x5f4a621a0fc0 - test[9d35eded1c95d3be]::test_main_inner::<test[9d35eded1c95d3be]::test_main_static::{closure#0}>::{closure#0}
[INFO] [stdout]    6:     0x5f4a622d9122 - std[70759c8f55707aa4]::panicking::panic_with_hook
[INFO] [stdout]    7:     0x5f4a622bcea2 - std[70759c8f55707aa4]::panicking::panic_handler::{closure#0}
[INFO] [stdout]    8:     0x5f4a622b59e9 - std[70759c8f55707aa4]::sys::backtrace::__rust_end_short_backtrace::<std[70759c8f55707aa4]::panicking::panic_handler::{closure#0}, !>
[INFO] [stdout]    9:     0x5f4a622bda9d - __rustc[8fa7c3cbc660c2b3]::rust_begin_unwind
[INFO] [stdout]   10:     0x5f4a622f7c1c - core[df12db4294e9bfd3]::panicking::panic_fmt
[INFO] [stdout]   11:     0x5f4a622f79f2 - core[df12db4294e9bfd3]::result::unwrap_failed
[INFO] [stdout]   12:     0x5f4a62182d10 - btc_vanity[2a2a2774a318e86]::file::tests::test_parse_input_file_with_empty_lines
[INFO] [stdout]   13:     0x5f4a62188eb9 - <btc_vanity[2a2a2774a318e86]::file::tests::test_parse_input_file_with_empty_lines::{closure#0} as core[df12db4294e9bfd3]::ops::function::FnOnce<()>>::call_once
[INFO] [stdout]   14:     0x5f4a621942ab - test[9d35eded1c95d3be]::__rust_begin_short_backtrace::<core[df12db4294e9bfd3]::result::Result<(), alloc[2182bb758b4b3781]::string::String>, fn() -> core[df12db4294e9bfd3]::result::Result<(), alloc[2182bb758b4b3781]::string::String>>
[INFO] [stdout]   15:     0x5f4a621a1915 - test[9d35eded1c95d3be]::run_test::{closure#0}
[INFO] [stdout]   16:     0x5f4a6219b1d4 - std[70759c8f55707aa4]::sys::backtrace::__rust_begin_short_backtrace::<test[9d35eded1c95d3be]::run_test::{closure#1}, ()>
[INFO] [stdout]   17:     0x5f4a621a4a72 - <std[70759c8f55707aa4]::thread::lifecycle::spawn_unchecked<test[9d35eded1c95d3be]::run_test::{closure#1}, ()>::{closure#1} as core[df12db4294e9bfd3]::ops::function::FnOnce<()>>::call_once::{shim:vtable#0}
[INFO] [stdout]   18:     0x5f4a622e01b9 - <std[70759c8f55707aa4]::sys::thread::unix::Thread>::new::thread_start
[INFO] [stdout]   19:     0x78c7f8db0dfa - <unknown>
[INFO] [stdout]   20:     0x78c7f8e443d4 - clone
[INFO] [stdout]   21:                0x0 - <unknown>
[INFO] [stdout] 
[INFO] [stdout] 
[INFO] [stdout] failures:
[INFO] [stdout]     file::tests::test_parse_input_file_with_empty_lines
[INFO] [stdout]     file::tests::test_parse_input_file_with_invalid_lines
[INFO] [stdout]     file::tests::test_parse_input_file_with_missing_flags
[INFO] [stdout]     file::tests::test_parse_input_file_with_valid_lines
[INFO] [stdout] 
[INFO] [stdout] test result: FAILED. 24 passed; 4 failed; 0 ignored; 0 measured; 0 filtered out; finished in 14.53s
[INFO] [stdout] 
[INFO] [stderr] error: test failed, to rerun pass `--lib`
[INFO] running `Command { std: "docker" "inspect" "b06ebde4672b45f16d921a5c18a486089d82f85cf0fc57098b56dee5704735f4", kill_on_drop: false }`
[INFO] running `Command { std: "docker" "rm" "-f" "b06ebde4672b45f16d921a5c18a486089d82f85cf0fc57098b56dee5704735f4", kill_on_drop: false }`
[INFO] [stdout] b06ebde4672b45f16d921a5c18a486089d82f85cf0fc57098b56dee5704735f4
