[INFO] cloning repository https://github.com/gha-indie-worker/gha-clone-server.rs
[INFO] running `Command { std: "git" "-c" "credential.helper=" "-c" "credential.helper=/workspace/cargo-home/bin/git-credential-null" "clone" "--bare" "https://github.com/gha-indie-worker/gha-clone-server.rs" "/workspace/cache/git-repos/https%3A%2F%2Fgithub.com%2Fgha-indie-worker%2Fgha-clone-server.rs", kill_on_drop: false }`
[INFO] [stderr] Cloning into bare repository '/workspace/cache/git-repos/https%3A%2F%2Fgithub.com%2Fgha-indie-worker%2Fgha-clone-server.rs'...
[INFO] running `Command { std: "git" "rev-parse" "HEAD", kill_on_drop: false }`
[INFO] [stdout] c5ca7f015893dad8691028a213edcc29afbd636f
[INFO] testing gha-indie-worker/gha-clone-server.rs against 1.99.0-beta.8+cargoflags=--release for beta-release-1.100-2
[INFO] running `Command { std: "git" "clone" "/workspace/cache/git-repos/https%3A%2F%2Fgithub.com%2Fgha-indie-worker%2Fgha-clone-server.rs" "/workspace/builds/worker-4-tc1/source", kill_on_drop: false }`
[INFO] [stderr] Cloning into '/workspace/builds/worker-4-tc1/source'...
[INFO] [stderr] done.
[INFO] started tweaking git repo https://github.com/gha-indie-worker/gha-clone-server.rs
[INFO] finished tweaking git repo https://github.com/gha-indie-worker/gha-clone-server.rs
[INFO] tweaked toml for git repo https://github.com/gha-indie-worker/gha-clone-server.rs written to /workspace/builds/worker-4-tc1/source/Cargo.toml
[INFO] validating manifest of git repo https://github.com/gha-indie-worker/gha-clone-server.rs on toolchain 1.99.0-beta.8
[INFO] running `Command { std: CARGO_HOME="/workspace/cargo-home" RUSTUP_HOME="/workspace/rustup-home" "/workspace/cargo-home/bin/cargo" "+1.99.0-beta.8" "metadata" "--manifest-path" "Cargo.toml" "--no-deps", kill_on_drop: false }`
[INFO] crate git repo https://github.com/gha-indie-worker/gha-clone-server.rs already has a lockfile, it will not be regenerated
[INFO] running `Command { std: CARGO_HOME="/workspace/cargo-home" RUSTUP_HOME="/workspace/rustup-home" "/workspace/cargo-home/bin/cargo" "+1.99.0-beta.8" "fetch" "--manifest-path" "Cargo.toml", kill_on_drop: false }`
[INFO] [stderr]  Downloading crates ...
[INFO] [stderr]   Downloaded reqwest v0.12.9
[INFO] running `Command { std: "docker" "create" "-v" "/var/lib/crater-agent-workspace/builds/worker-4-tc1/source:/opt/rustwide/workdir:ro,Z" "-v" "/var/lib/crater-agent-workspace/builds/worker-4-tc1/target:/opt/rustwide/target:rw,Z" "-v" "/var/lib/crater-agent-workspace/cargo-home:/opt/rustwide/cargo-home:ro,Z" "-v" "/var/lib/crater-agent-workspace/rustup-home:/opt/rustwide/rustup-home:ro,Z" "-m" "1610612736" "--network" "none" "ghcr.io/rust-lang/crates-build-env/linux@sha256:77db811e55d90add9212f6832c23229e3de5f1c1f9905e8cb07319ea15df73ac" "sleep" "infinity", kill_on_drop: false }`
[INFO] [stdout] 1b7e8c9399864c37c1e54941027a9bf03e6dbcda6f89a898a24c10de505c9f0f
[INFO] running `Command { std: "docker" "start" "1b7e8c9399864c37c1e54941027a9bf03e6dbcda6f89a898a24c10de505c9f0f", kill_on_drop: false }`
[INFO] running `Command { std: "docker" "inspect" "1b7e8c9399864c37c1e54941027a9bf03e6dbcda6f89a898a24c10de505c9f0f", kill_on_drop: false }`
[INFO] running `Command { std: "docker" "exec" "-e" "SOURCE_DIR=/opt/rustwide/workdir" "-e" "CARGO_HOME=/opt/rustwide/cargo-home" "-e" "RUSTUP_HOME=/opt/rustwide/rustup-home" "-e" "CARGO_TARGET_DIR=/opt/rustwide/target" "-w" "/opt/rustwide/workdir" "--user" "0:0" "1b7e8c9399864c37c1e54941027a9bf03e6dbcda6f89a898a24c10de505c9f0f" "/opt/rustwide/cargo-home/bin/cargo" "+1.99.0-beta.8" "metadata" "--no-deps" "--format-version=1", kill_on_drop: false }`
[INFO] running `Command { std: "docker" "inspect" "1b7e8c9399864c37c1e54941027a9bf03e6dbcda6f89a898a24c10de505c9f0f", kill_on_drop: false }`
[INFO] running `Command { std: "docker" "exec" "-e" "SOURCE_DIR=/opt/rustwide/workdir" "-e" "CARGO_HOME=/opt/rustwide/cargo-home" "-e" "RUSTUP_HOME=/opt/rustwide/rustup-home" "-e" "CARGO_TARGET_DIR=/opt/rustwide/target" "-e" "CARGO_INCREMENTAL=0" "-e" "RUST_BACKTRACE=full" "-e" "RUSTFLAGS=--cap-lints=warn" "-e" "RUSTDOCFLAGS=--cap-lints=warn" "-w" "/opt/rustwide/workdir" "--user" "0:0" "1b7e8c9399864c37c1e54941027a9bf03e6dbcda6f89a898a24c10de505c9f0f" "/opt/rustwide/cargo-home/bin/cargo" "+1.99.0-beta.8" "build" "--frozen" "--message-format=json" "--release", kill_on_drop: false }`
[INFO] [stderr]    Compiling proc-macro2 v1.0.107
[INFO] [stderr]    Compiling quote v1.0.47
[INFO] [stderr]    Compiling libc v0.2.189
[INFO] [stderr]    Compiling pin-project-lite v0.2.17
[INFO] [stderr]    Compiling itoa v1.0.18
[INFO] [stderr]    Compiling bytes v1.12.1
[INFO] [stderr]    Compiling once_cell v1.21.4
[INFO] [stderr]    Compiling futures-core v0.3.33
[INFO] [stderr]    Compiling serde_core v1.0.229
[INFO] [stderr]    Compiling smallvec v1.15.2
[INFO] [stderr]    Compiling shlex v2.0.1
[INFO] [stderr]    Compiling tracing-core v0.1.36
[INFO] [stderr]    Compiling cc v1.4.0
[INFO] [stderr]    Compiling log v0.4.33
[INFO] [stderr]    Compiling zeroize v1.9.0
[INFO] [stderr]    Compiling litemap v0.8.2
[INFO] [stderr]    Compiling http v1.5.0
[INFO] [stderr]    Compiling rustls-pki-types v1.15.1
[INFO] [stderr]    Compiling syn v2.0.119
[INFO] [stderr]    Compiling syn v3.0.3
[INFO] [stderr]    Compiling errno v0.3.14
[INFO] [stderr]    Compiling socket2 v0.6.5
[INFO] [stderr]    Compiling signal-hook-registry v1.4.8
[INFO] [stderr]    Compiling mio v1.2.2
[INFO] [stderr]    Compiling writeable v0.6.3
[INFO] [stderr]    Compiling ring v0.17.14
[INFO] [stderr]    Compiling http-body v1.1.0
[INFO] [stderr]    Compiling icu_normalizer_data v2.2.0
[INFO] [stderr]    Compiling slab v0.4.12
[INFO] [stderr]    Compiling futures-task v0.3.33
[INFO] [stderr]    Compiling subtle v2.6.1
[INFO] [stderr]    Compiling icu_properties_data v2.2.0
[INFO] [stderr]    Compiling futures-util v0.3.33
[INFO] [stderr]    Compiling getrandom v0.2.17
[INFO] [stderr]    Compiling untrusted v0.9.0
[INFO] [stderr]    Compiling typenum v1.20.1
[INFO] [stderr]    Compiling serde v1.0.229
[INFO] [stderr]    Compiling futures-channel v0.3.33
[INFO] [stderr]    Compiling rustls v0.23.43
[INFO] [stderr]    Compiling zmij v1.0.23
[INFO] [stderr]    Compiling sync_wrapper v1.0.2
[INFO] [stderr]    Compiling serde_json v1.0.151
[INFO] [stderr]    Compiling rustversion v1.0.23
[INFO] [stderr]    Compiling http-body-util v0.1.4
[INFO] [stderr]    Compiling generic-array v0.14.7
[INFO] [stderr]    Compiling webpki-roots v1.0.9
[INFO] [stderr]    Compiling regex-syntax v0.8.11
[INFO] [stderr]    Compiling getrandom v0.4.3
[INFO] [stderr]    Compiling memchr v2.8.3
[INFO] [stderr]    Compiling block-buffer v0.10.4
[INFO] [stderr]    Compiling crypto-common v0.1.7
[INFO] [stderr]    Compiling hashbrown v0.17.1
[INFO] [stderr]    Compiling digest v0.10.7
[INFO] [stderr]    Compiling futures-sink v0.3.33
[INFO] [stderr]    Compiling indexmap v2.14.0
[INFO] [stderr]    Compiling webpki-roots v0.26.11
[INFO] [stderr]    Compiling serde_path_to_error v0.1.20
[INFO] [stderr]    Compiling displaydoc v0.2.7
[INFO] [stderr]    Compiling synstructure v0.13.2
[INFO] [stderr]    Compiling tokio-macros v2.7.2
[INFO] [stderr]    Compiling serde_derive v1.0.229
[INFO] [stderr]    Compiling regex-automata v0.4.16
[INFO] [stderr]    Compiling async-trait v0.1.91
[INFO] [stderr]    Compiling tokio v1.53.1
[INFO] [stderr]    Compiling rustls-pemfile v2.2.0
[INFO] [stderr]    Compiling tracing-log v0.2.0
[INFO] [stderr]    Compiling zerofrom-derive v0.1.7
[INFO] [stderr]    Compiling yoke-derive v0.8.2
[INFO] [stderr]    Compiling zerovec-derive v0.11.3
[INFO] [stderr]    Compiling tracing-attributes v0.1.31
[INFO] [stderr]    Compiling zerofrom v0.1.8
[INFO] [stderr]    Compiling yoke v0.8.3
[INFO] [stderr]    Compiling zerotrie v0.2.4
[INFO] [stderr]    Compiling zerovec v0.11.6
[INFO] [stderr]    Compiling matchers v0.2.0
[INFO] [stderr]    Compiling axum-macros v0.4.2
[INFO] [stderr]    Compiling tracing v0.1.44
[INFO] [stderr]    Compiling axum-core v0.4.5
[INFO] [stderr]    Compiling tinystr v0.8.3
[INFO] [stderr]    Compiling icu_locale_core v2.2.0
[INFO] [stderr]    Compiling potential_utf v0.1.5
[INFO] [stderr]    Compiling icu_collections v2.2.0
[INFO] [stderr]    Compiling serde_urlencoded v0.7.1
[INFO] [stderr]    Compiling thread_local v1.1.10
[INFO] [stderr]    Compiling icu_provider v2.2.0
[INFO] [stderr]    Compiling icu_normalizer v2.2.0
[INFO] [stderr]    Compiling icu_properties v2.2.0
[INFO] [stderr]    Compiling base64 v0.22.1
[INFO] [stderr]    Compiling ipnet v2.12.1
[INFO] [stderr]    Compiling matchit v0.7.3
[INFO] [stderr]    Compiling hyper v1.11.0
[INFO] [stderr]    Compiling idna_adapter v1.2.2
[INFO] [stderr]    Compiling idna v1.1.0
[INFO] [stderr]    Compiling tower v0.5.3
[INFO] [stderr]    Compiling url v2.5.8
[INFO] [stderr]    Compiling tokio-util v0.7.19
[INFO] [stderr]    Compiling unsafe-libyaml v0.2.11
[INFO] [stderr]    Compiling rustls-webpki v0.103.13
[INFO] [stderr]    Compiling hyper-util v0.1.20
[INFO] [stderr]    Compiling serde_yaml v0.9.34+deprecated
[INFO] [stderr]    Compiling tracing-subscriber v0.3.23
[INFO] [stderr]    Compiling sha2 v0.10.9
[INFO] [stderr]    Compiling uuid v1.24.0
[INFO] [stderr]    Compiling hmac v0.12.1
[INFO] [stderr]    Compiling axum v0.7.9
[INFO] [stderr]    Compiling tokio-rustls v0.26.4
[INFO] [stderr]    Compiling hyper-rustls v0.27.9
[INFO] [stderr]    Compiling reqwest v0.12.9
[INFO] [stderr]    Compiling gha-clone-server v0.1.0 (/opt/rustwide/workdir)
[INFO] [stderr]     Finished `release` profile [optimized] target(s) in 3m 50s
[INFO] running `Command { std: "docker" "inspect" "1b7e8c9399864c37c1e54941027a9bf03e6dbcda6f89a898a24c10de505c9f0f", kill_on_drop: false }`
[INFO] running `Command { std: "docker" "exec" "-e" "SOURCE_DIR=/opt/rustwide/workdir" "-e" "CARGO_HOME=/opt/rustwide/cargo-home" "-e" "RUSTUP_HOME=/opt/rustwide/rustup-home" "-e" "CARGO_TARGET_DIR=/opt/rustwide/target" "-e" "CARGO_INCREMENTAL=0" "-e" "RUST_BACKTRACE=full" "-e" "RUSTFLAGS=--cap-lints=warn" "-e" "RUSTDOCFLAGS=--cap-lints=warn" "-w" "/opt/rustwide/workdir" "--user" "0:0" "1b7e8c9399864c37c1e54941027a9bf03e6dbcda6f89a898a24c10de505c9f0f" "/opt/rustwide/cargo-home/bin/cargo" "+1.99.0-beta.8" "test" "--frozen" "--no-run" "--message-format=json" "--release", kill_on_drop: false }`
[INFO] [stderr]    Compiling gha-clone-server v0.1.0 (/opt/rustwide/workdir)
[INFO] [stderr]     Finished `release` profile [optimized] target(s) in 1m 27s
[INFO] running `Command { std: "docker" "inspect" "1b7e8c9399864c37c1e54941027a9bf03e6dbcda6f89a898a24c10de505c9f0f", kill_on_drop: false }`
[INFO] running `Command { std: "docker" "exec" "-e" "SOURCE_DIR=/opt/rustwide/workdir" "-e" "CARGO_HOME=/opt/rustwide/cargo-home" "-e" "RUSTUP_HOME=/opt/rustwide/rustup-home" "-e" "CARGO_TARGET_DIR=/opt/rustwide/target" "-e" "CARGO_INCREMENTAL=0" "-e" "RUST_BACKTRACE=full" "-e" "RUSTFLAGS=--cap-lints=warn" "-e" "RUSTDOCFLAGS=--cap-lints=warn" "-w" "/opt/rustwide/workdir" "--user" "0:0" "1b7e8c9399864c37c1e54941027a9bf03e6dbcda6f89a898a24c10de505c9f0f" "/opt/rustwide/cargo-home/bin/cargo" "+1.99.0-beta.8" "test" "--frozen" "--release", kill_on_drop: false }`
[INFO] [stderr]     Finished `release` profile [optimized] target(s) in 0.28s
[INFO] [stderr]      Running unittests src/lib.rs (/opt/rustwide/target/release/deps/gha_clone_server-10eed0015dc2a608)
[INFO] [stdout] 
[INFO] [stdout] running 10 tests
[INFO] [stdout] test tests::classifies_browser_android_and_native_operating_system_lanes ... ok
[INFO] [stdout] test tests::review_order_is_deterministic_for_parallel_roots ... ok
[INFO] [stdout] test tests::setup_action_inputs_are_reported_as_fixed_profile_advisory_notes ... ok
[INFO] [stdout] test tests::verifies_github_hmac_sha256 ... ok
[INFO] [stdout] test tests::maps_static_rust_node_python_dag_to_fixed_profiles ... ok
[INFO] [stdout] test tests::workflow_and_working_directory_semantics_are_not_silently_ignored ... ok
[INFO] [stdout] test tests::workflow_limits_and_paths_fail_closed ... ok
[INFO] [stdout] test tests::branch_refs_can_be_planned_but_not_executed ... ok
[INFO] [stdout] test tests::rejects_cycles_and_unknown_dependencies ... ok
[INFO] [stdout] test tests::independent_lane_fails_closed_on_secrets_services_and_marketplace_actions ... ok
[INFO] [stdout] 
[INFO] [stdout] test result: ok. 10 passed; 0 failed; 0 ignored; 0 measured; 0 filtered out; finished in 0.01s
[INFO] [stdout] 
[INFO] [stderr]      Running unittests src/main.rs (/opt/rustwide/target/release/deps/gha_clone_server-40ccd0d5928cbbc6)
[INFO] [stdout] 
[INFO] [stdout] running 8 tests
[INFO] [stdout] test tests::extracts_only_supported_webhook_revisions ... ok
[INFO] [stdout] test tests::workflow_configuration_is_exact_and_reviewable ... ok
[INFO] [stdout] test tests::github_delivery_requires_a_uuid ... ok
[INFO] [stdout] test tests::workflow_run_fallback_is_completed_failure_only_and_exact_path ... ok
[INFO] [stdout] test tests::terminal_run_pruning_never_discards_active_runs ... ok
[INFO] [stdout] test tests::github_api_origin_requires_https_except_loopback_tests ... ok
[INFO] [stderr]      Running unittests src/bin/gha-executor-router.rs (/opt/rustwide/target/release/deps/gha_executor_router-93be1849e4605213)
[INFO] [stdout] test tests::delivery_retention_expires_old_entries_and_bounds_memory ... ok
[INFO] [stdout] test tests::digest_comparison_is_content_exact_without_length_shortcuts ... ok
[INFO] [stdout] 
[INFO] [stdout] test result: ok. 8 passed; 0 failed; 0 ignored; 0 measured; 0 filtered out; finished in 0.00s
[INFO] [stdout] 
[INFO] [stdout] 
[INFO] [stdout] running 12 tests
[INFO] [stdout] test executor_router_service::executor_router::tests::rejects_mutable_refs_and_secret_shaped_repo_urls ... ok
[INFO] [stdout] test executor_router_service::executor_router::tests::url_policy_allows_cluster_loopback_and_https_origins_only ... ok
[INFO] [stdout] test executor_router_service::executor_router::tests::disabled_entries_cannot_hide_dormant_endpoint_or_auth_state ... ok
[INFO] [stdout] test executor_router_service::executor_router::tests::validates_only_fixed_profile_immutable_build_requests ... ok
[INFO] [stdout] test executor_router_service::executor_router::tests::authentication_comparison_is_content_exact ... ok
[INFO] [stdout] test executor_router_service::executor_router::tests::build_ids_are_executor_namespaced_and_unambiguous ... ok
[INFO] [stdout] test executor_router_service::executor_router::tests::parses_ordered_enabled_and_disabled_executor_contracts ... ok
[INFO] [stdout] test executor_router_service::tests::bounded_errors_never_include_an_upstream_body ... ok
[INFO] [stdout] test executor_router_service::tests::malformed_boolean_and_zero_bounds_fail_configuration_helpers ... ok
[INFO] [stdout] test executor_router_service::executor_router::tests::rejects_duplicate_ids_urls_and_secret_paths ... ok
[INFO] [stdout] test executor_router_service::tests::provider_metrics_use_a_bounded_known_label_set ... ok
[INFO] [stderr]      Running tests/executor_router_assignment.rs (/opt/rustwide/target/release/deps/executor_router_assignment-1fc8a5955ac26edc)
[INFO] [stdout] test executor_router_service::executor_router::tests::materializes_only_direct_bounded_secret_files ... ok
[INFO] [stdout] 
[INFO] [stdout] test result: ok. 12 passed; 0 failed; 0 ignored; 0 measured; 0 filtered out; finished in 0.01s
[INFO] [stdout] 
[INFO] [stdout] 
[INFO] [stdout] running 7 tests
[INFO] [stdout] test duplicate_auth_authorities_fail_closed ... ok
[INFO] [stdout] test assignment_capacity_fails_closed_before_untracked_submission ... ok
[INFO] [stdout] test request_id_is_bound_to_immutable_request_content ... ok
[INFO] [stdout] test no_ready_executor_retains_no_assignment_and_later_retry_is_safe ... ok
[INFO] [stdout] test fixed_rejection_is_retained_without_cross_provider_retry ... ok
[INFO] [stdout] test ambiguous_assignment_is_retained_and_retry_never_switches_provider ... ok
[INFO] [stderr]      Running tests/executor_router_http.rs (/opt/rustwide/target/release/deps/executor_router_http-3d0b354d016505a5)
[INFO] [stdout] test sequential_and_concurrent_identical_requests_submit_once ... ok
[INFO] [stdout] 
[INFO] [stdout] test result: ok. 7 passed; 0 failed; 0 ignored; 0 measured; 0 filtered out; finished in 0.18s
[INFO] [stdout] 
[INFO] [stdout] 
[INFO] [stdout] running 7 tests
[INFO] [stdout] test ambiguous_submission_never_fails_over_or_leaks_upstream_body ... ok
[INFO] [stdout] test selects_first_ready_aws_executor_and_pins_status_to_it ... ok
[INFO] [stdout] test malformed_startup_configuration_exits_before_binding ... ok
[INFO] [stdout] test explicit_rejection_does_not_submit_to_the_second_provider ... ok
[INFO] [stdout] test readiness_failure_routes_to_hetzner_before_any_submission ... ok
[INFO] [stdout] test accepted_build_status_failure_remains_pinned_without_resubmission ... ok
[INFO] [stdout] test auth_execution_and_fixed_profile_boundaries_fail_closed ... ok
[INFO] [stdout] 
[INFO] [stdout] test result: ok. 7 passed; 0 failed; 0 ignored; 0 measured; 0 filtered out; finished in 0.07s
[INFO] [stdout] 
[INFO] [stderr]      Running tests/http_api.rs (/opt/rustwide/target/release/deps/http_api-13e42e5e575681b1)
[INFO] [stdout] 
[INFO] [stdout] running 7 tests
[INFO] [stdout] test readiness_fails_when_execution_is_enabled_without_build_prerequisites ... ok
[INFO] [stdout] test public_endpoints_describe_the_dormant_fail_closed_server ... ok
[INFO] [stdout] test run_creation_remains_disabled_before_planning_or_dispatch ... ok
[INFO] [stdout] test planning_enforces_auth_allowlists_and_structural_rejection ... ok
[INFO] [stdout] test live_execution_dispatches_fixed_profiles_in_topological_order ... ok
[INFO] [stdout] test webhook_guards_reject_bad_inputs_before_any_github_fetch ... ok
[INFO] [stdout] test asynchronous_execution_failures_are_persisted_and_observable ... ok
[INFO] [stdout] 
[INFO] [stdout] test result: ok. 7 passed; 0 failed; 0 ignored; 0 measured; 0 filtered out; finished in 0.19s
[INFO] [stdout] 
[INFO] [stderr]      Running tests/meta_self_test.rs (/opt/rustwide/target/release/deps/meta_self_test-5400e400fe3c01c4)
[INFO] [stdout] 
[INFO] [stdout] running 1 test
[INFO] [stdout] test running_server_submits_its_own_workflow_to_the_fixed_build_profile ... FAILED
[INFO] [stderr] error: test failed, to rerun pass `--test meta_self_test`
[INFO] [stdout] 
[INFO] [stdout] failures:
[INFO] [stdout] 
[INFO] [stdout] ---- running_server_submits_its_own_workflow_to_the_fixed_build_profile stdout ----
[INFO] [stdout] 
[INFO] [stdout] thread 'running_server_submits_its_own_workflow_to_the_fixed_build_profile' (2996) panicked at tests/meta_self_test.rs:171:33:
[INFO] [stdout] read /opt/rustwide/workdir/../../../.github/workflows/gha-clone-server-meta.yml: No such file or directory (os error 2)
[INFO] [stdout] stack backtrace:
[INFO] [stdout]    0:     0x5a2419417581 - <<std[70759c8f55707aa4]::sys::backtrace::BacktraceLock>::print::DisplayBacktrace as core[df12db4294e9bfd3]::fmt::Display>::fmt
[INFO] [stdout]    1:     0x5a241942e6ea - core[df12db4294e9bfd3]::fmt::write
[INFO] [stdout]    2:     0x5a241941c55c - <alloc[2182bb758b4b3781]::vec::Vec<u8> as core[df12db4294e9bfd3]::io::write::Write>::write_fmt
[INFO] [stdout]    3:     0x5a24193f18c6 - std[70759c8f55707aa4]::panicking::default_hook::{closure#0}
[INFO] [stdout]    4:     0x5a241940f009 - std[70759c8f55707aa4]::panicking::default_hook
[INFO] [stdout]    5:     0x5a2419335980 - test[9d35eded1c95d3be]::test_main_inner::<test[9d35eded1c95d3be]::test_main_static::{closure#0}>::{closure#0}
[INFO] [stdout]    6:     0x5a241940f332 - std[70759c8f55707aa4]::panicking::panic_with_hook
[INFO] [stdout]    7:     0x5a24193f1972 - std[70759c8f55707aa4]::panicking::panic_handler::{closure#0}
[INFO] [stdout]    8:     0x5a24193ea489 - std[70759c8f55707aa4]::sys::backtrace::__rust_end_short_backtrace::<std[70759c8f55707aa4]::panicking::panic_handler::{closure#0}, !>
[INFO] [stdout]    9:     0x5a24193f275d - __rustc[8fa7c3cbc660c2b3]::rust_begin_unwind
[INFO] [stdout]   10:     0x5a241942ee4c - core[df12db4294e9bfd3]::panicking::panic_fmt
[INFO] [stdout]   11:     0x5a2419163c89 - meta_self_test[50211991bcadefcc]::running_server_submits_its_own_workflow_to_the_fixed_build_profile::{closure#0}::{closure#2}
[INFO] [stdout]   12:     0x5a2419165955 - meta_self_test[50211991bcadefcc]::running_server_submits_its_own_workflow_to_the_fixed_build_profile::{closure#0}
[INFO] [stdout]   13:     0x5a241917eb01 - tokio[a69195eb288f03d5]::runtime::context::runtime::enter_runtime::<<tokio[a69195eb288f03d5]::runtime::scheduler::multi_thread::MultiThread>::block_on<core[df12db4294e9bfd3]::pin::Pin<&mut dyn core[df12db4294e9bfd3]::future::future::Future<Output = ()>>>::{closure#0}, ()>
[INFO] [stdout]   14:     0x5a241917416a - <tokio[a69195eb288f03d5]::runtime::runtime::Runtime>::block_on::<core[df12db4294e9bfd3]::pin::Pin<&mut dyn core[df12db4294e9bfd3]::future::future::Future<Output = ()>>>
[INFO] [stdout]   15:     0x5a2419168fb2 - <meta_self_test[50211991bcadefcc]::running_server_submits_its_own_workflow_to_the_fixed_build_profile::{closure#0} as core[df12db4294e9bfd3]::ops::function::FnOnce<()>>::call_once
[INFO] [stdout]   16:     0x5a2419328c6b - test[9d35eded1c95d3be]::__rust_begin_short_backtrace::<core[df12db4294e9bfd3]::result::Result<(), alloc[2182bb758b4b3781]::string::String>, fn() -> core[df12db4294e9bfd3]::result::Result<(), alloc[2182bb758b4b3781]::string::String>>
[INFO] [stdout]   17:     0x5a24193362d5 - test[9d35eded1c95d3be]::run_test::{closure#0}
[INFO] [stdout]   18:     0x5a241932fb94 - std[70759c8f55707aa4]::sys::backtrace::__rust_begin_short_backtrace::<test[9d35eded1c95d3be]::run_test::{closure#1}, ()>
[INFO] [stdout]   19:     0x5a2419339432 - <std[70759c8f55707aa4]::thread::lifecycle::spawn_unchecked<test[9d35eded1c95d3be]::run_test::{closure#1}, ()>::{closure#1} as core[df12db4294e9bfd3]::ops::function::FnOnce<()>>::call_once::{shim:vtable#0}
[INFO] [stdout]   20:     0x5a24194164e9 - <std[70759c8f55707aa4]::sys::thread::unix::Thread>::new::thread_start
[INFO] [stdout]   21:     0x73b03effedfa - <unknown>
[INFO] [stdout]   22:     0x73b03f0923d4 - clone
[INFO] [stdout]   23:                0x0 - <unknown>
[INFO] [stdout] 
[INFO] [stdout] 
[INFO] [stdout] failures:
[INFO] [stdout]     running_server_submits_its_own_workflow_to_the_fixed_build_profile
[INFO] [stdout] 
[INFO] [stdout] test result: FAILED. 0 passed; 1 failed; 0 ignored; 0 measured; 0 filtered out; finished in 0.13s
[INFO] [stdout] 
[INFO] running `Command { std: "docker" "inspect" "1b7e8c9399864c37c1e54941027a9bf03e6dbcda6f89a898a24c10de505c9f0f", kill_on_drop: false }`
[INFO] running `Command { std: "docker" "rm" "-f" "1b7e8c9399864c37c1e54941027a9bf03e6dbcda6f89a898a24c10de505c9f0f", kill_on_drop: false }`
[INFO] [stdout] 1b7e8c9399864c37c1e54941027a9bf03e6dbcda6f89a898a24c10de505c9f0f
