[INFO] cloning repository https://github.com/getkono/vibe-check
[INFO] running `Command { std: "git" "-c" "credential.helper=" "-c" "credential.helper=/workspace/cargo-home/bin/git-credential-null" "clone" "--bare" "https://github.com/getkono/vibe-check" "/workspace/cache/git-repos/https%3A%2F%2Fgithub.com%2Fgetkono%2Fvibe-check", kill_on_drop: false }`
[INFO] [stderr] Cloning into bare repository '/workspace/cache/git-repos/https%3A%2F%2Fgithub.com%2Fgetkono%2Fvibe-check'...
[INFO] running `Command { std: "git" "rev-parse" "HEAD", kill_on_drop: false }`
[INFO] [stdout] 855ad4aaa0fa912f68db6ccc3a37bbcccf84d4fe
[INFO] testing getkono/vibe-check against 1.100.0-beta.1+cargoflags=--release for beta-release-1.100-2
[INFO] running `Command { std: "git" "clone" "/workspace/cache/git-repos/https%3A%2F%2Fgithub.com%2Fgetkono%2Fvibe-check" "/workspace/builds/worker-7-tc2/source", kill_on_drop: false }`
[INFO] [stderr] Cloning into '/workspace/builds/worker-7-tc2/source'...
[INFO] [stderr] done.
[INFO] removed /workspace/builds/worker-7-tc2/source/rust-toolchain.toml
[INFO] started tweaking git repo https://github.com/getkono/vibe-check
[INFO] finished tweaking git repo https://github.com/getkono/vibe-check
[INFO] tweaked toml for git repo https://github.com/getkono/vibe-check written to /workspace/builds/worker-7-tc2/source/Cargo.toml
[INFO] validating manifest of git repo https://github.com/getkono/vibe-check on toolchain 1.100.0-beta.1
[INFO] running `Command { std: CARGO_HOME="/workspace/cargo-home" RUSTUP_HOME="/workspace/rustup-home" "/workspace/cargo-home/bin/cargo" "+1.100.0-beta.1" "metadata" "--manifest-path" "Cargo.toml" "--no-deps", kill_on_drop: false }`
[INFO] crate git repo https://github.com/getkono/vibe-check already has a lockfile, it will not be regenerated
[INFO] running `Command { std: CARGO_HOME="/workspace/cargo-home" RUSTUP_HOME="/workspace/rustup-home" "/workspace/cargo-home/bin/cargo" "+1.100.0-beta.1" "fetch" "--manifest-path" "Cargo.toml", kill_on_drop: false }`
[INFO] [stderr] warning: unused workspace dependency `insta`
[INFO] [stderr]   --> Cargo.toml:25:25
[INFO] [stderr]    |
[INFO] [stderr] 25 | [workspace.dependencies.insta]
[INFO] [stderr]    |                         ^^^^^
[INFO] [stderr]    |
[INFO] [stderr]    = note: `cargo::unused_workspace_dependencies` is set to `warn` by default
[INFO] [stderr] help: consider removing the workspace dependency `insta`
[INFO] [stderr] warning: unused workspace dependency `schemars`
[INFO] [stderr]   --> Cargo.toml:11:1
[INFO] [stderr]    |
[INFO] [stderr] 11 | schemars = "1.2.2"
[INFO] [stderr]    | ^^^^^^^^
[INFO] [stderr]    |
[INFO] [stderr] help: consider removing the workspace dependency `schemars`
[INFO] [stderr] warning: unused field `homepage` in `workspace.package`
[INFO] [stderr]   --> Cargo.toml:86:1
[INFO] [stderr]    |
[INFO] [stderr] 86 | homepage = "https://github.com/getkono/vibe-check"
[INFO] [stderr]    | ^^^^^^^^
[INFO] [stderr]    |
[INFO] [stderr]    = note: `cargo::unused_workspace_package_fields` is set to `warn` by default
[INFO] [stderr] help: consider removing the field `workspace.package.homepage`
[INFO] [stderr] warning: workspace (manifest) generated 3 warnings
[INFO] running `Command { std: "docker" "create" "-v" "/var/lib/crater-agent-workspace/builds/worker-7-tc2/source:/opt/rustwide/workdir:ro,Z" "-v" "/var/lib/crater-agent-workspace/builds/worker-7-tc2/target:/opt/rustwide/target:rw,Z" "-v" "/var/lib/crater-agent-workspace/cargo-home:/opt/rustwide/cargo-home:ro,Z" "-v" "/var/lib/crater-agent-workspace/rustup-home:/opt/rustwide/rustup-home:ro,Z" "-m" "1610612736" "--network" "none" "ghcr.io/rust-lang/crates-build-env/linux@sha256:77db811e55d90add9212f6832c23229e3de5f1c1f9905e8cb07319ea15df73ac" "sleep" "infinity", kill_on_drop: false }`
[INFO] [stdout] 28bde912886244baf6de80d5d7730f7fcc880cc92f82271cebcb4d9450faf1a2
[INFO] running `Command { std: "docker" "start" "28bde912886244baf6de80d5d7730f7fcc880cc92f82271cebcb4d9450faf1a2", kill_on_drop: false }`
[INFO] running `Command { std: "docker" "inspect" "28bde912886244baf6de80d5d7730f7fcc880cc92f82271cebcb4d9450faf1a2", kill_on_drop: false }`
[INFO] running `Command { std: "docker" "exec" "-e" "SOURCE_DIR=/opt/rustwide/workdir" "-e" "CARGO_HOME=/opt/rustwide/cargo-home" "-e" "RUSTUP_HOME=/opt/rustwide/rustup-home" "-e" "CARGO_TARGET_DIR=/opt/rustwide/target" "-w" "/opt/rustwide/workdir" "--user" "0:0" "28bde912886244baf6de80d5d7730f7fcc880cc92f82271cebcb4d9450faf1a2" "/opt/rustwide/cargo-home/bin/cargo" "+1.100.0-beta.1" "metadata" "--no-deps" "--format-version=1", kill_on_drop: false }`
[INFO] running `Command { std: "docker" "inspect" "28bde912886244baf6de80d5d7730f7fcc880cc92f82271cebcb4d9450faf1a2", kill_on_drop: false }`
[INFO] running `Command { std: "docker" "exec" "-e" "SOURCE_DIR=/opt/rustwide/workdir" "-e" "CARGO_HOME=/opt/rustwide/cargo-home" "-e" "RUSTUP_HOME=/opt/rustwide/rustup-home" "-e" "CARGO_TARGET_DIR=/opt/rustwide/target" "-e" "CARGO_INCREMENTAL=0" "-e" "RUST_BACKTRACE=full" "-e" "RUSTFLAGS=--cap-lints=warn" "-e" "RUSTDOCFLAGS=--cap-lints=warn" "-w" "/opt/rustwide/workdir" "--user" "0:0" "28bde912886244baf6de80d5d7730f7fcc880cc92f82271cebcb4d9450faf1a2" "/opt/rustwide/cargo-home/bin/cargo" "+1.100.0-beta.1" "build" "--frozen" "--message-format=json" "--release", kill_on_drop: false }`
[INFO] [stderr] warning: unused workspace dependency `insta`
[INFO] [stderr]   --> Cargo.toml:25:25
[INFO] [stderr]    |
[INFO] [stderr] 25 | [workspace.dependencies.insta]
[INFO] [stderr]    |                         ^^^^^
[INFO] [stderr]    |
[INFO] [stderr]    = note: `cargo::unused_workspace_dependencies` is set to `warn` by default
[INFO] [stderr] help: consider removing the workspace dependency `insta`
[INFO] [stderr] warning: unused workspace dependency `schemars`
[INFO] [stderr]   --> Cargo.toml:11:1
[INFO] [stderr]    |
[INFO] [stderr] 11 | schemars = "1.2.2"
[INFO] [stderr]    | ^^^^^^^^
[INFO] [stderr]    |
[INFO] [stderr] help: consider removing the workspace dependency `schemars`
[INFO] [stderr] warning: unused field `homepage` in `workspace.package`
[INFO] [stderr]   --> Cargo.toml:86:1
[INFO] [stderr]    |
[INFO] [stderr] 86 | homepage = "https://github.com/getkono/vibe-check"
[INFO] [stderr]    | ^^^^^^^^
[INFO] [stderr]    |
[INFO] [stderr]    = note: `cargo::unused_workspace_package_fields` is set to `warn` by default
[INFO] [stderr] help: consider removing the field `workspace.package.homepage`
[INFO] [stderr] warning: workspace (manifest) generated 3 warnings
[INFO] [stderr]    Compiling proc-macro2 v1.0.107
[INFO] [stderr]    Compiling quote v1.0.47
[INFO] [stderr]    Compiling memchr v2.8.3
[INFO] [stderr]    Compiling libc v0.2.189
[INFO] [stderr]    Compiling regex-syntax v0.8.11
[INFO] [stderr]    Compiling thiserror v2.0.20
[INFO] [stderr]    Compiling smallvec v1.15.2
[INFO] [stderr]    Compiling getrandom v0.4.3
[INFO] [stderr]    Compiling gix-trace v0.1.21
[INFO] [stderr]    Compiling fastrand v2.5.0
[INFO] [stderr]    Compiling crossbeam-utils v0.8.22
[INFO] [stderr]    Compiling tinyvec v1.12.0
[INFO] [stderr]    Compiling zlib-rs v0.6.7
[INFO] [stderr]    Compiling serde_core v1.0.229
[INFO] [stderr]    Compiling bitflags v2.13.1
[INFO] [stderr]    Compiling typenum v1.20.1
[INFO] [stderr]    Compiling heapless v0.8.0
[INFO] [stderr]    Compiling hash32 v0.3.1
[INFO] [stderr]    Compiling jiff-core v0.1.0
[INFO] [stderr]    Compiling hashbrown v0.17.1
[INFO] [stderr]    Compiling rustix v1.1.4
[INFO] [stderr]    Compiling hashbrown v0.14.5
[INFO] [stderr]    Compiling nonempty v0.12.0
[INFO] [stderr]    Compiling unicode-bom v2.0.3
[INFO] [stderr]    Compiling kstring v2.0.2
[INFO] [stderr]    Compiling arrayvec v0.7.8
[INFO] [stderr]    Compiling unicode-normalization v0.1.25
[INFO] [stderr]    Compiling shell-words v1.1.1
[INFO] [stderr]    Compiling crossbeam-channel v0.5.16
[INFO] [stderr]    Compiling syn v3.0.3
[INFO] [stderr]    Compiling generic-array v0.14.7
[INFO] [stderr]    Compiling faster-hex v0.10.0
[INFO] [stderr]    Compiling syn v2.0.119
[INFO] [stderr]    Compiling find-msvc-tools v0.1.11
[INFO] [stderr]    Compiling shlex v2.0.1
[INFO] [stderr]    Compiling cc v1.4.3
[INFO] [stderr]    Compiling zmij v1.0.23
[INFO] [stderr]    Compiling rustversion v1.0.23
[INFO] [stderr]    Compiling parking_lot_core v0.9.12
[INFO] [stderr]    Compiling memmap2 v0.9.11
[INFO] [stderr]    Compiling gix-sec v0.14.2
[INFO] [stderr]    Compiling filetime v0.2.29
[INFO] [stderr]    Compiling hashbrown v0.16.1
[INFO] [stderr]    Compiling block-buffer v0.10.4
[INFO] [stderr]    Compiling parking_lot v0.12.5
[INFO] [stderr]    Compiling crypto-common v0.1.7
[INFO] [stderr]    Compiling dashmap v6.2.1
[INFO] [stderr]    Compiling digest v0.10.7
[INFO] [stderr]    Compiling tracing-core v0.1.36
[INFO] [stderr]    Compiling serde_json v1.0.151
[INFO] [stderr]    Compiling pin-project-lite v0.2.17
[INFO] [stderr]    Compiling prodash v31.0.0
[INFO] [stderr]    Compiling sha1 v0.10.7
[INFO] [stderr]    Compiling camino v1.2.5
[INFO] [stderr]    Compiling serde v1.0.229
[INFO] [stderr]    Compiling sha1-checked v0.10.0
[INFO] [stderr]    Compiling regex-automata v0.4.18
[INFO] [stderr]    Compiling uluru v3.1.0
[INFO] [stderr]    Compiling cpufeatures v0.3.0
[INFO] [stderr]    Compiling log v0.4.33
[INFO] [stderr]    Compiling clru v0.6.3
[INFO] [stderr]    Compiling constant_time_eq v0.4.2
[INFO] [stderr]    Compiling arrayref v0.3.9
[INFO] [stderr]    Compiling tracing-log v0.2.0
[INFO] [stderr]    Compiling sharded-slab v0.1.7
[INFO] [stderr]    Compiling arc-swap v1.9.2
[INFO] [stderr]    Compiling thread_local v1.1.10
[INFO] [stderr]    Compiling tempfile v3.27.0
[INFO] [stderr]    Compiling nu-ansi-term v0.50.3
[INFO] [stderr]    Compiling object v0.37.3
[INFO] [stderr]    Compiling owo-colors v4.3.0
[INFO] [stderr]    Compiling blake3 v1.8.6
[INFO] [stderr]    Compiling hashbrown v0.15.5
[INFO] [stderr]    Compiling gimli v0.32.3
[INFO] [stderr]    Compiling color-spantrace v0.3.0
[INFO] [stderr]    Compiling eyre v0.6.12
[INFO] [stderr]    Compiling miniz_oxide v0.8.9
[INFO] [stderr]    Compiling jiff v0.2.35
[INFO] [stderr]    Compiling smol_str v0.3.6
[INFO] [stderr]    Compiling errno v0.3.14
[INFO] [stderr]    Compiling rustc-demangle v0.1.28
[INFO] [stderr]    Compiling indenter v0.3.4
[INFO] [stderr]    Compiling imara-diff v0.2.0
[INFO] [stderr]    Compiling signal-hook-registry v1.4.8
[INFO] [stderr]    Compiling clap_builder v4.6.6
[INFO] [stderr]    Compiling mio v1.2.2
[INFO] [stderr]    Compiling bytes v1.12.1
[INFO] [stderr]    Compiling bstr v1.13.1
[INFO] [stderr]    Compiling matchers v0.2.0
[INFO] [stderr]    Compiling thiserror-impl v2.0.20
[INFO] [stderr]    Compiling serde_derive v1.0.229
[INFO] [stderr]    Compiling tracing-attributes v0.1.31
[INFO] [stderr]    Compiling maybe-async v0.2.11
[INFO] [stderr]    Compiling async-trait v0.1.92
[INFO] [stderr]    Compiling clap_derive v4.6.4
[INFO] [stderr]    Compiling tokio-macros v2.7.2
[INFO] [stderr]    Compiling gix-validate v0.11.3
[INFO] [stderr]    Compiling gix-utils v0.3.5
[INFO] [stderr]    Compiling gix-error v0.2.5
[INFO] [stderr]    Compiling gix-imara-diff v0.2.4
[INFO] [stderr]    Compiling gix-path v0.12.4
[INFO] [stderr]    Compiling gix-chunk v0.7.3
[INFO] [stderr]    Compiling gix-quote v0.7.2
[INFO] [stderr]    Compiling gix-packetline v0.21.5
[INFO] [stderr]    Compiling gix-bitmap v0.3.3
[INFO] [stderr]    Compiling karet-core v0.6.0
[INFO] [stderr]    Compiling gix-features v0.48.1
[INFO] [stderr]    Compiling gix-config-value v0.18.1
[INFO] [stderr]    Compiling gix-command v0.9.2
[INFO] [stderr]    Compiling gix-url v0.36.2
[INFO] [stderr]    Compiling tracing v0.1.44
[INFO] [stderr]    Compiling addr2line v0.25.1
[INFO] [stderr]    Compiling gix-hash v0.25.1
[INFO] [stderr]    Compiling gix-fs v0.21.2
[INFO] [stderr]    Compiling gix-glob v0.26.1
[INFO] [stderr]    Compiling tracing-subscriber v0.3.23
[INFO] [stderr]    Compiling gix-hashtable v0.15.2
[INFO] [stderr]    Compiling gix-tempfile v23.0.2
[INFO] [stderr]    Compiling gix-commitgraph v0.37.1
[INFO] [stderr]    Compiling gix-attributes v0.33.2
[INFO] [stderr]    Compiling gix-lock v23.0.1
[INFO] [stderr]    Compiling gix-date v0.15.6
[INFO] [stderr]    Compiling gix-ignore v0.21.1
[INFO] [stderr]    Compiling gix-shallow v0.12.1
[INFO] [stderr]    Compiling gix-transport v0.57.2
[INFO] [stderr]    Compiling clap v4.6.6
[INFO] [stderr]    Compiling tokio v1.53.1
[INFO] [stderr]    Compiling gix-actor v0.41.2
[INFO] [stderr]    Compiling gix-pathspec v0.18.1
[INFO] [stderr]    Compiling backtrace v0.3.76
[INFO] [stderr]    Compiling gix-object v0.62.0
[INFO] [stderr]    Compiling tracing-error v0.2.1
[INFO] [stderr]    Compiling color-eyre v0.6.5
[INFO] [stderr]    Compiling gix-revwalk v0.33.0
[INFO] [stderr]    Compiling gix-ref v0.65.0
[INFO] [stderr]    Compiling gix-filter v0.32.0
[INFO] [stderr]    Compiling gix-pack v0.72.0
[INFO] [stderr]    Compiling gix-traverse v0.59.0
[INFO] [stderr]    Compiling gix-revision v0.47.0
[INFO] [stderr]    Compiling vibe-check-model v0.1.0 (/opt/rustwide/workdir/crates/vibe-check-model)
[INFO] [stderr]    Compiling gix-index v0.53.0
[INFO] [stderr]    Compiling gix-discover v0.53.0
[INFO] [stderr]    Compiling gix-refspec v0.43.0
[INFO] [stderr]    Compiling gix-config v0.58.0
[INFO] [stderr]    Compiling gix-odb v0.82.0
[INFO] [stderr]    Compiling gix-worktree v0.54.0
[INFO] [stderr]    Compiling gix-diff v0.65.0
[INFO] [stderr]    Compiling gix-dir v0.27.0
[INFO] [stderr]    Compiling gix-submodule v0.32.0
[INFO] [stderr]    Compiling gix-protocol v0.63.0
[INFO] [stderr]    Compiling vibe-check-host v0.1.0 (/opt/rustwide/workdir/crates/vibe-check-host)
[INFO] [stderr]    Compiling vibe-check-testkit v0.1.0 (/opt/rustwide/workdir/crates/vibe-check-testkit)
[INFO] [stderr]    Compiling gix-status v0.32.0
[INFO] [stderr]    Compiling gix v0.85.0
[INFO] [stderr]    Compiling karet-vcs v0.6.0
[INFO] [stderr]    Compiling vibe-check-diff v0.1.0 (/opt/rustwide/workdir/crates/vibe-check-diff)
[INFO] [stderr]    Compiling vibe-check-cli v0.1.0 (/opt/rustwide/workdir/crates/vibe-check-cli)
[INFO] [stderr] warning: unused dependency `vibe-check-diff`
[INFO] [stderr]   --> crates/vibe-check-cli/Cargo.toml:61:1
[INFO] [stderr]    |
[INFO] [stderr] 61 | vibe-check-diff  = { workspace = true }
[INFO] [stderr]    | ^^^^^^^^^^^^^^^^^^^^^^^^^^^^^^^^^^^^^^^
[INFO] [stderr]    |
[INFO] [stderr]    = note: `cargo::unused_dependencies` is set to `warn` by default
[INFO] [stderr] help: consider removing the dependency on `vibe-check-diff`
[INFO] [stderr] warning: `vibe-check-cli` (manifest) generated 1 warning
[INFO] [stderr]     Finished `release` profile [optimized] target(s) in 2m 33s
[INFO] running `Command { std: "docker" "inspect" "28bde912886244baf6de80d5d7730f7fcc880cc92f82271cebcb4d9450faf1a2", kill_on_drop: false }`
[INFO] running `Command { std: "docker" "exec" "-e" "SOURCE_DIR=/opt/rustwide/workdir" "-e" "CARGO_HOME=/opt/rustwide/cargo-home" "-e" "RUSTUP_HOME=/opt/rustwide/rustup-home" "-e" "CARGO_TARGET_DIR=/opt/rustwide/target" "-e" "CARGO_INCREMENTAL=0" "-e" "RUST_BACKTRACE=full" "-e" "RUSTFLAGS=--cap-lints=warn" "-e" "RUSTDOCFLAGS=--cap-lints=warn" "-w" "/opt/rustwide/workdir" "--user" "0:0" "28bde912886244baf6de80d5d7730f7fcc880cc92f82271cebcb4d9450faf1a2" "/opt/rustwide/cargo-home/bin/cargo" "+1.100.0-beta.1" "test" "--frozen" "--no-run" "--message-format=json" "--release", kill_on_drop: false }`
[INFO] [stderr] warning: unused workspace dependency `insta`
[INFO] [stderr]   --> Cargo.toml:25:25
[INFO] [stderr]    |
[INFO] [stderr] 25 | [workspace.dependencies.insta]
[INFO] [stderr]    |                         ^^^^^
[INFO] [stderr]    |
[INFO] [stderr]    = note: `cargo::unused_workspace_dependencies` is set to `warn` by default
[INFO] [stderr] help: consider removing the workspace dependency `insta`
[INFO] [stderr] warning: unused workspace dependency `schemars`
[INFO] [stderr]   --> Cargo.toml:11:1
[INFO] [stderr]    |
[INFO] [stderr] 11 | schemars = "1.2.2"
[INFO] [stderr]    | ^^^^^^^^
[INFO] [stderr]    |
[INFO] [stderr] help: consider removing the workspace dependency `schemars`
[INFO] [stderr] warning: unused field `homepage` in `workspace.package`
[INFO] [stderr]   --> Cargo.toml:86:1
[INFO] [stderr]    |
[INFO] [stderr] 86 | homepage = "https://github.com/getkono/vibe-check"
[INFO] [stderr]    | ^^^^^^^^
[INFO] [stderr]    |
[INFO] [stderr]    = note: `cargo::unused_workspace_package_fields` is set to `warn` by default
[INFO] [stderr] help: consider removing the field `workspace.package.homepage`
[INFO] [stderr] warning: workspace (manifest) generated 3 warnings
[INFO] [stderr]    Compiling regex-syntax v0.8.11
[INFO] [stderr]    Compiling getrandom v0.3.4
[INFO] [stderr]    Compiling zerocopy v0.8.56
[INFO] [stderr]    Compiling proc-macro2 v1.0.107
[INFO] [stderr]    Compiling wait-timeout v0.2.1
[INFO] [stderr]    Compiling num-traits v0.2.19
[INFO] [stderr]    Compiling bit-vec v0.8.0
[INFO] [stderr]    Compiling unicode-ident v1.0.24
[INFO] [stderr]    Compiling unarray v0.1.4
[INFO] [stderr]    Compiling vibe-check-testkit v0.1.0 (/opt/rustwide/workdir/crates/vibe-check-testkit)
[INFO] [stderr]    Compiling vibe-check-host v0.1.0 (/opt/rustwide/workdir/crates/vibe-check-host)
[INFO] [stderr]    Compiling rusty-fork v0.3.1
[INFO] [stderr]    Compiling bit-set v0.8.0
[INFO] [stderr]    Compiling rand_core v0.9.5
[INFO] [stderr]    Compiling rand v0.9.5
[INFO] [stderr]    Compiling rand_xorshift v0.4.0
[INFO] [stderr]    Compiling syn v2.0.119
[INFO] [stderr]    Compiling regex-automata v0.4.18
[INFO] [stderr]    Compiling bstr v1.13.1
[INFO] [stderr]    Compiling ppv-lite86 v0.2.21
[INFO] [stderr]    Compiling matchers v0.2.0
[INFO] [stderr]    Compiling tracing-subscriber v0.3.23
[INFO] [stderr]    Compiling rand_chacha v0.9.0
[INFO] [stderr]    Compiling proptest v1.11.0
[INFO] [stderr]    Compiling gix-validate v0.11.3
[INFO] [stderr]    Compiling gix-utils v0.3.5
[INFO] [stderr]    Compiling gix-error v0.2.5
[INFO] [stderr]    Compiling gix-packetline v0.21.5
[INFO] [stderr]    Compiling gix-imara-diff v0.2.4
[INFO] [stderr]    Compiling gix-date v0.15.6
[INFO] [stderr]    Compiling gix-chunk v0.7.3
[INFO] [stderr]    Compiling gix-bitmap v0.3.3
[INFO] [stderr]    Compiling gix-path v0.12.4
[INFO] [stderr]    Compiling gix-quote v0.7.2
[INFO] [stderr]    Compiling gix-features v0.48.1
[INFO] [stderr]    Compiling gix-actor v0.41.2
[INFO] [stderr]    Compiling gix-config-value v0.18.1
[INFO] [stderr]    Compiling gix-command v0.9.2
[INFO] [stderr]    Compiling gix-url v0.36.2
[INFO] [stderr]    Compiling gix-hash v0.25.1
[INFO] [stderr]    Compiling gix-fs v0.21.2
[INFO] [stderr]    Compiling gix-glob v0.26.1
[INFO] [stderr]    Compiling gix-transport v0.57.2
[INFO] [stderr]    Compiling gix-hashtable v0.15.2
[INFO] [stderr]    Compiling gix-object v0.62.0
[INFO] [stderr]    Compiling gix-tempfile v23.0.2
[INFO] [stderr]    Compiling gix-commitgraph v0.37.1
[INFO] [stderr]    Compiling gix-attributes v0.33.2
[INFO] [stderr]    Compiling gix-ignore v0.21.1
[INFO] [stderr]    Compiling gix-lock v23.0.1
[INFO] [stderr]    Compiling gix-pathspec v0.18.1
[INFO] [stderr]    Compiling gix-shallow v0.12.1
[INFO] [stderr]    Compiling tracing-error v0.2.1
[INFO] [stderr]    Compiling color-spantrace v0.3.0
[INFO] [stderr]    Compiling color-eyre v0.6.5
[INFO] [stderr]    Compiling gix-revwalk v0.33.0
[INFO] [stderr]    Compiling gix-ref v0.65.0
[INFO] [stderr]    Compiling gix-filter v0.32.0
[INFO] [stderr]    Compiling gix-pack v0.72.0
[INFO] [stderr]    Compiling gix-traverse v0.59.0
[INFO] [stderr]    Compiling gix-revision v0.47.0
[INFO] [stderr]    Compiling gix-index v0.53.0
[INFO] [stderr]    Compiling gix-refspec v0.43.0
[INFO] [stderr]    Compiling gix-odb v0.82.0
[INFO] [stderr]    Compiling gix-discover v0.53.0
[INFO] [stderr]    Compiling gix-config v0.58.0
[INFO] [stderr]    Compiling gix-protocol v0.63.0
[INFO] [stderr]    Compiling gix-worktree v0.54.0
[INFO] [stderr]    Compiling gix-dir v0.27.0
[INFO] [stderr]    Compiling gix-diff v0.65.0
[INFO] [stderr]    Compiling gix-submodule v0.32.0
[INFO] [stderr]    Compiling gix-status v0.32.0
[INFO] [stderr]    Compiling gix v0.85.0
[INFO] [stderr]    Compiling vibe-check-model v0.1.0 (/opt/rustwide/workdir/crates/vibe-check-model)
[INFO] [stderr]    Compiling karet-vcs v0.6.0
[INFO] [stderr]    Compiling vibe-check-diff v0.1.0 (/opt/rustwide/workdir/crates/vibe-check-diff)
[INFO] [stderr]    Compiling vibe-check-cli v0.1.0 (/opt/rustwide/workdir/crates/vibe-check-cli)
[INFO] [stderr]     Finished `release` profile [optimized] target(s) in 2m 43s
[INFO] running `Command { std: "docker" "inspect" "28bde912886244baf6de80d5d7730f7fcc880cc92f82271cebcb4d9450faf1a2", kill_on_drop: false }`
[INFO] running `Command { std: "docker" "exec" "-e" "SOURCE_DIR=/opt/rustwide/workdir" "-e" "CARGO_HOME=/opt/rustwide/cargo-home" "-e" "RUSTUP_HOME=/opt/rustwide/rustup-home" "-e" "CARGO_TARGET_DIR=/opt/rustwide/target" "-e" "CARGO_INCREMENTAL=0" "-e" "RUST_BACKTRACE=full" "-e" "RUSTFLAGS=--cap-lints=warn" "-e" "RUSTDOCFLAGS=--cap-lints=warn" "-w" "/opt/rustwide/workdir" "--user" "0:0" "28bde912886244baf6de80d5d7730f7fcc880cc92f82271cebcb4d9450faf1a2" "/opt/rustwide/cargo-home/bin/cargo" "+1.100.0-beta.1" "test" "--frozen" "--release", kill_on_drop: false }`
[INFO] [stderr] warning: unused workspace dependency `insta`
[INFO] [stderr]   --> Cargo.toml:25:25
[INFO] [stderr]    |
[INFO] [stderr] 25 | [workspace.dependencies.insta]
[INFO] [stderr]    |                         ^^^^^
[INFO] [stderr]    |
[INFO] [stderr]    = note: `cargo::unused_workspace_dependencies` is set to `warn` by default
[INFO] [stderr] help: consider removing the workspace dependency `insta`
[INFO] [stderr] warning: unused workspace dependency `schemars`
[INFO] [stderr]   --> Cargo.toml:11:1
[INFO] [stderr]    |
[INFO] [stderr] 11 | schemars = "1.2.2"
[INFO] [stderr]    | ^^^^^^^^
[INFO] [stderr]    |
[INFO] [stderr] help: consider removing the workspace dependency `schemars`
[INFO] [stderr] warning: unused field `homepage` in `workspace.package`
[INFO] [stderr]   --> Cargo.toml:86:1
[INFO] [stderr]    |
[INFO] [stderr] 86 | homepage = "https://github.com/getkono/vibe-check"
[INFO] [stderr]    | ^^^^^^^^
[INFO] [stderr]    |
[INFO] [stderr]    = note: `cargo::unused_workspace_package_fields` is set to `warn` by default
[INFO] [stderr] help: consider removing the field `workspace.package.homepage`
[INFO] [stderr] warning: workspace (manifest) generated 3 warnings
[INFO] [stderr]     Finished `release` profile [optimized] target(s) in 0.40s
[INFO] [stderr]      Running unittests src/lib.rs (/opt/rustwide/target/release/build/vibe-check-cli/085f5fe2e6bd5696/out/vibe_check-085f5fe2e6bd5696)
[INFO] [stdout] 
[INFO] [stdout] running 34 tests
[INFO] [stdout] test cli::tests::command_names_are_stable ... ok
[INFO] [stdout] test assembly::tests::the_digest_does_not_confuse_kinds ... ok
[INFO] [stdout] test assembly::tests::the_digest_ignores_registration_order ... ok
[INFO] [stdout] test cli::tests::a_malformed_leaf_identifier_is_rejected_at_the_boundary ... ok
[INFO] [stdout] test assembly::tests::the_digest_is_stable_across_calls ... ok
[INFO] [stdout] test assembly::tests::the_digest_changes_when_a_registration_changes ... ok
[INFO] [stdout] test panic::tests::the_panic_bundle_claims_nothing_it_did_not_resolve ... ok
[INFO] [stdout] test panic::tests::a_panic_after_an_await_is_caught_rather_than_unwound ... ok
[INFO] [stdout] test assembly::tests::nothing_is_registered_yet ... ok
[INFO] [stdout] test cli::tests::defaults_match_the_documented_behaviour ... ok
[INFO] [stdout] test cli::tests::global_options_are_accepted_after_the_subcommand ... ok
[INFO] [stdout] test panic::tests::a_future_that_does_not_panic_yields_its_value ... ok
[INFO] [stdout] test cli::tests::scheduler_can_be_forced_local ... ok
[INFO] [stdout] test cli::tests::escape_requires_a_category ... ok
[INFO] [stdout] test panic::tests::the_hatch_stays_shut_unless_it_is_asked_for ... ok
[INFO] [stdout] test cli::tests::run_requires_a_leaf_identifier ... ok
[INFO] [stdout] test exit::tests::failure_is_distinguishable_from_every_verdict ... ok
[INFO] [stdout] test exit::tests::no_verdict_collides_with_the_codes_this_table_does_not_own ... ok
[INFO] [stdout] test exit::tests::the_documented_mapping_holds ... ok
[INFO] [stdout] test cli::tests::the_command_definition_is_valid ... ok
[INFO] [stdout] test panic::tests::the_digest_fields_are_not_identity_fields ... ok
[INFO] [stdout] test panic::tests::the_panic_bundle_is_a_human_verdict ... ok
[INFO] [stdout] test panic::tests::the_panic_bundle_is_serializable ... ok
[INFO] [stdout] test scheduler::tests::concurrency_is_never_zero ... ok
[INFO] [stdout] test scheduler::tests::a_failing_tool_does_not_abandon_the_others ... ok
[INFO] [stdout] test scheduler::tests::every_dispatched_leaf_is_accounted_for_exactly_once ... ok
[INFO] [stdout] test scheduler::tests::respects_the_concurrency_limit ... ok
[INFO] [stdout] test scheduler::tests::results_are_ordered_independently_of_completion ... ok
[INFO] [stdout] test scheduler::tests::runs_every_leaf ... ok
[INFO] [stdout] test tests::pull_request_target_is_refused_by_name ... ok
[INFO] [stderr]      Running unittests src/bin/cargo-vibe-check.rs (/opt/rustwide/target/release/build/vibe-check-cli/de825738073be1a3/out/cargo_vibe_check-de825738073be1a3)
[INFO] [stdout] test tests::every_other_trigger_is_allowed ... ok
[INFO] [stdout] test tests::the_error_explains_itself ... ok
[INFO] [stdout] test scheduler::tests::a_panicking_leaf_is_named_rather_than_dropped ... ok
[INFO] [stdout] test tests::unimplemented_commands_fail_rather_than_reporting_success ... ok
[INFO] [stdout] 
[INFO] [stdout] test result: ok. 34 passed; 0 failed; 0 ignored; 0 measured; 0 filtered out; finished in 0.01s
[INFO] [stdout] 
[INFO] [stdout] 
[INFO] [stdout] running 5 tests
[INFO] [stdout] test tests::removes_the_subcommand_cargo_inserts ... ok
[INFO] [stdout] test tests::a_non_utf8_argument_passes_through_instead_of_panicking ... ok
[INFO] [stdout] test tests::does_not_eat_a_real_argument_that_happens_to_match ... ok
[INFO] [stdout] test tests::handles_no_arguments ... ok
[INFO] [stdout] test tests::leaves_a_direct_invocation_alone ... ok
[INFO] [stdout] 
[INFO] [stdout] test result: ok. 5 passed; 0 failed; 0 ignored; 0 measured; 0 filtered out; finished in 0.00s
[INFO] [stdout] 
[INFO] [stderr]      Running unittests src/main.rs (/opt/rustwide/target/release/build/vibe-check-cli/e202c4525a251b40/out/vibe_check-e202c4525a251b40)
[INFO] [stderr]      Running tests/panic_is_a_verdict.rs (/opt/rustwide/target/release/build/vibe-check-cli/c09c6f5bcee4def9/out/panic_is_a_verdict-c09c6f5bcee4def9)
[INFO] [stdout] 
[INFO] [stdout] running 0 tests
[INFO] [stdout] 
[INFO] [stdout] test result: ok. 0 passed; 0 failed; 0 ignored; 0 measured; 0 filtered out; finished in 0.00s
[INFO] [stdout] 
[INFO] [stdout] 
[INFO] [stdout] running 9 tests
[INFO] [stdout] test an_ordinary_failure_is_not_dressed_up_as_a_panic ... ok
[INFO] [stdout] test a_panic_exits_one_and_not_a_hundred_and_one ... ok
[INFO] [stdout] test the_bundle_carries_no_digest_it_did_not_compute ... FAILED
[INFO] [stdout] test a_non_utf8_argument_is_rejected_rather_than_crashing ... ok
[INFO] [stdout] test the_bundle_carries_exactly_one_internal_panic_escalation_at_t2 ... FAILED
[INFO] [stdout] test the_cargo_shim_takes_the_same_path ... FAILED
[INFO] [stdout] test a_panic_still_emits_a_bundle_and_the_verdict_is_human ... FAILED
[INFO] [stdout] test a_panic_that_cannot_write_its_report_still_exits_one ... ok
[INFO] [stdout] test the_panic_is_also_reported_on_stderr ... FAILED
[INFO] [stdout] 
[INFO] [stdout] failures:
[INFO] [stdout] 
[INFO] [stdout] ---- the_bundle_carries_no_digest_it_did_not_compute stdout ----
[INFO] [stdout] 
[INFO] [stdout] thread 'the_bundle_carries_no_digest_it_did_not_compute' (5864) panicked at crates/vibe-check-cli/tests/panic_is_a_verdict.rs:327:67:
[INFO] [stdout] one JSON document: Error("EOF while parsing a value", line: 1, column: 0)
[INFO] [stdout] stack backtrace:
[INFO] [stdout]    0:     0x57574bc0cf51 - <<std[617be2ca0a6fd877]::sys::backtrace::BacktraceLock>::print::DisplayBacktrace as core[a373ad73a504971]::fmt::Display>::fmt
[INFO] [stdout]    1:     0x57574bc2191a - core[a373ad73a504971]::fmt::write
[INFO] [stdout]    2:     0x57574bc1116c - <alloc[2e1b2a31b91974c5]::vec::Vec<u8> as core[a373ad73a504971]::io::write::Write>::write_fmt
[INFO] [stdout]    3:     0x57574bbe8b36 - std[617be2ca0a6fd877]::panicking::default_hook::{closure#0}
[INFO] [stdout]    4:     0x57574bc055e9 - std[617be2ca0a6fd877]::panicking::default_hook
[INFO] [stdout]    5:     0x57574bba0bc0 - test[aada8e7e76ba119b]::test_main_inner::{closure#0}
[INFO] [stdout]    6:     0x57574bc057a2 - std[617be2ca0a6fd877]::panicking::panic_with_hook
[INFO] [stdout]    7:     0x57574bbe8be2 - std[617be2ca0a6fd877]::panicking::panic_handler::{closure#0}
[INFO] [stdout]    8:     0x57574bbe18f9 - std[617be2ca0a6fd877]::sys::backtrace::__rust_end_short_backtrace::<std[617be2ca0a6fd877]::panicking::panic_handler::{closure#0}, !>
[INFO] [stdout]    9:     0x57574bbe97ed - __rustc[ea4f61d10b84890b]::rust_begin_unwind
[INFO] [stdout]   10:     0x57574bc2204c - core[a373ad73a504971]::panicking::panic_fmt
[INFO] [stdout]   11:     0x57574bc21e22 - core[a373ad73a504971]::result::unwrap_failed
[INFO] [stdout]   12:     0x57574bb8b43f - <panic_is_a_verdict[b9b7602bc1b5268a]::the_bundle_carries_no_digest_it_did_not_compute::{closure#0} as core[a373ad73a504971]::ops::function::FnOnce<()>>::call_once
[INFO] [stdout]   13:     0x57574bb9400b - test[aada8e7e76ba119b]::__rust_begin_short_backtrace::<core[a373ad73a504971]::result::Result<(), alloc[2e1b2a31b91974c5]::string::String>, fn() -> core[a373ad73a504971]::result::Result<(), alloc[2e1b2a31b91974c5]::string::String>>
[INFO] [stdout]   14:     0x57574bba11e5 - test[aada8e7e76ba119b]::run_test::{closure#0}
[INFO] [stdout]   15:     0x57574bb9aad4 - std[617be2ca0a6fd877]::sys::backtrace::__rust_begin_short_backtrace::<test[aada8e7e76ba119b]::run_test::{closure#1}, ()>
[INFO] [stdout]   16:     0x57574bba4272 - <std[617be2ca0a6fd877]::thread::lifecycle::spawn_unchecked<test[aada8e7e76ba119b]::run_test::{closure#1}, ()>::{closure#1} as core[a373ad73a504971]::ops::function::FnOnce<()>>::call_once::{shim:vtable#0}
[INFO] [stdout]   17:     0x57574bc0c7af - <std[617be2ca0a6fd877]::sys::thread::unix::Thread>::new::thread_start
[INFO] [stdout]   18:     0x73f8bb816dfa - <unknown>
[INFO] [stdout]   19:     0x73f8bb8aa3d4 - clone
[INFO] [stdout]   20:                0x0 - <unknown>
[INFO] [stdout] 
[INFO] [stdout] ---- the_bundle_carries_exactly_one_internal_panic_escalation_at_t2 stdout ----
[INFO] [stdout] 
[INFO] [stdout] thread 'the_bundle_carries_exactly_one_internal_panic_escalation_at_t2' (5863) panicked at crates/vibe-check-cli/tests/panic_is_a_verdict.rs:145:67:
[INFO] [stdout] one JSON document: Error("EOF while parsing a value", line: 1, column: 0)
[INFO] [stdout] stack backtrace:
[INFO] [stdout]    0:     0x57574bc0cf51 - <<std[617be2ca0a6fd877]::sys::backtrace::BacktraceLock>::print::DisplayBacktrace as core[a373ad73a504971]::fmt::Display>::fmt
[INFO] [stdout]    1:     0x57574bc2191a - core[a373ad73a504971]::fmt::write
[INFO] [stdout]    2:     0x57574bc1116c - <alloc[2e1b2a31b91974c5]::vec::Vec<u8> as core[a373ad73a504971]::io::write::Write>::write_fmt
[INFO] [stdout]    3:     0x57574bbe8b36 - std[617be2ca0a6fd877]::panicking::default_hook::{closure#0}
[INFO] [stdout]    4:     0x57574bc055e9 - std[617be2ca0a6fd877]::panicking::default_hook
[INFO] [stdout]    5:     0x57574bba0bc0 - test[aada8e7e76ba119b]::test_main_inner::{closure#0}
[INFO] [stdout]    6:     0x57574bc057a2 - std[617be2ca0a6fd877]::panicking::panic_with_hook
[INFO] [stdout]    7:     0x57574bbe8be2 - std[617be2ca0a6fd877]::panicking::panic_handler::{closure#0}
[INFO] [stdout]    8:     0x57574bbe18f9 - std[617be2ca0a6fd877]::sys::backtrace::__rust_end_short_backtrace::<std[617be2ca0a6fd877]::panicking::panic_handler::{closure#0}, !>
[INFO] [stdout]    9:     0x57574bbe97ed - __rustc[ea4f61d10b84890b]::rust_begin_unwind
[INFO] [stdout]   10:     0x57574bc2204c - core[a373ad73a504971]::panicking::panic_fmt
[INFO] [stdout]   11:     0x57574bc21e22 - core[a373ad73a504971]::result::unwrap_failed
[INFO] [stdout]   12:     0x57574bb8c7dd - <panic_is_a_verdict[b9b7602bc1b5268a]::the_bundle_carries_exactly_one_internal_panic_escalation_at_t2::{closure#0} as core[a373ad73a504971]::ops::function::FnOnce<()>>::call_once
[INFO] [stdout]   13:     0x57574bb9400b - test[aada8e7e76ba119b]::__rust_begin_short_backtrace::<core[a373ad73a504971]::result::Result<(), alloc[2e1b2a31b91974c5]::string::String>, fn() -> core[a373ad73a504971]::result::Result<(), alloc[2e1b2a31b91974c5]::string::String>>
[INFO] [stdout]   14:     0x57574bba11e5 - test[aada8e7e76ba119b]::run_test::{closure#0}
[INFO] [stdout]   15:     0x57574bb9aad4 - std[617be2ca0a6fd877]::sys::backtrace::__rust_begin_short_backtrace::<test[aada8e7e76ba119b]::run_test::{closure#1}, ()>
[INFO] [stdout]   16:     0x57574bba4272 - <std[617be2ca0a6fd877]::thread::lifecycle::spawn_unchecked<test[aada8e7e76ba119b]::run_test::{closure#1}, ()>::{closure#1} as core[a373ad73a504971]::ops::function::FnOnce<()>>::call_once::{shim:vtable#0}
[INFO] [stdout]   17:     0x57574bc0c7af - <std[617be2ca0a6fd877]::sys::thread::unix::Thread>::new::thread_start
[INFO] [stdout]   18:     0x73f8bb816dfa - <unknown>
[INFO] [stdout]   19:     0x73f8bb8aa3d4 - clone
[INFO] [stdout]   20:                0x0 - <unknown>
[INFO] [stdout] 
[INFO] [stdout] ---- the_cargo_shim_takes_the_same_path stdout ----
[INFO] [stdout] 
[INFO] [stdout] thread 'the_cargo_shim_takes_the_same_path' (5865) panicked at crates/vibe-check-cli/tests/panic_is_a_verdict.rs:224:67:
[INFO] [stdout] one JSON document: Error("EOF while parsing a value", line: 1, column: 0)
[INFO] [stdout] stack backtrace:
[INFO] [stdout]    0:     0x57574bc0cf51 - <<std[617be2ca0a6fd877]::sys::backtrace::BacktraceLock>::print::DisplayBacktrace as core[a373ad73a504971]::fmt::Display>::fmt
[INFO] [stdout]    1:     0x57574bc2191a - core[a373ad73a504971]::fmt::write
[INFO] [stdout]    2:     0x57574bc1116c - <alloc[2e1b2a31b91974c5]::vec::Vec<u8> as core[a373ad73a504971]::io::write::Write>::write_fmt
[INFO] [stdout]    3:     0x57574bbe8b36 - std[617be2ca0a6fd877]::panicking::default_hook::{closure#0}
[INFO] [stdout]    4:     0x57574bc055e9 - std[617be2ca0a6fd877]::panicking::default_hook
[INFO] [stdout]    5:     0x57574bba0bc0 - test[aada8e7e76ba119b]::test_main_inner::{closure#0}
[INFO] [stdout]    6:     0x57574bc057a2 - std[617be2ca0a6fd877]::panicking::panic_with_hook
[INFO] [stdout]    7:     0x57574bbe8be2 - std[617be2ca0a6fd877]::panicking::panic_handler::{closure#0}
[INFO] [stdout]    8:     0x57574bbe18f9 - std[617be2ca0a6fd877]::sys::backtrace::__rust_end_short_backtrace::<std[617be2ca0a6fd877]::panicking::panic_handler::{closure#0}, !>
[INFO] [stdout]    9:     0x57574bbe97ed - __rustc[ea4f61d10b84890b]::rust_begin_unwind
[INFO] [stdout]   10:     0x57574bc2204c - core[a373ad73a504971]::panicking::panic_fmt
[INFO] [stdout]   11:     0x57574bc21e22 - core[a373ad73a504971]::result::unwrap_failed
[INFO] [stdout]   12:     0x57574bb8ac0d - <panic_is_a_verdict[b9b7602bc1b5268a]::the_cargo_shim_takes_the_same_path::{closure#0} as core[a373ad73a504971]::ops::function::FnOnce<()>>::call_once
[INFO] [stdout]   13:     0x57574bb9400b - test[aada8e7e76ba119b]::__rust_begin_short_backtrace::<core[a373ad73a504971]::result::Result<(), alloc[2e1b2a31b91974c5]::string::String>, fn() -> core[a373ad73a504971]::result::Result<(), alloc[2e1b2a31b91974c5]::string::String>>
[INFO] [stdout]   14:     0x57574bba11e5 - test[aada8e7e76ba119b]::run_test::{closure#0}
[INFO] [stdout]   15:     0x57574bb9aad4 - std[617be2ca0a6fd877]::sys::backtrace::__rust_begin_short_backtrace::<test[aada8e7e76ba119b]::run_test::{closure#1}, ()>
[INFO] [stdout]   16:     0x57574bba4272 - <std[617be2ca0a6fd877]::thread::lifecycle::spawn_unchecked<test[aada8e7e76ba119b]::run_test::{closure#1}, ()>::{closure#1} as core[a373ad73a504971]::ops::function::FnOnce<()>>::call_once::{shim:vtable#0}
[INFO] [stdout]   17:     0x57574bc0c7af - <std[617be2ca0a6fd877]::sys::thread::unix::Thread>::new::thread_start
[INFO] [stdout]   18:     0x73f8bb816dfa - <unknown>
[INFO] [stdout]   19:     0x73f8bb8aa3d4 - clone
[INFO] [stdout]   20:                0x0 - <unknown>
[INFO] [stdout] 
[INFO] [stdout] ---- a_panic_still_emits_a_bundle_and_the_verdict_is_human stdout ----
[INFO] [stdout] 
[INFO] [stdout] thread 'a_panic_still_emits_a_bundle_and_the_verdict_is_human' (5857) panicked at crates/vibe-check-cli/tests/panic_is_a_verdict.rs:117:33:
[INFO] [stdout] stdout is one JSON document, got EOF while parsing a value at line 1 column 0: 
[INFO] [stdout] stack backtrace:
[INFO] [stdout]    0:     0x57574bc0cf51 - <<std[617be2ca0a6fd877]::sys::backtrace::BacktraceLock>::print::DisplayBacktrace as core[a373ad73a504971]::fmt::Display>::fmt
[INFO] [stdout]    1:     0x57574bc2191a - core[a373ad73a504971]::fmt::write
[INFO] [stdout]    2:     0x57574bc1116c - <alloc[2e1b2a31b91974c5]::vec::Vec<u8> as core[a373ad73a504971]::io::write::Write>::write_fmt
[INFO] [stdout]    3:     0x57574bbe8b36 - std[617be2ca0a6fd877]::panicking::default_hook::{closure#0}
[INFO] [stdout]    4:     0x57574bc055e9 - std[617be2ca0a6fd877]::panicking::default_hook
[INFO] [stdout]    5:     0x57574bba0bc0 - test[aada8e7e76ba119b]::test_main_inner::{closure#0}
[INFO] [stdout]    6:     0x57574bc057a2 - std[617be2ca0a6fd877]::panicking::panic_with_hook
[INFO] [stdout]    7:     0x57574bbe8be2 - std[617be2ca0a6fd877]::panicking::panic_handler::{closure#0}
[INFO] [stdout]    8:     0x57574bbe18f9 - std[617be2ca0a6fd877]::sys::backtrace::__rust_end_short_backtrace::<std[617be2ca0a6fd877]::panicking::panic_handler::{closure#0}, !>
[INFO] [stdout]    9:     0x57574bbe97ed - __rustc[ea4f61d10b84890b]::rust_begin_unwind
[INFO] [stdout]   10:     0x57574bc2204c - core[a373ad73a504971]::panicking::panic_fmt
[INFO] [stdout]   11:     0x57574bb89b8a - panic_is_a_verdict[b9b7602bc1b5268a]::a_panic_still_emits_a_bundle_and_the_verdict_is_human::{closure#0}
[INFO] [stdout]   12:     0x57574bb8c259 - <panic_is_a_verdict[b9b7602bc1b5268a]::a_panic_still_emits_a_bundle_and_the_verdict_is_human::{closure#0} as core[a373ad73a504971]::ops::function::FnOnce<()>>::call_once
[INFO] [stdout]   13:     0x57574bb9400b - test[aada8e7e76ba119b]::__rust_begin_short_backtrace::<core[a373ad73a504971]::result::Result<(), alloc[2e1b2a31b91974c5]::string::String>, fn() -> core[a373ad73a504971]::result::Result<(), alloc[2e1b2a31b91974c5]::string::String>>
[INFO] [stdout]   14:     0x57574bba11e5 - test[aada8e7e76ba119b]::run_test::{closure#0}
[INFO] [stdout]   15:     0x57574bb9aad4 - std[617be2ca0a6fd877]::sys::backtrace::__rust_begin_short_backtrace::<test[aada8e7e76ba119b]::run_test::{closure#1}, ()>
[INFO] [stdout]   16:     0x57574bba4272 - <std[617be2ca0a6fd877]::thread::lifecycle::spawn_unchecked<test[aada8e7e76ba119b]::run_test::{closure#1}, ()>::{closure#1} as core[a373ad73a504971]::ops::function::FnOnce<()>>::call_once::{shim:vtable#0}
[INFO] [stdout]   17:     0x57574bc0c7af - <std[617be2ca0a6fd877]::sys::thread::unix::Thread>::new::thread_start
[INFO] [stdout]   18:     0x73f8bb816dfa - <unknown>
[INFO] [stdout]   19:     0x73f8bb8aa3d4 - clone
[INFO] [stdout]   20:                0x0 - <unknown>
[INFO] [stdout] 
[INFO] [stdout] ---- the_panic_is_also_reported_on_stderr stdout ----
[INFO] [stdout] 
[INFO] [stdout] thread 'the_panic_is_also_reported_on_stderr' (5867) panicked at crates/vibe-check-cli/tests/panic_is_a_verdict.rs:188:5:
[INFO] [stdout] the panic must be reported to a human too: 
[INFO] [stdout]    0: [91m`vibe-check classify` is not implemented in this build.
[INFO] [stdout]       The command surface, exit-code contract, and registration seam are in place; the classification, policy, and adjudication stages land in later milestones.
[INFO] [stdout]       Exiting 1 rather than 0, because "not implemented" must never be mistaken for "this change is fine".[0m
[INFO] [stdout] 
[INFO] [stdout] Location:
[INFO] [stdout]    [35mcrates/vibe-check-cli/src/lib.rs[0m:[35m137[0m
[INFO] [stdout] 
[INFO] [stdout]   ━━━━━━━━━━━━━━━━━━━━━━━━━━━━━━━━━━ BACKTRACE ━━━━━━━━━━━━━━━━━━━━━━━━━━━━━━━━━━━
[INFO] [stdout]    1: [91m<color_eyre[f983add075d25700]::config::EyreHook>::into_eyre_hook::{closure#0}[0m[90m<unknown>[0m
[INFO] [stdout]       at [35m<unknown source file>[0m:[35m<unknown line>[0m
[INFO] [stdout]    2: [91meyre[805fff8848d8aea7]::capture_handler[0m[90m<unknown>[0m
[INFO] [stdout]       at [35m<unknown source file>[0m:[35m<unknown line>[0m
[INFO] [stdout]    3: [91m<eyre[805fff8848d8aea7]::Report>::from_adhoc::<alloc[2e1b2a31b91974c5]::string::String>[0m[90m<unknown>[0m
[INFO] [stdout]       at [35m<unknown source file>[0m:[35m<unknown line>[0m
[INFO] [stdout]    4: [91mvibe_check[40be14ade8c49662]::not_yet_implemented[0m[90m<unknown>[0m
[INFO] [stdout]       at [35m<unknown source file>[0m:[35m<unknown line>[0m
[INFO] [stdout]    5: [91m<core[a373ad73a504971]::future::poll_fn::PollFn<vibe_check[40be14ade8c49662]::panic::caught<vibe_check[40be14ade8c49662]::run::{closure#0}>::{closure#0}::{closure#0}> as core[a373ad73a504971]::future::future::Future>::poll[0m[90m<unknown>[0m
[INFO] [stdout]       at [35m<unknown source file>[0m:[35m<unknown line>[0m
[INFO] [stdout]    6: [91m<tokio[8826495ed4a433fe]::runtime::park::CachedParkThread>::block_on::<vibe_check[8794a0736a07dd9a]::main::{closure#0}>[0m[90m<unknown>[0m
[INFO] [stdout]       at [35m<unknown source file>[0m:[35m<unknown line>[0m
[INFO] [stdout]    7: [91m<tokio[8826495ed4a433fe]::runtime::runtime::Runtime>::block_on::<vibe_check[8794a0736a07dd9a]::main::{closure#0}>[0m[90m<unknown>[0m
[INFO] [stdout]       at [35m<unknown source file>[0m:[35m<unknown line>[0m
[INFO] [stdout]    8: [91mvibe_check[8794a0736a07dd9a]::main[0m[90m<unknown>[0m
[INFO] [stdout]       at [35m<unknown source file>[0m:[35m<unknown line>[0m
[INFO] [stdout]    9: [91mstd[617be2ca0a6fd877]::sys::backtrace::__rust_begin_short_backtrace::<fn() -> core[a373ad73a504971]::result::Result<(), eyre[805fff8848d8aea7]::Report>, core[a373ad73a504971]::result::Result<(), eyre[805fff8848d8aea7]::Report>>[0m[90m<unknown>[0m
[INFO] [stdout]       at [35m<unknown source file>[0m:[35m<unknown line>[0m
[INFO] [stdout]   10: [91mstd[617be2ca0a6fd877]::rt::lang_start::<core[a373ad73a504971]::result::Result<(), eyre[805fff8848d8aea7]::Report>>::{closure#0}[0m[90m<unknown>[0m
[INFO] [stdout]       at [35m<unknown source file>[0m:[35m<unknown line>[0m
[INFO] [stdout]   11: [91mstd[617be2ca0a6fd877]::rt::lang_start_internal[0m[90m<unknown>[0m
[INFO] [stdout]       at [35m<unknown source file>[0m:[35m<unknown line>[0m
[INFO] [stdout]   12: [32mmain[0m[90m<unknown>[0m
[INFO] [stdout]       at [35m<unknown source file>[0m:[35m<unknown line>[0m
[INFO] [stdout]   13: [32m__libc_start_main[0m[90m<unknown>[0m
[INFO] [stdout]       at [35m<unknown source file>[0m:[35m<unknown line>[0m
[INFO] [stdout]   14: [32m_start[0m[90m<unknown>[0m
[INFO] [stdout]       at [35m<unknown source file>[0m:[35m<unknown line>[0m
[INFO] [stdout] 
[INFO] [stdout] Run with COLORBT_SHOW_HIDDEN=1 environment variable to disable frame filtering.
[INFO] [stdout] 
[INFO] [stdout] stack backtrace:
[INFO] [stdout]    0:     0x57574bc0cf51 - <<std[617be2ca0a6fd877]::sys::backtrace::BacktraceLock>::print::DisplayBacktrace as core[a373ad73a504971]::fmt::Display>::fmt
[INFO] [stdout]    1:     0x57574bc2191a - core[a373ad73a504971]::fmt::write
[INFO] [stdout]    2:     0x57574bc1116c - <alloc[2e1b2a31b91974c5]::vec::Vec<u8> as core[a373ad73a504971]::io::write::Write>::write_fmt
[INFO] [stdout]    3:     0x57574bbe8b36 - std[617be2ca0a6fd877]::panicking::default_hook::{closure#0}
[INFO] [stdout]    4:     0x57574bc055e9 - std[617be2ca0a6fd877]::panicking::default_hook
[INFO] [stdout]    5:     0x57574bba0bc0 - test[aada8e7e76ba119b]::test_main_inner::{closure#0}
[INFO] [stdout]    6:     0x57574bc057a2 - std[617be2ca0a6fd877]::panicking::panic_with_hook
[INFO] [stdout]    7:     0x57574bbe8be2 - std[617be2ca0a6fd877]::panicking::panic_handler::{closure#0}
[INFO] [stdout]    8:     0x57574bbe18f9 - std[617be2ca0a6fd877]::sys::backtrace::__rust_end_short_backtrace::<std[617be2ca0a6fd877]::panicking::panic_handler::{closure#0}, !>
[INFO] [stdout]    9:     0x57574bbe97ed - __rustc[ea4f61d10b84890b]::rust_begin_unwind
[INFO] [stdout]   10:     0x57574bc2204c - core[a373ad73a504971]::panicking::panic_fmt
[INFO] [stdout]   11:     0x57574bb8ae64 - <panic_is_a_verdict[b9b7602bc1b5268a]::the_panic_is_also_reported_on_stderr::{closure#0} as core[a373ad73a504971]::ops::function::FnOnce<()>>::call_once
[INFO] [stdout]   12:     0x57574bb9400b - test[aada8e7e76ba119b]::__rust_begin_short_backtrace::<core[a373ad73a504971]::result::Result<(), alloc[2e1b2a31b91974c5]::string::String>, fn() -> core[a373ad73a504971]::result::Result<(), alloc[2e1b2a31b91974c5]::string::String>>
[INFO] [stdout]   13:     0x57574bba11e5 - test[aada8e7e76ba119b]::run_test::{closure#0}
[INFO] [stdout]   14:     0x57574bb9aad4 - std[617be2ca0a6fd877]::sys::backtrace::__rust_begin_short_backtrace::<test[aada8e7e76ba119b]::run_test::{closure#1}, ()>
[INFO] [stdout]   15:     0x57574bba4272 - <std[617be2ca0a6fd877]::thread::lifecycle::spawn_unchecked<test[aada8e7e76ba119b]::run_test::{closure#1}, ()>::{closure#1} as core[a373ad73a504971]::ops::function::FnOnce<()>>::call_once::{shim:vtable#0}
[INFO] [stdout]   16:     0x57574bc0c7af - <std[617be2ca0a6fd877]::sys::thread::unix::Thread>::new::thread_start
[INFO] [stdout]   17:     0x73f8bb816dfa - <unknown>
[INFO] [stdout]   18:     0x73f8bb8aa3d4 - clone
[INFO] [stdout]   19:                0x0 - <unknown>
[INFO] [stdout] 
[INFO] [stdout] 
[INFO] [stdout] failures:
[INFO] [stdout]     a_panic_still_emits_a_bundle_and_the_verdict_is_human
[INFO] [stdout]     the_bundle_carries_exactly_one_internal_panic_escalation_at_t2
[INFO] [stdout]     the_bundle_carries_no_digest_it_did_not_compute
[INFO] [stdout]     the_cargo_shim_takes_the_same_path
[INFO] [stdout]     the_panic_is_also_reported_on_stderr
[INFO] [stdout] 
[INFO] [stdout] test result: FAILED. 4 passed; 5 failed; 0 ignored; 0 measured; 0 filtered out; finished in 0.04s
[INFO] [stdout] 
[INFO] [stderr] error: test failed, to rerun pass `-p vibe-check-cli --test panic_is_a_verdict`
[INFO] running `Command { std: "docker" "inspect" "28bde912886244baf6de80d5d7730f7fcc880cc92f82271cebcb4d9450faf1a2", kill_on_drop: false }`
[INFO] running `Command { std: "docker" "rm" "-f" "28bde912886244baf6de80d5d7730f7fcc880cc92f82271cebcb4d9450faf1a2", kill_on_drop: false }`
[INFO] [stdout] 28bde912886244baf6de80d5d7730f7fcc880cc92f82271cebcb4d9450faf1a2
