[INFO] cloning repository https://github.com/getinclub/template-rust-timeout-corrupted-frame
[INFO] running `Command { std: "git" "-c" "credential.helper=" "-c" "credential.helper=/workspace/cargo-home/bin/git-credential-null" "clone" "--bare" "https://github.com/getinclub/template-rust-timeout-corrupted-frame" "/workspace/cache/git-repos/https%3A%2F%2Fgithub.com%2Fgetinclub%2Ftemplate-rust-timeout-corrupted-frame", kill_on_drop: false }`
[INFO] [stderr] Cloning into bare repository '/workspace/cache/git-repos/https%3A%2F%2Fgithub.com%2Fgetinclub%2Ftemplate-rust-timeout-corrupted-frame'...
[INFO] running `Command { std: "git" "rev-parse" "HEAD", kill_on_drop: false }`
[INFO] [stdout] 883fb715d799fc51e7f65f9f11e9a1afdc58f767
[INFO] testing getinclub/template-rust-timeout-corrupted-frame against 1.99.0-beta.8+cargoflags=--release for beta-release-1.100-2
[INFO] running `Command { std: "git" "clone" "/workspace/cache/git-repos/https%3A%2F%2Fgithub.com%2Fgetinclub%2Ftemplate-rust-timeout-corrupted-frame" "/workspace/builds/worker-2-tc1/source", kill_on_drop: false }`
[INFO] [stderr] Cloning into '/workspace/builds/worker-2-tc1/source'...
[INFO] [stderr] done.
[INFO] started tweaking git repo https://github.com/getinclub/template-rust-timeout-corrupted-frame
[INFO] finished tweaking git repo https://github.com/getinclub/template-rust-timeout-corrupted-frame
[INFO] tweaked toml for git repo https://github.com/getinclub/template-rust-timeout-corrupted-frame written to /workspace/builds/worker-2-tc1/source/Cargo.toml
[INFO] validating manifest of git repo https://github.com/getinclub/template-rust-timeout-corrupted-frame on toolchain 1.99.0-beta.8
[INFO] running `Command { std: CARGO_HOME="/workspace/cargo-home" RUSTUP_HOME="/workspace/rustup-home" "/workspace/cargo-home/bin/cargo" "+1.99.0-beta.8" "metadata" "--manifest-path" "Cargo.toml" "--no-deps", kill_on_drop: false }`
[INFO] crate git repo https://github.com/getinclub/template-rust-timeout-corrupted-frame already has a lockfile, it will not be regenerated
[INFO] running `Command { std: CARGO_HOME="/workspace/cargo-home" RUSTUP_HOME="/workspace/rustup-home" "/workspace/cargo-home/bin/cargo" "+1.99.0-beta.8" "fetch" "--manifest-path" "Cargo.toml", kill_on_drop: false }`
[INFO] running `Command { std: "docker" "create" "-v" "/var/lib/crater-agent-workspace/builds/worker-2-tc1/source:/opt/rustwide/workdir:ro,Z" "-v" "/var/lib/crater-agent-workspace/builds/worker-2-tc1/target:/opt/rustwide/target:rw,Z" "-v" "/var/lib/crater-agent-workspace/cargo-home:/opt/rustwide/cargo-home:ro,Z" "-v" "/var/lib/crater-agent-workspace/rustup-home:/opt/rustwide/rustup-home:ro,Z" "-m" "1610612736" "--network" "none" "ghcr.io/rust-lang/crates-build-env/linux@sha256:77db811e55d90add9212f6832c23229e3de5f1c1f9905e8cb07319ea15df73ac" "sleep" "infinity", kill_on_drop: false }`
[INFO] [stdout] 11cdc277e1f1381e15a9d428c604852e8b8fb1bb2c4b734b251d2b4e535d8ae4
[INFO] running `Command { std: "docker" "start" "11cdc277e1f1381e15a9d428c604852e8b8fb1bb2c4b734b251d2b4e535d8ae4", kill_on_drop: false }`
[INFO] running `Command { std: "docker" "inspect" "11cdc277e1f1381e15a9d428c604852e8b8fb1bb2c4b734b251d2b4e535d8ae4", kill_on_drop: false }`
[INFO] running `Command { std: "docker" "exec" "-e" "SOURCE_DIR=/opt/rustwide/workdir" "-e" "CARGO_HOME=/opt/rustwide/cargo-home" "-e" "RUSTUP_HOME=/opt/rustwide/rustup-home" "-e" "CARGO_TARGET_DIR=/opt/rustwide/target" "-w" "/opt/rustwide/workdir" "--user" "0:0" "11cdc277e1f1381e15a9d428c604852e8b8fb1bb2c4b734b251d2b4e535d8ae4" "/opt/rustwide/cargo-home/bin/cargo" "+1.99.0-beta.8" "metadata" "--no-deps" "--format-version=1", kill_on_drop: false }`
[INFO] running `Command { std: "docker" "inspect" "11cdc277e1f1381e15a9d428c604852e8b8fb1bb2c4b734b251d2b4e535d8ae4", kill_on_drop: false }`
[INFO] running `Command { std: "docker" "exec" "-e" "SOURCE_DIR=/opt/rustwide/workdir" "-e" "CARGO_HOME=/opt/rustwide/cargo-home" "-e" "RUSTUP_HOME=/opt/rustwide/rustup-home" "-e" "CARGO_TARGET_DIR=/opt/rustwide/target" "-e" "CARGO_INCREMENTAL=0" "-e" "RUST_BACKTRACE=full" "-e" "RUSTFLAGS=--cap-lints=warn" "-e" "RUSTDOCFLAGS=--cap-lints=warn" "-w" "/opt/rustwide/workdir" "--user" "0:0" "11cdc277e1f1381e15a9d428c604852e8b8fb1bb2c4b734b251d2b4e535d8ae4" "/opt/rustwide/cargo-home/bin/cargo" "+1.99.0-beta.8" "build" "--frozen" "--message-format=json" "--release", kill_on_drop: false }`
[INFO] [stderr]    Compiling proc-macro2 v1.0.107
[INFO] [stderr]    Compiling quote v1.0.47
[INFO] [stderr]    Compiling bytes v1.12.1
[INFO] [stderr]    Compiling syn v3.0.5
[INFO] [stderr]    Compiling tokio-macros v2.7.2
[INFO] [stderr]    Compiling tokio v1.53.1
[INFO] [stderr]    Compiling timeout-corrupted-frame-sim v0.1.0 (/opt/rustwide/workdir)
[INFO] [stderr]     Finished `release` profile [optimized] target(s) in 16.85s
[INFO] running `Command { std: "docker" "inspect" "11cdc277e1f1381e15a9d428c604852e8b8fb1bb2c4b734b251d2b4e535d8ae4", kill_on_drop: false }`
[INFO] running `Command { std: "docker" "exec" "-e" "SOURCE_DIR=/opt/rustwide/workdir" "-e" "CARGO_HOME=/opt/rustwide/cargo-home" "-e" "RUSTUP_HOME=/opt/rustwide/rustup-home" "-e" "CARGO_TARGET_DIR=/opt/rustwide/target" "-e" "CARGO_INCREMENTAL=0" "-e" "RUST_BACKTRACE=full" "-e" "RUSTFLAGS=--cap-lints=warn" "-e" "RUSTDOCFLAGS=--cap-lints=warn" "-w" "/opt/rustwide/workdir" "--user" "0:0" "11cdc277e1f1381e15a9d428c604852e8b8fb1bb2c4b734b251d2b4e535d8ae4" "/opt/rustwide/cargo-home/bin/cargo" "+1.99.0-beta.8" "test" "--frozen" "--no-run" "--message-format=json" "--release", kill_on_drop: false }`
[INFO] [stderr]    Compiling timeout-corrupted-frame-sim v0.1.0 (/opt/rustwide/workdir)
[INFO] [stderr]     Finished `release` profile [optimized] target(s) in 1.75s
[INFO] running `Command { std: "docker" "inspect" "11cdc277e1f1381e15a9d428c604852e8b8fb1bb2c4b734b251d2b4e535d8ae4", kill_on_drop: false }`
[INFO] running `Command { std: "docker" "exec" "-e" "SOURCE_DIR=/opt/rustwide/workdir" "-e" "CARGO_HOME=/opt/rustwide/cargo-home" "-e" "RUSTUP_HOME=/opt/rustwide/rustup-home" "-e" "CARGO_TARGET_DIR=/opt/rustwide/target" "-e" "CARGO_INCREMENTAL=0" "-e" "RUST_BACKTRACE=full" "-e" "RUSTFLAGS=--cap-lints=warn" "-e" "RUSTDOCFLAGS=--cap-lints=warn" "-w" "/opt/rustwide/workdir" "--user" "0:0" "11cdc277e1f1381e15a9d428c604852e8b8fb1bb2c4b734b251d2b4e535d8ae4" "/opt/rustwide/cargo-home/bin/cargo" "+1.99.0-beta.8" "test" "--frozen" "--release", kill_on_drop: false }`
[INFO] [stderr]     Finished `release` profile [optimized] target(s) in 0.02s
[INFO] [stderr]      Running unittests src/lib.rs (/opt/rustwide/target/release/deps/timeout_corrupted_frame_sim-c93b2bae246a49f5)
[INFO] [stdout] 
[INFO] [stderr]      Running unittests src/bin/frame_monitor.rs (/opt/rustwide/target/release/deps/frame_monitor-45d0eb9c9f2d9815)
[INFO] [stdout] running 0 tests
[INFO] [stdout] 
[INFO] [stdout] test result: ok. 0 passed; 0 failed; 0 ignored; 0 measured; 0 filtered out; finished in 0.00s
[INFO] [stdout] 
[INFO] [stderr]      Running tests/frame_reader.rs (/opt/rustwide/target/release/deps/frame_reader-8e344b399c56e675)
[INFO] [stdout] 
[INFO] [stdout] running 0 tests
[INFO] [stdout] 
[INFO] [stdout] test result: ok. 0 passed; 0 failed; 0 ignored; 0 measured; 0 filtered out; finished in 0.00s
[INFO] [stdout] 
[INFO] [stdout] 
[INFO] [stdout] running 10 tests
[INFO] [stdout] test rejects_oversized_frame_before_allocating_payload ... ok
[INFO] [stdout] test decodes_multiple_frames_in_wire_order ... ok
[INFO] [stdout] test eof_inside_payload_is_reported_with_all_retained_bytes ... FAILED
[INFO] [stdout] test clean_eof_between_frames_returns_none ... ok
[INFO] [stdout] test reads_a_complete_frame ... ok
[INFO] [stdout] test eof_inside_header_is_reported_as_truncated ... FAILED
[INFO] [stdout] test resumes_after_timeout_in_partial_header ... FAILED
[INFO] [stdout] test monitor_reports_recovery_after_soft_timeout ... FAILED
[INFO] [stdout] test survives_repeated_interruptions_without_losing_order ... FAILED
[INFO] [stderr] error: test failed, to rerun pass `--test frame_reader`
[INFO] [stdout] test resumes_after_timeout_in_partial_payload ... FAILED
[INFO] [stdout] 
[INFO] [stdout] failures:
[INFO] [stdout] 
[INFO] [stdout] ---- eof_inside_payload_is_reported_with_all_retained_bytes stdout ----
[INFO] [stdout] 
[INFO] [stdout] thread 'eof_inside_payload_is_reported_with_all_retained_bytes' (374) panicked at tests/frame_reader.rs:133:5:
[INFO] [stdout] assertion `left == right` failed
[INFO] [stdout]   left: Err(TruncatedMessage { buffered_bytes: 4 })
[INFO] [stdout]  right: Err(TruncatedMessage { buffered_bytes: 7 })
[INFO] [stdout] stack backtrace:
[INFO] [stdout]    0:     0x5929ec4c5b91 - <<std[70759c8f55707aa4]::sys::backtrace::BacktraceLock>::print::DisplayBacktrace as core[df12db4294e9bfd3]::fmt::Display>::fmt
[INFO] [stdout]    1:     0x5929ec4d9eba - core[df12db4294e9bfd3]::fmt::write
[INFO] [stdout]    2:     0x5929ec4ca07c - <alloc[2182bb758b4b3781]::vec::Vec<u8> as core[df12db4294e9bfd3]::io::write::Write>::write_fmt
[INFO] [stdout]    3:     0x5929ec4a1d26 - std[70759c8f55707aa4]::panicking::default_hook::{closure#0}
[INFO] [stdout]    4:     0x5929ec4be139 - std[70759c8f55707aa4]::panicking::default_hook
[INFO] [stdout]    5:     0x5929ec441850 - test[9d35eded1c95d3be]::test_main_inner::<test[9d35eded1c95d3be]::test_main_static::{closure#0}>::{closure#0}
[INFO] [stdout]    6:     0x5929ec4be462 - std[70759c8f55707aa4]::panicking::panic_with_hook
[INFO] [stdout]    7:     0x5929ec4a1dd2 - std[70759c8f55707aa4]::panicking::panic_handler::{closure#0}
[INFO] [stdout]    8:     0x5929ec49ab59 - std[70759c8f55707aa4]::sys::backtrace::__rust_end_short_backtrace::<std[70759c8f55707aa4]::panicking::panic_handler::{closure#0}, !>
[INFO] [stdout]    9:     0x5929ec4a29cd - __rustc[8fa7c3cbc660c2b3]::rust_begin_unwind
[INFO] [stdout]   10:     0x5929ec4da61c - core[df12db4294e9bfd3]::panicking::panic_fmt
[INFO] [stdout]   11:     0x5929ec4da533 - core[df12db4294e9bfd3]::panicking::assert_failed_inner
[INFO] [stdout]   12:     0x5929ec432284 - core[df12db4294e9bfd3]::panicking::assert_failed::<core[df12db4294e9bfd3]::result::Result<core[df12db4294e9bfd3]::option::Option<timeout_corrupted_frame_sim[26698a753fee274e]::Frame>, timeout_corrupted_frame_sim[26698a753fee274e]::FrameReadError>, core[df12db4294e9bfd3]::result::Result<core[df12db4294e9bfd3]::option::Option<timeout_corrupted_frame_sim[26698a753fee274e]::Frame>, timeout_corrupted_frame_sim[26698a753fee274e]::FrameReadError>>
[INFO] [stdout]   13:     0x5929ec42fd7b - frame_reader[3684f1f7765f0594]::eof_inside_payload_is_reported_with_all_retained_bytes::{closure#0}
[INFO] [stdout]   14:     0x5929ec433aba - <tokio[15a5d0549565a5c8]::runtime::context::scoped::Scoped<tokio[15a5d0549565a5c8]::runtime::scheduler::Context>>::set::<<tokio[15a5d0549565a5c8]::runtime::scheduler::current_thread::CoreGuard>::enter<<tokio[15a5d0549565a5c8]::runtime::scheduler::current_thread::CoreGuard>::block_on<core[df12db4294e9bfd3]::pin::Pin<&mut core[df12db4294e9bfd3]::pin::Pin<&mut dyn core[df12db4294e9bfd3]::future::future::Future<Output = ()>>>>::{closure#0}, core[df12db4294e9bfd3]::option::Option<()>>::{closure#0}, (alloc[2182bb758b4b3781]::boxed::Box<tokio[15a5d0549565a5c8]::runtime::scheduler::current_thread::Core>, core[df12db4294e9bfd3]::option::Option<()>)>
[INFO] [stdout]   15:     0x5929ec433d7d - <tokio[15a5d0549565a5c8]::runtime::scheduler::current_thread::CoreGuard>::block_on::<core[df12db4294e9bfd3]::pin::Pin<&mut core[df12db4294e9bfd3]::pin::Pin<&mut dyn core[df12db4294e9bfd3]::future::future::Future<Output = ()>>>>
[INFO] [stdout]   16:     0x5929ec43297d - tokio[15a5d0549565a5c8]::runtime::context::runtime::enter_runtime::<<tokio[15a5d0549565a5c8]::runtime::scheduler::current_thread::CurrentThread>::block_on<core[df12db4294e9bfd3]::pin::Pin<&mut dyn core[df12db4294e9bfd3]::future::future::Future<Output = ()>>>::{closure#0}, ()>
[INFO] [stdout]   17:     0x5929ec433915 - <tokio[15a5d0549565a5c8]::runtime::runtime::Runtime>::block_on::<core[df12db4294e9bfd3]::pin::Pin<&mut dyn core[df12db4294e9bfd3]::future::future::Future<Output = ()>>>
[INFO] [stdout]   18:     0x5929ec431a0c - <frame_reader[3684f1f7765f0594]::eof_inside_payload_is_reported_with_all_retained_bytes::{closure#0} as core[df12db4294e9bfd3]::ops::function::FnOnce<()>>::call_once
[INFO] [stdout]   19:     0x5929ec434b3b - test[9d35eded1c95d3be]::__rust_begin_short_backtrace::<core[df12db4294e9bfd3]::result::Result<(), alloc[2182bb758b4b3781]::string::String>, fn() -> core[df12db4294e9bfd3]::result::Result<(), alloc[2182bb758b4b3781]::string::String>>
[INFO] [stdout]   20:     0x5929ec4421a5 - test[9d35eded1c95d3be]::run_test::{closure#0}
[INFO] [stdout]   21:     0x5929ec43ba64 - std[70759c8f55707aa4]::sys::backtrace::__rust_begin_short_backtrace::<test[9d35eded1c95d3be]::run_test::{closure#1}, ()>
[INFO] [stdout]   22:     0x5929ec445302 - <std[70759c8f55707aa4]::thread::lifecycle::spawn_unchecked<test[9d35eded1c95d3be]::run_test::{closure#1}, ()>::{closure#1} as core[df12db4294e9bfd3]::ops::function::FnOnce<()>>::call_once::{shim:vtable#0}
[INFO] [stdout]   23:     0x5929ec4c5459 - <std[70759c8f55707aa4]::sys::thread::unix::Thread>::new::thread_start
[INFO] [stdout]   24:     0x719da1bfcdfa - <unknown>
[INFO] [stdout]   25:     0x719da1c903d4 - clone
[INFO] [stdout]   26:                0x0 - <unknown>
[INFO] [stdout] 
[INFO] [stdout] ---- eof_inside_header_is_reported_as_truncated stdout ----
[INFO] [stdout] 
[INFO] [stdout] thread 'eof_inside_header_is_reported_as_truncated' (373) panicked at tests/frame_reader.rs:120:5:
[INFO] [stdout] assertion `left == right` failed
[INFO] [stdout]   left: Ok(None)
[INFO] [stdout]  right: Err(TruncatedMessage { buffered_bytes: 2 })
[INFO] [stdout] stack backtrace:
[INFO] [stdout]    0:     0x5929ec4c5b91 - <<std[70759c8f55707aa4]::sys::backtrace::BacktraceLock>::print::DisplayBacktrace as core[df12db4294e9bfd3]::fmt::Display>::fmt
[INFO] [stdout]    1:     0x5929ec4d9eba - core[df12db4294e9bfd3]::fmt::write
[INFO] [stdout]    2:     0x5929ec4ca07c - <alloc[2182bb758b4b3781]::vec::Vec<u8> as core[df12db4294e9bfd3]::io::write::Write>::write_fmt
[INFO] [stdout]    3:     0x5929ec4a1d26 - std[70759c8f55707aa4]::panicking::default_hook::{closure#0}
[INFO] [stdout]    4:     0x5929ec4be139 - std[70759c8f55707aa4]::panicking::default_hook
[INFO] [stdout]    5:     0x5929ec441850 - test[9d35eded1c95d3be]::test_main_inner::<test[9d35eded1c95d3be]::test_main_static::{closure#0}>::{closure#0}
[INFO] [stdout]    6:     0x5929ec4be462 - std[70759c8f55707aa4]::panicking::panic_with_hook
[INFO] [stdout]    7:     0x5929ec4a1dd2 - std[70759c8f55707aa4]::panicking::panic_handler::{closure#0}
[INFO] [stdout]    8:     0x5929ec49ab59 - std[70759c8f55707aa4]::sys::backtrace::__rust_end_short_backtrace::<std[70759c8f55707aa4]::panicking::panic_handler::{closure#0}, !>
[INFO] [stdout]    9:     0x5929ec4a29cd - __rustc[8fa7c3cbc660c2b3]::rust_begin_unwind
[INFO] [stdout]   10:     0x5929ec4da61c - core[df12db4294e9bfd3]::panicking::panic_fmt
[INFO] [stdout]   11:     0x5929ec4da533 - core[df12db4294e9bfd3]::panicking::assert_failed_inner
[INFO] [stdout]   12:     0x5929ec432284 - core[df12db4294e9bfd3]::panicking::assert_failed::<core[df12db4294e9bfd3]::result::Result<core[df12db4294e9bfd3]::option::Option<timeout_corrupted_frame_sim[26698a753fee274e]::Frame>, timeout_corrupted_frame_sim[26698a753fee274e]::FrameReadError>, core[df12db4294e9bfd3]::result::Result<core[df12db4294e9bfd3]::option::Option<timeout_corrupted_frame_sim[26698a753fee274e]::Frame>, timeout_corrupted_frame_sim[26698a753fee274e]::FrameReadError>>
[INFO] [stdout]   13:     0x5929ec42eddc - frame_reader[3684f1f7765f0594]::eof_inside_header_is_reported_as_truncated::{closure#0}
[INFO] [stdout]   14:     0x5929ec433aba - <tokio[15a5d0549565a5c8]::runtime::context::scoped::Scoped<tokio[15a5d0549565a5c8]::runtime::scheduler::Context>>::set::<<tokio[15a5d0549565a5c8]::runtime::scheduler::current_thread::CoreGuard>::enter<<tokio[15a5d0549565a5c8]::runtime::scheduler::current_thread::CoreGuard>::block_on<core[df12db4294e9bfd3]::pin::Pin<&mut core[df12db4294e9bfd3]::pin::Pin<&mut dyn core[df12db4294e9bfd3]::future::future::Future<Output = ()>>>>::{closure#0}, core[df12db4294e9bfd3]::option::Option<()>>::{closure#0}, (alloc[2182bb758b4b3781]::boxed::Box<tokio[15a5d0549565a5c8]::runtime::scheduler::current_thread::Core>, core[df12db4294e9bfd3]::option::Option<()>)>
[INFO] [stdout]   15:     0x5929ec433d7d - <tokio[15a5d0549565a5c8]::runtime::scheduler::current_thread::CoreGuard>::block_on::<core[df12db4294e9bfd3]::pin::Pin<&mut core[df12db4294e9bfd3]::pin::Pin<&mut dyn core[df12db4294e9bfd3]::future::future::Future<Output = ()>>>>
[INFO] [stdout]   16:     0x5929ec43297d - tokio[15a5d0549565a5c8]::runtime::context::runtime::enter_runtime::<<tokio[15a5d0549565a5c8]::runtime::scheduler::current_thread::CurrentThread>::block_on<core[df12db4294e9bfd3]::pin::Pin<&mut dyn core[df12db4294e9bfd3]::future::future::Future<Output = ()>>>::{closure#0}, ()>
[INFO] [stdout]   17:     0x5929ec433915 - <tokio[15a5d0549565a5c8]::runtime::runtime::Runtime>::block_on::<core[df12db4294e9bfd3]::pin::Pin<&mut dyn core[df12db4294e9bfd3]::future::future::Future<Output = ()>>>
[INFO] [stdout]   18:     0x5929ec430fdc - <frame_reader[3684f1f7765f0594]::eof_inside_header_is_reported_as_truncated::{closure#0} as core[df12db4294e9bfd3]::ops::function::FnOnce<()>>::call_once
[INFO] [stdout]   19:     0x5929ec434b3b - test[9d35eded1c95d3be]::__rust_begin_short_backtrace::<core[df12db4294e9bfd3]::result::Result<(), alloc[2182bb758b4b3781]::string::String>, fn() -> core[df12db4294e9bfd3]::result::Result<(), alloc[2182bb758b4b3781]::string::String>>
[INFO] [stdout]   20:     0x5929ec4421a5 - test[9d35eded1c95d3be]::run_test::{closure#0}
[INFO] [stdout]   21:     0x5929ec43ba64 - std[70759c8f55707aa4]::sys::backtrace::__rust_begin_short_backtrace::<test[9d35eded1c95d3be]::run_test::{closure#1}, ()>
[INFO] [stdout]   22:     0x5929ec445302 - <std[70759c8f55707aa4]::thread::lifecycle::spawn_unchecked<test[9d35eded1c95d3be]::run_test::{closure#1}, ()>::{closure#1} as core[df12db4294e9bfd3]::ops::function::FnOnce<()>>::call_once::{shim:vtable#0}
[INFO] [stdout]   23:     0x5929ec4c5459 - <std[70759c8f55707aa4]::sys::thread::unix::Thread>::new::thread_start
[INFO] [stdout]   24:     0x719da1bfcdfa - <unknown>
[INFO] [stdout]   25:     0x719da1c903d4 - clone
[INFO] [stdout]   26:                0x0 - <unknown>
[INFO] [stdout] 
[INFO] [stdout] ---- resumes_after_timeout_in_partial_header stdout ----
[INFO] [stdout] 
[INFO] [stdout] thread 'resumes_after_timeout_in_partial_header' (378) panicked at tests/frame_reader.rs:30:5:
[INFO] [stdout] assertion `left == right` failed
[INFO] [stdout]   left: 0
[INFO] [stdout]  right: 2
[INFO] [stdout] stack backtrace:
[INFO] [stdout]    0:     0x5929ec4c5b91 - <<std[70759c8f55707aa4]::sys::backtrace::BacktraceLock>::print::DisplayBacktrace as core[df12db4294e9bfd3]::fmt::Display>::fmt
[INFO] [stdout]    1:     0x5929ec4d9eba - core[df12db4294e9bfd3]::fmt::write
[INFO] [stdout]    2:     0x5929ec4ca07c - <alloc[2182bb758b4b3781]::vec::Vec<u8> as core[df12db4294e9bfd3]::io::write::Write>::write_fmt
[INFO] [stdout]    3:     0x5929ec4a1d26 - std[70759c8f55707aa4]::panicking::default_hook::{closure#0}
[INFO] [stdout]    4:     0x5929ec4be139 - std[70759c8f55707aa4]::panicking::default_hook
[INFO] [stdout]    5:     0x5929ec441850 - test[9d35eded1c95d3be]::test_main_inner::<test[9d35eded1c95d3be]::test_main_static::{closure#0}>::{closure#0}
[INFO] [stdout]    6:     0x5929ec4be462 - std[70759c8f55707aa4]::panicking::panic_with_hook
[INFO] [stdout]    7:     0x5929ec4a1dd2 - std[70759c8f55707aa4]::panicking::panic_handler::{closure#0}
[INFO] [stdout]    8:     0x5929ec49ab59 - std[70759c8f55707aa4]::sys::backtrace::__rust_end_short_backtrace::<std[70759c8f55707aa4]::panicking::panic_handler::{closure#0}, !>
[INFO] [stdout]    9:     0x5929ec4a29cd - __rustc[8fa7c3cbc660c2b3]::rust_begin_unwind
[INFO] [stdout]   10:     0x5929ec4da61c - core[df12db4294e9bfd3]::panicking::panic_fmt
[INFO] [stdout]   11:     0x5929ec4da533 - core[df12db4294e9bfd3]::panicking::assert_failed_inner
[INFO] [stdout]   12:     0x5929ec4d6d28 - core[df12db4294e9bfd3]::panicking::assert_failed::<usize, usize>
[INFO] [stdout]   13:     0x5929ec42e294 - frame_reader[3684f1f7765f0594]::resumes_after_timeout_in_partial_header::{closure#0}
[INFO] [stdout]   14:     0x5929ec433aba - <tokio[15a5d0549565a5c8]::runtime::context::scoped::Scoped<tokio[15a5d0549565a5c8]::runtime::scheduler::Context>>::set::<<tokio[15a5d0549565a5c8]::runtime::scheduler::current_thread::CoreGuard>::enter<<tokio[15a5d0549565a5c8]::runtime::scheduler::current_thread::CoreGuard>::block_on<core[df12db4294e9bfd3]::pin::Pin<&mut core[df12db4294e9bfd3]::pin::Pin<&mut dyn core[df12db4294e9bfd3]::future::future::Future<Output = ()>>>>::{closure#0}, core[df12db4294e9bfd3]::option::Option<()>>::{closure#0}, (alloc[2182bb758b4b3781]::boxed::Box<tokio[15a5d0549565a5c8]::runtime::scheduler::current_thread::Core>, core[df12db4294e9bfd3]::option::Option<()>)>
[INFO] [stdout]   15:     0x5929ec433d7d - <tokio[15a5d0549565a5c8]::runtime::scheduler::current_thread::CoreGuard>::block_on::<core[df12db4294e9bfd3]::pin::Pin<&mut core[df12db4294e9bfd3]::pin::Pin<&mut dyn core[df12db4294e9bfd3]::future::future::Future<Output = ()>>>>
[INFO] [stdout]   16:     0x5929ec43297d - tokio[15a5d0549565a5c8]::runtime::context::runtime::enter_runtime::<<tokio[15a5d0549565a5c8]::runtime::scheduler::current_thread::CurrentThread>::block_on<core[df12db4294e9bfd3]::pin::Pin<&mut dyn core[df12db4294e9bfd3]::future::future::Future<Output = ()>>>::{closure#0}, ()>
[INFO] [stdout]   17:     0x5929ec433915 - <tokio[15a5d0549565a5c8]::runtime::runtime::Runtime>::block_on::<core[df12db4294e9bfd3]::pin::Pin<&mut dyn core[df12db4294e9bfd3]::future::future::Future<Output = ()>>>
[INFO] [stdout]   18:     0x5929ec430d3c - <frame_reader[3684f1f7765f0594]::resumes_after_timeout_in_partial_header::{closure#0} as core[df12db4294e9bfd3]::ops::function::FnOnce<()>>::call_once
[INFO] [stdout]   19:     0x5929ec434b3b - test[9d35eded1c95d3be]::__rust_begin_short_backtrace::<core[df12db4294e9bfd3]::result::Result<(), alloc[2182bb758b4b3781]::string::String>, fn() -> core[df12db4294e9bfd3]::result::Result<(), alloc[2182bb758b4b3781]::string::String>>
[INFO] [stdout]   20:     0x5929ec4421a5 - test[9d35eded1c95d3be]::run_test::{closure#0}
[INFO] [stdout]   21:     0x5929ec43ba64 - std[70759c8f55707aa4]::sys::backtrace::__rust_begin_short_backtrace::<test[9d35eded1c95d3be]::run_test::{closure#1}, ()>
[INFO] [stdout]   22:     0x5929ec445302 - <std[70759c8f55707aa4]::thread::lifecycle::spawn_unchecked<test[9d35eded1c95d3be]::run_test::{closure#1}, ()>::{closure#1} as core[df12db4294e9bfd3]::ops::function::FnOnce<()>>::call_once::{shim:vtable#0}
[INFO] [stdout]   23:     0x5929ec4c5459 - <std[70759c8f55707aa4]::sys::thread::unix::Thread>::new::thread_start
[INFO] [stdout]   24:     0x719da1bfcdfa - <unknown>
[INFO] [stdout]   25:     0x719da1c903d4 - clone
[INFO] [stdout]   26:                0x0 - <unknown>
[INFO] [stdout] 
[INFO] [stdout] ---- monitor_reports_recovery_after_soft_timeout stdout ----
[INFO] [stdout] 
[INFO] [stdout] thread 'monitor_reports_recovery_after_soft_timeout' (375) panicked at tests/frame_reader.rs:146:5:
[INFO] [stdout] monitor did not recover the frame:
[INFO] [stdout] ============================================================
[INFO] [stdout]  CANCELLATION-SAFE FRAME READER MONITOR
[INFO] [stdout] ============================================================
[INFO] [stdout] First attempt:              Err(SoftTimeout)
[INFO] [stdout] Partial bytes retained:     0
[INFO] [stdout] Retry result:               Err(Oversized { length: 683365, maximum: 1024 })
[INFO] [stdout] 
[INFO] [stdout] ❌ STREAM CORRUPTED AFTER TIMEOUT
[INFO] [stdout] Consumed bytes were discarded, so payload bytes became the next header.
[INFO] [stdout] 
[INFO] [stdout] stack backtrace:
[INFO] [stdout]    0:     0x5929ec4c5b91 - <<std[70759c8f55707aa4]::sys::backtrace::BacktraceLock>::print::DisplayBacktrace as core[df12db4294e9bfd3]::fmt::Display>::fmt
[INFO] [stdout]    1:     0x5929ec4d9eba - core[df12db4294e9bfd3]::fmt::write
[INFO] [stdout]    2:     0x5929ec4ca07c - <alloc[2182bb758b4b3781]::vec::Vec<u8> as core[df12db4294e9bfd3]::io::write::Write>::write_fmt
[INFO] [stdout]    3:     0x5929ec4a1d26 - std[70759c8f55707aa4]::panicking::default_hook::{closure#0}
[INFO] [stdout]    4:     0x5929ec4be139 - std[70759c8f55707aa4]::panicking::default_hook
[INFO] [stdout]    5:     0x5929ec441850 - test[9d35eded1c95d3be]::test_main_inner::<test[9d35eded1c95d3be]::test_main_static::{closure#0}>::{closure#0}
[INFO] [stdout]    6:     0x5929ec4be462 - std[70759c8f55707aa4]::panicking::panic_with_hook
[INFO] [stdout]    7:     0x5929ec4a1dd2 - std[70759c8f55707aa4]::panicking::panic_handler::{closure#0}
[INFO] [stdout]    8:     0x5929ec49ab59 - std[70759c8f55707aa4]::sys::backtrace::__rust_end_short_backtrace::<std[70759c8f55707aa4]::panicking::panic_handler::{closure#0}, !>
[INFO] [stdout]    9:     0x5929ec4a29cd - __rustc[8fa7c3cbc660c2b3]::rust_begin_unwind
[INFO] [stdout]   10:     0x5929ec4da61c - core[df12db4294e9bfd3]::panicking::panic_fmt
[INFO] [stdout]   11:     0x5929ec43134f - <frame_reader[3684f1f7765f0594]::monitor_reports_recovery_after_soft_timeout::{closure#0} as core[df12db4294e9bfd3]::ops::function::FnOnce<()>>::call_once
[INFO] [stdout]   12:     0x5929ec434b3b - test[9d35eded1c95d3be]::__rust_begin_short_backtrace::<core[df12db4294e9bfd3]::result::Result<(), alloc[2182bb758b4b3781]::string::String>, fn() -> core[df12db4294e9bfd3]::result::Result<(), alloc[2182bb758b4b3781]::string::String>>
[INFO] [stdout]   13:     0x5929ec4421a5 - test[9d35eded1c95d3be]::run_test::{closure#0}
[INFO] [stdout]   14:     0x5929ec43ba64 - std[70759c8f55707aa4]::sys::backtrace::__rust_begin_short_backtrace::<test[9d35eded1c95d3be]::run_test::{closure#1}, ()>
[INFO] [stdout]   15:     0x5929ec445302 - <std[70759c8f55707aa4]::thread::lifecycle::spawn_unchecked<test[9d35eded1c95d3be]::run_test::{closure#1}, ()>::{closure#1} as core[df12db4294e9bfd3]::ops::function::FnOnce<()>>::call_once::{shim:vtable#0}
[INFO] [stdout]   16:     0x5929ec4c5459 - <std[70759c8f55707aa4]::sys::thread::unix::Thread>::new::thread_start
[INFO] [stdout]   17:     0x719da1bfcdfa - <unknown>
[INFO] [stdout]   18:     0x719da1c903d4 - clone
[INFO] [stdout]   19:                0x0 - <unknown>
[INFO] [stdout] 
[INFO] [stdout] ---- survives_repeated_interruptions_without_losing_order stdout ----
[INFO] [stdout] 
[INFO] [stdout] thread 'survives_repeated_interruptions_without_losing_order' (389) panicked at tests/frame_reader.rs:69:9:
[INFO] [stdout] assertion `left == right` failed
[INFO] [stdout]   left: 0
[INFO] [stdout]  right: 1
[INFO] [stdout] stack backtrace:
[INFO] [stdout]    0:     0x5929ec4c5b91 - <<std[70759c8f55707aa4]::sys::backtrace::BacktraceLock>::print::DisplayBacktrace as core[df12db4294e9bfd3]::fmt::Display>::fmt
[INFO] [stdout]    1:     0x5929ec4d9eba - core[df12db4294e9bfd3]::fmt::write
[INFO] [stdout]    2:     0x5929ec4ca07c - <alloc[2182bb758b4b3781]::vec::Vec<u8> as core[df12db4294e9bfd3]::io::write::Write>::write_fmt
[INFO] [stdout]    3:     0x5929ec4a1d26 - std[70759c8f55707aa4]::panicking::default_hook::{closure#0}
[INFO] [stdout]    4:     0x5929ec4be139 - std[70759c8f55707aa4]::panicking::default_hook
[INFO] [stdout]    5:     0x5929ec441850 - test[9d35eded1c95d3be]::test_main_inner::<test[9d35eded1c95d3be]::test_main_static::{closure#0}>::{closure#0}
[INFO] [stdout]    6:     0x5929ec4be462 - std[70759c8f55707aa4]::panicking::panic_with_hook
[INFO] [stdout]    7:     0x5929ec4a1dd2 - std[70759c8f55707aa4]::panicking::panic_handler::{closure#0}
[INFO] [stdout]    8:     0x5929ec49ab59 - std[70759c8f55707aa4]::sys::backtrace::__rust_end_short_backtrace::<std[70759c8f55707aa4]::panicking::panic_handler::{closure#0}, !>
[INFO] [stdout]    9:     0x5929ec4a29cd - __rustc[8fa7c3cbc660c2b3]::rust_begin_unwind
[INFO] [stdout]   10:     0x5929ec4da61c - core[df12db4294e9bfd3]::panicking::panic_fmt
[INFO] [stdout]   11:     0x5929ec4da533 - core[df12db4294e9bfd3]::panicking::assert_failed_inner
[INFO] [stdout]   12:     0x5929ec4d6d28 - core[df12db4294e9bfd3]::panicking::assert_failed::<usize, usize>
[INFO] [stdout]   13:     0x5929ec42f988 - frame_reader[3684f1f7765f0594]::survives_repeated_interruptions_without_losing_order::{closure#0}
[INFO] [stdout]   14:     0x5929ec433aba - <tokio[15a5d0549565a5c8]::runtime::context::scoped::Scoped<tokio[15a5d0549565a5c8]::runtime::scheduler::Context>>::set::<<tokio[15a5d0549565a5c8]::runtime::scheduler::current_thread::CoreGuard>::enter<<tokio[15a5d0549565a5c8]::runtime::scheduler::current_thread::CoreGuard>::block_on<core[df12db4294e9bfd3]::pin::Pin<&mut core[df12db4294e9bfd3]::pin::Pin<&mut dyn core[df12db4294e9bfd3]::future::future::Future<Output = ()>>>>::{closure#0}, core[df12db4294e9bfd3]::option::Option<()>>::{closure#0}, (alloc[2182bb758b4b3781]::boxed::Box<tokio[15a5d0549565a5c8]::runtime::scheduler::current_thread::Core>, core[df12db4294e9bfd3]::option::Option<()>)>
[INFO] [stdout]   15:     0x5929ec433d7d - <tokio[15a5d0549565a5c8]::runtime::scheduler::current_thread::CoreGuard>::block_on::<core[df12db4294e9bfd3]::pin::Pin<&mut core[df12db4294e9bfd3]::pin::Pin<&mut dyn core[df12db4294e9bfd3]::future::future::Future<Output = ()>>>>
[INFO] [stdout]   16:     0x5929ec43297d - tokio[15a5d0549565a5c8]::runtime::context::runtime::enter_runtime::<<tokio[15a5d0549565a5c8]::runtime::scheduler::current_thread::CurrentThread>::block_on<core[df12db4294e9bfd3]::pin::Pin<&mut dyn core[df12db4294e9bfd3]::future::future::Future<Output = ()>>>::{closure#0}, ()>
[INFO] [stdout]   17:     0x5929ec433915 - <tokio[15a5d0549565a5c8]::runtime::runtime::Runtime>::block_on::<core[df12db4294e9bfd3]::pin::Pin<&mut dyn core[df12db4294e9bfd3]::future::future::Future<Output = ()>>>
[INFO] [stdout]   18:     0x5929ec4318bc - <frame_reader[3684f1f7765f0594]::survives_repeated_interruptions_without_losing_order::{closure#0} as core[df12db4294e9bfd3]::ops::function::FnOnce<()>>::call_once
[INFO] [stdout]   19:     0x5929ec434b3b - test[9d35eded1c95d3be]::__rust_begin_short_backtrace::<core[df12db4294e9bfd3]::result::Result<(), alloc[2182bb758b4b3781]::string::String>, fn() -> core[df12db4294e9bfd3]::result::Result<(), alloc[2182bb758b4b3781]::string::String>>
[INFO] [stdout]   20:     0x5929ec4421a5 - test[9d35eded1c95d3be]::run_test::{closure#0}
[INFO] [stdout]   21:     0x5929ec43ba64 - std[70759c8f55707aa4]::sys::backtrace::__rust_begin_short_backtrace::<test[9d35eded1c95d3be]::run_test::{closure#1}, ()>
[INFO] [stdout]   22:     0x5929ec445302 - <std[70759c8f55707aa4]::thread::lifecycle::spawn_unchecked<test[9d35eded1c95d3be]::run_test::{closure#1}, ()>::{closure#1} as core[df12db4294e9bfd3]::ops::function::FnOnce<()>>::call_once::{shim:vtable#0}
[INFO] [stdout]   23:     0x5929ec4c5459 - <std[70759c8f55707aa4]::sys::thread::unix::Thread>::new::thread_start
[INFO] [stdout]   24:     0x719da1bfcdfa - <unknown>
[INFO] [stdout]   25:     0x719da1c903d4 - clone
[INFO] [stdout]   26:                0x0 - <unknown>
[INFO] [stdout] 
[INFO] [stdout] ---- resumes_after_timeout_in_partial_payload stdout ----
[INFO] [stdout] 
[INFO] [stdout] thread 'resumes_after_timeout_in_partial_payload' (388) panicked at tests/frame_reader.rs:49:5:
[INFO] [stdout] assertion `left == right` failed
[INFO] [stdout]   left: 0
[INFO] [stdout]  right: 9
[INFO] [stdout] stack backtrace:
[INFO] [stdout]    0:     0x5929ec4c5b91 - <<std[70759c8f55707aa4]::sys::backtrace::BacktraceLock>::print::DisplayBacktrace as core[df12db4294e9bfd3]::fmt::Display>::fmt
[INFO] [stdout]    1:     0x5929ec4d9eba - core[df12db4294e9bfd3]::fmt::write
[INFO] [stdout]    2:     0x5929ec4ca07c - <alloc[2182bb758b4b3781]::vec::Vec<u8> as core[df12db4294e9bfd3]::io::write::Write>::write_fmt
[INFO] [stdout]    3:     0x5929ec4a1d26 - std[70759c8f55707aa4]::panicking::default_hook::{closure#0}
[INFO] [stdout]    4:     0x5929ec4be139 - std[70759c8f55707aa4]::panicking::default_hook
[INFO] [stdout]    5:     0x5929ec441850 - test[9d35eded1c95d3be]::test_main_inner::<test[9d35eded1c95d3be]::test_main_static::{closure#0}>::{closure#0}
[INFO] [stdout]    6:     0x5929ec4be462 - std[70759c8f55707aa4]::panicking::panic_with_hook
[INFO] [stdout]    7:     0x5929ec4a1dd2 - std[70759c8f55707aa4]::panicking::panic_handler::{closure#0}
[INFO] [stdout]    8:     0x5929ec49ab59 - std[70759c8f55707aa4]::sys::backtrace::__rust_end_short_backtrace::<std[70759c8f55707aa4]::panicking::panic_handler::{closure#0}, !>
[INFO] [stdout]    9:     0x5929ec4a29cd - __rustc[8fa7c3cbc660c2b3]::rust_begin_unwind
[INFO] [stdout]   10:     0x5929ec4da61c - core[df12db4294e9bfd3]::panicking::panic_fmt
[INFO] [stdout]   11:     0x5929ec4da533 - core[df12db4294e9bfd3]::panicking::assert_failed_inner
[INFO] [stdout]   12:     0x5929ec4d6d28 - core[df12db4294e9bfd3]::panicking::assert_failed::<usize, usize>
[INFO] [stdout]   13:     0x5929ec42e995 - frame_reader[3684f1f7765f0594]::resumes_after_timeout_in_partial_payload::{closure#0}
[INFO] [stdout]   14:     0x5929ec433aba - <tokio[15a5d0549565a5c8]::runtime::context::scoped::Scoped<tokio[15a5d0549565a5c8]::runtime::scheduler::Context>>::set::<<tokio[15a5d0549565a5c8]::runtime::scheduler::current_thread::CoreGuard>::enter<<tokio[15a5d0549565a5c8]::runtime::scheduler::current_thread::CoreGuard>::block_on<core[df12db4294e9bfd3]::pin::Pin<&mut core[df12db4294e9bfd3]::pin::Pin<&mut dyn core[df12db4294e9bfd3]::future::future::Future<Output = ()>>>>::{closure#0}, core[df12db4294e9bfd3]::option::Option<()>>::{closure#0}, (alloc[2182bb758b4b3781]::boxed::Box<tokio[15a5d0549565a5c8]::runtime::scheduler::current_thread::Core>, core[df12db4294e9bfd3]::option::Option<()>)>
[INFO] [stdout]   15:     0x5929ec433d7d - <tokio[15a5d0549565a5c8]::runtime::scheduler::current_thread::CoreGuard>::block_on::<core[df12db4294e9bfd3]::pin::Pin<&mut core[df12db4294e9bfd3]::pin::Pin<&mut dyn core[df12db4294e9bfd3]::future::future::Future<Output = ()>>>>
[INFO] [stdout]   16:     0x5929ec43297d - tokio[15a5d0549565a5c8]::runtime::context::runtime::enter_runtime::<<tokio[15a5d0549565a5c8]::runtime::scheduler::current_thread::CurrentThread>::block_on<core[df12db4294e9bfd3]::pin::Pin<&mut dyn core[df12db4294e9bfd3]::future::future::Future<Output = ()>>>::{closure#0}, ()>
[INFO] [stdout]   17:     0x5929ec433915 - <tokio[15a5d0549565a5c8]::runtime::runtime::Runtime>::block_on::<core[df12db4294e9bfd3]::pin::Pin<&mut dyn core[df12db4294e9bfd3]::future::future::Future<Output = ()>>>
[INFO] [stdout]   18:     0x5929ec430e8c - <frame_reader[3684f1f7765f0594]::resumes_after_timeout_in_partial_payload::{closure#0} as core[df12db4294e9bfd3]::ops::function::FnOnce<()>>::call_once
[INFO] [stdout]   19:     0x5929ec434b3b - test[9d35eded1c95d3be]::__rust_begin_short_backtrace::<core[df12db4294e9bfd3]::result::Result<(), alloc[2182bb758b4b3781]::string::String>, fn() -> core[df12db4294e9bfd3]::result::Result<(), alloc[2182bb758b4b3781]::string::String>>
[INFO] [stdout]   20:     0x5929ec4421a5 - test[9d35eded1c95d3be]::run_test::{closure#0}
[INFO] [stdout]   21:     0x5929ec43ba64 - std[70759c8f55707aa4]::sys::backtrace::__rust_begin_short_backtrace::<test[9d35eded1c95d3be]::run_test::{closure#1}, ()>
[INFO] [stdout]   22:     0x5929ec445302 - <std[70759c8f55707aa4]::thread::lifecycle::spawn_unchecked<test[9d35eded1c95d3be]::run_test::{closure#1}, ()>::{closure#1} as core[df12db4294e9bfd3]::ops::function::FnOnce<()>>::call_once::{shim:vtable#0}
[INFO] [stdout]   23:     0x5929ec4c5459 - <std[70759c8f55707aa4]::sys::thread::unix::Thread>::new::thread_start
[INFO] [stdout]   24:     0x719da1bfcdfa - <unknown>
[INFO] [stdout]   25:     0x719da1c903d4 - clone
[INFO] [stdout]   26:                0x0 - <unknown>
[INFO] [stdout] 
[INFO] [stdout] 
[INFO] [stdout] failures:
[INFO] [stdout]     eof_inside_header_is_reported_as_truncated
[INFO] [stdout]     eof_inside_payload_is_reported_with_all_retained_bytes
[INFO] [stdout]     monitor_reports_recovery_after_soft_timeout
[INFO] [stdout]     resumes_after_timeout_in_partial_header
[INFO] [stdout]     resumes_after_timeout_in_partial_payload
[INFO] [stdout]     survives_repeated_interruptions_without_losing_order
[INFO] [stdout] 
[INFO] [stdout] test result: FAILED. 4 passed; 6 failed; 0 ignored; 0 measured; 0 filtered out; finished in 0.05s
[INFO] [stdout] 
[INFO] running `Command { std: "docker" "inspect" "11cdc277e1f1381e15a9d428c604852e8b8fb1bb2c4b734b251d2b4e535d8ae4", kill_on_drop: false }`
[INFO] running `Command { std: "docker" "rm" "-f" "11cdc277e1f1381e15a9d428c604852e8b8fb1bb2c4b734b251d2b4e535d8ae4", kill_on_drop: false }`
[INFO] [stdout] 11cdc277e1f1381e15a9d428c604852e8b8fb1bb2c4b734b251d2b4e535d8ae4
