[INFO] cloning repository https://github.com/gestra/t-botti
[INFO] running `Command { std: "git" "-c" "credential.helper=" "-c" "credential.helper=/workspace/cargo-home/bin/git-credential-null" "clone" "--bare" "https://github.com/gestra/t-botti" "/workspace/cache/git-repos/https%3A%2F%2Fgithub.com%2Fgestra%2Ft-botti", kill_on_drop: false }`
[INFO] [stderr] Cloning into bare repository '/workspace/cache/git-repos/https%3A%2F%2Fgithub.com%2Fgestra%2Ft-botti'...
[INFO] running `Command { std: "git" "rev-parse" "HEAD", kill_on_drop: false }`
[INFO] [stdout] 429ce35ffcea3818ad797ecb8bf97e5f4d5af4df
[INFO] testing gestra/t-botti against 1.100.0-beta.1+cargoflags=--release for beta-release-1.100-2
[INFO] running `Command { std: "git" "clone" "/workspace/cache/git-repos/https%3A%2F%2Fgithub.com%2Fgestra%2Ft-botti" "/workspace/builds/worker-0-tc2/source", kill_on_drop: false }`
[INFO] [stderr] Cloning into '/workspace/builds/worker-0-tc2/source'...
[INFO] [stderr] done.
[INFO] started tweaking git repo https://github.com/gestra/t-botti
[INFO] finished tweaking git repo https://github.com/gestra/t-botti
[INFO] tweaked toml for git repo https://github.com/gestra/t-botti written to /workspace/builds/worker-0-tc2/source/Cargo.toml
[INFO] validating manifest of git repo https://github.com/gestra/t-botti on toolchain 1.100.0-beta.1
[INFO] running `Command { std: CARGO_HOME="/workspace/cargo-home" RUSTUP_HOME="/workspace/rustup-home" "/workspace/cargo-home/bin/cargo" "+1.100.0-beta.1" "metadata" "--manifest-path" "Cargo.toml" "--no-deps", kill_on_drop: false }`
[INFO] crate git repo https://github.com/gestra/t-botti already has a lockfile, it will not be regenerated
[INFO] running `Command { std: CARGO_HOME="/workspace/cargo-home" RUSTUP_HOME="/workspace/rustup-home" "/workspace/cargo-home/bin/cargo" "+1.100.0-beta.1" "fetch" "--manifest-path" "Cargo.toml", kill_on_drop: false }`
[INFO] running `Command { std: "docker" "create" "-v" "/var/lib/crater-agent-workspace/builds/worker-0-tc2/source:/opt/rustwide/workdir:ro,Z" "-v" "/var/lib/crater-agent-workspace/builds/worker-0-tc2/target:/opt/rustwide/target:rw,Z" "-v" "/var/lib/crater-agent-workspace/cargo-home:/opt/rustwide/cargo-home:ro,Z" "-v" "/var/lib/crater-agent-workspace/rustup-home:/opt/rustwide/rustup-home:ro,Z" "-m" "1610612736" "--network" "none" "ghcr.io/rust-lang/crates-build-env/linux@sha256:77db811e55d90add9212f6832c23229e3de5f1c1f9905e8cb07319ea15df73ac" "sleep" "infinity", kill_on_drop: false }`
[INFO] [stdout] d67130c934df0c21f232b48f0b4e0e1db0ad0b149ae7d968234269f83191c7c6
[INFO] running `Command { std: "docker" "start" "d67130c934df0c21f232b48f0b4e0e1db0ad0b149ae7d968234269f83191c7c6", kill_on_drop: false }`
[INFO] running `Command { std: "docker" "inspect" "d67130c934df0c21f232b48f0b4e0e1db0ad0b149ae7d968234269f83191c7c6", kill_on_drop: false }`
[INFO] running `Command { std: "docker" "exec" "-e" "SOURCE_DIR=/opt/rustwide/workdir" "-e" "CARGO_HOME=/opt/rustwide/cargo-home" "-e" "RUSTUP_HOME=/opt/rustwide/rustup-home" "-e" "CARGO_TARGET_DIR=/opt/rustwide/target" "-w" "/opt/rustwide/workdir" "--user" "0:0" "d67130c934df0c21f232b48f0b4e0e1db0ad0b149ae7d968234269f83191c7c6" "/opt/rustwide/cargo-home/bin/cargo" "+1.100.0-beta.1" "metadata" "--no-deps" "--format-version=1", kill_on_drop: false }`
[INFO] running `Command { std: "docker" "inspect" "d67130c934df0c21f232b48f0b4e0e1db0ad0b149ae7d968234269f83191c7c6", kill_on_drop: false }`
[INFO] running `Command { std: "docker" "exec" "-e" "SOURCE_DIR=/opt/rustwide/workdir" "-e" "CARGO_HOME=/opt/rustwide/cargo-home" "-e" "RUSTUP_HOME=/opt/rustwide/rustup-home" "-e" "CARGO_TARGET_DIR=/opt/rustwide/target" "-e" "CARGO_INCREMENTAL=0" "-e" "RUST_BACKTRACE=full" "-e" "RUSTFLAGS=--cap-lints=warn" "-e" "RUSTDOCFLAGS=--cap-lints=warn" "-w" "/opt/rustwide/workdir" "--user" "0:0" "d67130c934df0c21f232b48f0b4e0e1db0ad0b149ae7d968234269f83191c7c6" "/opt/rustwide/cargo-home/bin/cargo" "+1.100.0-beta.1" "build" "--frozen" "--message-format=json" "--release", kill_on_drop: false }`
[INFO] [stderr]    Compiling libc v0.2.147
[INFO] [stderr]    Compiling proc-macro2 v1.0.66
[INFO] [stderr]    Compiling unicode-ident v1.0.11
[INFO] [stderr]    Compiling autocfg v1.1.0
[INFO] [stderr]    Compiling smallvec v1.11.0
[INFO] [stderr]    Compiling once_cell v1.18.0
[INFO] [stderr]    Compiling parking_lot_core v0.9.8
[INFO] [stderr]    Compiling memchr v2.5.0
[INFO] [stderr]    Compiling pin-project-lite v0.2.11
[INFO] [stderr]    Compiling futures-core v0.3.28
[INFO] [stderr]    Compiling pkg-config v0.3.27
[INFO] [stderr]    Compiling cfg-if v1.0.0
[INFO] [stderr]    Compiling serde v1.0.182
[INFO] [stderr]    Compiling lock_api v0.4.10
[INFO] [stderr]    Compiling log v0.4.19
[INFO] [stderr]    Compiling serde_derive v1.0.182
[INFO] [stderr]    Compiling quote v1.0.32
[INFO] [stderr]    Compiling bytes v1.4.0
[INFO] [stderr]    Compiling tokio v1.29.1
[INFO] [stderr]    Compiling futures-sink v0.3.28
[INFO] [stderr]    Compiling ppv-lite86 v0.2.17
[INFO] [stderr]    Compiling syn v2.0.28
[INFO] [stderr]    Compiling siphasher v0.3.10
[INFO] [stderr]    Compiling phf_shared v0.10.0
[INFO] [stderr]    Compiling slab v0.4.8
[INFO] [stderr]    Compiling futures-channel v0.3.28
[INFO] [stderr]    Compiling syn v1.0.109
[INFO] [stderr]    Compiling futures-task v0.3.28
[INFO] [stderr]    Compiling futures-util v0.3.28
[INFO] [stderr]    Compiling itoa v1.0.9
[INFO] [stderr]    Compiling num_cpus v1.16.0
[INFO] [stderr]    Compiling signal-hook-registry v1.4.1
[INFO] [stderr]    Compiling getrandom v0.2.10
[INFO] [stderr]    Compiling parking_lot v0.12.1
[INFO] [stderr]    Compiling cc v1.0.81
[INFO] [stderr]    Compiling rand_core v0.6.4
[INFO] [stderr]    Compiling mio v0.8.8
[INFO] [stderr]    Compiling socket2 v0.4.9
[INFO] [stderr]    Compiling rand_chacha v0.3.1
[INFO] [stderr]    Compiling rand v0.8.5
[INFO] [stderr]    Compiling new_debug_unreachable v1.0.4
[INFO] [stderr]    Compiling futures-io v0.3.28
[INFO] [stderr]    Compiling encoding_index_tests v0.1.4
[INFO] [stderr]    Compiling bitflags v1.3.2
[INFO] [stderr]    Compiling mac v0.1.1
[INFO] [stderr]    Compiling openssl-sys v0.9.91
[INFO] [stderr]    Compiling openssl v0.10.56
[INFO] [stderr]    Compiling phf_generator v0.10.0
[INFO] [stderr]    Compiling futf v0.1.5
[INFO] [stderr]    Compiling tracing-core v0.1.31
[INFO] [stderr]    Compiling phf_codegen v0.10.0
[INFO] [stderr]    Compiling string_cache_codegen v0.5.2
[INFO] [stderr]    Compiling indexmap v1.9.3
[INFO] [stderr]    Compiling precomputed-hash v0.1.1
[INFO] [stderr]    Compiling utf-8 v0.7.6
[INFO] [stderr]    Compiling native-tls v0.2.11
[INFO] [stderr]    Compiling version_check v0.9.4
[INFO] [stderr]    Compiling tendril v0.4.3
[INFO] [stderr]    Compiling markup5ever v0.11.0
[INFO] [stderr]    Compiling ahash v0.7.6
[INFO] [stderr]    Compiling tracing v0.1.37
[INFO] [stderr]    Compiling tinyvec v1.6.0
[INFO] [stderr]    Compiling http v0.2.9
[INFO] [stderr]    Compiling phf v0.10.1
[INFO] [stderr]    Compiling num-traits v0.2.16
[INFO] [stderr]    Compiling percent-encoding v2.3.0
[INFO] [stderr]    Compiling httparse v1.8.0
[INFO] [stderr]    Compiling hashbrown v0.12.3
[INFO] [stderr]    Compiling string_cache v0.8.7
[INFO] [stderr]    Compiling openssl-probe v0.1.5
[INFO] [stderr]    Compiling form_urlencoded v1.2.0
[INFO] [stderr]    Compiling aho-corasick v1.0.2
[INFO] [stderr]    Compiling unicode-normalization v0.1.22
[INFO] [stderr]    Compiling doc-comment v0.3.3
[INFO] [stderr]    Compiling unicode-bidi v0.3.13
[INFO] [stderr]    Compiling try-lock v0.2.4
[INFO] [stderr]    Compiling ryu v1.0.15
[INFO] [stderr]    Compiling parking_lot_core v0.8.6
[INFO] [stderr]    Compiling regex-syntax v0.7.4
[INFO] [stderr]    Compiling thiserror v1.0.44
[INFO] [stderr]    Compiling tokio-macros v2.1.0
[INFO] [stderr]    Compiling futures-macro v0.3.28
[INFO] [stderr]    Compiling openssl-macros v0.1.1
[INFO] [stderr]    Compiling thiserror-impl v1.0.44
[INFO] [stderr]    Compiling idna v0.4.0
[INFO] [stderr]    Compiling want v0.3.1
[INFO] [stderr]    Compiling http-body v0.4.5
[INFO] [stderr]    Compiling regex-automata v0.3.6
[INFO] [stderr]    Compiling html5ever v0.26.0
[INFO] [stderr]    Compiling encoding-index-japanese v1.20141219.5
[INFO] [stderr]    Compiling encoding-index-singlebyte v1.20141219.5
[INFO] [stderr]    Compiling encoding-index-simpchinese v1.20141219.5
[INFO] [stderr]    Compiling encoding-index-korean v1.20141219.5
[INFO] [stderr]    Compiling encoding-index-tradchinese v1.20141219.5
[INFO] [stderr]    Compiling time v0.1.45
[INFO] [stderr]    Compiling libsqlite3-sys v0.22.2
[INFO] [stderr]    Compiling encoding_rs v0.8.32
[INFO] [stderr]    Compiling instant v0.1.12
[INFO] [stderr]    Compiling serde_json v1.0.104
[INFO] [stderr]    Compiling iana-time-zone v0.1.57
[INFO] [stderr]    Compiling httpdate v1.0.2
[INFO] [stderr]    Compiling tower-service v0.3.2
[INFO] [stderr]    Compiling chrono v0.4.26
[INFO] [stderr]    Compiling encoding v0.2.33
[INFO] [stderr]    Compiling tokio-util v0.7.8
[INFO] [stderr]    Compiling tokio-native-tls v0.3.1
[INFO] [stderr]    Compiling h2 v0.3.20
[INFO] [stderr]    Compiling tokio-util v0.6.10
[INFO] [stderr]    Compiling regex v1.9.3
[INFO] [stderr]    Compiling hashbrown v0.11.2
[INFO] [stderr]    Compiling snafu-derive v0.6.10
[INFO] [stderr]    Compiling url v2.4.0
[INFO] [stderr]    Compiling pin-project-internal v1.1.3
[INFO] [stderr]    Compiling xml5ever v0.17.0
[INFO] [stderr]    Compiling bit-vec v0.6.3
[INFO] [stderr]    Compiling pin-project v1.1.3
[INFO] [stderr]    Compiling bit-set v0.5.3
[INFO] [stderr]    Compiling snafu v0.6.10
[INFO] [stderr]    Compiling markup5ever_rcdom v0.2.0
[INFO] [stderr]    Compiling irc-proto v0.15.0
[INFO] [stderr]    Compiling hashlink v0.7.0
[INFO] [stderr]    Compiling hyper v0.14.27
[INFO] [stderr]    Compiling tokio-stream v0.1.14
[INFO] [stderr]    Compiling quick-xml v0.27.1
[INFO] [stderr]    Compiling parking_lot v0.11.2
[INFO] [stderr]    Compiling futures-executor v0.3.28
[INFO] [stderr]    Compiling serde_urlencoded v0.7.1
[INFO] [stderr]    Compiling toml v0.5.11
[INFO] [stderr]    Compiling uuid v1.4.1
[INFO] [stderr]    Compiling atty v0.2.14
[INFO] [stderr]    Compiling fallible-streaming-iterator v0.1.9
[INFO] [stderr]    Compiling lazy_static v1.4.0
[INFO] [stderr]    Compiling humantime v2.1.0
[INFO] [stderr]    Compiling linked-hash-map v0.5.6
[INFO] [stderr]    Compiling xml-rs v0.8.16
[INFO] [stderr]    Compiling fallible-iterator v0.2.0
[INFO] [stderr]    Compiling hyper-tls v0.5.0
[INFO] [stderr]    Compiling base64 v0.21.2
[INFO] [stderr]    Compiling termcolor v1.2.0
[INFO] [stderr]    Compiling ipnet v2.8.0
[INFO] [stderr]    Compiling xmltree v0.10.3
[INFO] [stderr]    Compiling reqwest v0.11.18
[INFO] [stderr]    Compiling env_logger v0.9.3
[INFO] [stderr]    Compiling rusqlite v0.25.4
[INFO] [stderr]    Compiling irc v0.15.0
[INFO] [stderr]    Compiling yaml-rust v0.4.5
[INFO] [stderr]    Compiling feed-rs v1.3.0
[INFO] [stderr]    Compiling futures v0.3.28
[INFO] [stderr]    Compiling select v0.6.0
[INFO] [stderr]    Compiling ts3-query v0.3.2
[INFO] [stderr]    Compiling tbotti v0.1.0 (/opt/rustwide/workdir)
[INFO] [stderr]     Finished `release` profile [optimized] target(s) in 3m 54s
[INFO] running `Command { std: "docker" "inspect" "d67130c934df0c21f232b48f0b4e0e1db0ad0b149ae7d968234269f83191c7c6", kill_on_drop: false }`
[INFO] running `Command { std: "docker" "exec" "-e" "SOURCE_DIR=/opt/rustwide/workdir" "-e" "CARGO_HOME=/opt/rustwide/cargo-home" "-e" "RUSTUP_HOME=/opt/rustwide/rustup-home" "-e" "CARGO_TARGET_DIR=/opt/rustwide/target" "-e" "CARGO_INCREMENTAL=0" "-e" "RUST_BACKTRACE=full" "-e" "RUSTFLAGS=--cap-lints=warn" "-e" "RUSTDOCFLAGS=--cap-lints=warn" "-w" "/opt/rustwide/workdir" "--user" "0:0" "d67130c934df0c21f232b48f0b4e0e1db0ad0b149ae7d968234269f83191c7c6" "/opt/rustwide/cargo-home/bin/cargo" "+1.100.0-beta.1" "test" "--frozen" "--no-run" "--message-format=json" "--release", kill_on_drop: false }`
[INFO] [stderr]    Compiling tbotti v0.1.0 (/opt/rustwide/workdir)
[INFO] [stderr]     Finished `release` profile [optimized] target(s) in 17.72s
[INFO] running `Command { std: "docker" "inspect" "d67130c934df0c21f232b48f0b4e0e1db0ad0b149ae7d968234269f83191c7c6", kill_on_drop: false }`
[INFO] running `Command { std: "docker" "exec" "-e" "SOURCE_DIR=/opt/rustwide/workdir" "-e" "CARGO_HOME=/opt/rustwide/cargo-home" "-e" "RUSTUP_HOME=/opt/rustwide/rustup-home" "-e" "CARGO_TARGET_DIR=/opt/rustwide/target" "-e" "CARGO_INCREMENTAL=0" "-e" "RUST_BACKTRACE=full" "-e" "RUSTFLAGS=--cap-lints=warn" "-e" "RUSTDOCFLAGS=--cap-lints=warn" "-w" "/opt/rustwide/workdir" "--user" "0:0" "d67130c934df0c21f232b48f0b4e0e1db0ad0b149ae7d968234269f83191c7c6" "/opt/rustwide/cargo-home/bin/cargo" "+1.100.0-beta.1" "test" "--frozen" "--release", kill_on_drop: false }`
[INFO] [stderr]     Finished `release` profile [optimized] target(s) in 0.26s
[INFO] [stderr]      Running unittests src/main.rs (/opt/rustwide/target/release/build/tbotti/c575dcae813ff873/out/tbotti-c575dcae813ff873)
[INFO] [stdout] 
[INFO] [stdout] running 24 tests
[INFO] [stdout] test rss::tests::rss_command_parsing_add ... ok
[INFO] [stdout] test rss::tests::rss_command_parsing_list ... ok
[INFO] [stdout] test rss::tests::rss_command_parsing_nocommand ... ok
[INFO] [stdout] test roll::tests::roll_test ... ok
[INFO] [stdout] test openweathermap::tests::owm ... ok
[INFO] [stdout] test rss::tests::rss_command_parsing_remove ... ok
[INFO] [stdout] test roll::tests::roll_params ... ok
[INFO] [stdout] test timer::tests::timer_hhmm ... ok
[INFO] [stdout] test timer::tests::timer_hms ... ok
[INFO] [stdout] test timer::tests::timer_minutes ... ok
[INFO] [stdout] test fmi::tests::fmi ... FAILED
[INFO] [stdout] test rss::tests::rss_remove_feed ... ok
[INFO] [stdout] test rss::tests::rss_add_feed ... ok
[INFO] [stdout] test rss::tests::rss_list_feeds ... ok
[INFO] [stdout] test rss::tests::rss_db_open ... ok
[INFO] [stdout] test weather_db::tests::weatherdb_setget ... ok
[INFO] [stdout] test wikipedia::tests::en_wikipedia_title ... FAILED
[INFO] [stdout] test urltitle::tests::urltitle_wikipedia ... FAILED
[INFO] [stdout] test urltitle::tests::urltitle_hsfi ... FAILED
[INFO] [stdout] test tvmaze::tests::running_series ... FAILED
[INFO] [stdout] test blitzortung::tests::hervanta_coords ... FAILED
[INFO] [stdout] test urltitle::tests::urltitle_youtube ... FAILED
[INFO] [stdout] test tvmaze::tests::ended_series ... FAILED
[INFO] [stdout] test urltitle::tests::urltitle_yle ... FAILED
[INFO] [stdout] 
[INFO] [stdout] failures:
[INFO] [stdout] 
[INFO] [stdout] ---- fmi::tests::fmi stdout ----
[INFO] [stdout] 
[INFO] [stdout] thread 'fmi::tests::fmi' (2918) panicked at src/fmi.rs:1148:9:
[INFO] [stdout] assertion `left == right` failed
[INFO] [stdout]   left: "Helsinki Kaisaniemi: lämpötila: -1.3°C, tuntuu kuin: -7.4°C, tuulen nopeus: 6.5m/s, puuskat: 9.0m/s, ilman kosteus: 96%, pilvisyys: 8/8, lumen syvyys: 28.0cm, jäätävää heikkoa vesisadetta"
[INFO] [stdout]  right: "Helsinki Kaisaniemi: lämpötila: -1.3°C, tuntuu kuin: -7.4°C, tuulen nopeus: 6.5m/s, puuskat: 9.0m/s, ilman kosteus: 96%, pilvisyys: 8/8, jäätävää heikkoa vesisadetta"
[INFO] [stdout] stack backtrace:
[INFO] [stdout]    0:     0x5b327a9fe3e1 - <<std[617be2ca0a6fd877]::sys::backtrace::BacktraceLock>::print::DisplayBacktrace as core[a373ad73a504971]::fmt::Display>::fmt
[INFO] [stdout]    1:     0x5b327aa163ca - core[a373ad73a504971]::fmt::write
[INFO] [stdout]    2:     0x5b327aa02c9c - <alloc[2e1b2a31b91974c5]::vec::Vec<u8> as core[a373ad73a504971]::io::write::Write>::write_fmt
[INFO] [stdout]    3:     0x5b327a9d8bb6 - std[617be2ca0a6fd877]::panicking::default_hook::{closure#0}
[INFO] [stdout]    4:     0x5b327a9f5a59 - std[617be2ca0a6fd877]::panicking::default_hook
[INFO] [stdout]    5:     0x5b327a73a420 - test[aada8e7e76ba119b]::test_main_inner::{closure#0}
[INFO] [stdout]    6:     0x5b327a9f5d82 - std[617be2ca0a6fd877]::panicking::panic_with_hook
[INFO] [stdout]    7:     0x5b327a9d8c62 - std[617be2ca0a6fd877]::panicking::panic_handler::{closure#0}
[INFO] [stdout]    8:     0x5b327a9d14c9 - std[617be2ca0a6fd877]::sys::backtrace::__rust_end_short_backtrace::<std[617be2ca0a6fd877]::panicking::panic_handler::{closure#0}, !>
[INFO] [stdout]    9:     0x5b327a9d9afd - __rustc[ea4f61d10b84890b]::rust_begin_unwind
[INFO] [stdout]   10:     0x5b327aa16bac - core[a373ad73a504971]::panicking::panic_fmt
[INFO] [stdout]   11:     0x5b327aa16ac3 - core[a373ad73a504971]::panicking::assert_failed_inner
[INFO] [stdout]   12:     0x5b327a6de6e6 - core[a373ad73a504971]::panicking::assert_failed::<alloc[2e1b2a31b91974c5]::string::String, &str>
[INFO] [stdout]   13:     0x5b327a6b821c - tbotti[9a49de6cad534a86]::fmi::tests::fmi::{closure#0}
[INFO] [stdout]   14:     0x5b327a6e7fc8 - <tokio[eb1ae055d8fa6fc3]::runtime::scheduler::current_thread::CoreGuard>::block_on::<core[a373ad73a504971]::pin::Pin<&mut core[a373ad73a504971]::pin::Pin<&mut dyn core[a373ad73a504971]::future::future::Future<Output = ()>>>>
[INFO] [stdout]   15:     0x5b327a6ea434 - tokio[eb1ae055d8fa6fc3]::runtime::context::runtime::enter_runtime::<<tokio[eb1ae055d8fa6fc3]::runtime::scheduler::current_thread::CurrentThread>::block_on<core[a373ad73a504971]::pin::Pin<&mut dyn core[a373ad73a504971]::future::future::Future<Output = ()>>>::{closure#0}, ()>
[INFO] [stdout]   16:     0x5b327a719b45 - <tokio[eb1ae055d8fa6fc3]::runtime::runtime::Runtime>::block_on::<core[a373ad73a504971]::pin::Pin<&mut dyn core[a373ad73a504971]::future::future::Future<Output = ()>>>
[INFO] [stdout]   17:     0x5b327a6bc4ee - <tbotti[9a49de6cad534a86]::fmi::tests::fmi::{closure#0} as core[a373ad73a504971]::ops::function::FnOnce<()>>::call_once
[INFO] [stdout]   18:     0x5b327a72d86b - test[aada8e7e76ba119b]::__rust_begin_short_backtrace::<core[a373ad73a504971]::result::Result<(), alloc[2e1b2a31b91974c5]::string::String>, fn() -> core[a373ad73a504971]::result::Result<(), alloc[2e1b2a31b91974c5]::string::String>>
[INFO] [stdout]   19:     0x5b327a73aa45 - test[aada8e7e76ba119b]::run_test::{closure#0}
[INFO] [stdout]   20:     0x5b327a734334 - std[617be2ca0a6fd877]::sys::backtrace::__rust_begin_short_backtrace::<test[aada8e7e76ba119b]::run_test::{closure#1}, ()>
[INFO] [stdout]   21:     0x5b327a73dad2 - <std[617be2ca0a6fd877]::thread::lifecycle::spawn_unchecked<test[aada8e7e76ba119b]::run_test::{closure#1}, ()>::{closure#1} as core[a373ad73a504971]::ops::function::FnOnce<()>>::call_once::{shim:vtable#0}
[INFO] [stdout]   22:     0x5b327a9fd21f - <std[617be2ca0a6fd877]::sys::thread::unix::Thread>::new::thread_start
[INFO] [stdout]   23:     0x785484f17dfa - <unknown>
[INFO] [stdout]   24:     0x785484fab3d4 - clone
[INFO] [stdout]   25:                0x0 - <unknown>
[INFO] [stdout] 
[INFO] [stdout] ---- wikipedia::tests::en_wikipedia_title stdout ----
[INFO] [stdout] 
[INFO] [stdout] thread 'wikipedia::tests::en_wikipedia_title' (2940) panicked at src/wikipedia.rs:149:58:
[INFO] [stdout] called `Result::unwrap()` on an `Err` value: "Error parsing summary JSON"
[INFO] [stdout] stack backtrace:
[INFO] [stdout]    0:     0x5b327a9fe3e1 - <<std[617be2ca0a6fd877]::sys::backtrace::BacktraceLock>::print::DisplayBacktrace as core[a373ad73a504971]::fmt::Display>::fmt
[INFO] [stdout]    1:     0x5b327aa163ca - core[a373ad73a504971]::fmt::write
[INFO] [stdout]    2:     0x5b327aa02c9c - <alloc[2e1b2a31b91974c5]::vec::Vec<u8> as core[a373ad73a504971]::io::write::Write>::write_fmt
[INFO] [stdout]    3:     0x5b327a9d8bb6 - std[617be2ca0a6fd877]::panicking::default_hook::{closure#0}
[INFO] [stdout]    4:     0x5b327a9f5a59 - std[617be2ca0a6fd877]::panicking::default_hook
[INFO] [stdout]    5:     0x5b327a73a420 - test[aada8e7e76ba119b]::test_main_inner::{closure#0}
[INFO] [stdout]    6:     0x5b327a9f5d82 - std[617be2ca0a6fd877]::panicking::panic_with_hook
[INFO] [stdout]    7:     0x5b327a9d8c62 - std[617be2ca0a6fd877]::panicking::panic_handler::{closure#0}
[INFO] [stdout]    8:     0x5b327a9d14c9 - std[617be2ca0a6fd877]::sys::backtrace::__rust_end_short_backtrace::<std[617be2ca0a6fd877]::panicking::panic_handler::{closure#0}, !>
[INFO] [stdout]    9:     0x5b327a9d9afd - __rustc[ea4f61d10b84890b]::rust_begin_unwind
[INFO] [stdout]   10:     0x5b327aa16bac - core[a373ad73a504971]::panicking::panic_fmt
[INFO] [stdout]   11:     0x5b327aa16982 - core[a373ad73a504971]::result::unwrap_failed
[INFO] [stdout]   12:     0x5b327a6b8d39 - tbotti[9a49de6cad534a86]::wikipedia::tests::en_wikipedia_title::{closure#0}
[INFO] [stdout]   13:     0x5b327a6e7fc8 - <tokio[eb1ae055d8fa6fc3]::runtime::scheduler::current_thread::CoreGuard>::block_on::<core[a373ad73a504971]::pin::Pin<&mut core[a373ad73a504971]::pin::Pin<&mut dyn core[a373ad73a504971]::future::future::Future<Output = ()>>>>
[INFO] [stdout]   14:     0x5b327a6ea434 - tokio[eb1ae055d8fa6fc3]::runtime::context::runtime::enter_runtime::<<tokio[eb1ae055d8fa6fc3]::runtime::scheduler::current_thread::CurrentThread>::block_on<core[a373ad73a504971]::pin::Pin<&mut dyn core[a373ad73a504971]::future::future::Future<Output = ()>>>::{closure#0}, ()>
[INFO] [stdout]   15:     0x5b327a719b45 - <tokio[eb1ae055d8fa6fc3]::runtime::runtime::Runtime>::block_on::<core[a373ad73a504971]::pin::Pin<&mut dyn core[a373ad73a504971]::future::future::Future<Output = ()>>>
[INFO] [stdout]   16:     0x5b327a6bc98e - <tbotti[9a49de6cad534a86]::wikipedia::tests::en_wikipedia_title::{closure#0} as core[a373ad73a504971]::ops::function::FnOnce<()>>::call_once
[INFO] [stdout]   17:     0x5b327a72d86b - test[aada8e7e76ba119b]::__rust_begin_short_backtrace::<core[a373ad73a504971]::result::Result<(), alloc[2e1b2a31b91974c5]::string::String>, fn() -> core[a373ad73a504971]::result::Result<(), alloc[2e1b2a31b91974c5]::string::String>>
[INFO] [stdout]   18:     0x5b327a73aa45 - test[aada8e7e76ba119b]::run_test::{closure#0}
[INFO] [stdout]   19:     0x5b327a734334 - std[617be2ca0a6fd877]::sys::backtrace::__rust_begin_short_backtrace::<test[aada8e7e76ba119b]::run_test::{closure#1}, ()>
[INFO] [stdout]   20:     0x5b327a73dad2 - <std[617be2ca0a6fd877]::thread::lifecycle::spawn_unchecked<test[aada8e7e76ba119b]::run_test::{closure#1}, ()>::{closure#1} as core[a373ad73a504971]::ops::function::FnOnce<()>>::call_once::{shim:vtable#0}
[INFO] [stdout]   21:     0x5b327a9fd21f - <std[617be2ca0a6fd877]::sys::thread::unix::Thread>::new::thread_start
[INFO] [stdout]   22:     0x785484f17dfa - <unknown>
[INFO] [stdout]   23:     0x785484fab3d4 - clone
[INFO] [stdout]   24:                0x0 - <unknown>
[INFO] [stdout] 
[INFO] [stdout] ---- urltitle::tests::urltitle_wikipedia stdout ----
[INFO] [stdout] 
[INFO] [stdout] thread 'urltitle::tests::urltitle_wikipedia' (2936) panicked at src/urltitle.rs:168:23:
[INFO] [stdout] called `Option::unwrap()` on a `None` value
[INFO] [stdout] stack backtrace:
[INFO] [stdout]    0:     0x5b327a9fe3e1 - <<std[617be2ca0a6fd877]::sys::backtrace::BacktraceLock>::print::DisplayBacktrace as core[a373ad73a504971]::fmt::Display>::fmt
[INFO] [stdout]    1:     0x5b327aa163ca - core[a373ad73a504971]::fmt::write
[INFO] [stdout]    2:     0x5b327aa02c9c - <alloc[2e1b2a31b91974c5]::vec::Vec<u8> as core[a373ad73a504971]::io::write::Write>::write_fmt
[INFO] [stdout]    3:     0x5b327a9d8bb6 - std[617be2ca0a6fd877]::panicking::default_hook::{closure#0}
[INFO] [stdout]    4:     0x5b327a9f5a59 - std[617be2ca0a6fd877]::panicking::default_hook
[INFO] [stdout]    5:     0x5b327a73a420 - test[aada8e7e76ba119b]::test_main_inner::{closure#0}
[INFO] [stdout]    6:     0x5b327a9f5d82 - std[617be2ca0a6fd877]::panicking::panic_with_hook
[INFO] [stdout]    7:     0x5b327a9d8c94 - std[617be2ca0a6fd877]::panicking::panic_handler::{closure#0}
[INFO] [stdout]    8:     0x5b327a9d14c9 - std[617be2ca0a6fd877]::sys::backtrace::__rust_end_short_backtrace::<std[617be2ca0a6fd877]::panicking::panic_handler::{closure#0}, !>
[INFO] [stdout]    9:     0x5b327a9d9afd - __rustc[ea4f61d10b84890b]::rust_begin_unwind
[INFO] [stdout]   10:     0x5b327aa16bac - core[a373ad73a504971]::panicking::panic_fmt
[INFO] [stdout]   11:     0x5b327aa16b72 - core[a373ad73a504971]::panicking::panic
[INFO] [stdout]   12:     0x5b327aa16929 - core[a373ad73a504971]::option::unwrap_failed
[INFO] [stdout]   13:     0x5b327a716946 - tbotti[9a49de6cad534a86]::urltitle::tests::urltitle_wikipedia::{closure#0}
[INFO] [stdout]   14:     0x5b327a6e7fc8 - <tokio[eb1ae055d8fa6fc3]::runtime::scheduler::current_thread::CoreGuard>::block_on::<core[a373ad73a504971]::pin::Pin<&mut core[a373ad73a504971]::pin::Pin<&mut dyn core[a373ad73a504971]::future::future::Future<Output = ()>>>>
[INFO] [stdout]   15:     0x5b327a6ea434 - tokio[eb1ae055d8fa6fc3]::runtime::context::runtime::enter_runtime::<<tokio[eb1ae055d8fa6fc3]::runtime::scheduler::current_thread::CurrentThread>::block_on<core[a373ad73a504971]::pin::Pin<&mut dyn core[a373ad73a504971]::future::future::Future<Output = ()>>>::{closure#0}, ()>
[INFO] [stdout]   16:     0x5b327a719b45 - <tokio[eb1ae055d8fa6fc3]::runtime::runtime::Runtime>::block_on::<core[a373ad73a504971]::pin::Pin<&mut dyn core[a373ad73a504971]::future::future::Future<Output = ()>>>
[INFO] [stdout]   17:     0x5b327a71973e - <tbotti[9a49de6cad534a86]::urltitle::tests::urltitle_wikipedia::{closure#0} as core[a373ad73a504971]::ops::function::FnOnce<()>>::call_once
[INFO] [stdout]   18:     0x5b327a72d86b - test[aada8e7e76ba119b]::__rust_begin_short_backtrace::<core[a373ad73a504971]::result::Result<(), alloc[2e1b2a31b91974c5]::string::String>, fn() -> core[a373ad73a504971]::result::Result<(), alloc[2e1b2a31b91974c5]::string::String>>
[INFO] [stdout]   19:     0x5b327a73aa45 - test[aada8e7e76ba119b]::run_test::{closure#0}
[INFO] [stdout]   20:     0x5b327a734334 - std[617be2ca0a6fd877]::sys::backtrace::__rust_begin_short_backtrace::<test[aada8e7e76ba119b]::run_test::{closure#1}, ()>
[INFO] [stdout]   21:     0x5b327a73dad2 - <std[617be2ca0a6fd877]::thread::lifecycle::spawn_unchecked<test[aada8e7e76ba119b]::run_test::{closure#1}, ()>::{closure#1} as core[a373ad73a504971]::ops::function::FnOnce<()>>::call_once::{shim:vtable#0}
[INFO] [stdout]   22:     0x5b327a9fd21f - <std[617be2ca0a6fd877]::sys::thread::unix::Thread>::new::thread_start
[INFO] [stdout]   23:     0x785484f17dfa - <unknown>
[INFO] [stdout]   24:     0x785484fab3d4 - clone
[INFO] [stdout]   25:                0x0 - <unknown>
[INFO] [stdout] 
[INFO] [stdout] ---- urltitle::tests::urltitle_hsfi stdout ----
[INFO] [stdout] 
[INFO] [stdout] thread 'urltitle::tests::urltitle_hsfi' (2935) panicked at src/urltitle.rs:188:9:
[INFO] [stdout] assertion `left == right` failed
[INFO] [stdout]   left: None
[INFO] [stdout]  right: Some("Title: ATK | Brexit-sopimus kehottaa käyttämään ikivanhaa tekniikkaa kuten Netscape-selainta ja SHA-1-salausta")
[INFO] [stdout] stack backtrace:
[INFO] [stdout]    0:     0x5b327a9fe3e1 - <<std[617be2ca0a6fd877]::sys::backtrace::BacktraceLock>::print::DisplayBacktrace as core[a373ad73a504971]::fmt::Display>::fmt
[INFO] [stdout]    1:     0x5b327aa163ca - core[a373ad73a504971]::fmt::write
[INFO] [stdout]    2:     0x5b327aa02c9c - <alloc[2e1b2a31b91974c5]::vec::Vec<u8> as core[a373ad73a504971]::io::write::Write>::write_fmt
[INFO] [stdout]    3:     0x5b327a9d8bb6 - std[617be2ca0a6fd877]::panicking::default_hook::{closure#0}
[INFO] [stdout]    4:     0x5b327a9f5a59 - std[617be2ca0a6fd877]::panicking::default_hook
[INFO] [stdout]    5:     0x5b327a73a420 - test[aada8e7e76ba119b]::test_main_inner::{closure#0}
[INFO] [stdout]    6:     0x5b327a9f5d82 - std[617be2ca0a6fd877]::panicking::panic_with_hook
[INFO] [stdout]    7:     0x5b327a9d8c62 - std[617be2ca0a6fd877]::panicking::panic_handler::{closure#0}
[INFO] [stdout]    8:     0x5b327a9d14c9 - std[617be2ca0a6fd877]::sys::backtrace::__rust_end_short_backtrace::<std[617be2ca0a6fd877]::panicking::panic_handler::{closure#0}, !>
[INFO] [stdout]    9:     0x5b327a9d9afd - __rustc[ea4f61d10b84890b]::rust_begin_unwind
[INFO] [stdout]   10:     0x5b327aa16bac - core[a373ad73a504971]::panicking::panic_fmt
[INFO] [stdout]   11:     0x5b327aa16ac3 - core[a373ad73a504971]::panicking::assert_failed_inner
[INFO] [stdout]   12:     0x5b327a6de5e3 - core[a373ad73a504971]::panicking::assert_failed::<core[a373ad73a504971]::option::Option<alloc[2e1b2a31b91974c5]::string::String>, core[a373ad73a504971]::option::Option<alloc[2e1b2a31b91974c5]::string::String>>
[INFO] [stdout]   13:     0x5b327a716513 - tbotti[9a49de6cad534a86]::urltitle::tests::urltitle_hsfi::{closure#0}
[INFO] [stdout]   14:     0x5b327a6e7fc8 - <tokio[eb1ae055d8fa6fc3]::runtime::scheduler::current_thread::CoreGuard>::block_on::<core[a373ad73a504971]::pin::Pin<&mut core[a373ad73a504971]::pin::Pin<&mut dyn core[a373ad73a504971]::future::future::Future<Output = ()>>>>
[INFO] [stdout]   15:     0x5b327a6ea434 - tokio[eb1ae055d8fa6fc3]::runtime::context::runtime::enter_runtime::<<tokio[eb1ae055d8fa6fc3]::runtime::scheduler::current_thread::CurrentThread>::block_on<core[a373ad73a504971]::pin::Pin<&mut dyn core[a373ad73a504971]::future::future::Future<Output = ()>>>::{closure#0}, ()>
[INFO] [stdout]   16:     0x5b327a719b45 - <tokio[eb1ae055d8fa6fc3]::runtime::runtime::Runtime>::block_on::<core[a373ad73a504971]::pin::Pin<&mut dyn core[a373ad73a504971]::future::future::Future<Output = ()>>>
[INFO] [stdout]   17:     0x5b327a7193de - <tbotti[9a49de6cad534a86]::urltitle::tests::urltitle_hsfi::{closure#0} as core[a373ad73a504971]::ops::function::FnOnce<()>>::call_once
[INFO] [stdout]   18:     0x5b327a72d86b - test[aada8e7e76ba119b]::__rust_begin_short_backtrace::<core[a373ad73a504971]::result::Result<(), alloc[2e1b2a31b91974c5]::string::String>, fn() -> core[a373ad73a504971]::result::Result<(), alloc[2e1b2a31b91974c5]::string::String>>
[INFO] [stdout]   19:     0x5b327a73aa45 - test[aada8e7e76ba119b]::run_test::{closure#0}
[INFO] [stdout]   20:     0x5b327a734334 - std[617be2ca0a6fd877]::sys::backtrace::__rust_begin_short_backtrace::<test[aada8e7e76ba119b]::run_test::{closure#1}, ()>
[INFO] [stdout]   21:     0x5b327a73dad2 - <std[617be2ca0a6fd877]::thread::lifecycle::spawn_unchecked<test[aada8e7e76ba119b]::run_test::{closure#1}, ()>::{closure#1} as core[a373ad73a504971]::ops::function::FnOnce<()>>::call_once::{shim:vtable#0}
[INFO] [stdout]   22:     0x5b327a9fd21f - <std[617be2ca0a6fd877]::sys::thread::unix::Thread>::new::thread_start
[INFO] [stdout]   23:     0x785484f17dfa - <unknown>
[INFO] [stdout]   24:     0x785484fab3d4 - clone
[INFO] [stdout]   25:                0x0 - <unknown>
[INFO] [stdout] 
[INFO] [stdout] ---- tvmaze::tests::running_series stdout ----
[INFO] [stdout] 
[INFO] [stdout] thread 'tvmaze::tests::running_series' (2934) panicked at src/tvmaze.rs:429:52:
[INFO] [stdout] called `Result::unwrap()` on an `Err` value: reqwest::Error { kind: Request, url: Url { scheme: "https", cannot_be_a_base: false, username: "", password: None, host: Some(Domain("api.tvmaze.com")), port: None, path: "/singlesearch/shows", query: Some("q=The+Simpsons&embed=episodes"), fragment: None }, source: hyper::Error(Connect, ConnectError("dns error", Custom { kind: Uncategorized, error: "failed to lookup address information: Temporary failure in name resolution" })) }
[INFO] [stdout] stack backtrace:
[INFO] [stdout]    0:     0x5b327a9fe3e1 - <<std[617be2ca0a6fd877]::sys::backtrace::BacktraceLock>::print::DisplayBacktrace as core[a373ad73a504971]::fmt::Display>::fmt
[INFO] [stdout]    1:     0x5b327aa163ca - core[a373ad73a504971]::fmt::write
[INFO] [stdout]    2:     0x5b327aa02c9c - <alloc[2e1b2a31b91974c5]::vec::Vec<u8> as core[a373ad73a504971]::io::write::Write>::write_fmt
[INFO] [stdout]    3:     0x5b327a9d8bb6 - std[617be2ca0a6fd877]::panicking::default_hook::{closure#0}
[INFO] [stdout]    4:     0x5b327a9f5a59 - std[617be2ca0a6fd877]::panicking::default_hook
[INFO] [stdout]    5:     0x5b327a73a420 - test[aada8e7e76ba119b]::test_main_inner::{closure#0}
[INFO] [stdout]    6:     0x5b327a9f5d82 - std[617be2ca0a6fd877]::panicking::panic_with_hook
[INFO] [stdout]    7:     0x5b327a9d8c62 - std[617be2ca0a6fd877]::panicking::panic_handler::{closure#0}
[INFO] [stdout]    8:     0x5b327a9d14c9 - std[617be2ca0a6fd877]::sys::backtrace::__rust_end_short_backtrace::<std[617be2ca0a6fd877]::panicking::panic_handler::{closure#0}, !>
[INFO] [stdout]    9:     0x5b327a9d9afd - __rustc[ea4f61d10b84890b]::rust_begin_unwind
[INFO] [stdout]   10:     0x5b327aa16bac - core[a373ad73a504971]::panicking::panic_fmt
[INFO] [stdout]   11:     0x5b327aa16982 - core[a373ad73a504971]::result::unwrap_failed
[INFO] [stdout]   12:     0x5b327a6d8170 - tbotti[9a49de6cad534a86]::tvmaze::tests::running_series::{closure#0}
[INFO] [stdout]   13:     0x5b327a6e7fc8 - <tokio[eb1ae055d8fa6fc3]::runtime::scheduler::current_thread::CoreGuard>::block_on::<core[a373ad73a504971]::pin::Pin<&mut core[a373ad73a504971]::pin::Pin<&mut dyn core[a373ad73a504971]::future::future::Future<Output = ()>>>>
[INFO] [stdout]   14:     0x5b327a6ea434 - tokio[eb1ae055d8fa6fc3]::runtime::context::runtime::enter_runtime::<<tokio[eb1ae055d8fa6fc3]::runtime::scheduler::current_thread::CurrentThread>::block_on<core[a373ad73a504971]::pin::Pin<&mut dyn core[a373ad73a504971]::future::future::Future<Output = ()>>>::{closure#0}, ()>
[INFO] [stdout]   15:     0x5b327a719b45 - <tokio[eb1ae055d8fa6fc3]::runtime::runtime::Runtime>::block_on::<core[a373ad73a504971]::pin::Pin<&mut dyn core[a373ad73a504971]::future::future::Future<Output = ()>>>
[INFO] [stdout]   16:     0x5b327a6db37e - <tbotti[9a49de6cad534a86]::tvmaze::tests::running_series::{closure#0} as core[a373ad73a504971]::ops::function::FnOnce<()>>::call_once
[INFO] [stdout]   17:     0x5b327a72d86b - test[aada8e7e76ba119b]::__rust_begin_short_backtrace::<core[a373ad73a504971]::result::Result<(), alloc[2e1b2a31b91974c5]::string::String>, fn() -> core[a373ad73a504971]::result::Result<(), alloc[2e1b2a31b91974c5]::string::String>>
[INFO] [stdout]   18:     0x5b327a73aa45 - test[aada8e7e76ba119b]::run_test::{closure#0}
[INFO] [stdout]   19:     0x5b327a734334 - std[617be2ca0a6fd877]::sys::backtrace::__rust_begin_short_backtrace::<test[aada8e7e76ba119b]::run_test::{closure#1}, ()>
[INFO] [stdout]   20:     0x5b327a73dad2 - <std[617be2ca0a6fd877]::thread::lifecycle::spawn_unchecked<test[aada8e7e76ba119b]::run_test::{closure#1}, ()>::{closure#1} as core[a373ad73a504971]::ops::function::FnOnce<()>>::call_once::{shim:vtable#0}
[INFO] [stdout]   21:     0x5b327a9fd21f - <std[617be2ca0a6fd877]::sys::thread::unix::Thread>::new::thread_start
[INFO] [stdout]   22:     0x785484f17dfa - <unknown>
[INFO] [stdout]   23:     0x785484fab3d4 - clone
[INFO] [stdout]   24:                0x0 - <unknown>
[INFO] [stdout] 
[INFO] [stdout] ---- blitzortung::tests::hervanta_coords stdout ----
[INFO] [stdout] 
[INFO] [stdout] thread 'blitzortung::tests::hervanta_coords' (2917) panicked at src/blitzortung.rs:78:48:
[INFO] [stdout] called `Result::unwrap()` on an `Err` value: ()
[INFO] [stdout] stack backtrace:
[INFO] [stdout]    0:     0x5b327a9fe3e1 - <<std[617be2ca0a6fd877]::sys::backtrace::BacktraceLock>::print::DisplayBacktrace as core[a373ad73a504971]::fmt::Display>::fmt
[INFO] [stdout]    1:     0x5b327aa163ca - core[a373ad73a504971]::fmt::write
[INFO] [stdout]    2:     0x5b327aa02c9c - <alloc[2e1b2a31b91974c5]::vec::Vec<u8> as core[a373ad73a504971]::io::write::Write>::write_fmt
[INFO] [stdout]    3:     0x5b327a9d8bb6 - std[617be2ca0a6fd877]::panicking::default_hook::{closure#0}
[INFO] [stdout]    4:     0x5b327a9f5a59 - std[617be2ca0a6fd877]::panicking::default_hook
[INFO] [stdout]    5:     0x5b327a73a420 - test[aada8e7e76ba119b]::test_main_inner::{closure#0}
[INFO] [stdout]    6:     0x5b327a9f5d82 - std[617be2ca0a6fd877]::panicking::panic_with_hook
[INFO] [stdout]    7:     0x5b327a9d8c62 - std[617be2ca0a6fd877]::panicking::panic_handler::{closure#0}
[INFO] [stdout]    8:     0x5b327a9d14c9 - std[617be2ca0a6fd877]::sys::backtrace::__rust_end_short_backtrace::<std[617be2ca0a6fd877]::panicking::panic_handler::{closure#0}, !>
[INFO] [stdout]    9:     0x5b327a9d9afd - __rustc[ea4f61d10b84890b]::rust_begin_unwind
[INFO] [stdout]   10:     0x5b327aa16bac - core[a373ad73a504971]::panicking::panic_fmt
[INFO] [stdout]   11:     0x5b327aa16982 - core[a373ad73a504971]::result::unwrap_failed
[INFO] [stdout]   12:     0x5b327a6b79d0 - tbotti[9a49de6cad534a86]::blitzortung::tests::hervanta_coords::{closure#0}
[INFO] [stdout]   13:     0x5b327a6e7fc8 - <tokio[eb1ae055d8fa6fc3]::runtime::scheduler::current_thread::CoreGuard>::block_on::<core[a373ad73a504971]::pin::Pin<&mut core[a373ad73a504971]::pin::Pin<&mut dyn core[a373ad73a504971]::future::future::Future<Output = ()>>>>
[INFO] [stdout]   14:     0x5b327a6ea434 - tokio[eb1ae055d8fa6fc3]::runtime::context::runtime::enter_runtime::<<tokio[eb1ae055d8fa6fc3]::runtime::scheduler::current_thread::CurrentThread>::block_on<core[a373ad73a504971]::pin::Pin<&mut dyn core[a373ad73a504971]::future::future::Future<Output = ()>>>::{closure#0}, ()>
[INFO] [stdout]   15:     0x5b327a719b45 - <tokio[eb1ae055d8fa6fc3]::runtime::runtime::Runtime>::block_on::<core[a373ad73a504971]::pin::Pin<&mut dyn core[a373ad73a504971]::future::future::Future<Output = ()>>>
[INFO] [stdout]   16:     0x5b327a6bc35e - <tbotti[9a49de6cad534a86]::blitzortung::tests::hervanta_coords::{closure#0} as core[a373ad73a504971]::ops::function::FnOnce<()>>::call_once
[INFO] [stdout]   17:     0x5b327a72d86b - test[aada8e7e76ba119b]::__rust_begin_short_backtrace::<core[a373ad73a504971]::result::Result<(), alloc[2e1b2a31b91974c5]::string::String>, fn() -> core[a373ad73a504971]::result::Result<(), alloc[2e1b2a31b91974c5]::string::String>>
[INFO] [stdout]   18:     0x5b327a73aa45 - test[aada8e7e76ba119b]::run_test::{closure#0}
[INFO] [stdout]   19:     0x5b327a734334 - std[617be2ca0a6fd877]::sys::backtrace::__rust_begin_short_backtrace::<test[aada8e7e76ba119b]::run_test::{closure#1}, ()>
[INFO] [stdout]   20:     0x5b327a73dad2 - <std[617be2ca0a6fd877]::thread::lifecycle::spawn_unchecked<test[aada8e7e76ba119b]::run_test::{closure#1}, ()>::{closure#1} as core[a373ad73a504971]::ops::function::FnOnce<()>>::call_once::{shim:vtable#0}
[INFO] [stdout]   21:     0x5b327a9fd21f - <std[617be2ca0a6fd877]::sys::thread::unix::Thread>::new::thread_start
[INFO] [stdout]   22:     0x785484f17dfa - <unknown>
[INFO] [stdout]   23:     0x785484fab3d4 - clone
[INFO] [stdout]   24:                0x0 - <unknown>
[INFO] [stdout] 
[INFO] [stdout] ---- urltitle::tests::urltitle_youtube stdout ----
[INFO] [stdout] 
[INFO] [stdout] thread 'urltitle::tests::urltitle_youtube' (2938) panicked at src/urltitle.rs:177:9:
[INFO] [stdout] assertion `left == right` failed
[INFO] [stdout]   left: None
[INFO] [stdout]  right: Some("Title: Using a 1930 Teletype as a Linux Terminal")
[INFO] [stdout] stack backtrace:
[INFO] [stdout]    0:     0x5b327a9fe3e1 - <<std[617be2ca0a6fd877]::sys::backtrace::BacktraceLock>::print::DisplayBacktrace as core[a373ad73a504971]::fmt::Display>::fmt
[INFO] [stdout]    1:     0x5b327aa163ca - core[a373ad73a504971]::fmt::write
[INFO] [stdout]    2:     0x5b327aa02c9c - <alloc[2e1b2a31b91974c5]::vec::Vec<u8> as core[a373ad73a504971]::io::write::Write>::write_fmt
[INFO] [stdout]    3:     0x5b327a9d8bb6 - std[617be2ca0a6fd877]::panicking::default_hook::{closure#0}
[INFO] [stdout]    4:     0x5b327a9f5a59 - std[617be2ca0a6fd877]::panicking::default_hook
[INFO] [stdout]    5:     0x5b327a73a420 - test[aada8e7e76ba119b]::test_main_inner::{closure#0}
[INFO] [stdout]    6:     0x5b327a9f5d82 - std[617be2ca0a6fd877]::panicking::panic_with_hook
[INFO] [stdout]    7:     0x5b327a9d8c62 - std[617be2ca0a6fd877]::panicking::panic_handler::{closure#0}
[INFO] [stdout]    8:     0x5b327a9d14c9 - std[617be2ca0a6fd877]::sys::backtrace::__rust_end_short_backtrace::<std[617be2ca0a6fd877]::panicking::panic_handler::{closure#0}, !>
[INFO] [stdout]    9:     0x5b327a9d9afd - __rustc[ea4f61d10b84890b]::rust_begin_unwind
[INFO] [stdout]   10:     0x5b327aa16bac - core[a373ad73a504971]::panicking::panic_fmt
[INFO] [stdout]   11:     0x5b327aa16ac3 - core[a373ad73a504971]::panicking::assert_failed_inner
[INFO] [stdout]   12:     0x5b327a6de5e3 - core[a373ad73a504971]::panicking::assert_failed::<core[a373ad73a504971]::option::Option<alloc[2e1b2a31b91974c5]::string::String>, core[a373ad73a504971]::option::Option<alloc[2e1b2a31b91974c5]::string::String>>
[INFO] [stdout]   13:     0x5b327a716791 - tbotti[9a49de6cad534a86]::urltitle::tests::urltitle_youtube::{closure#0}
[INFO] [stdout]   14:     0x5b327a6e7fc8 - <tokio[eb1ae055d8fa6fc3]::runtime::scheduler::current_thread::CoreGuard>::block_on::<core[a373ad73a504971]::pin::Pin<&mut core[a373ad73a504971]::pin::Pin<&mut dyn core[a373ad73a504971]::future::future::Future<Output = ()>>>>
[INFO] [stdout]   15:     0x5b327a6ea434 - tokio[eb1ae055d8fa6fc3]::runtime::context::runtime::enter_runtime::<<tokio[eb1ae055d8fa6fc3]::runtime::scheduler::current_thread::CurrentThread>::block_on<core[a373ad73a504971]::pin::Pin<&mut dyn core[a373ad73a504971]::future::future::Future<Output = ()>>>::{closure#0}, ()>
[INFO] [stdout]   16:     0x5b327a719b45 - <tokio[eb1ae055d8fa6fc3]::runtime::runtime::Runtime>::block_on::<core[a373ad73a504971]::pin::Pin<&mut dyn core[a373ad73a504971]::future::future::Future<Output = ()>>>
[INFO] [stdout]   17:     0x5b327a71958e - <tbotti[9a49de6cad534a86]::urltitle::tests::urltitle_youtube::{closure#0} as core[a373ad73a504971]::ops::function::FnOnce<()>>::call_once
[INFO] [stdout]   18:     0x5b327a72d86b - test[aada8e7e76ba119b]::__rust_begin_short_backtrace::<core[a373ad73a504971]::result::Result<(), alloc[2e1b2a31b91974c5]::string::String>, fn() -> core[a373ad73a504971]::result::Result<(), alloc[2e1b2a31b91974c5]::string::String>>
[INFO] [stdout]   19:     0x5b327a73aa45 - test[aada8e7e76ba119b]::run_test::{closure#0}
[INFO] [stdout]   20:     0x5b327a734334 - std[617be2ca0a6fd877]::sys::backtrace::__rust_begin_short_backtrace::<test[aada8e7e76ba119b]::run_test::{closure#1}, ()>
[INFO] [stdout]   21:     0x5b327a73dad2 - <std[617be2ca0a6fd877]::thread::lifecycle::spawn_unchecked<test[aada8e7e76ba119b]::run_test::{closure#1}, ()>::{closure#1} as core[a373ad73a504971]::ops::function::FnOnce<()>>::call_once::{shim:vtable#0}
[INFO] [stdout]   22:     0x5b327a9fd21f - <std[617be2ca0a6fd877]::sys::thread::unix::Thread>::new::thread_start
[INFO] [stdout]   23:     0x785484f17dfa - <unknown>
[INFO] [stdout]   24:     0x785484fab3d4 - clone
[INFO] [stdout]   25:                0x0 - <unknown>
[INFO] [stdout] 
[INFO] [stdout] ---- tvmaze::tests::ended_series stdout ----
[INFO] [stdout] 
[INFO] [stdout] thread 'tvmaze::tests::ended_series' (2933) panicked at src/tvmaze.rs:419:69:
[INFO] [stdout] called `Result::unwrap()` on an `Err` value: reqwest::Error { kind: Request, url: Url { scheme: "https", cannot_be_a_base: false, username: "", password: None, host: Some(Domain("api.tvmaze.com")), port: None, path: "/singlesearch/shows", query: Some("q=Star+Trek+The+Next+Generation&embed=episodes"), fragment: None }, source: hyper::Error(Connect, ConnectError("dns error", Custom { kind: Uncategorized, error: "failed to lookup address information: Temporary failure in name resolution" })) }
[INFO] [stdout] stack backtrace:
[INFO] [stdout]    0:     0x5b327a9fe3e1 - <<std[617be2ca0a6fd877]::sys::backtrace::BacktraceLock>::print::DisplayBacktrace as core[a373ad73a504971]::fmt::Display>::fmt
[INFO] [stdout]    1:     0x5b327aa163ca - core[a373ad73a504971]::fmt::write
[INFO] [stdout]    2:     0x5b327aa02c9c - <alloc[2e1b2a31b91974c5]::vec::Vec<u8> as core[a373ad73a504971]::io::write::Write>::write_fmt
[INFO] [stdout]    3:     0x5b327a9d8bb6 - std[617be2ca0a6fd877]::panicking::default_hook::{closure#0}
[INFO] [stdout]    4:     0x5b327a9f5a59 - std[617be2ca0a6fd877]::panicking::default_hook
[INFO] [stdout]    5:     0x5b327a73a420 - test[aada8e7e76ba119b]::test_main_inner::{closure#0}
[INFO] [stdout]    6:     0x5b327a9f5d82 - std[617be2ca0a6fd877]::panicking::panic_with_hook
[INFO] [stdout]    7:     0x5b327a9d8c62 - std[617be2ca0a6fd877]::panicking::panic_handler::{closure#0}
[INFO] [stdout]    8:     0x5b327a9d14c9 - std[617be2ca0a6fd877]::sys::backtrace::__rust_end_short_backtrace::<std[617be2ca0a6fd877]::panicking::panic_handler::{closure#0}, !>
[INFO] [stdout]    9:     0x5b327a9d9afd - __rustc[ea4f61d10b84890b]::rust_begin_unwind
[INFO] [stdout]   10:     0x5b327aa16bac - core[a373ad73a504971]::panicking::panic_fmt
[INFO] [stdout]   11:     0x5b327aa16982 - core[a373ad73a504971]::result::unwrap_failed
[INFO] [stdout]   12:     0x5b327a6d7d4a - tbotti[9a49de6cad534a86]::tvmaze::tests::ended_series::{closure#0}
[INFO] [stdout]   13:     0x5b327a6e7fc8 - <tokio[eb1ae055d8fa6fc3]::runtime::scheduler::current_thread::CoreGuard>::block_on::<core[a373ad73a504971]::pin::Pin<&mut core[a373ad73a504971]::pin::Pin<&mut dyn core[a373ad73a504971]::future::future::Future<Output = ()>>>>
[INFO] [stdout]   14:     0x5b327a6ea434 - tokio[eb1ae055d8fa6fc3]::runtime::context::runtime::enter_runtime::<<tokio[eb1ae055d8fa6fc3]::runtime::scheduler::current_thread::CurrentThread>::block_on<core[a373ad73a504971]::pin::Pin<&mut dyn core[a373ad73a504971]::future::future::Future<Output = ()>>>::{closure#0}, ()>
[INFO] [stdout]   15:     0x5b327a719b45 - <tokio[eb1ae055d8fa6fc3]::runtime::runtime::Runtime>::block_on::<core[a373ad73a504971]::pin::Pin<&mut dyn core[a373ad73a504971]::future::future::Future<Output = ()>>>
[INFO] [stdout]   16:     0x5b327a6db21e - <tbotti[9a49de6cad534a86]::tvmaze::tests::ended_series::{closure#0} as core[a373ad73a504971]::ops::function::FnOnce<()>>::call_once
[INFO] [stdout]   17:     0x5b327a72d86b - test[aada8e7e76ba119b]::__rust_begin_short_backtrace::<core[a373ad73a504971]::result::Result<(), alloc[2e1b2a31b91974c5]::string::String>, fn() -> core[a373ad73a504971]::result::Result<(), alloc[2e1b2a31b91974c5]::string::String>>
[INFO] [stdout]   18:     0x5b327a73aa45 - test[aada8e7e76ba119b]::run_test::{closure#0}
[INFO] [stdout]   19:     0x5b327a734334 - std[617be2ca0a6fd877]::sys::backtrace::__rust_begin_short_backtrace::<test[aada8e7e76ba119b]::run_test::{closure#1}, ()>
[INFO] [stdout]   20:     0x5b327a73dad2 - <std[617be2ca0a6fd877]::thread::lifecycle::spawn_unchecked<test[aada8e7e76ba119b]::run_test::{closure#1}, ()>::{closure#1} as core[a373ad73a504971]::ops::function::FnOnce<()>>::call_once::{shim:vtable#0}
[INFO] [stdout]   21:     0x5b327a9fd21f - <std[617be2ca0a6fd877]::sys::thread::unix::Thread>::new::thread_start
[INFO] [stdout]   22:     0x785484f17dfa - <unknown>
[INFO] [stdout]   23:     0x785484fab3d4 - clone
[INFO] [stdout]   24:                0x0 - <unknown>
[INFO] [stdout] 
[INFO] [stdout] ---- urltitle::tests::urltitle_yle stdout ----
[INFO] [stdout] 
[INFO] [stdout] thread 'urltitle::tests::urltitle_yle' (2937) panicked at src/urltitle.rs:161:9:
[INFO] [stdout] assertion `left == right` failed
[INFO] [stdout]   left: None
[INFO] [stdout]  right: Some("Title: Suomalaistutkijat löysivät krapulaa helpottavan aineen – koetilanteessa haasteensa: osa ei pystynyt juomaan riittävästi, osa ei malttanut lopettaa")
[INFO] [stdout] stack backtrace:
[INFO] [stdout]    0:     0x5b327a9fe3e1 - <<std[617be2ca0a6fd877]::sys::backtrace::BacktraceLock>::print::DisplayBacktrace as core[a373ad73a504971]::fmt::Display>::fmt
[INFO] [stdout]    1:     0x5b327aa163ca - core[a373ad73a504971]::fmt::write
[INFO] [stdout]    2:     0x5b327aa02c9c - <alloc[2e1b2a31b91974c5]::vec::Vec<u8> as core[a373ad73a504971]::io::write::Write>::write_fmt
[INFO] [stdout]    3:     0x5b327a9d8bb6 - std[617be2ca0a6fd877]::panicking::default_hook::{closure#0}
[INFO] [stdout]    4:     0x5b327a9f5a59 - std[617be2ca0a6fd877]::panicking::default_hook
[INFO] [stdout]    5:     0x5b327a73a420 - test[aada8e7e76ba119b]::test_main_inner::{closure#0}
[INFO] [stdout]    6:     0x5b327a9f5d82 - std[617be2ca0a6fd877]::panicking::panic_with_hook
[INFO] [stdout]    7:     0x5b327a9d8c62 - std[617be2ca0a6fd877]::panicking::panic_handler::{closure#0}
[INFO] [stdout]    8:     0x5b327a9d14c9 - std[617be2ca0a6fd877]::sys::backtrace::__rust_end_short_backtrace::<std[617be2ca0a6fd877]::panicking::panic_handler::{closure#0}, !>
[INFO] [stdout]    9:     0x5b327a9d9afd - __rustc[ea4f61d10b84890b]::rust_begin_unwind
[INFO] [stdout]   10:     0x5b327aa16bac - core[a373ad73a504971]::panicking::panic_fmt
[INFO] [stdout]   11:     0x5b327aa16ac3 - core[a373ad73a504971]::panicking::assert_failed_inner
[INFO] [stdout]   12:     0x5b327a6de5e3 - core[a373ad73a504971]::panicking::assert_failed::<core[a373ad73a504971]::option::Option<alloc[2e1b2a31b91974c5]::string::String>, core[a373ad73a504971]::option::Option<alloc[2e1b2a31b91974c5]::string::String>>
[INFO] [stdout]   13:     0x5b327a716269 - tbotti[9a49de6cad534a86]::urltitle::tests::urltitle_yle::{closure#0}
[INFO] [stdout]   14:     0x5b327a6e7fc8 - <tokio[eb1ae055d8fa6fc3]::runtime::scheduler::current_thread::CoreGuard>::block_on::<core[a373ad73a504971]::pin::Pin<&mut core[a373ad73a504971]::pin::Pin<&mut dyn core[a373ad73a504971]::future::future::Future<Output = ()>>>>
[INFO] [stdout]   15:     0x5b327a6ea434 - tokio[eb1ae055d8fa6fc3]::runtime::context::runtime::enter_runtime::<<tokio[eb1ae055d8fa6fc3]::runtime::scheduler::current_thread::CurrentThread>::block_on<core[a373ad73a504971]::pin::Pin<&mut dyn core[a373ad73a504971]::future::future::Future<Output = ()>>>::{closure#0}, ()>
[INFO] [stdout]   16:     0x5b327a719b45 - <tokio[eb1ae055d8fa6fc3]::runtime::runtime::Runtime>::block_on::<core[a373ad73a504971]::pin::Pin<&mut dyn core[a373ad73a504971]::future::future::Future<Output = ()>>>
[INFO] [stdout]   17:     0x5b327a71922e - <tbotti[9a49de6cad534a86]::urltitle::tests::urltitle_yle::{closure#0} as core[a373ad73a504971]::ops::function::FnOnce<()>>::call_once
[INFO] [stdout]   18:     0x5b327a72d86b - test[aada8e7e76ba119b]::__rust_begin_short_backtrace::<core[a373ad73a504971]::result::Result<(), alloc[2e1b2a31b91974c5]::string::String>, fn() -> core[a373ad73a504971]::result::Result<(), alloc[2e1b2a31b91974c5]::string::String>>
[INFO] [stdout]   19:     0x5b327a73aa45 - test[aada8e7e76ba119b]::run_test::{closure#0}
[INFO] [stdout]   20:     0x5b327a734334 - std[617be2ca0a6fd877]::sys::backtrace::__rust_begin_short_backtrace::<test[aada8e7e76ba119b]::run_test::{closure#1}, ()>
[INFO] [stdout]   21:     0x5b327a73dad2 - <std[617be2ca0a6fd877]::thread::lifecycle::spawn_unchecked<test[aada8e7e76ba119b]::run_test::{closure#1}, ()>::{closure#1} as core[a373ad73a504971]::ops::function::FnOnce<()>>::call_once::{shim:vtable#0}
[INFO] [stdout]   22:     0x5b327a9fd21f - <std[617be2ca0a6fd877]::sys::thread::unix::Thread>::new::thread_start
[INFO] [stdout]   23:     0x785484f17dfa - <unknown>
[INFO] [stdout]   24:     0x785484fab3d4 - clone
[INFO] [stdout]   25:                0x0 - <unknown>
[INFO] [stdout] 
[INFO] [stdout] 
[INFO] [stdout] failures:
[INFO] [stdout]     blitzortung::tests::hervanta_coords
[INFO] [stdout]     fmi::tests::fmi
[INFO] [stdout]     tvmaze::tests::ended_series
[INFO] [stdout]     tvmaze::tests::running_series
[INFO] [stdout]     urltitle::tests::urltitle_hsfi
[INFO] [stdout]     urltitle::tests::urltitle_wikipedia
[INFO] [stdout]     urltitle::tests::urltitle_yle
[INFO] [stdout]     urltitle::tests::urltitle_youtube
[INFO] [stdout]     wikipedia::tests::en_wikipedia_title
[INFO] [stdout] 
[INFO] [stdout] test result: FAILED. 15 passed; 9 failed; 0 ignored; 0 measured; 0 filtered out; finished in 0.06s
[INFO] [stdout] 
[INFO] [stderr] error: test failed, to rerun pass `--bin tbotti`
[INFO] running `Command { std: "docker" "inspect" "d67130c934df0c21f232b48f0b4e0e1db0ad0b149ae7d968234269f83191c7c6", kill_on_drop: false }`
[INFO] running `Command { std: "docker" "rm" "-f" "d67130c934df0c21f232b48f0b4e0e1db0ad0b149ae7d968234269f83191c7c6", kill_on_drop: false }`
[INFO] [stdout] d67130c934df0c21f232b48f0b4e0e1db0ad0b149ae7d968234269f83191c7c6
