[INFO] cloning repository https://github.com/gessulat/yesuza
[INFO] running `Command { std: "git" "-c" "credential.helper=" "-c" "credential.helper=/workspace/cargo-home/bin/git-credential-null" "clone" "--bare" "https://github.com/gessulat/yesuza" "/workspace/cache/git-repos/https%3A%2F%2Fgithub.com%2Fgessulat%2Fyesuza", kill_on_drop: false }`
[INFO] [stderr] Cloning into bare repository '/workspace/cache/git-repos/https%3A%2F%2Fgithub.com%2Fgessulat%2Fyesuza'...
[INFO] running `Command { std: "git" "rev-parse" "HEAD", kill_on_drop: false }`
[INFO] [stdout] 219346fbcb8b7e3f0684ea943e9a95f6334bd3a1
[INFO] testing gessulat/yesuza against 1.99.0-beta.8+cargoflags=--release for beta-release-1.100-2
[INFO] running `Command { std: "git" "clone" "/workspace/cache/git-repos/https%3A%2F%2Fgithub.com%2Fgessulat%2Fyesuza" "/workspace/builds/worker-0-tc1/source", kill_on_drop: false }`
[INFO] [stderr] Cloning into '/workspace/builds/worker-0-tc1/source'...
[INFO] [stderr] done.
[INFO] started tweaking git repo https://github.com/gessulat/yesuza
[INFO] finished tweaking git repo https://github.com/gessulat/yesuza
[INFO] tweaked toml for git repo https://github.com/gessulat/yesuza written to /workspace/builds/worker-0-tc1/source/Cargo.toml
[INFO] validating manifest of git repo https://github.com/gessulat/yesuza on toolchain 1.99.0-beta.8
[INFO] running `Command { std: CARGO_HOME="/workspace/cargo-home" RUSTUP_HOME="/workspace/rustup-home" "/workspace/cargo-home/bin/cargo" "+1.99.0-beta.8" "metadata" "--manifest-path" "Cargo.toml" "--no-deps", kill_on_drop: false }`
[INFO] crate git repo https://github.com/gessulat/yesuza already has a lockfile, it will not be regenerated
[INFO] running `Command { std: CARGO_HOME="/workspace/cargo-home" RUSTUP_HOME="/workspace/rustup-home" "/workspace/cargo-home/bin/cargo" "+1.99.0-beta.8" "fetch" "--manifest-path" "Cargo.toml", kill_on_drop: false }`
[INFO] [stderr]  Downloading crates ...
[INFO] [stderr]   Downloaded clap v4.6.4
[INFO] [stderr]   Downloaded clap_builder v4.6.2
[INFO] [stderr]   Downloaded time v0.3.54
[INFO] running `Command { std: "docker" "create" "-v" "/var/lib/crater-agent-workspace/builds/worker-0-tc1/source:/opt/rustwide/workdir:ro,Z" "-v" "/var/lib/crater-agent-workspace/builds/worker-0-tc1/target:/opt/rustwide/target:rw,Z" "-v" "/var/lib/crater-agent-workspace/cargo-home:/opt/rustwide/cargo-home:ro,Z" "-v" "/var/lib/crater-agent-workspace/rustup-home:/opt/rustwide/rustup-home:ro,Z" "-m" "1610612736" "--network" "none" "ghcr.io/rust-lang/crates-build-env/linux@sha256:77db811e55d90add9212f6832c23229e3de5f1c1f9905e8cb07319ea15df73ac" "sleep" "infinity", kill_on_drop: false }`
[INFO] [stdout] 6304bac4a9aae8e7e192416ee8348e84c46f7ec788b7420316e8195d13206ffa
[INFO] running `Command { std: "docker" "start" "6304bac4a9aae8e7e192416ee8348e84c46f7ec788b7420316e8195d13206ffa", kill_on_drop: false }`
[INFO] running `Command { std: "docker" "inspect" "6304bac4a9aae8e7e192416ee8348e84c46f7ec788b7420316e8195d13206ffa", kill_on_drop: false }`
[INFO] running `Command { std: "docker" "exec" "-e" "SOURCE_DIR=/opt/rustwide/workdir" "-e" "CARGO_HOME=/opt/rustwide/cargo-home" "-e" "RUSTUP_HOME=/opt/rustwide/rustup-home" "-e" "CARGO_TARGET_DIR=/opt/rustwide/target" "-w" "/opt/rustwide/workdir" "--user" "0:0" "6304bac4a9aae8e7e192416ee8348e84c46f7ec788b7420316e8195d13206ffa" "/opt/rustwide/cargo-home/bin/cargo" "+1.99.0-beta.8" "metadata" "--no-deps" "--format-version=1", kill_on_drop: false }`
[INFO] running `Command { std: "docker" "inspect" "6304bac4a9aae8e7e192416ee8348e84c46f7ec788b7420316e8195d13206ffa", kill_on_drop: false }`
[INFO] running `Command { std: "docker" "exec" "-e" "SOURCE_DIR=/opt/rustwide/workdir" "-e" "CARGO_HOME=/opt/rustwide/cargo-home" "-e" "RUSTUP_HOME=/opt/rustwide/rustup-home" "-e" "CARGO_TARGET_DIR=/opt/rustwide/target" "-e" "CARGO_INCREMENTAL=0" "-e" "RUST_BACKTRACE=full" "-e" "RUSTFLAGS=--cap-lints=warn" "-e" "RUSTDOCFLAGS=--cap-lints=warn" "-w" "/opt/rustwide/workdir" "--user" "0:0" "6304bac4a9aae8e7e192416ee8348e84c46f7ec788b7420316e8195d13206ffa" "/opt/rustwide/cargo-home/bin/cargo" "+1.99.0-beta.8" "build" "--frozen" "--message-format=json" "--release", kill_on_drop: false }`
[INFO] [stderr]    Compiling serde_core v1.0.229
[INFO] [stderr]    Compiling memchr v2.8.3
[INFO] [stderr]    Compiling zmij v1.0.23
[INFO] [stderr]    Compiling thiserror v2.0.19
[INFO] [stderr]    Compiling anyhow v1.0.104
[INFO] [stderr]    Compiling serde_json v1.0.151
[INFO] [stderr]    Compiling winnow v1.0.4
[INFO] [stderr]    Compiling time-core v0.1.9
[INFO] [stderr]    Compiling num-conv v0.2.2
[INFO] [stderr]    Compiling toml_writer v1.1.2+spec-1.1.0
[INFO] [stderr]    Compiling syn v3.0.3
[INFO] [stderr]    Compiling clap_builder v4.6.2
[INFO] [stderr]    Compiling powerfmt v0.2.0
[INFO] [stderr]    Compiling wait-timeout v0.2.1
[INFO] [stderr]    Compiling fs2 v0.4.3
[INFO] [stderr]    Compiling time-macros v0.2.32
[INFO] [stderr]    Compiling csv-core v0.1.13
[INFO] [stderr]    Compiling toml_parser v1.1.3+spec-1.1.0
[INFO] [stderr]    Compiling toml_datetime v1.1.1+spec-1.1.0
[INFO] [stderr]    Compiling serde_spanned v1.1.1
[INFO] [stderr]    Compiling deranged v0.5.8
[INFO] [stderr]    Compiling csv v1.4.0
[INFO] [stderr]    Compiling toml v1.1.4+spec-1.1.0
[INFO] [stderr]    Compiling time v0.3.54
[INFO] [stderr]    Compiling clap_derive v4.6.4
[INFO] [stderr]    Compiling thiserror-impl v2.0.19
[INFO] [stderr]    Compiling serde_derive v1.0.229
[INFO] [stderr]    Compiling clap v4.6.4
[INFO] [stderr]    Compiling serde v1.0.229
[INFO] [stderr]    Compiling yesuza v2.0.0 (/opt/rustwide/workdir)
[INFO] [stderr]     Finished `release` profile [optimized] target(s) in 33.50s
[INFO] running `Command { std: "docker" "inspect" "6304bac4a9aae8e7e192416ee8348e84c46f7ec788b7420316e8195d13206ffa", kill_on_drop: false }`
[INFO] running `Command { std: "docker" "exec" "-e" "SOURCE_DIR=/opt/rustwide/workdir" "-e" "CARGO_HOME=/opt/rustwide/cargo-home" "-e" "RUSTUP_HOME=/opt/rustwide/rustup-home" "-e" "CARGO_TARGET_DIR=/opt/rustwide/target" "-e" "CARGO_INCREMENTAL=0" "-e" "RUST_BACKTRACE=full" "-e" "RUSTFLAGS=--cap-lints=warn" "-e" "RUSTDOCFLAGS=--cap-lints=warn" "-w" "/opt/rustwide/workdir" "--user" "0:0" "6304bac4a9aae8e7e192416ee8348e84c46f7ec788b7420316e8195d13206ffa" "/opt/rustwide/cargo-home/bin/cargo" "+1.99.0-beta.8" "test" "--frozen" "--no-run" "--message-format=json" "--release", kill_on_drop: false }`
[INFO] [stderr]    Compiling getrandom v0.4.3
[INFO] [stderr]    Compiling bitflags v2.13.1
[INFO] [stderr]    Compiling fastrand v2.5.0
[INFO] [stderr]    Compiling rustix v1.1.4
[INFO] [stderr]    Compiling tempfile v3.27.0
[INFO] [stderr]    Compiling yesuza v2.0.0 (/opt/rustwide/workdir)
[INFO] [stderr]     Finished `release` profile [optimized] target(s) in 14.03s
[INFO] running `Command { std: "docker" "inspect" "6304bac4a9aae8e7e192416ee8348e84c46f7ec788b7420316e8195d13206ffa", kill_on_drop: false }`
[INFO] running `Command { std: "docker" "exec" "-e" "SOURCE_DIR=/opt/rustwide/workdir" "-e" "CARGO_HOME=/opt/rustwide/cargo-home" "-e" "RUSTUP_HOME=/opt/rustwide/rustup-home" "-e" "CARGO_TARGET_DIR=/opt/rustwide/target" "-e" "CARGO_INCREMENTAL=0" "-e" "RUST_BACKTRACE=full" "-e" "RUSTFLAGS=--cap-lints=warn" "-e" "RUSTDOCFLAGS=--cap-lints=warn" "-w" "/opt/rustwide/workdir" "--user" "0:0" "6304bac4a9aae8e7e192416ee8348e84c46f7ec788b7420316e8195d13206ffa" "/opt/rustwide/cargo-home/bin/cargo" "+1.99.0-beta.8" "test" "--frozen" "--release", kill_on_drop: false }`
[INFO] [stderr]     Finished `release` profile [optimized] target(s) in 0.14s
[INFO] [stderr]      Running unittests src/main.rs (/opt/rustwide/target/release/deps/yesuza-2071c25d494e2e54)
[INFO] [stdout] 
[INFO] [stdout] running 56 tests
[INFO] [stdout] test commands::loop_cmd::tests::substitute_prompt_appends_when_no_placeholder ... ok
[INFO] [stdout] test commands::run::tests::cap_aux_replaces_oversized_payload_with_sentinel ... ok
[INFO] [stdout] test config::tests::budget_and_grace_default ... ok
[INFO] [stdout] test config::tests::better_respects_direction_and_ties_lose ... ok
[INFO] [stdout] test config::tests::empty_cmd_or_paths_is_config_error ... ok
[INFO] [stdout] test commands::run::tests::cap_aux_passes_small_payload_through ... ok
[INFO] [stdout] test config::tests::full_config_parses ... ok
[INFO] [stdout] test commands::loop_cmd::tests::next_backoff_zero_base_stays_zero ... ok
[INFO] [stdout] test commands::loop_cmd::tests::next_backoff_doubles_and_caps ... ok
[INFO] [stdout] test config::tests::invalid_metric_is_config_error ... ok
[INFO] [stdout] test commands::loop_cmd::tests::substitute_prompt_replaces_placeholder ... ok
[INFO] [stdout] test config::tests::loop_cmd_parses ... ok
[INFO] [stdout] test config::tests::loop_cmd_defaults_to_none ... ok
[INFO] [stdout] test config::tests::missing_file_names_init_as_next ... ok
[INFO] [stdout] test csvlog::tests::roundtrip_with_commas_quotes_newlines ... ok
[INFO] [stdout] test ids::tests::parse_branch_roundtrips ... ok
[INFO] [stdout] test ids::tests::run_id_formats_zero_padded ... ok
[INFO] [stdout] test ids::tests::next_run_id_counts_up_from_refs ... ok
[INFO] [stdout] test csvlog::tests::merge_dedupes_and_sorts_newest_first ... ok
[INFO] [stdout] test csvlog::tests::merge_prefers_row_with_resolved_commit ... ok
[INFO] [stdout] test ids::tests::agents_of_run_accepts_refs_and_short_names_and_filters_by_run ... ok
[INFO] [stdout] test output::tests::fmt_score_number_or_nan ... ok
[INFO] [stdout] test names::tests::generates_adjective_noun ... ok
[INFO] [stdout] test output::tests::split_message_headline_and_body ... ok
[INFO] [stdout] test csvlog::tests::crash_row_has_empty_score_and_delta ... ok
[INFO] [stdout] test output::tests::split_message_headline_only ... ok
[INFO] [stdout] test scorer::tests::aux_defaults_to_null_when_missing ... ok
[INFO] [stdout] test names::tests::avoids_taken_names ... ok
[INFO] [stdout] test scorer::tests::aux_passthrough ... ok
[INFO] [stdout] test scorer::tests::log_line_with_aux ... ok
[INFO] [stdout] test scorer::tests::malformed_json_returns_none ... ok
[INFO] [stdout] test scorer::tests::missing_everything_returns_none ... ok
[INFO] [stdout] test scorer::tests::env_vars_are_delivered_to_the_child ... ok
[INFO] [stdout] test scorer::tests::malformed_score_json_does_not_fall_back ... ok
[INFO] [stdout] test scorer::tests::score_string_nan_returns_none ... ok
[INFO] [stdout] test scorer::tests::score_json_wins_over_log_line ... ok
[INFO] [stdout] test csvlog::tests::append_creates_dir_and_header_then_appends ... ok
[INFO] [stdout] test output::tests::bare_and_quoted_values ... ok
[INFO] [stdout] test scorer::tests::missing_score_field_returns_none ... ok
[INFO] [stdout] test scorer::tests::last_matching_line_malformed_does_not_fall_back ... ok
[INFO] [stdout] test scorer::tests::crash_outcome_carries_last_log_line_as_err ... ok
[INFO] [stdout] test scorer::tests::spawn_of_an_executable_extensionless_script_is_still_flagged_when_not_marked ... ok
[INFO] [stdout] test scorer::tests::nonzero_exit_code_is_reported ... ok
[INFO] [stdout] test scorer::tests::spawn_of_a_missing_binary_passes_the_raw_error_through ... ok
[INFO] [stdout] test scorer::tests::valid_large_score_works ... ok
[INFO] [stdout] test scorer::tests::success_exit_zero_logs_stdout ... ok
[INFO] [stdout] test scorer::tests::valid_zero_score_works ... ok
[INFO] [stdout] test scorer::tests::successful_score_yields_outcome_with_score ... ok
[INFO] [stdout] test scorer::tests::log_fallback_picks_last_matching_line ... ok
[INFO] [stdout] test gitx::tests::discover_outside_a_repo_is_exit_2 ... ok
[INFO] [stdout] test gitx::tests::push_yesuza_refuses_non_yesuza_refs_without_touching_git ... ok
[INFO] [stdout] test gitx::tests::discover_finds_root_from_subdir ... ok
[INFO] [stdout] test scorer::tests::spawn_of_a_non_executable_script_gives_an_interpreter_directive ... ok
[INFO] [stdout] test gitx::tests::subjects_lists_short_sha_and_subject ... ok
[INFO] [stdout] test gitx::tests::push_and_fetch_roundtrip_against_bare_origin ... ok
[INFO] [stderr] error: test failed, to rerun pass `--bin yesuza`
[INFO] [stdout] test scorer::tests::budget_expiry_kills_process_group_including_backgrounded_grandchild ... FAILED
[INFO] [stdout] 
[INFO] [stdout] failures:
[INFO] [stdout] 
[INFO] [stdout] ---- scorer::tests::budget_expiry_kills_process_group_including_backgrounded_grandchild stdout ----
[INFO] [stdout] 
[INFO] [stdout] thread 'scorer::tests::budget_expiry_kills_process_group_including_backgrounded_grandchild' (1351) panicked at src/scorer.rs:290:9:
[INFO] [stdout] backgrounded grandchild 1363 still alive
[INFO] [stdout] stack backtrace:
[INFO] [stdout]    0:     0x56bcd7d38ac1 - <<std[70759c8f55707aa4]::sys::backtrace::BacktraceLock>::print::DisplayBacktrace as core[df12db4294e9bfd3]::fmt::Display>::fmt
[INFO] [stdout]    1:     0x56bcd7d4f60a - core[df12db4294e9bfd3]::fmt::write
[INFO] [stdout]    2:     0x56bcd7d3d7bc - <alloc[2182bb758b4b3781]::vec::Vec<u8> as core[df12db4294e9bfd3]::io::write::Write>::write_fmt
[INFO] [stdout]    3:     0x56bcd7d12a06 - std[70759c8f55707aa4]::panicking::default_hook::{closure#0}
[INFO] [stdout]    4:     0x56bcd7d30439 - std[70759c8f55707aa4]::panicking::default_hook
[INFO] [stdout]    5:     0x56bcd7cc3440 - test[9d35eded1c95d3be]::test_main_inner::<test[9d35eded1c95d3be]::test_main_static::{closure#0}>::{closure#0}
[INFO] [stdout]    6:     0x56bcd7d305f2 - std[70759c8f55707aa4]::panicking::panic_with_hook
[INFO] [stdout]    7:     0x56bcd7d12ab2 - std[70759c8f55707aa4]::panicking::panic_handler::{closure#0}
[INFO] [stdout]    8:     0x56bcd7d0aff9 - std[70759c8f55707aa4]::sys::backtrace::__rust_end_short_backtrace::<std[70759c8f55707aa4]::panicking::panic_handler::{closure#0}, !>
[INFO] [stdout]    9:     0x56bcd7d137bd - __rustc[8fa7c3cbc660c2b3]::rust_begin_unwind
[INFO] [stdout]   10:     0x56bcd7d4fd7c - core[df12db4294e9bfd3]::panicking::panic_fmt
[INFO] [stdout]   11:     0x56bcd7c74aff - yesuza[80bd4c750e6ba70f]::scorer::tests::budget_expiry_kills_process_group_including_backgrounded_grandchild
[INFO] [stdout]   12:     0x56bcd7c892a9 - <yesuza[80bd4c750e6ba70f]::scorer::tests::budget_expiry_kills_process_group_including_backgrounded_grandchild::{closure#0} as core[df12db4294e9bfd3]::ops::function::FnOnce<()>>::call_once
[INFO] [stdout]   13:     0x56bcd7cb672b - test[9d35eded1c95d3be]::__rust_begin_short_backtrace::<core[df12db4294e9bfd3]::result::Result<(), alloc[2182bb758b4b3781]::string::String>, fn() -> core[df12db4294e9bfd3]::result::Result<(), alloc[2182bb758b4b3781]::string::String>>
[INFO] [stdout]   14:     0x56bcd7cc3d95 - test[9d35eded1c95d3be]::run_test::{closure#0}
[INFO] [stdout]   15:     0x56bcd7cbd654 - std[70759c8f55707aa4]::sys::backtrace::__rust_begin_short_backtrace::<test[9d35eded1c95d3be]::run_test::{closure#1}, ()>
[INFO] [stdout]   16:     0x56bcd7cc6ef2 - <std[70759c8f55707aa4]::thread::lifecycle::spawn_unchecked<test[9d35eded1c95d3be]::run_test::{closure#1}, ()>::{closure#1} as core[df12db4294e9bfd3]::ops::function::FnOnce<()>>::call_once::{shim:vtable#0}
[INFO] [stdout]   17:     0x56bcd7d37e39 - <std[70759c8f55707aa4]::sys::thread::unix::Thread>::new::thread_start
[INFO] [stdout]   18:     0x74c1e888ddfa - <unknown>
[INFO] [stdout]   19:     0x74c1e89213d4 - clone
[INFO] [stdout]   20:                0x0 - <unknown>
[INFO] [stdout] 
[INFO] [stdout] 
[INFO] [stdout] failures:
[INFO] [stdout]     scorer::tests::budget_expiry_kills_process_group_including_backgrounded_grandchild
[INFO] [stdout] 
[INFO] [stdout] test result: FAILED. 55 passed; 1 failed; 0 ignored; 0 measured; 0 filtered out; finished in 1.01s
[INFO] [stdout] 
[INFO] running `Command { std: "docker" "inspect" "6304bac4a9aae8e7e192416ee8348e84c46f7ec788b7420316e8195d13206ffa", kill_on_drop: false }`
[INFO] running `Command { std: "docker" "rm" "-f" "6304bac4a9aae8e7e192416ee8348e84c46f7ec788b7420316e8195d13206ffa", kill_on_drop: false }`
[INFO] [stdout] 6304bac4a9aae8e7e192416ee8348e84c46f7ec788b7420316e8195d13206ffa
