[INFO] cloning repository https://github.com/gerben-stavenga/gazelle
[INFO] running `Command { std: "git" "-c" "credential.helper=" "-c" "credential.helper=/workspace/cargo-home/bin/git-credential-null" "clone" "--bare" "https://github.com/gerben-stavenga/gazelle" "/workspace/cache/git-repos/https%3A%2F%2Fgithub.com%2Fgerben-stavenga%2Fgazelle", kill_on_drop: false }`
[INFO] [stderr] Cloning into bare repository '/workspace/cache/git-repos/https%3A%2F%2Fgithub.com%2Fgerben-stavenga%2Fgazelle'...
[INFO] running `Command { std: "git" "rev-parse" "HEAD", kill_on_drop: false }`
[INFO] [stdout] 7916cb73d1102e8b64d0e98fbad6bf9a089d078c
[INFO] testing gerben-stavenga/gazelle against 1.99.0-beta.8+cargoflags=--release for beta-release-1.100-2
[INFO] running `Command { std: "git" "clone" "/workspace/cache/git-repos/https%3A%2F%2Fgithub.com%2Fgerben-stavenga%2Fgazelle" "/workspace/builds/worker-2-tc1/source", kill_on_drop: false }`
[INFO] [stderr] Cloning into '/workspace/builds/worker-2-tc1/source'...
[INFO] [stderr] done.
[INFO] started tweaking git repo https://github.com/gerben-stavenga/gazelle
[INFO] removed 0 missing examples
[INFO] finished tweaking git repo https://github.com/gerben-stavenga/gazelle
[INFO] tweaked toml for git repo https://github.com/gerben-stavenga/gazelle written to /workspace/builds/worker-2-tc1/source/Cargo.toml
[INFO] validating manifest of git repo https://github.com/gerben-stavenga/gazelle on toolchain 1.99.0-beta.8
[INFO] running `Command { std: CARGO_HOME="/workspace/cargo-home" RUSTUP_HOME="/workspace/rustup-home" "/workspace/cargo-home/bin/cargo" "+1.99.0-beta.8" "metadata" "--manifest-path" "Cargo.toml" "--no-deps", kill_on_drop: false }`
[INFO] crate git repo https://github.com/gerben-stavenga/gazelle already has a lockfile, it will not be regenerated
[INFO] running `Command { std: CARGO_HOME="/workspace/cargo-home" RUSTUP_HOME="/workspace/rustup-home" "/workspace/cargo-home/bin/cargo" "+1.99.0-beta.8" "fetch" "--manifest-path" "Cargo.toml", kill_on_drop: false }`
[INFO] running `Command { std: "docker" "create" "-v" "/var/lib/crater-agent-workspace/builds/worker-2-tc1/source:/opt/rustwide/workdir:ro,Z" "-v" "/var/lib/crater-agent-workspace/builds/worker-2-tc1/target:/opt/rustwide/target:rw,Z" "-v" "/var/lib/crater-agent-workspace/cargo-home:/opt/rustwide/cargo-home:ro,Z" "-v" "/var/lib/crater-agent-workspace/rustup-home:/opt/rustwide/rustup-home:ro,Z" "-m" "1610612736" "--network" "none" "ghcr.io/rust-lang/crates-build-env/linux@sha256:77db811e55d90add9212f6832c23229e3de5f1c1f9905e8cb07319ea15df73ac" "sleep" "infinity", kill_on_drop: false }`
[INFO] [stdout] 08dea72266e50c7898830408e0caddb939c8f11606eac7d44fc3d486546fcbd0
[INFO] running `Command { std: "docker" "start" "08dea72266e50c7898830408e0caddb939c8f11606eac7d44fc3d486546fcbd0", kill_on_drop: false }`
[INFO] running `Command { std: "docker" "inspect" "08dea72266e50c7898830408e0caddb939c8f11606eac7d44fc3d486546fcbd0", kill_on_drop: false }`
[INFO] running `Command { std: "docker" "exec" "-e" "SOURCE_DIR=/opt/rustwide/workdir" "-e" "CARGO_HOME=/opt/rustwide/cargo-home" "-e" "RUSTUP_HOME=/opt/rustwide/rustup-home" "-e" "CARGO_TARGET_DIR=/opt/rustwide/target" "-w" "/opt/rustwide/workdir" "--user" "0:0" "08dea72266e50c7898830408e0caddb939c8f11606eac7d44fc3d486546fcbd0" "/opt/rustwide/cargo-home/bin/cargo" "+1.99.0-beta.8" "metadata" "--no-deps" "--format-version=1", kill_on_drop: false }`
[INFO] running `Command { std: "docker" "inspect" "08dea72266e50c7898830408e0caddb939c8f11606eac7d44fc3d486546fcbd0", kill_on_drop: false }`
[INFO] running `Command { std: "docker" "exec" "-e" "SOURCE_DIR=/opt/rustwide/workdir" "-e" "CARGO_HOME=/opt/rustwide/cargo-home" "-e" "RUSTUP_HOME=/opt/rustwide/rustup-home" "-e" "CARGO_TARGET_DIR=/opt/rustwide/target" "-e" "CARGO_INCREMENTAL=0" "-e" "RUST_BACKTRACE=full" "-e" "RUSTFLAGS=--cap-lints=warn" "-e" "RUSTDOCFLAGS=--cap-lints=warn" "-w" "/opt/rustwide/workdir" "--user" "0:0" "08dea72266e50c7898830408e0caddb939c8f11606eac7d44fc3d486546fcbd0" "/opt/rustwide/cargo-home/bin/cargo" "+1.99.0-beta.8" "build" "--frozen" "--message-format=json" "--release", kill_on_drop: false }`
[INFO] [stderr]    Compiling gazelle-parser v0.10.0 (/opt/rustwide/workdir)
[INFO] [stderr]     Finished `release` profile [optimized] target(s) in 10.73s
[INFO] running `Command { std: "docker" "inspect" "08dea72266e50c7898830408e0caddb939c8f11606eac7d44fc3d486546fcbd0", kill_on_drop: false }`
[INFO] running `Command { std: "docker" "exec" "-e" "SOURCE_DIR=/opt/rustwide/workdir" "-e" "CARGO_HOME=/opt/rustwide/cargo-home" "-e" "RUSTUP_HOME=/opt/rustwide/rustup-home" "-e" "CARGO_TARGET_DIR=/opt/rustwide/target" "-e" "CARGO_INCREMENTAL=0" "-e" "RUST_BACKTRACE=full" "-e" "RUSTFLAGS=--cap-lints=warn" "-e" "RUSTDOCFLAGS=--cap-lints=warn" "-w" "/opt/rustwide/workdir" "--user" "0:0" "08dea72266e50c7898830408e0caddb939c8f11606eac7d44fc3d486546fcbd0" "/opt/rustwide/cargo-home/bin/cargo" "+1.99.0-beta.8" "test" "--frozen" "--no-run" "--message-format=json" "--release", kill_on_drop: false }`
[INFO] [stderr]    Compiling proc-macro2 v1.0.106
[INFO] [stderr]    Compiling quote v1.0.44
[INFO] [stderr]    Compiling prettyplease v0.2.37
[INFO] [stderr]    Compiling syn v2.0.114
[INFO] [stderr]    Compiling gazelle-parser v0.10.0 (/opt/rustwide/workdir)
[INFO] [stderr]    Compiling gazelle-macros v0.10.0 (/opt/rustwide/workdir/gazelle-macros)
[INFO] [stderr]     Finished `release` profile [optimized] target(s) in 40.10s
[INFO] running `Command { std: "docker" "inspect" "08dea72266e50c7898830408e0caddb939c8f11606eac7d44fc3d486546fcbd0", kill_on_drop: false }`
[INFO] running `Command { std: "docker" "exec" "-e" "SOURCE_DIR=/opt/rustwide/workdir" "-e" "CARGO_HOME=/opt/rustwide/cargo-home" "-e" "RUSTUP_HOME=/opt/rustwide/rustup-home" "-e" "CARGO_TARGET_DIR=/opt/rustwide/target" "-e" "CARGO_INCREMENTAL=0" "-e" "RUST_BACKTRACE=full" "-e" "RUSTFLAGS=--cap-lints=warn" "-e" "RUSTDOCFLAGS=--cap-lints=warn" "-w" "/opt/rustwide/workdir" "--user" "0:0" "08dea72266e50c7898830408e0caddb939c8f11606eac7d44fc3d486546fcbd0" "/opt/rustwide/cargo-home/bin/cargo" "+1.99.0-beta.8" "test" "--frozen" "--release", kill_on_drop: false }`
[INFO] [stderr]     Finished `release` profile [optimized] target(s) in 0.06s
[INFO] [stdout] 
[INFO] [stderr]      Running unittests src/lib.rs (/opt/rustwide/target/release/deps/gazelle-b27c80034d13f71e)
[INFO] [stdout] running 103 tests
[INFO] [stdout] test lexer::tests::test_source_read_c_string ... ok
[INFO] [stdout] test lexer::tests::test_source_peek ... ok
[INFO] [stdout] test lexer::tests::test_source_read_c_string_escapes ... ok
[INFO] [stdout] test lexer::tests::test_lexer_dfa_priority ... ok
[INFO] [stdout] test lexer::tests::test_lexer_dfa_no_match ... ok
[INFO] [stdout] test lexer::tests::test_source_complete_lexer ... ok
[INFO] [stdout] test lexer::tests::test_source_read_c_string_hex_escape ... ok
[INFO] [stdout] test lexer::tests::test_lexer_dfa_operators ... ok
[INFO] [stdout] test lexer::tests::test_lexer_dfa_full_tokenizer ... ok
[INFO] [stdout] test lexer::tests::test_source_read_hex_digits ... ok
[INFO] [stdout] test lexer::tests::test_lexer_dfa_multi_char_operators ... ok
[INFO] [stdout] test lexer::tests::test_source_read_digits_with_underscores ... ok
[INFO] [stdout] test lexer::tests::test_source_read_exact_no_match ... ok
[INFO] [stdout] test lexer::tests::test_source_read_exact ... ok
[INFO] [stdout] test lexer::tests::test_source_read_one_of ... ok
[INFO] [stdout] test lexer::tests::test_source_read_ident ... ok
[INFO] [stdout] test lexer::tests::test_source_read_rust_raw_string ... ok
[INFO] [stdout] test lexer::tests::test_source_skip_whitespace ... ok
[INFO] [stdout] test lexer::tests::test_source_read_cpp_raw_string ... ok
[INFO] [stdout] test lexer::tests::test_source_starts_with ... ok
[INFO] [stdout] test lr::tests::test_paren_grammar ... ok
[INFO] [stdout] test lr::tests::test_terminal_set ... ok
[INFO] [stdout] test lexer::tests::test_source_read_cpp_raw_string_with_delimiter ... ok
[INFO] [stdout] test lexer::tests::test_source_read_rust_raw_string_with_hashes ... ok
[INFO] [stdout] test meta::tests::test_diagnostic_marker_uses_character_width ... ok
[INFO] [stdout] test lr::tests::test_first_sets ... ok
[INFO] [stdout] test meta::tests::test_expect_declarations ... ok
[INFO] [stdout] test meta::tests::test_located_eof_diagnostic ... ok
[INFO] [stdout] test lexer::tests::test_lexer_dfa_longest_match ... ok
[INFO] [stdout] test lexer::tests::test_source_read_digits ... ok
[INFO] [stdout] test meta::tests::test_located_syntax_diagnostic ... ok
[INFO] [stdout] test meta::tests::test_modifier_desugaring ... ok
[INFO] [stdout] test meta::tests::test_modifier_parsing ... ok
[INFO] [stdout] test lexer::tests::test_source_read_rust_raw_string_multiple_hashes ... ok
[INFO] [stdout] test meta::tests::test_located_lexer_diagnostic ... ok
[INFO] [stdout] test meta::tests::test_lex ... ok
[INFO] [stdout] test lexer::tests::test_source_read_until_any ... ok
[INFO] [stdout] test lexer::tests::test_source_read_while ... ok
[INFO] [stdout] test lexer::tests::test_source_skip_block_comment ... ok
[INFO] [stdout] test lexer::tests::test_lexer_dfa_single_pattern ... ok
[INFO] [stdout] test meta::tests::test_no_trailing_comma ... ok
[INFO] [stdout] test meta::tests::test_rule_without_action ... ok
[INFO] [stdout] test meta::tests::test_separator_end_to_end ... ok
[INFO] [stdout] test lexer::tests::test_source_skip_line_comment ... ok
[INFO] [stdout] test meta::tests::test_named_reductions ... ok
[INFO] [stdout] test meta::tests::test_parse_simple ... ok
[INFO] [stdout] test meta::tests::test_parse_error_message ... ok
[INFO] [stdout] test meta::tests::test_prec_terminal ... ok
[INFO] [stdout] test meta::tests::test_separator_modifier_desugaring ... ok
[INFO] [stdout] test meta::tests::test_parse_expr_grammar ... ok
[INFO] [stdout] test meta::tests::test_roundtrip ... ok
[INFO] [stdout] test lexer::tests::test_source_line_col ... ok
[INFO] [stdout] test meta::tests::test_terminals_with_regex_patterns ... ok
[INFO] [stdout] test regex::tests::test_char_class_range ... ok
[INFO] [stdout] test meta::tests::test_terminals_with_types ... ok
[INFO] [stdout] test regex::tests::test_char_class ... ok
[INFO] [stdout] test meta::tests::test_separator_modifier_parsing ... ok
[INFO] [stdout] test meta::tests::test_terminal_kinds ... ok
[INFO] [stdout] test meta::tests::test_untyped_nonterminal_modifier_optional ... ok
[INFO] [stdout] test meta::tests::test_named_empty_production ... ok
[INFO] [stdout] test regex::tests::test_plus ... ok
[INFO] [stdout] test regex::tests::test_question ... ok
[INFO] [stdout] test lexer::tests::test_source_read_ident_where ... ok
[INFO] [stdout] test meta::tests::test_unknown_symbol_error ... ok
[INFO] [stdout] test meta::tests::test_untyped_nonterminal_modifier_star ... ok
[INFO] [stdout] test meta::tests::test_untyped_modifier_star ... ok
[INFO] [stdout] test regex::tests::test_shorthand_word ... ok
[INFO] [stdout] test regex::tests::test_escaped_metachar ... ok
[INFO] [stdout] test regex::tests::test_alternation ... ok
[INFO] [stdout] test regex::tests::test_utf8_char_class ... ok
[INFO] [stdout] test runtime::tests::test_action_entry_encoding ... ok
[INFO] [stdout] test regex::tests::test_utf8_char_class_range ... ok
[INFO] [stdout] test regex::tests::test_star ... ok
[INFO] [stdout] test regex::tests::test_utf8_literal ... ok
[INFO] [stdout] test runtime::tests::test_parse_error ... ok
[INFO] [stdout] test regex::tests::test_char_class_negated ... ok
[INFO] [stdout] test runtime::tests::test_parse_single_token ... ok
[INFO] [stdout] test table::tests::counterexample_search_respects_configured_space ... ok
[INFO] [stdout] test regex::tests::test_range_utils ... ok
[INFO] [stdout] test regex::tests::test_grouping ... ok
[INFO] [stdout] test table::tests::test_conflict_terminal_resolves_conflict ... ok
[INFO] [stdout] test table::tests::test_expr_table ... ok
[INFO] [stdout] test table::tests::test_ambiguous_grammar ... ok
[INFO] [stdout] test table::tests::test_conflict_example_lr2 ... ok
[INFO] [stdout] test table::tests::test_goto ... ok
[INFO] [stdout] test regex::tests::test_complex_pattern ... ok
[INFO] [stdout] test regex::tests::test_literal ... ok
[INFO] [stdout] test table::tests::test_conflict_example_rr ... ok
[INFO] [stdout] test regex::tests::test_escape ... ok
[INFO] [stdout] test table::tests::test_conflict_example_rr_epsilon_bracketing ... ok
[INFO] [stdout] test table::tests::test_modified_terminals_report_reduce_reduce_conflict ... ok
[INFO] [stdout] test table::tests::test_prec_terminal_no_conflict ... ok
[INFO] [stdout] test table::tests::test_reduce_terminal_resolves_conflict ... ok
[INFO] [stdout] test table::tests::test_shift_terminal_resolves_conflict ... ok
[INFO] [stdout] test table::tests::test_simple_table ... ok
[INFO] [stdout] test regex::tests::test_utf8_negated_shorthand ... ok
[INFO] [stdout] test runtime::tests::test_format_error ... ok
[INFO] [stdout] test regex::tests::test_shorthand_digit ... ok
[INFO] [stdout] test regex::tests::test_shorthand_space ... ok
[INFO] [stdout] test table::tests::test_no_conflict_examples_for_clean_grammar ... ok
[INFO] [stdout] test regex::tests::test_utf8_negated_class ... ok
[INFO] [stdout] test regex::tests::test_dot ... ok
[INFO] [stdout] test lr::tests::print_state_counts ... ok
[INFO] [stdout] 
[INFO] [stdout] test result: ok. 103 passed; 0 failed; 0 ignored; 0 measured; 0 filtered out; finished in 4.14s
[INFO] [stdout] 
[INFO] [stderr]      Running tests/bootstrap_from_scratch.rs (/opt/rustwide/target/release/deps/bootstrap_from_scratch-35a6b74d4f6b399b)
[INFO] [stdout] 
[INFO] [stdout] running 1 test
[INFO] [stdout] test bootstrap_restores_generated_files ... ignored
[INFO] [stdout] 
[INFO] [stdout] test result: ok. 0 passed; 0 failed; 1 ignored; 0 measured; 0 filtered out; finished in 0.00s
[INFO] [stdout] 
[INFO] [stderr]      Running tests/error_messages.rs (/opt/rustwide/target/release/deps/error_messages-12c361026c6ef72e)
[INFO] [stdout] 
[INFO] [stdout] running 10 tests
[INFO] [stdout] test error_unexpected_eof_after_partial ... ok
[INFO] [stdout] test error_no_spurious_lalr_lookahead ... ok
[INFO] [stdout] test error_checkpoint_restores_pre_reduction_stack ... ok
[INFO] [stdout] test error_expects_eof ... ok
[INFO] [stdout] test error_unexpected_eof ... ok
[INFO] [stdout] test error_in_expression ... ok
[INFO] [stdout] test error_unexpected_token_simple ... ok
[INFO] [stdout] test error_in_sequence ... ok
[INFO] [stdout] test error_deduplicates_display_names ... ok
[INFO] [stdout] test error_multiple_expected ... ok
[INFO] [stdout] 
[INFO] [stdout] test result: ok. 10 passed; 0 failed; 0 ignored; 0 measured; 0 filtered out; finished in 0.03s
[INFO] [stdout] 
[INFO] [stderr]      Running tests/fallible_actions.rs (/opt/rustwide/target/release/deps/fallible_actions-11d78058b932f17c)
[INFO] [stdout] 
[INFO] [stdout] running 3 tests
[INFO] [stdout] test test_discard_blanket ... ok
[INFO] [stdout] test test_cst_blanket ... ok
[INFO] [stdout] test test_action_ok ... ok
[INFO] [stdout] 
[INFO] [stdout] test result: ok. 3 passed; 0 failed; 0 ignored; 0 measured; 0 filtered out; finished in 0.00s
[INFO] [stdout] 
[INFO] [stderr]      Running tests/meta_generated_up_to_date.rs (/opt/rustwide/target/release/deps/meta_generated_up_to_date-521c1de94d1d10e0)
[INFO] [stdout] 
[INFO] [stdout] running 1 test
[INFO] [stdout] test meta_generated_matches_codegen_output ... ok
[INFO] [stderr]      Running tests/no_default_features.rs (/opt/rustwide/target/release/deps/no_default_features-5e12423dcb4ce9b8)
[INFO] [stdout] 
[INFO] [stdout] test result: ok. 1 passed; 0 failed; 0 ignored; 0 measured; 0 filtered out; finished in 11.98s
[INFO] [stdout] 
[INFO] [stdout] 
[INFO] [stdout] running 1 test
[INFO] [stdout] test generated_parser_compiles_without_default_features ... FAILED
[INFO] [stdout] 
[INFO] [stdout] failures:
[INFO] [stdout] 
[INFO] [stdout] ---- generated_parser_compiles_without_default_features stdout ----
[INFO] [stdout] 
[INFO] [stdout] thread 'generated_parser_compiles_without_default_features' (1292) panicked at tests/no_default_features.rs:19:5:
[INFO] [stdout] generated parser failed without default features:
[INFO] [stdout] error: failed to create directory `/opt/rustwide/workdir/target`
[INFO] [stdout] 
[INFO] [stdout] Caused by:
[INFO] [stdout]   Read-only file system (os error 30)
[INFO] [stdout] 
[INFO] [stdout] stack backtrace:
[INFO] [stdout]    0:     0x6089bce85061 - <<std[70759c8f55707aa4]::sys::backtrace::BacktraceLock>::print::DisplayBacktrace as core[df12db4294e9bfd3]::fmt::Display>::fmt
[INFO] [stdout]    1:     0x6089bce9923a - core[df12db4294e9bfd3]::fmt::write
[INFO] [stdout]    2:     0x6089bce894fc - <alloc[2182bb758b4b3781]::vec::Vec<u8> as core[df12db4294e9bfd3]::io::write::Write>::write_fmt
[INFO] [stdout]    3:     0x6089bce613c6 - std[70759c8f55707aa4]::panicking::default_hook::{closure#0}
[INFO] [stdout]    4:     0x6089bce7d7c9 - std[70759c8f55707aa4]::panicking::default_hook
[INFO] [stdout]    5:     0x6089bce199c0 - test[9d35eded1c95d3be]::test_main_inner::<test[9d35eded1c95d3be]::test_main_static::{closure#0}>::{closure#0}
[INFO] [stdout]    6:     0x6089bce7d982 - std[70759c8f55707aa4]::panicking::panic_with_hook
[INFO] [stdout]    7:     0x6089bce61472 - std[70759c8f55707aa4]::panicking::panic_handler::{closure#0}
[INFO] [stdout]    8:     0x6089bce5a1f9 - std[70759c8f55707aa4]::sys::backtrace::__rust_end_short_backtrace::<std[70759c8f55707aa4]::panicking::panic_handler::{closure#0}, !>
[INFO] [stdout]    9:     0x6089bce6206d - __rustc[8fa7c3cbc660c2b3]::rust_begin_unwind
[INFO] [stdout]   10:     0x6089bce9996c - core[df12db4294e9bfd3]::panicking::panic_fmt
[INFO] [stdout]   11:     0x6089bce0cb3c - <no_default_features[4e89207b4e6404c6]::generated_parser_compiles_without_default_features::{closure#0} as core[df12db4294e9bfd3]::ops::function::FnOnce<()>>::call_once
[INFO] [stdout]   12:     0x6089bce0ccab - test[9d35eded1c95d3be]::__rust_begin_short_backtrace::<core[df12db4294e9bfd3]::result::Result<(), alloc[2182bb758b4b3781]::string::String>, fn() -> core[df12db4294e9bfd3]::result::Result<(), alloc[2182bb758b4b3781]::string::String>>
[INFO] [stdout]   13:     0x6089bce1a315 - test[9d35eded1c95d3be]::run_test::{closure#0}
[INFO] [stdout]   14:     0x6089bce13bd4 - std[70759c8f55707aa4]::sys::backtrace::__rust_begin_short_backtrace::<test[9d35eded1c95d3be]::run_test::{closure#1}, ()>
[INFO] [stdout]   15:     0x6089bce1d472 - <std[70759c8f55707aa4]::thread::lifecycle::spawn_unchecked<test[9d35eded1c95d3be]::run_test::{closure#1}, ()>::{closure#1} as core[df12db4294e9bfd3]::ops::function::FnOnce<()>>::call_once::{shim:vtable#0}
[INFO] [stdout]   16:     0x6089bce84939 - <std[70759c8f55707aa4]::sys::thread::unix::Thread>::new::thread_start
[INFO] [stdout]   17:     0x739a9c7efdfa - <unknown>
[INFO] [stdout]   18:     0x739a9c8833d4 - clone
[INFO] [stdout]   19:                0x0 - <unknown>
[INFO] [stdout] 
[INFO] [stdout] 
[INFO] [stdout] failures:
[INFO] [stdout]     generated_parser_compiles_without_default_features
[INFO] [stdout] 
[INFO] [stdout] test result: FAILED. 0 passed; 1 failed; 0 ignored; 0 measured; 0 filtered out; finished in 0.12s
[INFO] [stdout] 
[INFO] [stderr] error: test failed, to rerun pass `--test no_default_features`
[INFO] running `Command { std: "docker" "inspect" "08dea72266e50c7898830408e0caddb939c8f11606eac7d44fc3d486546fcbd0", kill_on_drop: false }`
[INFO] running `Command { std: "docker" "rm" "-f" "08dea72266e50c7898830408e0caddb939c8f11606eac7d44fc3d486546fcbd0", kill_on_drop: false }`
[INFO] [stdout] 08dea72266e50c7898830408e0caddb939c8f11606eac7d44fc3d486546fcbd0
