[INFO] cloning repository https://github.com/george-holt/isPalindrome
[INFO] running `Command { std: "git" "-c" "credential.helper=" "-c" "credential.helper=/workspace/cargo-home/bin/git-credential-null" "clone" "--bare" "https://github.com/george-holt/isPalindrome" "/workspace/cache/git-repos/https%3A%2F%2Fgithub.com%2Fgeorge-holt%2FisPalindrome", kill_on_drop: false }`
[INFO] [stderr] Cloning into bare repository '/workspace/cache/git-repos/https%3A%2F%2Fgithub.com%2Fgeorge-holt%2FisPalindrome'...
[INFO] running `Command { std: "git" "rev-parse" "HEAD", kill_on_drop: false }`
[INFO] [stdout] 05051358ce074df53f2906ca9dee15a0916cc4eb
[INFO] testing george-holt/isPalindrome against 1.99.0-beta.8+cargoflags=--release for beta-release-1.100-2
[INFO] running `Command { std: "git" "clone" "/workspace/cache/git-repos/https%3A%2F%2Fgithub.com%2Fgeorge-holt%2FisPalindrome" "/workspace/builds/worker-1-tc1/source", kill_on_drop: false }`
[INFO] [stderr] Cloning into '/workspace/builds/worker-1-tc1/source'...
[INFO] [stderr] done.
[INFO] started tweaking git repo https://github.com/george-holt/isPalindrome
[INFO] finished tweaking git repo https://github.com/george-holt/isPalindrome
[INFO] tweaked toml for git repo https://github.com/george-holt/isPalindrome written to /workspace/builds/worker-1-tc1/source/Cargo.toml
[INFO] validating manifest of git repo https://github.com/george-holt/isPalindrome on toolchain 1.99.0-beta.8
[INFO] running `Command { std: CARGO_HOME="/workspace/cargo-home" RUSTUP_HOME="/workspace/rustup-home" "/workspace/cargo-home/bin/cargo" "+1.99.0-beta.8" "metadata" "--manifest-path" "Cargo.toml" "--no-deps", kill_on_drop: false }`
[INFO] crate git repo https://github.com/george-holt/isPalindrome already has a lockfile, it will not be regenerated
[INFO] running `Command { std: CARGO_HOME="/workspace/cargo-home" RUSTUP_HOME="/workspace/rustup-home" "/workspace/cargo-home/bin/cargo" "+1.99.0-beta.8" "fetch" "--manifest-path" "Cargo.toml", kill_on_drop: false }`
[INFO] [stderr]     Updating crates.io index
[INFO] [stderr]  Downloading crates ...
[INFO] [stderr]   Downloaded which v6.0.3
[INFO] [stderr]   Downloaded indexmap v2.13.1
[INFO] [stderr]   Downloaded fastrand v2.4.0
[INFO] [stderr]   Downloaded winsafe v0.0.19
[INFO] [stderr]   Downloaded libc v0.2.184
[INFO] running `Command { std: "docker" "create" "-v" "/var/lib/crater-agent-workspace/builds/worker-1-tc1/source:/opt/rustwide/workdir:ro,Z" "-v" "/var/lib/crater-agent-workspace/builds/worker-1-tc1/target:/opt/rustwide/target:rw,Z" "-v" "/var/lib/crater-agent-workspace/cargo-home:/opt/rustwide/cargo-home:ro,Z" "-v" "/var/lib/crater-agent-workspace/rustup-home:/opt/rustwide/rustup-home:ro,Z" "-m" "1610612736" "--network" "none" "ghcr.io/rust-lang/crates-build-env/linux@sha256:77db811e55d90add9212f6832c23229e3de5f1c1f9905e8cb07319ea15df73ac" "sleep" "infinity", kill_on_drop: false }`
[INFO] [stdout] 74aab5a87a8d3a26e848631b9c6e8d6ca6a7aa3cd50a6693d18640ab2b6e2c77
[INFO] running `Command { std: "docker" "start" "74aab5a87a8d3a26e848631b9c6e8d6ca6a7aa3cd50a6693d18640ab2b6e2c77", kill_on_drop: false }`
[INFO] running `Command { std: "docker" "inspect" "74aab5a87a8d3a26e848631b9c6e8d6ca6a7aa3cd50a6693d18640ab2b6e2c77", kill_on_drop: false }`
[INFO] running `Command { std: "docker" "exec" "-e" "SOURCE_DIR=/opt/rustwide/workdir" "-e" "CARGO_HOME=/opt/rustwide/cargo-home" "-e" "RUSTUP_HOME=/opt/rustwide/rustup-home" "-e" "CARGO_TARGET_DIR=/opt/rustwide/target" "-w" "/opt/rustwide/workdir" "--user" "0:0" "74aab5a87a8d3a26e848631b9c6e8d6ca6a7aa3cd50a6693d18640ab2b6e2c77" "/opt/rustwide/cargo-home/bin/cargo" "+1.99.0-beta.8" "metadata" "--no-deps" "--format-version=1", kill_on_drop: false }`
[INFO] running `Command { std: "docker" "inspect" "74aab5a87a8d3a26e848631b9c6e8d6ca6a7aa3cd50a6693d18640ab2b6e2c77", kill_on_drop: false }`
[INFO] running `Command { std: "docker" "exec" "-e" "SOURCE_DIR=/opt/rustwide/workdir" "-e" "CARGO_HOME=/opt/rustwide/cargo-home" "-e" "RUSTUP_HOME=/opt/rustwide/rustup-home" "-e" "CARGO_TARGET_DIR=/opt/rustwide/target" "-e" "CARGO_INCREMENTAL=0" "-e" "RUST_BACKTRACE=full" "-e" "RUSTFLAGS=--cap-lints=warn" "-e" "RUSTDOCFLAGS=--cap-lints=warn" "-w" "/opt/rustwide/workdir" "--user" "0:0" "74aab5a87a8d3a26e848631b9c6e8d6ca6a7aa3cd50a6693d18640ab2b6e2c77" "/opt/rustwide/cargo-home/bin/cargo" "+1.99.0-beta.8" "build" "--frozen" "--message-format=json" "--release", kill_on_drop: false }`
[INFO] [stderr]    Compiling proc-macro2 v1.0.106
[INFO] [stderr]    Compiling quote v1.0.45
[INFO] [stderr]    Compiling serde_core v1.0.228
[INFO] [stderr]    Compiling zmij v1.0.21
[INFO] [stderr]    Compiling rustix v0.38.44
[INFO] [stderr]    Compiling serde v1.0.228
[INFO] [stderr]    Compiling linux-raw-sys v0.4.15
[INFO] [stderr]    Compiling bitflags v2.11.0
[INFO] [stderr]    Compiling serde_json v1.0.149
[INFO] [stderr]    Compiling home v0.5.12
[INFO] [stderr]    Compiling either v1.15.0
[INFO] [stderr]    Compiling memchr v2.8.0
[INFO] [stderr]    Compiling is_palindrome v0.1.0 (/opt/rustwide/workdir/src/rust/is_palindrome)
[INFO] [stderr]    Compiling syn v2.0.117
[INFO] [stderr]    Compiling which v6.0.3
[INFO] [stderr]    Compiling serde_derive v1.0.228
[INFO] [stderr]    Compiling is_palindrome_cli v0.1.0 (/opt/rustwide/workdir/CLI)
[INFO] [stderr]     Finished `release` profile [optimized] target(s) in 26.28s
[INFO] running `Command { std: "docker" "inspect" "74aab5a87a8d3a26e848631b9c6e8d6ca6a7aa3cd50a6693d18640ab2b6e2c77", kill_on_drop: false }`
[INFO] running `Command { std: "docker" "exec" "-e" "SOURCE_DIR=/opt/rustwide/workdir" "-e" "CARGO_HOME=/opt/rustwide/cargo-home" "-e" "RUSTUP_HOME=/opt/rustwide/rustup-home" "-e" "CARGO_TARGET_DIR=/opt/rustwide/target" "-e" "CARGO_INCREMENTAL=0" "-e" "RUST_BACKTRACE=full" "-e" "RUSTFLAGS=--cap-lints=warn" "-e" "RUSTDOCFLAGS=--cap-lints=warn" "-w" "/opt/rustwide/workdir" "--user" "0:0" "74aab5a87a8d3a26e848631b9c6e8d6ca6a7aa3cd50a6693d18640ab2b6e2c77" "/opt/rustwide/cargo-home/bin/cargo" "+1.99.0-beta.8" "test" "--frozen" "--no-run" "--message-format=json" "--release", kill_on_drop: false }`
[INFO] [stderr]    Compiling libc v0.2.184
[INFO] [stderr]    Compiling rustix v1.1.4
[INFO] [stderr]    Compiling getrandom v0.4.2
[INFO] [stderr]    Compiling fastrand v2.4.0
[INFO] [stderr]    Compiling once_cell v1.21.4
[INFO] [stderr]    Compiling is_palindrome v0.1.0 (/opt/rustwide/workdir/src/rust/is_palindrome)
[INFO] [stderr]    Compiling tempfile v3.27.0
[INFO] [stderr]    Compiling is_palindrome_cli v0.1.0 (/opt/rustwide/workdir/CLI)
[INFO] [stderr]     Finished `release` profile [optimized] target(s) in 10.92s
[INFO] running `Command { std: "docker" "inspect" "74aab5a87a8d3a26e848631b9c6e8d6ca6a7aa3cd50a6693d18640ab2b6e2c77", kill_on_drop: false }`
[INFO] running `Command { std: "docker" "exec" "-e" "SOURCE_DIR=/opt/rustwide/workdir" "-e" "CARGO_HOME=/opt/rustwide/cargo-home" "-e" "RUSTUP_HOME=/opt/rustwide/rustup-home" "-e" "CARGO_TARGET_DIR=/opt/rustwide/target" "-e" "CARGO_INCREMENTAL=0" "-e" "RUST_BACKTRACE=full" "-e" "RUSTFLAGS=--cap-lints=warn" "-e" "RUSTDOCFLAGS=--cap-lints=warn" "-w" "/opt/rustwide/workdir" "--user" "0:0" "74aab5a87a8d3a26e848631b9c6e8d6ca6a7aa3cd50a6693d18640ab2b6e2c77" "/opt/rustwide/cargo-home/bin/cargo" "+1.99.0-beta.8" "test" "--frozen" "--release", kill_on_drop: false }`
[INFO] [stderr]     Finished `release` profile [optimized] target(s) in 0.07s
[INFO] [stderr]      Running unittests src/lib.rs (/opt/rustwide/target/release/deps/is_palindrome-acef6e86d9b24c79)
[INFO] [stdout] 
[INFO] [stdout] running 0 tests
[INFO] [stdout] 
[INFO] [stdout] test result: ok. 0 passed; 0 failed; 0 ignored; 0 measured; 0 filtered out; finished in 0.00s
[INFO] [stdout] 
[INFO] [stderr]      Running tests/acceptance_manifest_test.rs (/opt/rustwide/target/release/deps/acceptance_manifest_test-551aecf1d8170fa8)
[INFO] [stdout] 
[INFO] [stdout] running 1 test
[INFO] [stdout] test acceptance_manifest_cases ... ok
[INFO] [stdout] 
[INFO] [stdout] test result: ok. 1 passed; 0 failed; 0 ignored; 0 measured; 0 filtered out; finished in 0.00s
[INFO] [stdout] 
[INFO] [stderr]      Running unittests src/lib.rs (/opt/rustwide/target/release/deps/is_palindrome_cli-a61c12a72b927997)
[INFO] [stdout] 
[INFO] [stdout] running 2 tests
[INFO] [stdout] test thin_stdout_tests::thin_stdout_ok_when_true_is_last ... ok
[INFO] [stdout] test thin_stdout_tests::last_line_wins_after_host_banner ... ok
[INFO] [stdout] 
[INFO] [stdout] test result: ok. 2 passed; 0 failed; 0 ignored; 0 measured; 0 filtered out; finished in 0.00s
[INFO] [stdout] 
[INFO] [stderr]      Running unittests src/bin/is_palindrome_cli.rs (/opt/rustwide/target/release/deps/is_palindrome_cli-07bb7572ebea08fd)
[INFO] [stdout] 
[INFO] [stdout] running 0 tests
[INFO] [stdout] 
[INFO] [stdout] test result: ok. 0 passed; 0 failed; 0 ignored; 0 measured; 0 filtered out; finished in 0.00s
[INFO] [stdout] 
[INFO] [stderr]      Running unittests src/bin/stdin_json_adapter.rs (/opt/rustwide/target/release/deps/stdin_json_adapter-15580e988aba09fc)
[INFO] [stderr]      Running tests/cli_integration.rs (/opt/rustwide/target/release/deps/cli_integration-bbae7a83a3ac8128)
[INFO] [stdout] 
[INFO] [stdout] running 0 tests
[INFO] [stdout] 
[INFO] [stdout] test result: ok. 0 passed; 0 failed; 0 ignored; 0 measured; 0 filtered out; finished in 0.00s
[INFO] [stdout] 
[INFO] [stdout] 
[INFO] [stdout] running 7 tests
[INFO] [stdout] test default_invocation_aba_stdout_true_exit_0 ... ok
[INFO] [stdout] test non_ascii_string_api_exit_2 ... ok
[INFO] [stdout] test default_invocation_ab_exit_1 ... ok
[INFO] [stdout] test json_roundtrip_string_mode ... FAILED
[INFO] [stdout] test impl_rust_explicit_matches_default ... FAILED
[INFO] [stdout] test impl_py_matches_rust_for_aba ... FAILED
[INFO] [stderr] error: test failed, to rerun pass `-p is_palindrome_cli --test cli_integration`
[INFO] [stdout] test impl_all_json_contains_rust_and_status ... ok
[INFO] [stdout] 
[INFO] [stdout] failures:
[INFO] [stdout] 
[INFO] [stdout] ---- json_roundtrip_string_mode stdout ----
[INFO] [stdout] 
[INFO] [stdout] thread 'json_roundtrip_string_mode' (849) panicked at CLI/tests/cli_integration.rs:192:5:
[INFO] [stdout] assertion `left == right` failed: 
[INFO] [stdout]   left: Some(2)
[INFO] [stdout]  right: Some(0)
[INFO] [stdout] stack backtrace:
[INFO] [stdout]    0:     0x63621cae6c71 - <<std[70759c8f55707aa4]::sys::backtrace::BacktraceLock>::print::DisplayBacktrace as core[df12db4294e9bfd3]::fmt::Display>::fmt
[INFO] [stdout]    1:     0x63621cafb4ba - core[df12db4294e9bfd3]::fmt::write
[INFO] [stdout]    2:     0x63621caeb42c - <alloc[2182bb758b4b3781]::vec::Vec<u8> as core[df12db4294e9bfd3]::io::write::Write>::write_fmt
[INFO] [stdout]    3:     0x63621cac1346 - std[70759c8f55707aa4]::panicking::default_hook::{closure#0}
[INFO] [stdout]    4:     0x63621cade559 - std[70759c8f55707aa4]::panicking::default_hook
[INFO] [stdout]    5:     0x63621ca79160 - test[9d35eded1c95d3be]::test_main_inner::<test[9d35eded1c95d3be]::test_main_static::{closure#0}>::{closure#0}
[INFO] [stdout]    6:     0x63621cade712 - std[70759c8f55707aa4]::panicking::panic_with_hook
[INFO] [stdout]    7:     0x63621cac13f2 - std[70759c8f55707aa4]::panicking::panic_handler::{closure#0}
[INFO] [stdout]    8:     0x63621cab9e29 - std[70759c8f55707aa4]::sys::backtrace::__rust_end_short_backtrace::<std[70759c8f55707aa4]::panicking::panic_handler::{closure#0}, !>
[INFO] [stdout]    9:     0x63621cac1fed - __rustc[8fa7c3cbc660c2b3]::rust_begin_unwind
[INFO] [stdout]   10:     0x63621cafbbec - core[df12db4294e9bfd3]::panicking::panic_fmt
[INFO] [stdout]   11:     0x63621cafbb63 - core[df12db4294e9bfd3]::panicking::assert_failed_inner
[INFO] [stdout]   12:     0x63621ca6a5ad - core[df12db4294e9bfd3]::panicking::assert_failed::<core[df12db4294e9bfd3]::option::Option<i32>, core[df12db4294e9bfd3]::option::Option<i32>>
[INFO] [stdout]   13:     0x63621ca68b45 - <cli_integration[85abc94f2f644051]::json_roundtrip_string_mode::{closure#0} as core[df12db4294e9bfd3]::ops::function::FnOnce<()>>::call_once
[INFO] [stdout]   14:     0x63621ca6c44b - test[9d35eded1c95d3be]::__rust_begin_short_backtrace::<core[df12db4294e9bfd3]::result::Result<(), alloc[2182bb758b4b3781]::string::String>, fn() -> core[df12db4294e9bfd3]::result::Result<(), alloc[2182bb758b4b3781]::string::String>>
[INFO] [stdout]   15:     0x63621ca79ab5 - test[9d35eded1c95d3be]::run_test::{closure#0}
[INFO] [stdout]   16:     0x63621ca73374 - std[70759c8f55707aa4]::sys::backtrace::__rust_begin_short_backtrace::<test[9d35eded1c95d3be]::run_test::{closure#1}, ()>
[INFO] [stdout]   17:     0x63621ca7cc12 - <std[70759c8f55707aa4]::thread::lifecycle::spawn_unchecked<test[9d35eded1c95d3be]::run_test::{closure#1}, ()>::{closure#1} as core[df12db4294e9bfd3]::ops::function::FnOnce<()>>::call_once::{shim:vtable#0}
[INFO] [stdout]   18:     0x63621cae5fe9 - <std[70759c8f55707aa4]::sys::thread::unix::Thread>::new::thread_start
[INFO] [stdout]   19:     0x76b70f3f4dfa - <unknown>
[INFO] [stdout]   20:     0x76b70f4883d4 - clone
[INFO] [stdout]   21:                0x0 - <unknown>
[INFO] [stdout] 
[INFO] [stdout] ---- impl_rust_explicit_matches_default stdout ----
[INFO] [stdout] 
[INFO] [stdout] thread 'impl_rust_explicit_matches_default' (848) panicked at CLI/tests/cli_integration.rs:140:5:
[INFO] [stdout] assertion `left == right` failed
[INFO] [stdout]   left: ExitStatus(unix_wait_status(512))
[INFO] [stdout]  right: ExitStatus(unix_wait_status(0))
[INFO] [stdout] stack backtrace:
[INFO] [stdout]    0:     0x63621cae6c71 - <<std[70759c8f55707aa4]::sys::backtrace::BacktraceLock>::print::DisplayBacktrace as core[df12db4294e9bfd3]::fmt::Display>::fmt
[INFO] [stdout]    1:     0x63621cafb4ba - core[df12db4294e9bfd3]::fmt::write
[INFO] [stdout]    2:     0x63621caeb42c - <alloc[2182bb758b4b3781]::vec::Vec<u8> as core[df12db4294e9bfd3]::io::write::Write>::write_fmt
[INFO] [stdout]    3:     0x63621cac1346 - std[70759c8f55707aa4]::panicking::default_hook::{closure#0}
[INFO] [stdout]    4:     0x63621cade559 - std[70759c8f55707aa4]::panicking::default_hook
[INFO] [stdout]    5:     0x63621ca79160 - test[9d35eded1c95d3be]::test_main_inner::<test[9d35eded1c95d3be]::test_main_static::{closure#0}>::{closure#0}
[INFO] [stdout]    6:     0x63621cade712 - std[70759c8f55707aa4]::panicking::panic_with_hook
[INFO] [stdout]    7:     0x63621cac13f2 - std[70759c8f55707aa4]::panicking::panic_handler::{closure#0}
[INFO] [stdout]    8:     0x63621cab9e29 - std[70759c8f55707aa4]::sys::backtrace::__rust_end_short_backtrace::<std[70759c8f55707aa4]::panicking::panic_handler::{closure#0}, !>
[INFO] [stdout]    9:     0x63621cac1fed - __rustc[8fa7c3cbc660c2b3]::rust_begin_unwind
[INFO] [stdout]   10:     0x63621cafbbec - core[df12db4294e9bfd3]::panicking::panic_fmt
[INFO] [stdout]   11:     0x63621cafbb03 - core[df12db4294e9bfd3]::panicking::assert_failed_inner
[INFO] [stdout]   12:     0x63621ca6a613 - core[df12db4294e9bfd3]::panicking::assert_failed::<std[70759c8f55707aa4]::process::ExitStatus, std[70759c8f55707aa4]::process::ExitStatus>
[INFO] [stdout]   13:     0x63621ca6979b - <cli_integration[85abc94f2f644051]::impl_rust_explicit_matches_default::{closure#0} as core[df12db4294e9bfd3]::ops::function::FnOnce<()>>::call_once
[INFO] [stdout]   14:     0x63621ca6c44b - test[9d35eded1c95d3be]::__rust_begin_short_backtrace::<core[df12db4294e9bfd3]::result::Result<(), alloc[2182bb758b4b3781]::string::String>, fn() -> core[df12db4294e9bfd3]::result::Result<(), alloc[2182bb758b4b3781]::string::String>>
[INFO] [stdout]   15:     0x63621ca79ab5 - test[9d35eded1c95d3be]::run_test::{closure#0}
[INFO] [stdout]   16:     0x63621ca73374 - std[70759c8f55707aa4]::sys::backtrace::__rust_begin_short_backtrace::<test[9d35eded1c95d3be]::run_test::{closure#1}, ()>
[INFO] [stdout]   17:     0x63621ca7cc12 - <std[70759c8f55707aa4]::thread::lifecycle::spawn_unchecked<test[9d35eded1c95d3be]::run_test::{closure#1}, ()>::{closure#1} as core[df12db4294e9bfd3]::ops::function::FnOnce<()>>::call_once::{shim:vtable#0}
[INFO] [stdout]   18:     0x63621cae5fe9 - <std[70759c8f55707aa4]::sys::thread::unix::Thread>::new::thread_start
[INFO] [stdout]   19:     0x76b70f3f4dfa - <unknown>
[INFO] [stdout]   20:     0x76b70f4883d4 - clone
[INFO] [stdout]   21:                0x0 - <unknown>
[INFO] [stdout] 
[INFO] [stdout] ---- impl_py_matches_rust_for_aba stdout ----
[INFO] [stdout] 
[INFO] [stdout] thread 'impl_py_matches_rust_for_aba' (844) panicked at CLI/tests/cli_integration.rs:161:5:
[INFO] [stdout] assertion `left == right` failed
[INFO] [stdout]   left: [116, 114, 117, 101, 10]
[INFO] [stdout]  right: []
[INFO] [stdout] stack backtrace:
[INFO] [stdout]    0:     0x63621cae6c71 - <<std[70759c8f55707aa4]::sys::backtrace::BacktraceLock>::print::DisplayBacktrace as core[df12db4294e9bfd3]::fmt::Display>::fmt
[INFO] [stdout]    1:     0x63621cafb4ba - core[df12db4294e9bfd3]::fmt::write
[INFO] [stdout]    2:     0x63621caeb42c - <alloc[2182bb758b4b3781]::vec::Vec<u8> as core[df12db4294e9bfd3]::io::write::Write>::write_fmt
[INFO] [stdout]    3:     0x63621cac1346 - std[70759c8f55707aa4]::panicking::default_hook::{closure#0}
[INFO] [stdout]    4:     0x63621cade559 - std[70759c8f55707aa4]::panicking::default_hook
[INFO] [stdout]    5:     0x63621ca79160 - test[9d35eded1c95d3be]::test_main_inner::<test[9d35eded1c95d3be]::test_main_static::{closure#0}>::{closure#0}
[INFO] [stdout]    6:     0x63621cade712 - std[70759c8f55707aa4]::panicking::panic_with_hook
[INFO] [stdout]    7:     0x63621cac13f2 - std[70759c8f55707aa4]::panicking::panic_handler::{closure#0}
[INFO] [stdout]    8:     0x63621cab9e29 - std[70759c8f55707aa4]::sys::backtrace::__rust_end_short_backtrace::<std[70759c8f55707aa4]::panicking::panic_handler::{closure#0}, !>
[INFO] [stdout]    9:     0x63621cac1fed - __rustc[8fa7c3cbc660c2b3]::rust_begin_unwind
[INFO] [stdout]   10:     0x63621cafbbec - core[df12db4294e9bfd3]::panicking::panic_fmt
[INFO] [stdout]   11:     0x63621cafbb03 - core[df12db4294e9bfd3]::panicking::assert_failed_inner
[INFO] [stdout]   12:     0x63621ca6a5e0 - core[df12db4294e9bfd3]::panicking::assert_failed::<alloc[2182bb758b4b3781]::vec::Vec<u8>, alloc[2182bb758b4b3781]::vec::Vec<u8>>
[INFO] [stdout]   13:     0x63621ca6935c - <cli_integration[85abc94f2f644051]::impl_py_matches_rust_for_aba::{closure#0} as core[df12db4294e9bfd3]::ops::function::FnOnce<()>>::call_once
[INFO] [stdout]   14:     0x63621ca6c44b - test[9d35eded1c95d3be]::__rust_begin_short_backtrace::<core[df12db4294e9bfd3]::result::Result<(), alloc[2182bb758b4b3781]::string::String>, fn() -> core[df12db4294e9bfd3]::result::Result<(), alloc[2182bb758b4b3781]::string::String>>
[INFO] [stdout]   15:     0x63621ca79ab5 - test[9d35eded1c95d3be]::run_test::{closure#0}
[INFO] [stdout]   16:     0x63621ca73374 - std[70759c8f55707aa4]::sys::backtrace::__rust_begin_short_backtrace::<test[9d35eded1c95d3be]::run_test::{closure#1}, ()>
[INFO] [stdout]   17:     0x63621ca7cc12 - <std[70759c8f55707aa4]::thread::lifecycle::spawn_unchecked<test[9d35eded1c95d3be]::run_test::{closure#1}, ()>::{closure#1} as core[df12db4294e9bfd3]::ops::function::FnOnce<()>>::call_once::{shim:vtable#0}
[INFO] [stdout]   18:     0x63621cae5fe9 - <std[70759c8f55707aa4]::sys::thread::unix::Thread>::new::thread_start
[INFO] [stdout]   19:     0x76b70f3f4dfa - <unknown>
[INFO] [stdout]   20:     0x76b70f4883d4 - clone
[INFO] [stdout]   21:                0x0 - <unknown>
[INFO] [stdout] 
[INFO] [stdout] 
[INFO] [stdout] failures:
[INFO] [stdout]     impl_py_matches_rust_for_aba
[INFO] [stdout]     impl_rust_explicit_matches_default
[INFO] [stdout]     json_roundtrip_string_mode
[INFO] [stdout] 
[INFO] [stdout] test result: FAILED. 4 passed; 3 failed; 0 ignored; 0 measured; 0 filtered out; finished in 1.02s
[INFO] [stdout] 
[INFO] running `Command { std: "docker" "inspect" "74aab5a87a8d3a26e848631b9c6e8d6ca6a7aa3cd50a6693d18640ab2b6e2c77", kill_on_drop: false }`
[INFO] running `Command { std: "docker" "rm" "-f" "74aab5a87a8d3a26e848631b9c6e8d6ca6a7aa3cd50a6693d18640ab2b6e2c77", kill_on_drop: false }`
[INFO] [stdout] 74aab5a87a8d3a26e848631b9c6e8d6ca6a7aa3cd50a6693d18640ab2b6e2c77
