[INFO] cloning repository https://github.com/geomichelon/PantherSDK
[INFO] running `Command { std: "git" "-c" "credential.helper=" "-c" "credential.helper=/workspace/cargo-home/bin/git-credential-null" "clone" "--bare" "https://github.com/geomichelon/PantherSDK" "/workspace/cache/git-repos/https%3A%2F%2Fgithub.com%2Fgeomichelon%2FPantherSDK", kill_on_drop: false }`
[INFO] [stderr] Cloning into bare repository '/workspace/cache/git-repos/https%3A%2F%2Fgithub.com%2Fgeomichelon%2FPantherSDK'...
[INFO] running `Command { std: "git" "rev-parse" "HEAD", kill_on_drop: false }`
[INFO] [stdout] 801ffba65d0edd818e1f01f4e1a320126d7e92c5
[INFO] testing geomichelon/PantherSDK against 1.100.0-beta.1+cargoflags=--release for beta-release-1.100-2
[INFO] running `Command { std: "git" "clone" "/workspace/cache/git-repos/https%3A%2F%2Fgithub.com%2Fgeomichelon%2FPantherSDK" "/workspace/builds/worker-6-tc2/source", kill_on_drop: false }`
[INFO] [stderr] Cloning into '/workspace/builds/worker-6-tc2/source'...
[INFO] [stderr] done.
[INFO] started tweaking git repo https://github.com/geomichelon/PantherSDK
[INFO] finished tweaking git repo https://github.com/geomichelon/PantherSDK
[INFO] tweaked toml for git repo https://github.com/geomichelon/PantherSDK written to /workspace/builds/worker-6-tc2/source/Cargo.toml
[INFO] validating manifest of git repo https://github.com/geomichelon/PantherSDK on toolchain 1.100.0-beta.1
[INFO] running `Command { std: CARGO_HOME="/workspace/cargo-home" RUSTUP_HOME="/workspace/rustup-home" "/workspace/cargo-home/bin/cargo" "+1.100.0-beta.1" "metadata" "--manifest-path" "Cargo.toml" "--no-deps", kill_on_drop: false }`
[INFO] crate git repo https://github.com/geomichelon/PantherSDK already has a lockfile, it will not be regenerated
[INFO] running `Command { std: CARGO_HOME="/workspace/cargo-home" RUSTUP_HOME="/workspace/rustup-home" "/workspace/cargo-home/bin/cargo" "+1.100.0-beta.1" "fetch" "--manifest-path" "Cargo.toml", kill_on_drop: false }`
[INFO] [stderr] warning: unused field `authors` in `workspace.package`
[INFO] [stderr]   --> Cargo.toml:26:1
[INFO] [stderr]    |
[INFO] [stderr] 26 | authors = ["PantherSDK Team"]
[INFO] [stderr]    | ^^^^^^^
[INFO] [stderr]    |
[INFO] [stderr]    = note: `cargo::unused_workspace_package_fields` is set to `warn` by default
[INFO] [stderr] help: consider removing the field `workspace.package.authors`
[INFO] [stderr] warning: unused field `license` in `workspace.package`
[INFO] [stderr]   --> Cargo.toml:28:1
[INFO] [stderr]    |
[INFO] [stderr] 28 | license = "UNLICENSED"
[INFO] [stderr]    | ^^^^^^^
[INFO] [stderr]    |
[INFO] [stderr] help: consider removing the field `workspace.package.license`
[INFO] [stderr] warning: workspace (manifest) generated 2 warnings
[INFO] running `Command { std: "docker" "create" "-v" "/var/lib/crater-agent-workspace/builds/worker-6-tc2/source:/opt/rustwide/workdir:ro,Z" "-v" "/var/lib/crater-agent-workspace/builds/worker-6-tc2/target:/opt/rustwide/target:rw,Z" "-v" "/var/lib/crater-agent-workspace/cargo-home:/opt/rustwide/cargo-home:ro,Z" "-v" "/var/lib/crater-agent-workspace/rustup-home:/opt/rustwide/rustup-home:ro,Z" "-m" "1610612736" "--network" "none" "ghcr.io/rust-lang/crates-build-env/linux@sha256:77db811e55d90add9212f6832c23229e3de5f1c1f9905e8cb07319ea15df73ac" "sleep" "infinity", kill_on_drop: false }`
[INFO] [stdout] 3350768464bdd9485651ad320b9fc4a6461c9dd1ffc307ceb294b31758481cfc
[INFO] running `Command { std: "docker" "start" "3350768464bdd9485651ad320b9fc4a6461c9dd1ffc307ceb294b31758481cfc", kill_on_drop: false }`
[INFO] running `Command { std: "docker" "inspect" "3350768464bdd9485651ad320b9fc4a6461c9dd1ffc307ceb294b31758481cfc", kill_on_drop: false }`
[INFO] running `Command { std: "docker" "exec" "-e" "SOURCE_DIR=/opt/rustwide/workdir" "-e" "CARGO_HOME=/opt/rustwide/cargo-home" "-e" "RUSTUP_HOME=/opt/rustwide/rustup-home" "-e" "CARGO_TARGET_DIR=/opt/rustwide/target" "-w" "/opt/rustwide/workdir" "--user" "0:0" "3350768464bdd9485651ad320b9fc4a6461c9dd1ffc307ceb294b31758481cfc" "/opt/rustwide/cargo-home/bin/cargo" "+1.100.0-beta.1" "metadata" "--no-deps" "--format-version=1", kill_on_drop: false }`
[INFO] running `Command { std: "docker" "inspect" "3350768464bdd9485651ad320b9fc4a6461c9dd1ffc307ceb294b31758481cfc", kill_on_drop: false }`
[INFO] running `Command { std: "docker" "exec" "-e" "SOURCE_DIR=/opt/rustwide/workdir" "-e" "CARGO_HOME=/opt/rustwide/cargo-home" "-e" "RUSTUP_HOME=/opt/rustwide/rustup-home" "-e" "CARGO_TARGET_DIR=/opt/rustwide/target" "-e" "CARGO_INCREMENTAL=0" "-e" "RUST_BACKTRACE=full" "-e" "RUSTFLAGS=--cap-lints=warn" "-e" "RUSTDOCFLAGS=--cap-lints=warn" "-w" "/opt/rustwide/workdir" "--user" "0:0" "3350768464bdd9485651ad320b9fc4a6461c9dd1ffc307ceb294b31758481cfc" "/opt/rustwide/cargo-home/bin/cargo" "+1.100.0-beta.1" "build" "--frozen" "--message-format=json" "--release", kill_on_drop: false }`
[INFO] [stderr] warning: unused field `authors` in `workspace.package`
[INFO] [stderr]   --> Cargo.toml:26:1
[INFO] [stderr]    |
[INFO] [stderr] 26 | authors = ["PantherSDK Team"]
[INFO] [stderr]    | ^^^^^^^
[INFO] [stderr]    |
[INFO] [stderr]    = note: `cargo::unused_workspace_package_fields` is set to `warn` by default
[INFO] [stderr] help: consider removing the field `workspace.package.authors`
[INFO] [stderr] warning: unused field `license` in `workspace.package`
[INFO] [stderr]   --> Cargo.toml:28:1
[INFO] [stderr]    |
[INFO] [stderr] 28 | license = "UNLICENSED"
[INFO] [stderr]    | ^^^^^^^
[INFO] [stderr]    |
[INFO] [stderr] help: consider removing the field `workspace.package.license`
[INFO] [stderr] warning: workspace (manifest) generated 2 warnings
[INFO] [stderr]    Compiling proc-macro2 v1.0.101
[INFO] [stderr]    Compiling quote v1.0.41
[INFO] [stderr]    Compiling unicode-ident v1.0.19
[INFO] [stderr]    Compiling libc v0.2.176
[INFO] [stderr]    Compiling itoa v1.0.15
[INFO] [stderr]    Compiling cfg-if v1.0.3
[INFO] [stderr]    Compiling memchr v2.7.6
[INFO] [stderr]    Compiling find-msvc-tools v0.1.4
[INFO] [stderr]    Compiling bytes v1.10.1
[INFO] [stderr]    Compiling futures-core v0.3.31
[INFO] [stderr]    Compiling serde_core v1.0.228
[INFO] [stderr]    Compiling cc v1.2.41
[INFO] [stderr]    Compiling futures-sink v0.3.31
[INFO] [stderr]    Compiling serde v1.0.228
[INFO] [stderr]    Compiling stable_deref_trait v1.2.1
[INFO] [stderr]    Compiling tracing-core v0.1.34
[INFO] [stderr]    Compiling log v0.4.28
[INFO] [stderr]    Compiling slab v0.4.11
[INFO] [stderr]    Compiling futures-channel v0.3.31
[INFO] [stderr]    Compiling ryu v1.0.20
[INFO] [stderr]    Compiling syn v2.0.106
[INFO] [stderr]    Compiling futures-io v0.3.31
[INFO] [stderr]    Compiling futures-task v0.3.31
[INFO] [stderr]    Compiling hashbrown v0.16.0
[INFO] [stderr]    Compiling serde_json v1.0.145
[INFO] [stderr]    Compiling litemap v0.8.0
[INFO] [stderr]    Compiling writeable v0.6.1
[INFO] [stderr]    Compiling anyhow v1.0.100
[INFO] [stderr]    Compiling mio v1.0.4
[INFO] [stderr]    Compiling socket2 v0.6.0
[INFO] [stderr]    Compiling http v1.3.1
[INFO] [stderr]    Compiling openssl-sys v0.9.109
[INFO] [stderr]    Compiling icu_properties_data v2.0.1
[INFO] [stderr]    Compiling icu_normalizer_data v2.0.0
[INFO] [stderr]    Compiling indexmap v2.11.4
[INFO] [stderr]    Compiling openssl v0.10.73
[INFO] [stderr]    Compiling bitflags v2.9.4
[INFO] [stderr]    Compiling native-tls v0.2.14
[INFO] [stderr]    Compiling openssl-probe v0.1.6
[INFO] [stderr]    Compiling sync_wrapper v1.0.2
[INFO] [stderr]    Compiling generic-array v0.14.9
[INFO] [stderr]    Compiling ring v0.17.14
[INFO] [stderr]    Compiling encoding_rs v0.8.35
[INFO] [stderr]    Compiling http-body v1.0.1
[INFO] [stderr]    Compiling http-body-util v0.1.3
[INFO] [stderr]    Compiling iri-string v0.7.8
[INFO] [stderr]    Compiling rustls-pki-types v1.12.0
[INFO] [stderr]    Compiling crossbeam-utils v0.8.21
[INFO] [stderr]    Compiling parking_lot_core v0.8.6
[INFO] [stderr]    Compiling getrandom v0.2.16
[INFO] [stderr]    Compiling instant v0.1.13
[INFO] [stderr]    Compiling regex-syntax v0.8.6
[INFO] [stderr]    Compiling crc32fast v1.5.0
[INFO] [stderr]    Compiling byteorder v1.5.0
[INFO] [stderr]    Compiling fxhash v0.2.1
[INFO] [stderr]    Compiling block-buffer v0.10.4
[INFO] [stderr]    Compiling crypto-common v0.1.6
[INFO] [stderr]    Compiling crossbeam-epoch v0.9.18
[INFO] [stderr]    Compiling parking_lot v0.11.2
[INFO] [stderr]    Compiling synstructure v0.13.2
[INFO] [stderr]    Compiling regex-automata v0.4.11
[INFO] [stderr]    Compiling fs2 v0.4.3
[INFO] [stderr]    Compiling http v0.2.12
[INFO] [stderr]    Compiling tracing-log v0.2.0
[INFO] [stderr]    Compiling thread_local v1.1.9
[INFO] [stderr]    Compiling rustls v0.21.12
[INFO] [stderr]    Compiling nu-ansi-term v0.50.1
[INFO] [stderr]    Compiling sled v0.34.7
[INFO] [stderr]    Compiling digest v0.10.7
[INFO] [stderr]    Compiling is_terminal_polyfill v1.70.1
[INFO] [stderr]    Compiling zerofrom-derive v0.1.6
[INFO] [stderr]    Compiling tokio-macros v2.5.0
[INFO] [stderr]    Compiling tokio v1.47.1
[INFO] [stderr]    Compiling yoke-derive v0.8.0
[INFO] [stderr]    Compiling zerofrom v0.1.6
[INFO] [stderr]    Compiling serde_derive v1.0.228
[INFO] [stderr]    Compiling tracing-attributes v0.1.30
[INFO] [stderr]    Compiling yoke v0.8.0
[INFO] [stderr]    Compiling zerovec-derive v0.11.1
[INFO] [stderr]    Compiling tracing v0.1.41
[INFO] [stderr]    Compiling zerovec v0.11.4
[INFO] [stderr]    Compiling displaydoc v0.2.5
[INFO] [stderr]    Compiling futures-macro v0.3.31
[INFO] [stderr]    Compiling tinystr v0.8.1
[INFO] [stderr]    Compiling icu_locale_core v2.0.0
[INFO] [stderr]    Compiling futures-util v0.3.31
[INFO] [stderr]    Compiling potential_utf v0.1.3
[INFO] [stderr]    Compiling zerotrie v0.2.2
[INFO] [stderr]    Compiling thiserror-impl v1.0.69
[INFO] [stderr]    Compiling icu_provider v2.0.0
[INFO] [stderr]    Compiling tokio-util v0.7.16
[INFO] [stderr]    Compiling thiserror v1.0.69
[INFO] [stderr]    Compiling icu_collections v2.0.0
[INFO] [stderr]    Compiling async-trait v0.1.89
[INFO] [stderr]    Compiling icu_properties v2.0.1
[INFO] [stderr]    Compiling icu_normalizer v2.0.0
[INFO] [stderr]    Compiling openssl-macros v0.1.1
[INFO] [stderr]    Compiling panther-domain v0.1.2 (/opt/rustwide/workdir/crates/panther-domain)
[INFO] [stderr]    Compiling h2 v0.4.12
[INFO] [stderr]    Compiling tower v0.5.2
[INFO] [stderr]    Compiling idna_adapter v1.2.1
[INFO] [stderr]    Compiling serde_urlencoded v0.7.1
[INFO] [stderr]    Compiling idna v1.1.0
[INFO] [stderr]    Compiling tower-http v0.6.6
[INFO] [stderr]    Compiling url v2.5.7
[INFO] [stderr]    Compiling matchers v0.2.0
[INFO] [stderr]    Compiling tracing-subscriber v0.3.20
[INFO] [stderr]    Compiling futures-executor v0.3.31
[INFO] [stderr]    Compiling hyper v1.7.0
[INFO] [stderr]    Compiling tokio-native-tls v0.3.1
[INFO] [stderr]    Compiling rustls-webpki v0.101.7
[INFO] [stderr]    Compiling sct v0.7.1
[INFO] [stderr]    Compiling keccak v0.1.5
[INFO] [stderr]    Compiling hyper-util v0.1.17
[INFO] [stderr]    Compiling anstyle-query v1.1.4
[INFO] [stderr]    Compiling anstream v0.6.21
[INFO] [stderr]    Compiling sha3 v0.10.8
[INFO] [stderr]    Compiling panther-observability v0.1.2 (/opt/rustwide/workdir/crates/panther-observability)
[INFO] [stderr]    Compiling futures v0.3.31
[INFO] [stderr]    Compiling panther-metrics v0.1.2 (/opt/rustwide/workdir/crates/panther-metrics)
[INFO] [stderr]    Compiling hyper-tls v0.6.0
[INFO] [stderr]    Compiling reqwest v0.12.23
[INFO] [stderr]    Compiling panther-storage v0.1.2 (/opt/rustwide/workdir/crates/panther-storage)
[INFO] [stderr]    Compiling panther-metrics-content v0.1.2 (/opt/rustwide/workdir/crates/panther-metrics-content)
[INFO] [stderr]    Compiling panther-storage-sled v0.1.2 (/opt/rustwide/workdir/crates/panther-storage-sled)
[INFO] [stderr]    Compiling panther-core v0.1.2 (/opt/rustwide/workdir/crates/panther-core)
[INFO] [stderr]    Compiling h2 v0.3.27
[INFO] [stderr]    Compiling http-body v0.4.6
[INFO] [stderr]    Compiling socket2 v0.5.10
[INFO] [stderr]    Compiling clap_lex v0.7.5
[INFO] [stderr]    Compiling clap_derive v4.5.47
[INFO] [stderr]    Compiling panther-providers v0.1.2 (/opt/rustwide/workdir/crates/panther-providers)
[INFO] [stderr]    Compiling clap_builder v4.5.48
[INFO] [stderr]    Compiling tokio-rustls v0.24.1
[INFO] [stderr]    Compiling panther-validation v0.1.2 (/opt/rustwide/workdir/crates/panther-validation)
[INFO] [stderr]    Compiling panthersdk v0.1.2 (/opt/rustwide/workdir/panthersdk)
[INFO] [stderr]    Compiling base64 v0.21.7
[INFO] [stderr]    Compiling csv-core v0.1.12
[INFO] [stderr]    Compiling rustls-pemfile v1.0.4
[INFO] [stderr]    Compiling either v1.15.0
[INFO] [stderr]    Compiling sync_wrapper v0.1.2
[INFO] [stderr]    Compiling webpki-roots v0.25.4
[INFO] [stderr]    Compiling unsafe-libyaml v0.2.11
[INFO] [stderr]    Compiling itertools v0.12.1
[INFO] [stderr]    Compiling hyper v0.14.32
[INFO] [stderr]    Compiling clap v4.5.48
[INFO] [stderr]    Compiling serde_yaml v0.9.34+deprecated
[INFO] [stderr]    Compiling csv v1.3.1
[INFO] [stderr]    Compiling ffi-support v0.4.4
[INFO] [stderr]    Compiling panther-agents v0.1.2 (/opt/rustwide/workdir/crates/panther-agents)
[INFO] [stderr]    Compiling hyper-rustls v0.24.2
[INFO] [stderr]    Compiling reqwest v0.11.27
[INFO] [stderr]    Compiling panther-ffi v0.1.2 (/opt/rustwide/workdir/crates/panther-ffi)
[INFO] [stderr]    Compiling panther-cli v0.1.2 (/opt/rustwide/workdir/crates/panther-cli)
[INFO] [stderr]    Compiling panther-ai-eval v0.1.2 (/opt/rustwide/workdir/crates/panther-ai-eval)
[INFO] [stderr] warning: unused dependency `itertools`
[INFO] [stderr]   --> crates/panther-ai-eval/Cargo.toml:17:1
[INFO] [stderr]    |
[INFO] [stderr] 17 | itertools = "0.12"
[INFO] [stderr]    | ^^^^^^^^^^^^^^^^^^
[INFO] [stderr]    |
[INFO] [stderr]    = note: `cargo::unused_dependencies` is set to `warn` by default
[INFO] [stderr] help: consider removing the dependency on `itertools`
[INFO] [stderr] warning: `panther-ai-eval` (manifest) generated 1 warning
[INFO] [stderr]     Finished `release` profile [optimized] target(s) in 5m 32s
[INFO] running `Command { std: "docker" "inspect" "3350768464bdd9485651ad320b9fc4a6461c9dd1ffc307ceb294b31758481cfc", kill_on_drop: false }`
[INFO] running `Command { std: "docker" "exec" "-e" "SOURCE_DIR=/opt/rustwide/workdir" "-e" "CARGO_HOME=/opt/rustwide/cargo-home" "-e" "RUSTUP_HOME=/opt/rustwide/rustup-home" "-e" "CARGO_TARGET_DIR=/opt/rustwide/target" "-e" "CARGO_INCREMENTAL=0" "-e" "RUST_BACKTRACE=full" "-e" "RUSTFLAGS=--cap-lints=warn" "-e" "RUSTDOCFLAGS=--cap-lints=warn" "-w" "/opt/rustwide/workdir" "--user" "0:0" "3350768464bdd9485651ad320b9fc4a6461c9dd1ffc307ceb294b31758481cfc" "/opt/rustwide/cargo-home/bin/cargo" "+1.100.0-beta.1" "test" "--frozen" "--no-run" "--message-format=json" "--release", kill_on_drop: false }`
[INFO] [stderr] warning: unused field `authors` in `workspace.package`
[INFO] [stderr]   --> Cargo.toml:26:1
[INFO] [stderr]    |
[INFO] [stderr] 26 | authors = ["PantherSDK Team"]
[INFO] [stderr]    | ^^^^^^^
[INFO] [stderr]    |
[INFO] [stderr]    = note: `cargo::unused_workspace_package_fields` is set to `warn` by default
[INFO] [stderr] help: consider removing the field `workspace.package.authors`
[INFO] [stderr] warning: unused field `license` in `workspace.package`
[INFO] [stderr]   --> Cargo.toml:28:1
[INFO] [stderr]    |
[INFO] [stderr] 28 | license = "UNLICENSED"
[INFO] [stderr]    | ^^^^^^^
[INFO] [stderr]    |
[INFO] [stderr] help: consider removing the field `workspace.package.license`
[INFO] [stderr] warning: workspace (manifest) generated 2 warnings
[INFO] [stderr]    Compiling bitflags v2.9.4
[INFO] [stderr]    Compiling getrandom v0.3.3
[INFO] [stderr]    Compiling rustix v1.1.2
[INFO] [stderr]    Compiling linux-raw-sys v0.11.0
[INFO] [stderr]    Compiling panther-observability v0.1.2 (/opt/rustwide/workdir/crates/panther-observability)
[INFO] [stderr]    Compiling panther-storage v0.1.2 (/opt/rustwide/workdir/crates/panther-storage)
[INFO] [stderr]    Compiling panther-metrics v0.1.2 (/opt/rustwide/workdir/crates/panther-metrics)
[INFO] [stderr]    Compiling panther-core v0.1.2 (/opt/rustwide/workdir/crates/panther-core)
[INFO] [stderr]    Compiling openssl v0.10.73
[INFO] [stderr]    Compiling tower-http v0.6.6
[INFO] [stderr]    Compiling panther-metrics-content v0.1.2 (/opt/rustwide/workdir/crates/panther-metrics-content)
[INFO] [stderr]    Compiling panther-domain v0.1.2 (/opt/rustwide/workdir/crates/panther-domain)
[INFO] [stderr]    Compiling tempfile v3.23.0
[INFO] [stderr]    Compiling panther-storage-sled v0.1.2 (/opt/rustwide/workdir/crates/panther-storage-sled)
[INFO] [stderr]    Compiling native-tls v0.2.14
[INFO] [stderr]    Compiling tokio-native-tls v0.3.1
[INFO] [stderr]    Compiling hyper-tls v0.6.0
[INFO] [stderr]    Compiling reqwest v0.12.23
[INFO] [stderr]    Compiling panther-providers v0.1.2 (/opt/rustwide/workdir/crates/panther-providers)
[INFO] [stderr]    Compiling panther-validation v0.1.2 (/opt/rustwide/workdir/crates/panther-validation)
[INFO] [stderr]    Compiling panthersdk v0.1.2 (/opt/rustwide/workdir/panthersdk)
[INFO] [stderr]    Compiling panther-agents v0.1.2 (/opt/rustwide/workdir/crates/panther-agents)
[INFO] [stderr]    Compiling panther-ffi v0.1.2 (/opt/rustwide/workdir/crates/panther-ffi)
[INFO] [stderr]    Compiling panther-ai-eval v0.1.2 (/opt/rustwide/workdir/crates/panther-ai-eval)
[INFO] [stderr]    Compiling panther-cli v0.1.2 (/opt/rustwide/workdir/crates/panther-cli)
[INFO] [stderr]    Compiling panther-sandbox v0.1.2 (/opt/rustwide/workdir/crates/panther-sandbox)
[INFO] [stderr] warning: unused dependency `itertools`
[INFO] [stderr]   --> crates/panther-ai-eval/Cargo.toml:17:1
[INFO] [stderr]    |
[INFO] [stderr] 17 | itertools = "0.12"
[INFO] [stderr]    | ^^^^^^^^^^^^^^^^^^
[INFO] [stderr]    |
[INFO] [stderr]    = note: `cargo::unused_dependencies` is set to `warn` by default
[INFO] [stderr] help: consider removing the dependency on `itertools`
[INFO] [stderr] warning: `panther-ai-eval` (manifest) generated 1 warning
[INFO] [stderr]     Finished `release` profile [optimized] target(s) in 1m 07s
[INFO] running `Command { std: "docker" "inspect" "3350768464bdd9485651ad320b9fc4a6461c9dd1ffc307ceb294b31758481cfc", kill_on_drop: false }`
[INFO] running `Command { std: "docker" "exec" "-e" "SOURCE_DIR=/opt/rustwide/workdir" "-e" "CARGO_HOME=/opt/rustwide/cargo-home" "-e" "RUSTUP_HOME=/opt/rustwide/rustup-home" "-e" "CARGO_TARGET_DIR=/opt/rustwide/target" "-e" "CARGO_INCREMENTAL=0" "-e" "RUST_BACKTRACE=full" "-e" "RUSTFLAGS=--cap-lints=warn" "-e" "RUSTDOCFLAGS=--cap-lints=warn" "-w" "/opt/rustwide/workdir" "--user" "0:0" "3350768464bdd9485651ad320b9fc4a6461c9dd1ffc307ceb294b31758481cfc" "/opt/rustwide/cargo-home/bin/cargo" "+1.100.0-beta.1" "test" "--frozen" "--release", kill_on_drop: false }`
[INFO] [stderr] warning: unused field `authors` in `workspace.package`
[INFO] [stderr]   --> Cargo.toml:26:1
[INFO] [stderr]    |
[INFO] [stderr] 26 | authors = ["PantherSDK Team"]
[INFO] [stderr]    | ^^^^^^^
[INFO] [stderr]    |
[INFO] [stderr]    = note: `cargo::unused_workspace_package_fields` is set to `warn` by default
[INFO] [stderr] help: consider removing the field `workspace.package.authors`
[INFO] [stderr] warning: unused field `license` in `workspace.package`
[INFO] [stderr]   --> Cargo.toml:28:1
[INFO] [stderr]    |
[INFO] [stderr] 28 | license = "UNLICENSED"
[INFO] [stderr]    | ^^^^^^^
[INFO] [stderr]    |
[INFO] [stderr] help: consider removing the field `workspace.package.license`
[INFO] [stderr] warning: workspace (manifest) generated 2 warnings
[INFO] [stderr] warning: unused dependency `itertools`
[INFO] [stderr]   --> crates/panther-ai-eval/Cargo.toml:17:1
[INFO] [stderr]    |
[INFO] [stderr] 17 | itertools = "0.12"
[INFO] [stderr]    | ^^^^^^^^^^^^^^^^^^
[INFO] [stderr]    |
[INFO] [stderr]    = note: `cargo::unused_dependencies` is set to `warn` by default
[INFO] [stderr] help: consider removing the dependency on `itertools`
[INFO] [stderr] warning: `panther-ai-eval` (manifest) generated 1 warning
[INFO] [stderr]     Finished `release` profile [optimized] target(s) in 0.42s
[INFO] [stdout] 
[INFO] [stderr]      Running unittests src/lib.rs (/opt/rustwide/target/release/build/panther-agents/9610e07042165d8b/out/panther_agents-9610e07042165d8b)
[INFO] [stdout] running 0 tests
[INFO] [stderr]      Running unittests src/main.rs (/opt/rustwide/target/release/build/panther-ai-eval/007fb93533ab0452/out/panther_ai_eval-007fb93533ab0452)
[INFO] [stdout] 
[INFO] [stderr]      Running unittests src/main.rs (/opt/rustwide/target/release/build/panther-cli/39c3199f8107f26c/out/panther_cli-39c3199f8107f26c)
[INFO] [stdout] test result: ok. 0 passed; 0 failed; 0 ignored; 0 measured; 0 filtered out; finished in 0.00s
[INFO] [stdout] 
[INFO] [stdout] 
[INFO] [stdout] running 0 tests
[INFO] [stdout] 
[INFO] [stdout] test result: ok. 0 passed; 0 failed; 0 ignored; 0 measured; 0 filtered out; finished in 0.00s
[INFO] [stdout] 
[INFO] [stdout] 
[INFO] [stderr]      Running unittests src/lib.rs (/opt/rustwide/target/release/build/panther-core/7f03424c01385db5/out/panther_core-7f03424c01385db5)
[INFO] [stdout] running 0 tests
[INFO] [stdout] 
[INFO] [stdout] test result: ok. 0 passed; 0 failed; 0 ignored; 0 measured; 0 filtered out; finished in 0.00s
[INFO] [stdout] 
[INFO] [stdout] 
[INFO] [stdout] running 1 test
[INFO] [stdout] test tests::engine_generates_and_records_telemetry ... ok
[INFO] [stderr]      Running unittests src/lib.rs (/opt/rustwide/target/release/build/panther-domain/00feb90fc111f429/out/panther_domain-00feb90fc111f429)
[INFO] [stdout] 
[INFO] [stdout] test result: ok. 1 passed; 0 failed; 0 ignored; 0 measured; 0 filtered out; finished in 0.00s
[INFO] [stdout] 
[INFO] [stdout] 
[INFO] [stdout] running 1 test
[INFO] [stderr]      Running unittests src/lib.rs (/opt/rustwide/target/release/build/panther-ffi/2dbfb7ff126607e9/out/panther_ffi-2dbfb7ff126607e9)
[INFO] [stdout] test tests::prompt_serializes ... ok
[INFO] [stderr]      Running unittests src/lib.rs (/opt/rustwide/target/release/build/panther-metrics/66853b1699d45b01/out/panther_metrics-66853b1699d45b01)
[INFO] [stdout] 
[INFO] [stdout] test result: ok. 1 passed; 0 failed; 0 ignored; 0 measured; 0 filtered out; finished in 0.00s
[INFO] [stdout] 
[INFO] [stdout] 
[INFO] [stdout] running 0 tests
[INFO] [stdout] 
[INFO] [stdout] test result: ok. 0 passed; 0 failed; 0 ignored; 0 measured; 0 filtered out; finished in 0.00s
[INFO] [stdout] 
[INFO] [stdout] 
[INFO] [stdout] running 1 test
[INFO] [stdout] test tests::in_memory_metrics_accumulates ... ok
[INFO] [stderr]      Running unittests src/lib.rs (/opt/rustwide/target/release/build/panther-metrics-content/4a438630ab175230/out/panther_metrics_content-4a438630ab175230)
[INFO] [stdout] 
[INFO] [stdout] test result: ok. 1 passed; 0 failed; 0 ignored; 0 measured; 0 filtered out; finished in 0.00s
[INFO] [stdout] 
[INFO] [stdout] 
[INFO] [stdout] running 7 tests
[INFO] [stdout] test tests::fact_coverage_counts_terms ... ok
[INFO] [stdout] test tests::accuracy_and_bleu_basics ... ok
[INFO] [stdout] test tests::fluency_vowels_present ... ok
[INFO] [stdout] test tests::diversity_type_token_ratio ... ok
[INFO] [stdout] test tests::plagiarism_jaccard_trigram ... ok
[INFO] [stdout] test tests::rouge_l_basic_overlap ... ok
[INFO] [stdout] test tests::coherence_repeats_penalize ... ok
[INFO] [stdout] 
[INFO] [stdout] test result: ok. 7 passed; 0 failed; 0 ignored; 0 measured; 0 filtered out; finished in 0.01s
[INFO] [stderr]      Running unittests src/lib.rs (/opt/rustwide/target/release/build/panther-observability/28e67ce49eacdb7b/out/panther_observability-28e67ce49eacdb7b)
[INFO] [stdout] 
[INFO] [stdout] 
[INFO] [stdout] running 1 test
[INFO] [stderr]      Running unittests src/lib.rs (/opt/rustwide/target/release/build/panther-providers/e581d29edc50f63a/out/panther_providers-e581d29edc50f63a)
[INFO] [stdout] test tests::log_sink_records_without_panic ... ok
[INFO] [stdout] 
[INFO] [stdout] test result: ok. 1 passed; 0 failed; 0 ignored; 0 measured; 0 filtered out; finished in 0.01s
[INFO] [stdout] 
[INFO] [stdout] 
[INFO] [stdout] running 1 test
[INFO] [stdout] test tests::null_provider_echoes ... ok
[INFO] [stderr]      Running tests/validation_tests.rs (/opt/rustwide/target/release/build/panther-sandbox/927c3536c2e9e44c/out/validation_tests-927c3536c2e9e44c)
[INFO] [stdout] 
[INFO] [stdout] test result: ok. 1 passed; 0 failed; 0 ignored; 0 measured; 0 filtered out; finished in 0.01s
[INFO] [stdout] 
[INFO] [stdout] 
[INFO] [stdout] running 1 test
[INFO] [stdout] test validation_runs_when_providers_available ... FAILED
[INFO] [stdout] 
[INFO] [stdout] failures:
[INFO] [stdout] 
[INFO] [stdout] ---- validation_runs_when_providers_available stdout ----
[INFO] [stdout] 
[INFO] [stdout] thread 'validation_runs_when_providers_available' (3857) panicked at crates/panther-sandbox/tests/validation_tests.rs:25:5:
[INFO] [stdout] top adherence should be reasonable
[INFO] [stdout] stack backtrace:
[INFO] [stdout]    0:     0x585e7f2c7181 - <<std[617be2ca0a6fd877]::sys::backtrace::BacktraceLock>::print::DisplayBacktrace as core[a373ad73a504971]::fmt::Display>::fmt
[INFO] [stdout]    1:     0x585e7f2ddfca - core[a373ad73a504971]::fmt::write
[INFO] [stdout]    2:     0x585e7f2cc07c - <alloc[2e1b2a31b91974c5]::vec::Vec<u8> as core[a373ad73a504971]::io::write::Write>::write_fmt
[INFO] [stdout]    3:     0x585e7f2a1656 - std[617be2ca0a6fd877]::panicking::default_hook::{closure#0}
[INFO] [stdout]    4:     0x585e7f2beb09 - std[617be2ca0a6fd877]::panicking::default_hook
[INFO] [stdout]    5:     0x585e7f0ec5d0 - test[aada8e7e76ba119b]::test_main_inner::{closure#0}
[INFO] [stdout]    6:     0x585e7f2bee32 - std[617be2ca0a6fd877]::panicking::panic_with_hook
[INFO] [stdout]    7:     0x585e7f2a1734 - std[617be2ca0a6fd877]::panicking::panic_handler::{closure#0}
[INFO] [stdout]    8:     0x585e7f299c19 - std[617be2ca0a6fd877]::sys::backtrace::__rust_end_short_backtrace::<std[617be2ca0a6fd877]::panicking::panic_handler::{closure#0}, !>
[INFO] [stdout]    9:     0x585e7f2a260d - __rustc[ea4f61d10b84890b]::rust_begin_unwind
[INFO] [stdout]   10:     0x585e7f2de72c - core[a373ad73a504971]::panicking::panic_fmt
[INFO] [stdout]   11:     0x585e7f0d668c - validation_tests[51028f1edf33a8b1]::validation_runs_when_providers_available::{closure#0}
[INFO] [stdout]   12:     0x585e7f0d8a50 - tokio[b89350409d30477d]::runtime::context::runtime::enter_runtime::<<tokio[b89350409d30477d]::runtime::scheduler::multi_thread::MultiThread>::block_on<core[a373ad73a504971]::pin::Pin<&mut dyn core[a373ad73a504971]::future::future::Future<Output = core[a373ad73a504971]::result::Result<(), anyhow[c08d6be52459e55e]::Error>>>>::{closure#0}, core[a373ad73a504971]::result::Result<(), anyhow[c08d6be52459e55e]::Error>>
[INFO] [stdout]   13:     0x585e7f0cf3da - <tokio[b89350409d30477d]::runtime::runtime::Runtime>::block_on::<core[a373ad73a504971]::pin::Pin<&mut dyn core[a373ad73a504971]::future::future::Future<Output = core[a373ad73a504971]::result::Result<(), anyhow[c08d6be52459e55e]::Error>>>>
[INFO] [stdout]   14:     0x585e7f0d7c82 - <validation_tests[51028f1edf33a8b1]::validation_runs_when_providers_available::{closure#0} as core[a373ad73a504971]::ops::function::FnOnce<()>>::call_once
[INFO] [stdout]   15:     0x585e7f0dfa1b - test[aada8e7e76ba119b]::__rust_begin_short_backtrace::<core[a373ad73a504971]::result::Result<(), alloc[2e1b2a31b91974c5]::string::String>, fn() -> core[a373ad73a504971]::result::Result<(), alloc[2e1b2a31b91974c5]::string::String>>
[INFO] [stdout]   16:     0x585e7f0ecbf5 - test[aada8e7e76ba119b]::run_test::{closure#0}
[INFO] [stdout]   17:     0x585e7f0e64e4 - std[617be2ca0a6fd877]::sys::backtrace::__rust_begin_short_backtrace::<test[aada8e7e76ba119b]::run_test::{closure#1}, ()>
[INFO] [stdout]   18:     0x585e7f0efc82 - <std[617be2ca0a6fd877]::thread::lifecycle::spawn_unchecked<test[aada8e7e76ba119b]::run_test::{closure#1}, ()>::{closure#1} as core[a373ad73a504971]::ops::function::FnOnce<()>>::call_once::{shim:vtable#0}
[INFO] [stdout]   19:     0x585e7f2c62cf - <std[617be2ca0a6fd877]::sys::thread::unix::Thread>::new::thread_start
[INFO] [stdout]   20:     0x746e9db05dfa - <unknown>
[INFO] [stdout]   21:     0x746e9db993d4 - clone
[INFO] [stdout]   22:                0x0 - <unknown>
[INFO] [stdout] 
[INFO] [stdout] 
[INFO] [stdout] failures:
[INFO] [stdout]     validation_runs_when_providers_available
[INFO] [stdout] 
[INFO] [stdout] test result: FAILED. 0 passed; 1 failed; 0 ignored; 0 measured; 0 filtered out; finished in 0.16s
[INFO] [stdout] 
[INFO] [stderr] error: test failed, to rerun pass `-p panther-sandbox --test validation_tests`
[INFO] running `Command { std: "docker" "inspect" "3350768464bdd9485651ad320b9fc4a6461c9dd1ffc307ceb294b31758481cfc", kill_on_drop: false }`
[INFO] running `Command { std: "docker" "rm" "-f" "3350768464bdd9485651ad320b9fc4a6461c9dd1ffc307ceb294b31758481cfc", kill_on_drop: false }`
[INFO] [stdout] 3350768464bdd9485651ad320b9fc4a6461c9dd1ffc307ceb294b31758481cfc
