[INFO] cloning repository https://github.com/geoffjay/com.geoffjay.blog
[INFO] running `Command { std: "git" "-c" "credential.helper=" "-c" "credential.helper=/workspace/cargo-home/bin/git-credential-null" "clone" "--bare" "https://github.com/geoffjay/com.geoffjay.blog" "/workspace/cache/git-repos/https%3A%2F%2Fgithub.com%2Fgeoffjay%2Fcom.geoffjay.blog", kill_on_drop: false }`
[INFO] [stderr] Cloning into bare repository '/workspace/cache/git-repos/https%3A%2F%2Fgithub.com%2Fgeoffjay%2Fcom.geoffjay.blog'...
[INFO] running `Command { std: "git" "rev-parse" "HEAD", kill_on_drop: false }`
[INFO] [stdout] ab9e5d9e8e918703f3392f53ed185c1b39e9b7d5
[INFO] testing geoffjay/com.geoffjay.blog against 1.99.0-beta.8+cargoflags=--release for beta-release-1.100-2
[INFO] running `Command { std: "git" "clone" "/workspace/cache/git-repos/https%3A%2F%2Fgithub.com%2Fgeoffjay%2Fcom.geoffjay.blog" "/workspace/builds/worker-0-tc1/source", kill_on_drop: false }`
[INFO] [stderr] Cloning into '/workspace/builds/worker-0-tc1/source'...
[INFO] [stderr] done.
[INFO] removed /workspace/builds/worker-0-tc1/source/rust-toolchain.toml
[INFO] started tweaking git repo https://github.com/geoffjay/com.geoffjay.blog
[INFO] finished tweaking git repo https://github.com/geoffjay/com.geoffjay.blog
[INFO] tweaked toml for git repo https://github.com/geoffjay/com.geoffjay.blog written to /workspace/builds/worker-0-tc1/source/Cargo.toml
[INFO] validating manifest of git repo https://github.com/geoffjay/com.geoffjay.blog on toolchain 1.99.0-beta.8
[INFO] running `Command { std: CARGO_HOME="/workspace/cargo-home" RUSTUP_HOME="/workspace/rustup-home" "/workspace/cargo-home/bin/cargo" "+1.99.0-beta.8" "metadata" "--manifest-path" "Cargo.toml" "--no-deps", kill_on_drop: false }`
[INFO] crate git repo https://github.com/geoffjay/com.geoffjay.blog already has a lockfile, it will not be regenerated
[INFO] running `Command { std: CARGO_HOME="/workspace/cargo-home" RUSTUP_HOME="/workspace/rustup-home" "/workspace/cargo-home/bin/cargo" "+1.99.0-beta.8" "fetch" "--manifest-path" "Cargo.toml", kill_on_drop: false }`
[INFO] [stderr]     Updating git repository `https://github.com/geoffjay/yew`
[INFO] [stderr]     Updating git repository `https://github.com/intendednull/yewdux`
[INFO] [stderr]     Updating crates.io index
[INFO] [stderr]  Downloading crates ...
[INFO] [stderr]   Downloaded pulldown-cmark-escape v0.11.0
[INFO] [stderr]   Downloaded quote v1.0.43
[INFO] [stderr]   Downloaded gloo-dialogs v0.2.0
[INFO] [stderr]   Downloaded gloo-file v0.3.0
[INFO] [stderr]   Downloaded wasm-logger v0.2.0
[INFO] [stderr]   Downloaded gloo-utils v0.2.0
[INFO] [stderr]   Downloaded gloo-timers v0.3.0
[INFO] [stderr]   Downloaded gloo-console v0.3.0
[INFO] [stderr]   Downloaded implicit-clone-derive v0.1.2
[INFO] [stderr]   Downloaded gloo-render v0.2.0
[INFO] [stderr]   Downloaded gloo-worker v0.5.0
[INFO] [stderr]   Downloaded gloo-worker-macros v0.1.0
[INFO] [stderr]   Downloaded route-recognizer v0.3.1
[INFO] [stderr]   Downloaded time-core v0.1.6
[INFO] [stderr]   Downloaded gloo-storage v0.3.0
[INFO] [stderr]   Downloaded proc-macro2 v1.0.105
[INFO] [stderr]   Downloaded zmij v1.0.12
[INFO] [stderr]   Downloaded tokise v0.2.0
[INFO] [stderr]   Downloaded pinned v0.1.0
[INFO] [stderr]   Downloaded implicit-clone v0.6.0
[INFO] [stderr]   Downloaded getopts v0.2.24
[INFO] [stderr]   Downloaded wasm-bindgen-futures v0.4.56
[INFO] [stderr]   Downloaded gloo-history v0.2.2
[INFO] [stderr]   Downloaded gloo-events v0.2.0
[INFO] [stderr]   Downloaded time-macros v0.2.24
[INFO] [stderr]   Downloaded gloo-net v0.5.0
[INFO] [stderr]   Downloaded pulldown-cmark v0.13.0
[INFO] [stderr]   Downloaded yew-hooks v0.4.0
[INFO] [stderr]   Downloaded serde_json v1.0.148
[INFO] [stderr]   Downloaded time v0.3.44
[INFO] [stderr]   Downloaded syn v2.0.113
[INFO] [stderr]   Downloaded gloo v0.11.0
[INFO] [stderr]   Downloaded web-sys v0.3.83
[INFO] [stderr]   Downloaded libc v0.2.179
[INFO] [stderr]   Downloaded yew_icons v0.9.0
[INFO] running `Command { std: "docker" "create" "-v" "/var/lib/crater-agent-workspace/builds/worker-0-tc1/source:/opt/rustwide/workdir:ro,Z" "-v" "/var/lib/crater-agent-workspace/builds/worker-0-tc1/target:/opt/rustwide/target:rw,Z" "-v" "/var/lib/crater-agent-workspace/cargo-home:/opt/rustwide/cargo-home:ro,Z" "-v" "/var/lib/crater-agent-workspace/rustup-home:/opt/rustwide/rustup-home:ro,Z" "-m" "1610612736" "--network" "none" "ghcr.io/rust-lang/crates-build-env/linux@sha256:77db811e55d90add9212f6832c23229e3de5f1c1f9905e8cb07319ea15df73ac" "sleep" "infinity", kill_on_drop: false }`
[INFO] [stdout] 3c8275c732c65903fa240eb12966bdc3457ca601ee5e0443ca1eeef1533a23ae
[INFO] running `Command { std: "docker" "start" "3c8275c732c65903fa240eb12966bdc3457ca601ee5e0443ca1eeef1533a23ae", kill_on_drop: false }`
[INFO] running `Command { std: "docker" "inspect" "3c8275c732c65903fa240eb12966bdc3457ca601ee5e0443ca1eeef1533a23ae", kill_on_drop: false }`
[INFO] running `Command { std: "docker" "exec" "-e" "SOURCE_DIR=/opt/rustwide/workdir" "-e" "CARGO_HOME=/opt/rustwide/cargo-home" "-e" "RUSTUP_HOME=/opt/rustwide/rustup-home" "-e" "CARGO_TARGET_DIR=/opt/rustwide/target" "-w" "/opt/rustwide/workdir" "--user" "0:0" "3c8275c732c65903fa240eb12966bdc3457ca601ee5e0443ca1eeef1533a23ae" "/opt/rustwide/cargo-home/bin/cargo" "+1.99.0-beta.8" "metadata" "--no-deps" "--format-version=1", kill_on_drop: false }`
[INFO] running `Command { std: "docker" "inspect" "3c8275c732c65903fa240eb12966bdc3457ca601ee5e0443ca1eeef1533a23ae", kill_on_drop: false }`
[INFO] running `Command { std: "docker" "exec" "-e" "SOURCE_DIR=/opt/rustwide/workdir" "-e" "CARGO_HOME=/opt/rustwide/cargo-home" "-e" "RUSTUP_HOME=/opt/rustwide/rustup-home" "-e" "CARGO_TARGET_DIR=/opt/rustwide/target" "-e" "CARGO_INCREMENTAL=0" "-e" "RUST_BACKTRACE=full" "-e" "RUSTFLAGS=--cap-lints=warn" "-e" "RUSTDOCFLAGS=--cap-lints=warn" "-w" "/opt/rustwide/workdir" "--user" "0:0" "3c8275c732c65903fa240eb12966bdc3457ca601ee5e0443ca1eeef1533a23ae" "/opt/rustwide/cargo-home/bin/cargo" "+1.99.0-beta.8" "build" "--frozen" "--message-format=json" "--release", kill_on_drop: false }`
[INFO] [stderr]    Compiling unicode-ident v1.0.22
[INFO] [stderr]    Compiling proc-macro2 v1.0.105
[INFO] [stderr]    Compiling quote v1.0.43
[INFO] [stderr]    Compiling rustversion v1.0.22
[INFO] [stderr]    Compiling wasm-bindgen-shared v0.2.106
[INFO] [stderr]    Compiling once_cell v1.21.3
[INFO] [stderr]    Compiling bumpalo v3.19.1
[INFO] [stderr]    Compiling cfg-if v1.0.4
[INFO] [stderr]    Compiling serde_core v1.0.228
[INFO] [stderr]    Compiling memchr v2.7.6
[INFO] [stderr]    Compiling serde v1.0.228
[INFO] [stderr]    Compiling itoa v1.0.17
[INFO] [stderr]    Compiling futures-core v0.3.31
[INFO] [stderr]    Compiling futures-sink v0.3.31
[INFO] [stderr]    Compiling zmij v1.0.12
[INFO] [stderr]    Compiling thiserror v1.0.69
[INFO] [stderr]    Compiling pin-project-lite v0.2.16
[INFO] [stderr]    Compiling futures-channel v0.3.31
[INFO] [stderr]    Compiling serde_json v1.0.148
[INFO] [stderr]    Compiling version_check v0.9.5
[INFO] [stderr]    Compiling equivalent v1.0.2
[INFO] [stderr]    Compiling pin-utils v0.1.0
[INFO] [stderr]    Compiling hashbrown v0.16.1
[INFO] [stderr]    Compiling slab v0.4.11
[INFO] [stderr]    Compiling futures-io v0.3.31
[INFO] [stderr]    Compiling futures-task v0.3.31
[INFO] [stderr]    Compiling winnow v0.5.40
[INFO] [stderr]    Compiling syn v1.0.109
[INFO] [stderr]    Compiling toml_datetime v0.6.11
[INFO] [stderr]    Compiling proc-macro-error-attr v1.0.4
[INFO] [stderr]    Compiling proc-macro-error v1.0.4
[INFO] [stderr]    Compiling libc v0.2.179
[INFO] [stderr]    Compiling percent-encoding v2.3.2
[INFO] [stderr]    Compiling pulldown-cmark v0.13.0
[INFO] [stderr]    Compiling fnv v1.0.7
[INFO] [stderr]    Compiling unicode-width v0.2.2
[INFO] [stderr]    Compiling bytes v1.11.0
[INFO] [stderr]    Compiling ryu v1.0.22
[INFO] [stderr]    Compiling form_urlencoded v1.2.2
[INFO] [stderr]    Compiling prettyplease v0.2.37
[INFO] [stderr]    Compiling tokio v1.49.0
[INFO] [stderr]    Compiling unicase v2.8.1
[INFO] [stderr]    Compiling thiserror v2.0.17
[INFO] [stderr]    Compiling pulldown-cmark-escape v0.11.0
[INFO] [stderr]    Compiling wasm-bindgen v0.2.106
[INFO] [stderr]    Compiling bitflags v2.10.0
[INFO] [stderr]    Compiling getopts v0.2.24
[INFO] [stderr]    Compiling tracing-core v0.1.36
[INFO] [stderr]    Compiling lazy_static v1.5.0
[INFO] [stderr]    Compiling ident_case v1.0.1
[INFO] [stderr]    Compiling strsim v0.11.1
[INFO] [stderr]    Compiling log v0.4.29
[INFO] [stderr]    Compiling indexmap v2.12.1
[INFO] [stderr]    Compiling powerfmt v0.2.0
[INFO] [stderr]    Compiling time-core v0.1.6
[INFO] [stderr]    Compiling num-conv v0.1.0
[INFO] [stderr]    Compiling deranged v0.5.5
[INFO] [stderr]    Compiling route-recognizer v0.3.1
[INFO] [stderr]    Compiling http v0.2.12
[INFO] [stderr]    Compiling time-macros v0.2.24
[INFO] [stderr]    Compiling syn v2.0.113
[INFO] [stderr]    Compiling urlencoding v2.1.3
[INFO] [stderr]    Compiling num_cpus v1.17.0
[INFO] [stderr]    Compiling toml_edit v0.19.15
[INFO] [stderr]    Compiling time v0.3.44
[INFO] [stderr]    Compiling tokio-stream v0.1.18
[INFO] [stderr]    Compiling proc-macro-crate v1.3.1
[INFO] [stderr]    Compiling wasm-bindgen-macro-support v0.2.106
[INFO] [stderr]    Compiling darling_core v0.20.11
[INFO] [stderr]    Compiling serde_derive v1.0.228
[INFO] [stderr]    Compiling thiserror-impl v1.0.69
[INFO] [stderr]    Compiling futures-macro v0.3.31
[INFO] [stderr]    Compiling pin-project-internal v1.1.10
[INFO] [stderr]    Compiling gloo-worker-macros v0.1.0
[INFO] [stderr]    Compiling thiserror-impl v2.0.17
[INFO] [stderr]    Compiling implicit-clone-derive v0.1.2
[INFO] [stderr]    Compiling tracing-attributes v0.1.31
[INFO] [stderr]    Compiling yew-router-macro v0.19.0 (https://github.com/geoffjay/yew?branch=mdx#ec1cb4da)
[INFO] [stderr]    Compiling yew-macro v0.22.0 (https://github.com/geoffjay/yew?branch=mdx#ec1cb4da)
[INFO] [stderr]    Compiling implicit-clone v0.6.0
[INFO] [stderr]    Compiling tracing v0.1.44
[INFO] [stderr]    Compiling pin-project v1.1.10
[INFO] [stderr]    Compiling futures-util v0.3.31
[INFO] [stderr]    Compiling wasm-bindgen-macro v0.2.106
[INFO] [stderr]    Compiling darling_macro v0.20.11
[INFO] [stderr]    Compiling darling v0.20.11
[INFO] [stderr]    Compiling yewdux-macros v0.11.0 (https://github.com/intendednull/yewdux?branch=master#a2fb7425)
[INFO] [stderr]    Compiling js-sys v0.3.83
[INFO] [stderr]    Compiling console_error_panic_hook v0.1.7
[INFO] [stderr]    Compiling serde_urlencoded v0.7.1
[INFO] [stderr]    Compiling bincode v1.3.3
[INFO] [stderr]    Compiling futures v0.3.31
[INFO] [stderr]    Compiling pinned v0.1.0
[INFO] [stderr]    Compiling tokise v0.2.0
[INFO] [stderr]    Compiling web-sys v0.3.83
[INFO] [stderr]    Compiling wasm-bindgen-futures v0.4.56
[INFO] [stderr]    Compiling serde-wasm-bindgen v0.6.5
[INFO] [stderr]    Compiling gloo-timers v0.3.0
[INFO] [stderr]    Compiling gloo-utils v0.2.0
[INFO] [stderr]    Compiling gloo-events v0.2.0
[INFO] [stderr]    Compiling gloo-dialogs v0.2.0
[INFO] [stderr]    Compiling gloo-render v0.2.0
[INFO] [stderr]    Compiling wasm-logger v0.2.0
[INFO] [stderr]    Compiling gloo-file v0.3.0
[INFO] [stderr]    Compiling gloo-history v0.2.2
[INFO] [stderr]    Compiling gloo-worker v0.5.0
[INFO] [stderr]    Compiling gloo-console v0.3.0
[INFO] [stderr]    Compiling gloo-net v0.5.0
[INFO] [stderr]    Compiling gloo-storage v0.3.0
[INFO] [stderr]    Compiling gloo v0.11.0
[INFO] [stderr]    Compiling yew v0.22.0 (https://github.com/geoffjay/yew?branch=mdx#ec1cb4da)
[INFO] [stderr]    Compiling yew-router v0.19.0 (https://github.com/geoffjay/yew?branch=mdx#ec1cb4da)
[INFO] [stderr]    Compiling yew-hooks v0.4.0
[INFO] [stderr]    Compiling yew_icons v0.9.0
[INFO] [stderr]    Compiling yewdux v0.11.0 (https://github.com/intendednull/yewdux?branch=master#a2fb7425)
[INFO] [stderr]    Compiling blog-geoffjay-com v0.1.0 (/opt/rustwide/workdir)
[INFO] [stdout] warning: struct `AnimationWrapperProps` is never constructed
[INFO] [stdout]  --> src/components/animation.rs:4:12
[INFO] [stdout]   |
[INFO] [stdout] 4 | pub struct AnimationWrapperProps {
[INFO] [stdout]   |            ^^^^^^^^^^^^^^^^^^^^^
[INFO] [stdout]   |
[INFO] [stdout]   = note: `#[warn(dead_code)]` (part of `#[warn(unused)]`) on by default
[INFO] [stdout] 
[INFO] [stdout] 
[INFO] [stdout] warning: struct `TerminalProps` is never constructed
[INFO] [stdout]  --> src/components/terminal.rs:4:12
[INFO] [stdout]   |
[INFO] [stdout] 4 | pub struct TerminalProps {
[INFO] [stdout]   |            ^^^^^^^^^^^^^
[INFO] [stdout] 
[INFO] [stdout] 
[INFO] [stdout] warning: method `is_dark` is never used
[INFO] [stdout]   --> src/store/mod.rs:64:12
[INFO] [stdout]    |
[INFO] [stdout] 33 | impl State {
[INFO] [stdout]    | ---------- method in this implementation
[INFO] [stdout] ...
[INFO] [stdout] 64 |     pub fn is_dark(&self) -> bool {
[INFO] [stdout]    |            ^^^^^^^
[INFO] [stdout] 
[INFO] [stdout] 
[INFO] [stderr]     Finished `release` profile [optimized] target(s) in 1m 15s
[INFO] running `Command { std: "docker" "inspect" "3c8275c732c65903fa240eb12966bdc3457ca601ee5e0443ca1eeef1533a23ae", kill_on_drop: false }`
[INFO] running `Command { std: "docker" "exec" "-e" "SOURCE_DIR=/opt/rustwide/workdir" "-e" "CARGO_HOME=/opt/rustwide/cargo-home" "-e" "RUSTUP_HOME=/opt/rustwide/rustup-home" "-e" "CARGO_TARGET_DIR=/opt/rustwide/target" "-e" "CARGO_INCREMENTAL=0" "-e" "RUST_BACKTRACE=full" "-e" "RUSTFLAGS=--cap-lints=warn" "-e" "RUSTDOCFLAGS=--cap-lints=warn" "-w" "/opt/rustwide/workdir" "--user" "0:0" "3c8275c732c65903fa240eb12966bdc3457ca601ee5e0443ca1eeef1533a23ae" "/opt/rustwide/cargo-home/bin/cargo" "+1.99.0-beta.8" "test" "--frozen" "--no-run" "--message-format=json" "--release", kill_on_drop: false }`
[INFO] [stderr]    Compiling once_cell v1.21.3
[INFO] [stderr]    Compiling unicode-ident v1.0.22
[INFO] [stderr]    Compiling cfg-if v1.0.4
[INFO] [stderr]    Compiling memchr v2.7.6
[INFO] [stderr]    Compiling itoa v1.0.17
[INFO] [stderr]    Compiling futures-core v0.3.31
[INFO] [stderr]    Compiling futures-sink v0.3.31
[INFO] [stderr]    Compiling pin-project-lite v0.2.16
[INFO] [stderr]    Compiling serde_core v1.0.228
[INFO] [stderr]    Compiling zmij v1.0.12
[INFO] [stderr]    Compiling futures-task v0.3.31
[INFO] [stderr]    Compiling thiserror v1.0.69
[INFO] [stderr]    Compiling pin-utils v0.1.0
[INFO] [stderr]    Compiling slab v0.4.11
[INFO] [stderr]    Compiling futures-io v0.3.31
[INFO] [stderr]    Compiling percent-encoding v2.3.2
[INFO] [stderr]    Compiling pin-project v1.1.10
[INFO] [stderr]    Compiling wasm-bindgen-shared v0.2.106
[INFO] [stderr]    Compiling fnv v1.0.7
[INFO] [stderr]    Compiling bytes v1.11.0
[INFO] [stderr]    Compiling ryu v1.0.22
[INFO] [stderr]    Compiling tokio v1.49.0
[INFO] [stderr]    Compiling futures-channel v0.3.31
[INFO] [stderr]    Compiling libc v0.2.179
[INFO] [stderr]    Compiling hashbrown v0.16.1
[INFO] [stderr]    Compiling equivalent v1.0.2
[INFO] [stderr]    Compiling thiserror v2.0.17
[INFO] [stderr]    Compiling log v0.4.29
[INFO] [stderr]    Compiling powerfmt v0.2.0
[INFO] [stderr]    Compiling wasm-bindgen v0.2.106
[INFO] [stderr]    Compiling form_urlencoded v1.2.2
[INFO] [stderr]    Compiling tracing-core v0.1.36
[INFO] [stderr]    Compiling unicase v2.8.1
[INFO] [stderr]    Compiling bitflags v2.10.0
[INFO] [stderr]    Compiling deranged v0.5.5
[INFO] [stderr]    Compiling time-core v0.1.6
[INFO] [stderr]    Compiling route-recognizer v0.3.1
[INFO] [stderr]    Compiling urlencoding v2.1.3
[INFO] [stderr]    Compiling num-conv v0.1.0
[INFO] [stderr]    Compiling futures-util v0.3.31
[INFO] [stderr]    Compiling pulldown-cmark v0.13.0
[INFO] [stderr]    Compiling http v0.2.12
[INFO] [stderr]    Compiling tracing v0.1.44
[INFO] [stderr]    Compiling indexmap v2.12.1
[INFO] [stderr]    Compiling time v0.3.44
[INFO] [stderr]    Compiling num_cpus v1.17.0
[INFO] [stderr]    Compiling js-sys v0.3.83
[INFO] [stderr]    Compiling console_error_panic_hook v0.1.7
[INFO] [stderr]    Compiling implicit-clone v0.6.0
[INFO] [stderr]    Compiling tokio-stream v0.1.18
[INFO] [stderr]    Compiling serde v1.0.228
[INFO] [stderr]    Compiling serde_json v1.0.148
[INFO] [stderr]    Compiling futures v0.3.31
[INFO] [stderr]    Compiling pinned v0.1.0
[INFO] [stderr]    Compiling bincode v1.3.3
[INFO] [stderr]    Compiling serde_urlencoded v0.7.1
[INFO] [stderr]    Compiling tokise v0.2.0
[INFO] [stderr]    Compiling web-sys v0.3.83
[INFO] [stderr]    Compiling wasm-bindgen-futures v0.4.56
[INFO] [stderr]    Compiling serde-wasm-bindgen v0.6.5
[INFO] [stderr]    Compiling gloo-timers v0.3.0
[INFO] [stderr]    Compiling gloo-utils v0.2.0
[INFO] [stderr]    Compiling gloo-events v0.2.0
[INFO] [stderr]    Compiling gloo-dialogs v0.2.0
[INFO] [stderr]    Compiling gloo-render v0.2.0
[INFO] [stderr]    Compiling wasm-logger v0.2.0
[INFO] [stderr]    Compiling gloo-net v0.5.0
[INFO] [stderr]    Compiling gloo-storage v0.3.0
[INFO] [stderr]    Compiling gloo-console v0.3.0
[INFO] [stderr]    Compiling gloo-worker v0.5.0
[INFO] [stderr]    Compiling gloo-file v0.3.0
[INFO] [stderr]    Compiling gloo-history v0.2.2
[INFO] [stderr]    Compiling gloo v0.11.0
[INFO] [stderr]    Compiling yew v0.22.0 (https://github.com/geoffjay/yew?branch=mdx#ec1cb4da)
[INFO] [stderr]    Compiling yew-router v0.19.0 (https://github.com/geoffjay/yew?branch=mdx#ec1cb4da)
[INFO] [stderr]    Compiling yew-hooks v0.4.0
[INFO] [stderr]    Compiling yew_icons v0.9.0
[INFO] [stderr]    Compiling yewdux v0.11.0 (https://github.com/intendednull/yewdux?branch=master#a2fb7425)
[INFO] [stderr]    Compiling blog-geoffjay-com v0.1.0 (/opt/rustwide/workdir)
[INFO] [stdout] warning: struct `AnimationWrapperProps` is never constructed
[INFO] [stdout]  --> src/components/animation.rs:4:12
[INFO] [stdout]   |
[INFO] [stdout] 4 | pub struct AnimationWrapperProps {
[INFO] [stdout]   |            ^^^^^^^^^^^^^^^^^^^^^
[INFO] [stdout]   |
[INFO] [stdout]   = note: `#[warn(dead_code)]` (part of `#[warn(unused)]`) on by default
[INFO] [stdout] 
[INFO] [stdout] 
[INFO] [stdout] warning: struct `TerminalProps` is never constructed
[INFO] [stdout]  --> src/components/terminal.rs:4:12
[INFO] [stdout]   |
[INFO] [stdout] 4 | pub struct TerminalProps {
[INFO] [stdout]   |            ^^^^^^^^^^^^^
[INFO] [stdout] 
[INFO] [stdout] 
[INFO] [stderr]     Finished `release` profile [optimized] target(s) in 59.13s
[INFO] running `Command { std: "docker" "inspect" "3c8275c732c65903fa240eb12966bdc3457ca601ee5e0443ca1eeef1533a23ae", kill_on_drop: false }`
[INFO] running `Command { std: "docker" "exec" "-e" "SOURCE_DIR=/opt/rustwide/workdir" "-e" "CARGO_HOME=/opt/rustwide/cargo-home" "-e" "RUSTUP_HOME=/opt/rustwide/rustup-home" "-e" "CARGO_TARGET_DIR=/opt/rustwide/target" "-e" "CARGO_INCREMENTAL=0" "-e" "RUST_BACKTRACE=full" "-e" "RUSTFLAGS=--cap-lints=warn" "-e" "RUSTDOCFLAGS=--cap-lints=warn" "-w" "/opt/rustwide/workdir" "--user" "0:0" "3c8275c732c65903fa240eb12966bdc3457ca601ee5e0443ca1eeef1533a23ae" "/opt/rustwide/cargo-home/bin/cargo" "+1.99.0-beta.8" "test" "--frozen" "--release", kill_on_drop: false }`
[INFO] [stderr] warning: struct `AnimationWrapperProps` is never constructed
[INFO] [stderr]  --> src/components/animation.rs:4:12
[INFO] [stderr]   |
[INFO] [stderr] 4 | pub struct AnimationWrapperProps {
[INFO] [stderr]   |            ^^^^^^^^^^^^^^^^^^^^^
[INFO] [stderr]   |
[INFO] [stderr]   = note: `#[warn(dead_code)]` (part of `#[warn(unused)]`) on by default
[INFO] [stderr] 
[INFO] [stderr] warning: struct `TerminalProps` is never constructed
[INFO] [stderr]  --> src/components/terminal.rs:4:12
[INFO] [stderr]   |
[INFO] [stderr] 4 | pub struct TerminalProps {
[INFO] [stderr]   |            ^^^^^^^^^^^^^
[INFO] [stderr] 
[INFO] [stderr] warning: `blog-geoffjay-com` (bin "blog-geoffjay-com" test) generated 2 warnings
[INFO] [stderr]     Finished `release` profile [optimized] target(s) in 0.23s
[INFO] [stderr]      Running unittests src/main.rs (/opt/rustwide/target/release/deps/blog_geoffjay_com-ce7299d4cbcbaeec)
[INFO] [stdout] 
[INFO] [stdout] running 3 tests
[INFO] [stdout] test store::tests::is_dark ... FAILED
[INFO] [stdout] test store::tests::load_theme ... FAILED
[INFO] [stdout] test store::tests::set_theme ... FAILED
[INFO] [stdout] 
[INFO] [stdout] failures:
[INFO] [stdout] 
[INFO] [stdout] ---- store::tests::is_dark stdout ----
[INFO] [stdout] 
[INFO] [stdout] thread 'store::tests::is_dark' (2625) panicked at /opt/rustwide/cargo-home/registry/src/index.crates.io-1949cf8c6b5b557f/js-sys-0.3.83/src/lib.rs:6324:9:
[INFO] [stdout] cannot access imported statics on non-wasm targets
[INFO] [stdout] stack backtrace:
[INFO] [stdout]    0:     0x6351dbc44b67 - <<std[70759c8f55707aa4]::sys::backtrace::BacktraceLock>::print::DisplayBacktrace as core[df12db4294e9bfd3]::fmt::Display>::fmt
[INFO] [stdout]    1:     0x6351dbc2d3ba - core[df12db4294e9bfd3]::fmt::write
[INFO] [stdout]    2:     0x6351dbc4411b - <alloc[2182bb758b4b3781]::vec::Vec<u8> as core[df12db4294e9bfd3]::io::write::Write>::write_fmt
[INFO] [stdout]    3:     0x6351dbc43bff - std[70759c8f55707aa4]::panicking::default_hook::{closure#0}
[INFO] [stdout]    4:     0x6351dbc4382a - std[70759c8f55707aa4]::panicking::default_hook
[INFO] [stdout]    5:     0x6351dbc43362 - std[70759c8f55707aa4]::panicking::panic_with_hook
[INFO] [stdout]    6:     0x6351dbc6a702 - std[70759c8f55707aa4]::panicking::panic_handler::{closure#0}
[INFO] [stdout]    7:     0x6351dbc6a689 - std[70759c8f55707aa4]::sys::backtrace::__rust_end_short_backtrace::<std[70759c8f55707aa4]::panicking::panic_handler::{closure#0}, !>
[INFO] [stdout]    8:     0x6351dbc6ab9c - __rustc[8fa7c3cbc660c2b3]::rust_begin_unwind
[INFO] [stdout]    9:     0x6351dbc2d24b - core[df12db4294e9bfd3]::panicking::panic_fmt
[INFO] [stdout]   10:     0x6351dbc3a869 - js_sys[2244fbb4f20a1df0]::global::get_global_object::GLOBAL_THIS::init
[INFO] [stdout]   11:     0x6351dbc3a6a9 - js_sys[2244fbb4f20a1df0]::global::get_global_object
[INFO] [stdout]   12:     0x6351dbc3a623 - js_sys[2244fbb4f20a1df0]::global
[INFO] [stdout]   13:     0x6351dbcb94b6 - web_sys[d90223c60802d237]::window
[INFO] [stdout]   14:     0x6351dbc2bbe7 - <blog_geoffjay_com[65ea150a0f9385df]::store::State>::set_theme
[INFO] [stdout]   15:     0x6351dbc2bcd0 - <blog_geoffjay_com[65ea150a0f9385df]::store::tests::is_dark::{closure#0} as core[df12db4294e9bfd3]::ops::function::FnOnce<()>>::call_once
[INFO] [stdout]   16:     0x6351dbc8262b - test[9d35eded1c95d3be]::__rust_begin_short_backtrace::<core[df12db4294e9bfd3]::result::Result<(), alloc[2182bb758b4b3781]::string::String>, fn() -> core[df12db4294e9bfd3]::result::Result<(), alloc[2182bb758b4b3781]::string::String>>
[INFO] [stdout]   17:     0x6351dbc7dc3f - test[9d35eded1c95d3be]::run_test::{closure#0}
[INFO] [stdout]   18:     0x6351dbc7d6bc - std[70759c8f55707aa4]::sys::backtrace::__rust_begin_short_backtrace::<test[9d35eded1c95d3be]::run_test::{closure#1}, ()>
[INFO] [stdout]   19:     0x6351dbc9a97c - <std[70759c8f55707aa4]::thread::lifecycle::spawn_unchecked<test[9d35eded1c95d3be]::run_test::{closure#1}, ()>::{closure#1} as core[df12db4294e9bfd3]::ops::function::FnOnce<()>>::call_once::{shim:vtable#0}
[INFO] [stdout]   20:     0x6351dbc6bf52 - <std[70759c8f55707aa4]::sys::thread::unix::Thread>::new::thread_start
[INFO] [stdout]   21:     0x746730100dfa - <unknown>
[INFO] [stdout]   22:     0x7467301943d4 - clone
[INFO] [stdout]   23:                0x0 - <unknown>
[INFO] [stdout] 
[INFO] [stdout] ---- store::tests::load_theme stdout ----
[INFO] [stdout] 
[INFO] [stdout] thread 'store::tests::load_theme' (2626) panicked at /opt/rustwide/cargo-home/registry/src/index.crates.io-1949cf8c6b5b557f/once_cell-1.21.3/src/lib.rs:776:25:
[INFO] [stdout] Lazy instance has previously been poisoned
[INFO] [stdout] stack backtrace:
[INFO] [stdout]    0:     0x6351dbc44b67 - <<std[70759c8f55707aa4]::sys::backtrace::BacktraceLock>::print::DisplayBacktrace as core[df12db4294e9bfd3]::fmt::Display>::fmt
[INFO] [stdout]    1:     0x6351dbc2d3ba - core[df12db4294e9bfd3]::fmt::write
[INFO] [stdout]    2:     0x6351dbc4411b - <alloc[2182bb758b4b3781]::vec::Vec<u8> as core[df12db4294e9bfd3]::io::write::Write>::write_fmt
[INFO] [stdout]    3:     0x6351dbc43bff - std[70759c8f55707aa4]::panicking::default_hook::{closure#0}
[INFO] [stdout]    4:     0x6351dbc4382a - std[70759c8f55707aa4]::panicking::default_hook
[INFO] [stdout]    5:     0x6351dbc43362 - std[70759c8f55707aa4]::panicking::panic_with_hook
[INFO] [stdout]    6:     0x6351dbc6a702 - std[70759c8f55707aa4]::panicking::panic_handler::{closure#0}
[INFO] [stdout]    7:     0x6351dbc6a689 - std[70759c8f55707aa4]::sys::backtrace::__rust_end_short_backtrace::<std[70759c8f55707aa4]::panicking::panic_handler::{closure#0}, !>
[INFO] [stdout]    8:     0x6351dbc6ab9c - __rustc[8fa7c3cbc660c2b3]::rust_begin_unwind
[INFO] [stdout]    9:     0x6351dbc2d24b - core[df12db4294e9bfd3]::panicking::panic_fmt
[INFO] [stdout]   10:     0x6351dbc3a66f - js_sys[2244fbb4f20a1df0]::global
[INFO] [stdout]   11:     0x6351dbcb94b6 - web_sys[d90223c60802d237]::window
[INFO] [stdout]   12:     0x6351dbc2bcbe - <blog_geoffjay_com[65ea150a0f9385df]::store::tests::load_theme::{closure#0} as core[df12db4294e9bfd3]::ops::function::FnOnce<()>>::call_once
[INFO] [stdout]   13:     0x6351dbc8262b - test[9d35eded1c95d3be]::__rust_begin_short_backtrace::<core[df12db4294e9bfd3]::result::Result<(), alloc[2182bb758b4b3781]::string::String>, fn() -> core[df12db4294e9bfd3]::result::Result<(), alloc[2182bb758b4b3781]::string::String>>
[INFO] [stdout]   14:     0x6351dbc7dc3f - test[9d35eded1c95d3be]::run_test::{closure#0}
[INFO] [stdout]   15:     0x6351dbc7d6bc - std[70759c8f55707aa4]::sys::backtrace::__rust_begin_short_backtrace::<test[9d35eded1c95d3be]::run_test::{closure#1}, ()>
[INFO] [stdout]   16:     0x6351dbc9a97c - <std[70759c8f55707aa4]::thread::lifecycle::spawn_unchecked<test[9d35eded1c95d3be]::run_test::{closure#1}, ()>::{closure#1} as core[df12db4294e9bfd3]::ops::function::FnOnce<()>>::call_once::{shim:vtable#0}
[INFO] [stdout]   17:     0x6351dbc6bf52 - <std[70759c8f55707aa4]::sys::thread::unix::Thread>::new::thread_start
[INFO] [stdout]   18:     0x746730100dfa - <unknown>
[INFO] [stdout]   19:     0x7467301943d4 - clone
[INFO] [stdout]   20:                0x0 - <unknown>
[INFO] [stdout] 
[INFO] [stdout] ---- store::tests::set_theme stdout ----
[INFO] [stdout] 
[INFO] [stdout] thread 'store::tests::set_theme' (2627) panicked at /opt/rustwide/cargo-home/registry/src/index.crates.io-1949cf8c6b5b557f/once_cell-1.21.3/src/lib.rs:776:25:
[INFO] [stdout] Lazy instance has previously been poisoned
[INFO] [stdout] stack backtrace:
[INFO] [stdout]    0:     0x6351dbc44b67 - <<std[70759c8f55707aa4]::sys::backtrace::BacktraceLock>::print::DisplayBacktrace as core[df12db4294e9bfd3]::fmt::Display>::fmt
[INFO] [stdout]    1:     0x6351dbc2d3ba - core[df12db4294e9bfd3]::fmt::write
[INFO] [stdout]    2:     0x6351dbc4411b - <alloc[2182bb758b4b3781]::vec::Vec<u8> as core[df12db4294e9bfd3]::io::write::Write>::write_fmt
[INFO] [stdout]    3:     0x6351dbc43bff - std[70759c8f55707aa4]::panicking::default_hook::{closure#0}
[INFO] [stdout]    4:     0x6351dbc4382a - std[70759c8f55707aa4]::panicking::default_hook
[INFO] [stdout]    5:     0x6351dbc43362 - std[70759c8f55707aa4]::panicking::panic_with_hook
[INFO] [stdout]    6:     0x6351dbc6a702 - std[70759c8f55707aa4]::panicking::panic_handler::{closure#0}
[INFO] [stdout]    7:     0x6351dbc6a689 - std[70759c8f55707aa4]::sys::backtrace::__rust_end_short_backtrace::<std[70759c8f55707aa4]::panicking::panic_handler::{closure#0}, !>
[INFO] [stdout]    8:     0x6351dbc6ab9c - __rustc[8fa7c3cbc660c2b3]::rust_begin_unwind
[INFO] [stdout]    9:     0x6351dbc2d24b - core[df12db4294e9bfd3]::panicking::panic_fmt
[INFO] [stdout]   10:     0x6351dbc3a66f - js_sys[2244fbb4f20a1df0]::global
[INFO] [stdout]   11:     0x6351dbcb94b6 - web_sys[d90223c60802d237]::window
[INFO] [stdout]   12:     0x6351dbc2bbe7 - <blog_geoffjay_com[65ea150a0f9385df]::store::State>::set_theme
[INFO] [stdout]   13:     0x6351dbc2bce0 - <blog_geoffjay_com[65ea150a0f9385df]::store::tests::set_theme::{closure#0} as core[df12db4294e9bfd3]::ops::function::FnOnce<()>>::call_once
[INFO] [stdout]   14:     0x6351dbc8262b - test[9d35eded1c95d3be]::__rust_begin_short_backtrace::<core[df12db4294e9bfd3]::result::Result<(), alloc[2182bb758b4b3781]::string::String>, fn() -> core[df12db4294e9bfd3]::result::Result<(), alloc[2182bb758b4b3781]::string::String>>
[INFO] [stdout]   15:     0x6351dbc7dc3f - test[9d35eded1c95d3be]::run_test::{closure#0}
[INFO] [stdout]   16:     0x6351dbc7d6bc - std[70759c8f55707aa4]::sys::backtrace::__rust_begin_short_backtrace::<test[9d35eded1c95d3be]::run_test::{closure#1}, ()>
[INFO] [stdout]   17:     0x6351dbc9a97c - <std[70759c8f55707aa4]::thread::lifecycle::spawn_unchecked<test[9d35eded1c95d3be]::run_test::{closure#1}, ()>::{closure#1} as core[df12db4294e9bfd3]::ops::function::FnOnce<()>>::call_once::{shim:vtable#0}
[INFO] [stdout]   18:     0x6351dbc6bf52 - <std[70759c8f55707aa4]::sys::thread::unix::Thread>::new::thread_start
[INFO] [stdout]   19:     0x746730100dfa - <unknown>
[INFO] [stdout]   20:     0x7467301943d4 - clone
[INFO] [stdout]   21:                0x0 - <unknown>
[INFO] [stdout] 
[INFO] [stdout] 
[INFO] [stdout] failures:
[INFO] [stdout]     store::tests::is_dark
[INFO] [stdout]     store::tests::load_theme
[INFO] [stdout]     store::tests::set_theme
[INFO] [stdout] 
[INFO] [stdout] test result: FAILED. 0 passed; 3 failed; 0 ignored; 0 measured; 0 filtered out; finished in 0.00s
[INFO] [stdout] 
[INFO] [stderr] error: test failed, to rerun pass `--bin blog-geoffjay-com`
[INFO] running `Command { std: "docker" "inspect" "3c8275c732c65903fa240eb12966bdc3457ca601ee5e0443ca1eeef1533a23ae", kill_on_drop: false }`
[INFO] running `Command { std: "docker" "rm" "-f" "3c8275c732c65903fa240eb12966bdc3457ca601ee5e0443ca1eeef1533a23ae", kill_on_drop: false }`
[INFO] [stdout] 3c8275c732c65903fa240eb12966bdc3457ca601ee5e0443ca1eeef1533a23ae
