[INFO] cloning repository https://github.com/genzj/rust-sidetracker-bot
[INFO] running `Command { std: "git" "-c" "credential.helper=" "-c" "credential.helper=/workspace/cargo-home/bin/git-credential-null" "clone" "--bare" "https://github.com/genzj/rust-sidetracker-bot" "/workspace/cache/git-repos/https%3A%2F%2Fgithub.com%2Fgenzj%2Frust-sidetracker-bot", kill_on_drop: false }`
[INFO] [stderr] Cloning into bare repository '/workspace/cache/git-repos/https%3A%2F%2Fgithub.com%2Fgenzj%2Frust-sidetracker-bot'...
[INFO] running `Command { std: "git" "rev-parse" "HEAD", kill_on_drop: false }`
[INFO] [stdout] ce1dbd4c3bd46786ba5a0f448e6218e885176e12
[INFO] testing genzj/rust-sidetracker-bot against 1.99.0-beta.8+cargoflags=--release for beta-release-1.100-2
[INFO] running `Command { std: "git" "clone" "/workspace/cache/git-repos/https%3A%2F%2Fgithub.com%2Fgenzj%2Frust-sidetracker-bot" "/workspace/builds/worker-4-tc1/source", kill_on_drop: false }`
[INFO] [stderr] Cloning into '/workspace/builds/worker-4-tc1/source'...
[INFO] [stderr] done.
[INFO] started tweaking git repo https://github.com/genzj/rust-sidetracker-bot
[INFO] finished tweaking git repo https://github.com/genzj/rust-sidetracker-bot
[INFO] tweaked toml for git repo https://github.com/genzj/rust-sidetracker-bot written to /workspace/builds/worker-4-tc1/source/Cargo.toml
[INFO] validating manifest of git repo https://github.com/genzj/rust-sidetracker-bot on toolchain 1.99.0-beta.8
[INFO] running `Command { std: CARGO_HOME="/workspace/cargo-home" RUSTUP_HOME="/workspace/rustup-home" "/workspace/cargo-home/bin/cargo" "+1.99.0-beta.8" "metadata" "--manifest-path" "Cargo.toml" "--no-deps", kill_on_drop: false }`
[INFO] crate git repo https://github.com/genzj/rust-sidetracker-bot already has a lockfile, it will not be regenerated
[INFO] running `Command { std: CARGO_HOME="/workspace/cargo-home" RUSTUP_HOME="/workspace/rustup-home" "/workspace/cargo-home/bin/cargo" "+1.99.0-beta.8" "fetch" "--manifest-path" "Cargo.toml", kill_on_drop: false }`
[INFO] [stderr]     Updating crates.io index
[INFO] [stderr]  Downloading crates ...
[INFO] [stderr]   Downloaded serde_json5 v0.1.0
[INFO] [stderr]   Downloaded pest_derive v2.7.15
[INFO] [stderr]   Downloaded pretty_env_logger v0.5.0
[INFO] [stderr]   Downloaded windows-registry v0.2.0
[INFO] [stderr]   Downloaded windows-strings v0.1.0
[INFO] [stderr]   Downloaded windows-result v0.2.0
[INFO] [stderr]   Downloaded pest_generator v2.7.15
[INFO] [stderr]   Downloaded thiserror v2.0.9
[INFO] [stderr]   Downloaded thiserror-impl v2.0.9
[INFO] [stderr]   Downloaded http-body-util v0.1.2
[INFO] [stderr]   Downloaded tempfile v3.15.0
[INFO] [stderr]   Downloaded openai v1.0.0-alpha.18
[INFO] [stderr]   Downloaded pest_meta v2.7.15
[INFO] [stderr]   Downloaded ellipse v0.2.0
[INFO] [stderr]   Downloaded pest v2.7.15
[INFO] [stderr]   Downloaded syn v2.0.93
[INFO] [stderr]   Downloaded reqwest v0.12.12
[INFO] [stderr]   Downloaded hyper v1.5.2
[INFO] [stderr]   Downloaded cc v1.2.6
[INFO] [stderr]   Downloaded rustls-pki-types v1.10.1
[INFO] [stderr]   Downloaded h2 v0.4.7
[INFO] [stderr]   Downloaded similar v2.6.0
[INFO] [stderr]   Downloaded multihash v0.19.3
[INFO] [stderr]   Downloaded mockito v1.6.1
[INFO] [stderr]   Downloaded clap v4.5.23
[INFO] [stderr]   Downloaded clap_derive v4.5.18
[INFO] [stderr]   Downloaded clap_builder v4.5.23
[INFO] [stderr]   Downloaded trait-variant v0.1.2
[INFO] [stderr]   Downloaded serde_html_form v0.2.7
[INFO] [stderr]   Downloaded cid v0.11.1
[INFO] [stderr]   Downloaded anstyle-wincon v3.0.6
[INFO] [stderr]   Downloaded atrium-xrpc v0.12.0
[INFO] [stderr]   Downloaded unsigned-varint v0.8.0
[INFO] [stderr]   Downloaded atrium-api v0.24.9
[INFO] [stderr]   Downloaded langtag v0.3.4
[INFO] [stderr]   Downloaded ipld-core v0.4.1
[INFO] [stderr]   Downloaded atrium-xrpc-client v0.5.10
[INFO] running `Command { std: "docker" "create" "-v" "/var/lib/crater-agent-workspace/builds/worker-4-tc1/source:/opt/rustwide/workdir:ro,Z" "-v" "/var/lib/crater-agent-workspace/builds/worker-4-tc1/target:/opt/rustwide/target:rw,Z" "-v" "/var/lib/crater-agent-workspace/cargo-home:/opt/rustwide/cargo-home:ro,Z" "-v" "/var/lib/crater-agent-workspace/rustup-home:/opt/rustwide/rustup-home:ro,Z" "-m" "1610612736" "--network" "none" "ghcr.io/rust-lang/crates-build-env/linux@sha256:77db811e55d90add9212f6832c23229e3de5f1c1f9905e8cb07319ea15df73ac" "sleep" "infinity", kill_on_drop: false }`
[INFO] [stdout] 0381d5734a2afa496a1a81a48af45c08562c713e72e58be87c972cf811fd830b
[INFO] running `Command { std: "docker" "start" "0381d5734a2afa496a1a81a48af45c08562c713e72e58be87c972cf811fd830b", kill_on_drop: false }`
[INFO] running `Command { std: "docker" "inspect" "0381d5734a2afa496a1a81a48af45c08562c713e72e58be87c972cf811fd830b", kill_on_drop: false }`
[INFO] running `Command { std: "docker" "exec" "-e" "SOURCE_DIR=/opt/rustwide/workdir" "-e" "CARGO_HOME=/opt/rustwide/cargo-home" "-e" "RUSTUP_HOME=/opt/rustwide/rustup-home" "-e" "CARGO_TARGET_DIR=/opt/rustwide/target" "-w" "/opt/rustwide/workdir" "--user" "0:0" "0381d5734a2afa496a1a81a48af45c08562c713e72e58be87c972cf811fd830b" "/opt/rustwide/cargo-home/bin/cargo" "+1.99.0-beta.8" "metadata" "--no-deps" "--format-version=1", kill_on_drop: false }`
[INFO] running `Command { std: "docker" "inspect" "0381d5734a2afa496a1a81a48af45c08562c713e72e58be87c972cf811fd830b", kill_on_drop: false }`
[INFO] running `Command { std: "docker" "exec" "-e" "SOURCE_DIR=/opt/rustwide/workdir" "-e" "CARGO_HOME=/opt/rustwide/cargo-home" "-e" "RUSTUP_HOME=/opt/rustwide/rustup-home" "-e" "CARGO_TARGET_DIR=/opt/rustwide/target" "-e" "CARGO_INCREMENTAL=0" "-e" "RUST_BACKTRACE=full" "-e" "RUSTFLAGS=--cap-lints=warn" "-e" "RUSTDOCFLAGS=--cap-lints=warn" "-w" "/opt/rustwide/workdir" "--user" "0:0" "0381d5734a2afa496a1a81a48af45c08562c713e72e58be87c972cf811fd830b" "/opt/rustwide/cargo-home/bin/cargo" "+1.99.0-beta.8" "build" "--frozen" "--message-format=json" "--release", kill_on_drop: false }`
[INFO] [stderr]    Compiling proc-macro2 v1.0.92
[INFO] [stderr]    Compiling libc v0.2.169
[INFO] [stderr]    Compiling autocfg v1.4.0
[INFO] [stderr]    Compiling smallvec v1.13.2
[INFO] [stderr]    Compiling serde v1.0.217
[INFO] [stderr]    Compiling bytes v1.9.0
[INFO] [stderr]    Compiling pin-project-lite v0.2.15
[INFO] [stderr]    Compiling stable_deref_trait v1.2.0
[INFO] [stderr]    Compiling futures-core v0.3.31
[INFO] [stderr]    Compiling pkg-config v0.3.31
[INFO] [stderr]    Compiling cc v1.2.6
[INFO] [stderr]    Compiling vcpkg v0.2.15
[INFO] [stderr]    Compiling litemap v0.7.4
[INFO] [stderr]    Compiling writeable v0.5.5
[INFO] [stderr]    Compiling once_cell v1.20.2
[INFO] [stderr]    Compiling icu_locid_transform_data v1.5.0
[INFO] [stderr]    Compiling futures-task v0.3.31
[INFO] [stderr]    Compiling log v0.4.22
[INFO] [stderr]    Compiling icu_properties_data v1.5.0
[INFO] [stderr]    Compiling httparse v1.9.5
[INFO] [stderr]    Compiling openssl v0.10.68
[INFO] [stderr]    Compiling foreign-types-shared v0.1.1
[INFO] [stderr]    Compiling foreign-types v0.3.2
[INFO] [stderr]    Compiling bitflags v2.6.0
[INFO] [stderr]    Compiling syn v1.0.109
[INFO] [stderr]    Compiling try-lock v0.2.5
[INFO] [stderr]    Compiling native-tls v0.2.12
[INFO] [stderr]    Compiling write16 v1.0.0
[INFO] [stderr]    Compiling utf16_iter v1.0.5
[INFO] [stderr]    Compiling serde_json v1.0.134
[INFO] [stderr]    Compiling icu_normalizer_data v1.5.0
[INFO] [stderr]    Compiling want v0.3.1
[INFO] [stderr]    Compiling tracing-core v0.1.33
[INFO] [stderr]    Compiling futures-channel v0.3.31
[INFO] [stderr]    Compiling unicase v2.8.1
[INFO] [stderr]    Compiling openssl-probe v0.1.5
[INFO] [stderr]    Compiling fnv v1.0.7
[INFO] [stderr]    Compiling ident_case v1.0.1
[INFO] [stderr]    Compiling lock_api v0.4.12
[INFO] [stderr]    Compiling slab v0.4.9
[INFO] [stderr]    Compiling tower-service v0.3.3
[INFO] [stderr]    Compiling strsim v0.11.1
[INFO] [stderr]    Compiling thiserror v1.0.69
[INFO] [stderr]    Compiling mime_guess v2.0.5
[INFO] [stderr]    Compiling miniz_oxide v0.8.2
[INFO] [stderr]    Compiling crc32fast v1.4.2
[INFO] [stderr]    Compiling data-encoding v2.6.0
[INFO] [stderr]    Compiling http v1.2.0
[INFO] [stderr]    Compiling sync_wrapper v1.0.2
[INFO] [stderr]    Compiling tracing v0.1.41
[INFO] [stderr]    Compiling quote v1.0.38
[INFO] [stderr]    Compiling aho-corasick v1.1.3
[INFO] [stderr]    Compiling rustls-pki-types v1.10.1
[INFO] [stderr]    Compiling futures-sink v0.3.31
[INFO] [stderr]    Compiling tower-layer v0.3.3
[INFO] [stderr]    Compiling mime v0.3.17
[INFO] [stderr]    Compiling hashbrown v0.15.2
[INFO] [stderr]    Compiling regex-syntax v0.8.5
[INFO] [stderr]    Compiling parking_lot_core v0.9.10
[INFO] [stderr]    Compiling syn v2.0.93
[INFO] [stderr]    Compiling parking_lot v0.12.3
[INFO] [stderr]    Compiling signal-hook-registry v1.4.2
[INFO] [stderr]    Compiling mio v1.0.3
[INFO] [stderr]    Compiling socket2 v0.5.8
[INFO] [stderr]    Compiling flate2 v1.0.35
[INFO] [stderr]    Compiling rustls-pemfile v2.2.0
[INFO] [stderr]    Compiling num-traits v0.2.19
[INFO] [stderr]    Compiling core2 v0.4.0
[INFO] [stderr]    Compiling http-body v1.0.1
[INFO] [stderr]    Compiling ipnet v2.10.1
[INFO] [stderr]    Compiling indexmap v2.7.0
[INFO] [stderr]    Compiling base-x v0.2.11
[INFO] [stderr]    Compiling unsigned-varint v0.8.0
[INFO] [stderr]    Compiling openssl-sys v0.9.104
[INFO] [stderr]    Compiling utf8parse v0.2.2
[INFO] [stderr]    Compiling base64 v0.22.1
[INFO] [stderr]    Compiling anstyle-parse v0.2.6
[INFO] [stderr]    Compiling is_terminal_polyfill v1.70.1
[INFO] [stderr]    Compiling colorchoice v1.0.3
[INFO] [stderr]    Compiling anstyle-query v1.1.2
[INFO] [stderr]    Compiling anyhow v1.0.95
[INFO] [stderr]    Compiling anstyle v1.0.10
[INFO] [stderr]    Compiling eventsource-stream v0.2.3
[INFO] [stderr]    Compiling is-terminal v0.4.13
[INFO] [stderr]    Compiling humantime v2.1.0
[INFO] [stderr]    Compiling clap_lex v0.7.4
[INFO] [stderr]    Compiling data-encoding-macro-internal v0.1.13
[INFO] [stderr]    Compiling anstream v0.6.18
[INFO] [stderr]    Compiling futures-timer v3.0.3
[INFO] [stderr]    Compiling data-encoding-macro v0.1.15
[INFO] [stderr]    Compiling multibase v0.9.1
[INFO] [stderr]    Compiling iana-time-zone v0.1.61
[INFO] [stderr]    Compiling clap_builder v4.5.23
[INFO] [stderr]    Compiling unicode-segmentation v1.12.0
[INFO] [stderr]    Compiling regex-automata v0.4.9
[INFO] [stderr]    Compiling ellipse v0.2.0
[INFO] [stderr]    Compiling synstructure v0.13.1
[INFO] [stderr]    Compiling darling_core v0.20.10
[INFO] [stderr]    Compiling serde_derive v1.0.217
[INFO] [stderr]    Compiling zerovec-derive v0.10.3
[INFO] [stderr]    Compiling displaydoc v0.2.5
[INFO] [stderr]    Compiling tokio-macros v2.4.0
[INFO] [stderr]    Compiling icu_provider_macros v1.5.0
[INFO] [stderr]    Compiling futures-macro v0.3.31
[INFO] [stderr]    Compiling openssl-macros v0.1.1
[INFO] [stderr]    Compiling thiserror-impl v1.0.69
[INFO] [stderr]    Compiling trait-variant v0.1.2
[INFO] [stderr]    Compiling clap_derive v4.5.18
[INFO] [stderr]    Compiling zerofrom-derive v0.1.5
[INFO] [stderr]    Compiling yoke-derive v0.7.5
[INFO] [stderr]    Compiling regex v1.11.1
[INFO] [stderr]    Compiling tokio v1.42.0
[INFO] [stderr]    Compiling futures-util v0.3.31
[INFO] [stderr]    Compiling env_logger v0.10.2
[INFO] [stderr]    Compiling pretty_env_logger v0.5.0
[INFO] [stderr]    Compiling zerofrom v0.1.5
[INFO] [stderr]    Compiling yoke v0.7.5
[INFO] [stderr]    Compiling clap v4.5.23
[INFO] [stderr]    Compiling zerovec v0.10.4
[INFO] [stderr]    Compiling darling_macro v0.20.10
[INFO] [stderr]    Compiling darling v0.20.10
[INFO] [stderr]    Compiling derive_builder_core v0.20.2
[INFO] [stderr]    Compiling derive_builder_macro v0.20.2
[INFO] [stderr]    Compiling tinystr v0.7.6
[INFO] [stderr]    Compiling icu_collections v1.5.0
[INFO] [stderr]    Compiling http-body-util v0.1.2
[INFO] [stderr]    Compiling derive_builder v0.20.2
[INFO] [stderr]    Compiling icu_locid v1.5.0
[INFO] [stderr]    Compiling icu_provider v1.5.0
[INFO] [stderr]    Compiling icu_locid_transform v1.5.0
[INFO] [stderr]    Compiling icu_properties v1.5.1
[INFO] [stderr]    Compiling hyper v1.5.2
[INFO] [stderr]    Compiling tokio-native-tls v0.3.1
[INFO] [stderr]    Compiling tower v0.5.2
[INFO] [stderr]    Compiling tokio-util v0.7.13
[INFO] [stderr]    Compiling async-compression v0.4.18
[INFO] [stderr]    Compiling serde_urlencoded v0.7.1
[INFO] [stderr]    Compiling serde_html_form v0.2.7
[INFO] [stderr]    Compiling multihash v0.19.3
[INFO] [stderr]    Compiling serde_bytes v0.11.15
[INFO] [stderr]    Compiling chrono v0.4.39
[INFO] [stderr]    Compiling langtag v0.3.4
[INFO] [stderr]    Compiling cid v0.11.1
[INFO] [stderr]    Compiling ipld-core v0.4.1
[INFO] [stderr]    Compiling hyper-util v0.1.10
[INFO] [stderr]    Compiling atrium-xrpc v0.12.0
[INFO] [stderr]    Compiling atrium-api v0.24.9
[INFO] [stderr]    Compiling icu_normalizer v1.5.0
[INFO] [stderr]    Compiling hyper-tls v0.6.0
[INFO] [stderr]    Compiling idna_adapter v1.2.0
[INFO] [stderr]    Compiling idna v1.0.3
[INFO] [stderr]    Compiling url v2.5.4
[INFO] [stderr]    Compiling reqwest v0.12.12
[INFO] [stderr]    Compiling reqwest-eventsource v0.6.0
[INFO] [stderr]    Compiling atrium-xrpc-client v0.5.10
[INFO] [stderr]    Compiling openai v1.0.0-alpha.18
[INFO] [stderr]    Compiling rust-sidetracker-bot v0.1.0 (/opt/rustwide/workdir)
[INFO] [stderr]     Finished `release` profile [optimized] target(s) in 2m 18s
[INFO] running `Command { std: "docker" "inspect" "0381d5734a2afa496a1a81a48af45c08562c713e72e58be87c972cf811fd830b", kill_on_drop: false }`
[INFO] running `Command { std: "docker" "exec" "-e" "SOURCE_DIR=/opt/rustwide/workdir" "-e" "CARGO_HOME=/opt/rustwide/cargo-home" "-e" "RUSTUP_HOME=/opt/rustwide/rustup-home" "-e" "CARGO_TARGET_DIR=/opt/rustwide/target" "-e" "CARGO_INCREMENTAL=0" "-e" "RUST_BACKTRACE=full" "-e" "RUSTFLAGS=--cap-lints=warn" "-e" "RUSTDOCFLAGS=--cap-lints=warn" "-w" "/opt/rustwide/workdir" "--user" "0:0" "0381d5734a2afa496a1a81a48af45c08562c713e72e58be87c972cf811fd830b" "/opt/rustwide/cargo-home/bin/cargo" "+1.99.0-beta.8" "test" "--frozen" "--no-run" "--message-format=json" "--release", kill_on_drop: false }`
[INFO] [stderr]    Compiling thiserror v2.0.9
[INFO] [stderr]    Compiling bitflags v2.6.0
[INFO] [stderr]    Compiling thiserror-impl v2.0.9
[INFO] [stderr]    Compiling tokio-util v0.7.13
[INFO] [stderr]    Compiling httpdate v1.0.3
[INFO] [stderr]    Compiling getrandom v0.2.15
[INFO] [stderr]    Compiling zerocopy-derive v0.7.35
[INFO] [stderr]    Compiling ucd-trie v0.1.7
[INFO] [stderr]    Compiling memchr v2.7.4
[INFO] [stderr]    Compiling byteorder v1.5.0
[INFO] [stderr]    Compiling once_cell v1.20.2
[INFO] [stderr]    Compiling rustix v0.38.42
[INFO] [stderr]    Compiling linux-raw-sys v0.4.14
[INFO] [stderr]    Compiling colored v2.2.0
[INFO] [stderr]    Compiling assert-json-diff v2.0.2
[INFO] [stderr]    Compiling openssl v0.10.68
[INFO] [stderr]    Compiling rand_core v0.6.4
[INFO] [stderr]    Compiling similar v2.6.0
[INFO] [stderr]    Compiling fastrand v2.3.0
[INFO] [stderr]    Compiling pest v2.7.15
[INFO] [stderr]    Compiling zerocopy v0.7.35
[INFO] [stderr]    Compiling h2 v0.4.7
[INFO] [stderr]    Compiling ppv-lite86 v0.2.20
[INFO] [stderr]    Compiling pest_meta v2.7.15
[INFO] [stderr]    Compiling rand_chacha v0.3.1
[INFO] [stderr]    Compiling rand v0.8.5
[INFO] [stderr]    Compiling pest_generator v2.7.15
[INFO] [stderr]    Compiling native-tls v0.2.12
[INFO] [stderr]    Compiling tempfile v3.15.0
[INFO] [stderr]    Compiling tokio-native-tls v0.3.1
[INFO] [stderr]    Compiling pest_derive v2.7.15
[INFO] [stderr]    Compiling serde_json5 v0.1.0
[INFO] [stderr]    Compiling hyper v1.5.2
[INFO] [stderr]    Compiling hyper-util v0.1.10
[INFO] [stderr]    Compiling hyper-tls v0.6.0
[INFO] [stderr]    Compiling mockito v1.6.1
[INFO] [stderr]    Compiling reqwest v0.12.12
[INFO] [stderr]    Compiling reqwest-eventsource v0.6.0
[INFO] [stderr]    Compiling atrium-xrpc-client v0.5.10
[INFO] [stderr]    Compiling openai v1.0.0-alpha.18
[INFO] [stderr]    Compiling rust-sidetracker-bot v0.1.0 (/opt/rustwide/workdir)
[INFO] [stderr]     Finished `release` profile [optimized] target(s) in 1m 10s
[INFO] running `Command { std: "docker" "inspect" "0381d5734a2afa496a1a81a48af45c08562c713e72e58be87c972cf811fd830b", kill_on_drop: false }`
[INFO] running `Command { std: "docker" "exec" "-e" "SOURCE_DIR=/opt/rustwide/workdir" "-e" "CARGO_HOME=/opt/rustwide/cargo-home" "-e" "RUSTUP_HOME=/opt/rustwide/rustup-home" "-e" "CARGO_TARGET_DIR=/opt/rustwide/target" "-e" "CARGO_INCREMENTAL=0" "-e" "RUST_BACKTRACE=full" "-e" "RUSTFLAGS=--cap-lints=warn" "-e" "RUSTDOCFLAGS=--cap-lints=warn" "-w" "/opt/rustwide/workdir" "--user" "0:0" "0381d5734a2afa496a1a81a48af45c08562c713e72e58be87c972cf811fd830b" "/opt/rustwide/cargo-home/bin/cargo" "+1.99.0-beta.8" "test" "--frozen" "--release", kill_on_drop: false }`
[INFO] [stderr]     Finished `release` profile [optimized] target(s) in 0.25s
[INFO] [stderr]      Running unittests src/main.rs (/opt/rustwide/target/release/deps/rust_sidetracker_bot-be6bc0fd7ff9dbe6)
[INFO] [stdout] 
[INFO] [stdout] running 33 tests
[INFO] [stdout] test openai::tests::test_generate_prompt ... ok
[INFO] [stdout] test data::tests::test_side_tracker ... ok
[INFO] [stdout] test api::tests::test_agent_from_session ... ok
[INFO] [stdout] test session::tests::test_local_file_session_store ... ok
[INFO] [stdout] test session::tests::test_clear_both ... ok
[INFO] [stdout] test api::tests::test_agent_from_login ... ok
[INFO] [stdout] test session::tests::test_read_from_second_chained_store ... ok
[INFO] [stdout] test util::tests::test_empty_string ... ok
[INFO] [stdout] test util::tests::test_ensure_tailing_slash ... ok
[INFO] [stdout] test data::tests::test_empty_side_tracker ... ok
[INFO] [stdout] test util::tests::test_multiple_numbers ... ok
[INFO] [stdout] test session::tests::test_read_from_chained_empty_stores ... ok
[INFO] [stdout] test util::tests::test_number_too_large ... ok
[INFO] [stdout] test util::tests::test_number_with_text ... ok
[INFO] [stdout] test util::tests::test_no_numbers ... ok
[INFO] [stdout] test util::tests::test_special_characters ... ok
[INFO] [stdout] test util::tests::test_simple_number ... ok
[INFO] [stdout] test util::tests::test_text_before_number ... ok
[INFO] [stdout] test util::tests::test_dump_to_private_file_and_load ... ok
[INFO] [stdout] test session::tests::test_read_from_first_chained_store ... ok
[INFO] [stdout] test util::tests::test_text_after_number ... ok
[INFO] [stdout] test util::tests::test_file_exists_and_removal ... ok
[INFO] [stdout] test session::tests::test_save_into_both ... ok
[INFO] [stdout] test post::tests::test_flattened_thread ... ok
[INFO] [stdout] test session::tests::test_read_chained_store_with_priority ... ok
[INFO] [stdout] test post::tests::test_parse_embedded ... ok
[INFO] [stdout] test post::tests::test_parse_embed_return_none ... ok
[INFO] [stdout] test post::tests::test_get_parent ... ok
[INFO] [stdout] test post::tests::test_parse_post_text ... ok
[INFO] [stdout] test post::tests::test_get_parent_return_none ... ok
[INFO] [stdout] test post::tests::test_parse_post_uri ... ok
[INFO] [stdout] test api::tests::test_get_post_thread ... FAILED
[INFO] [stdout] test api::tests::test_create_record ... ok
[INFO] [stdout] 
[INFO] [stdout] failures:
[INFO] [stdout] 
[INFO] [stdout] ---- api::tests::test_get_post_thread stdout ----
[INFO] [stdout] 
[INFO] [stdout] thread 'api::tests::test_get_post_thread' (3651) panicked at src/api.rs:258:9:
[INFO] [stdout] assertion failed: res.is_ok()
[INFO] [stdout] stack backtrace:
[INFO] [stdout]    0:     0x60adbc137111 - <<std[70759c8f55707aa4]::sys::backtrace::BacktraceLock>::print::DisplayBacktrace as core[df12db4294e9bfd3]::fmt::Display>::fmt
[INFO] [stdout]    1:     0x60adbc14f6ba - core[df12db4294e9bfd3]::fmt::write
[INFO] [stdout]    2:     0x60adbc13bfcc - <alloc[2182bb758b4b3781]::vec::Vec<u8> as core[df12db4294e9bfd3]::io::write::Write>::write_fmt
[INFO] [stdout]    3:     0x60adbc110916 - std[70759c8f55707aa4]::panicking::default_hook::{closure#0}
[INFO] [stdout]    4:     0x60adbc12e1f9 - std[70759c8f55707aa4]::panicking::default_hook
[INFO] [stdout]    5:     0x60adbbe04e70 - test[9d35eded1c95d3be]::test_main_inner::<test[9d35eded1c95d3be]::test_main_static::{closure#0}>::{closure#0}
[INFO] [stdout]    6:     0x60adbc12e522 - std[70759c8f55707aa4]::panicking::panic_with_hook
[INFO] [stdout]    7:     0x60adbc1109f4 - std[70759c8f55707aa4]::panicking::panic_handler::{closure#0}
[INFO] [stdout]    8:     0x60adbc109229 - std[70759c8f55707aa4]::sys::backtrace::__rust_end_short_backtrace::<std[70759c8f55707aa4]::panicking::panic_handler::{closure#0}, !>
[INFO] [stdout]    9:     0x60adbc11184d - __rustc[8fa7c3cbc660c2b3]::rust_begin_unwind
[INFO] [stdout]   10:     0x60adbc14fe9c - core[df12db4294e9bfd3]::panicking::panic_fmt
[INFO] [stdout]   11:     0x60adbc14fe62 - core[df12db4294e9bfd3]::panicking::panic
[INFO] [stdout]   12:     0x60adbbd02f18 - rust_sidetracker_bot[9948ab75480d7da5]::api::tests::test_get_post_thread::{closure#0}
[INFO] [stdout]   13:     0x60adbbd9a0bb - <tokio[e10e31a9119a3736]::runtime::scheduler::current_thread::CurrentThread>::block_on::<core[df12db4294e9bfd3]::pin::Pin<&mut dyn core[df12db4294e9bfd3]::future::future::Future<Output = ()>>>
[INFO] [stdout]   14:     0x60adbbdb2a82 - <tokio[e10e31a9119a3736]::runtime::runtime::Runtime>::block_on::<core[df12db4294e9bfd3]::pin::Pin<&mut dyn core[df12db4294e9bfd3]::future::future::Future<Output = ()>>>
[INFO] [stdout]   15:     0x60adbbd0797a - rust_sidetracker_bot[9948ab75480d7da5]::api::tests::test_get_post_thread
[INFO] [stdout]   16:     0x60adbbd2a149 - <rust_sidetracker_bot[9948ab75480d7da5]::api::tests::test_get_post_thread::{closure#0} as core[df12db4294e9bfd3]::ops::function::FnOnce<()>>::call_once
[INFO] [stdout]   17:     0x60adbbdf815b - test[9d35eded1c95d3be]::__rust_begin_short_backtrace::<core[df12db4294e9bfd3]::result::Result<(), alloc[2182bb758b4b3781]::string::String>, fn() -> core[df12db4294e9bfd3]::result::Result<(), alloc[2182bb758b4b3781]::string::String>>
[INFO] [stdout]   18:     0x60adbbe057c5 - test[9d35eded1c95d3be]::run_test::{closure#0}
[INFO] [stdout]   19:     0x60adbbdff084 - std[70759c8f55707aa4]::sys::backtrace::__rust_begin_short_backtrace::<test[9d35eded1c95d3be]::run_test::{closure#1}, ()>
[INFO] [stdout]   20:     0x60adbbe08922 - <std[70759c8f55707aa4]::thread::lifecycle::spawn_unchecked<test[9d35eded1c95d3be]::run_test::{closure#1}, ()>::{closure#1} as core[df12db4294e9bfd3]::ops::function::FnOnce<()>>::call_once::{shim:vtable#0}
[INFO] [stdout]   21:     0x60adbc135fa9 - <std[70759c8f55707aa4]::sys::thread::unix::Thread>::new::thread_start
[INFO] [stdout]   22:     0x78cd2d3c1dfa - <unknown>
[INFO] [stdout]   23:     0x78cd2d4553d4 - clone
[INFO] [stdout]   24:                0x0 - <unknown>
[INFO] [stdout] 
[INFO] [stdout] 
[INFO] [stdout] failures:
[INFO] [stdout]     api::tests::test_get_post_thread
[INFO] [stdout] 
[INFO] [stdout] test result: FAILED. 32 passed; 1 failed; 0 ignored; 0 measured; 0 filtered out; finished in 0.11s
[INFO] [stdout] 
[INFO] [stderr] error: test failed, to rerun pass `--bin rust-sidetracker-bot`
[INFO] running `Command { std: "docker" "inspect" "0381d5734a2afa496a1a81a48af45c08562c713e72e58be87c972cf811fd830b", kill_on_drop: false }`
[INFO] running `Command { std: "docker" "rm" "-f" "0381d5734a2afa496a1a81a48af45c08562c713e72e58be87c972cf811fd830b", kill_on_drop: false }`
[INFO] [stdout] 0381d5734a2afa496a1a81a48af45c08562c713e72e58be87c972cf811fd830b
