[INFO] cloning repository https://github.com/gengwenguan/web-games
[INFO] running `Command { std: "git" "-c" "credential.helper=" "-c" "credential.helper=/workspace/cargo-home/bin/git-credential-null" "clone" "--bare" "https://github.com/gengwenguan/web-games" "/workspace/cache/git-repos/https%3A%2F%2Fgithub.com%2Fgengwenguan%2Fweb-games", kill_on_drop: false }`
[INFO] [stderr] Cloning into bare repository '/workspace/cache/git-repos/https%3A%2F%2Fgithub.com%2Fgengwenguan%2Fweb-games'...
[INFO] running `Command { std: "git" "rev-parse" "HEAD", kill_on_drop: false }`
[INFO] [stdout] 0581e10470ede4022c068fbbc82141885f6c9680
[INFO] testing gengwenguan/web-games against 1.100.0-beta.1+cargoflags=--release for beta-release-1.100-2
[INFO] running `Command { std: "git" "clone" "/workspace/cache/git-repos/https%3A%2F%2Fgithub.com%2Fgengwenguan%2Fweb-games" "/workspace/builds/worker-1-tc2/source", kill_on_drop: false }`
[INFO] [stderr] Cloning into '/workspace/builds/worker-1-tc2/source'...
[INFO] [stderr] done.
[INFO] started tweaking git repo https://github.com/gengwenguan/web-games
[INFO] finished tweaking git repo https://github.com/gengwenguan/web-games
[INFO] tweaked toml for git repo https://github.com/gengwenguan/web-games written to /workspace/builds/worker-1-tc2/source/Cargo.toml
[INFO] validating manifest of git repo https://github.com/gengwenguan/web-games on toolchain 1.100.0-beta.1
[INFO] running `Command { std: CARGO_HOME="/workspace/cargo-home" RUSTUP_HOME="/workspace/rustup-home" "/workspace/cargo-home/bin/cargo" "+1.100.0-beta.1" "metadata" "--manifest-path" "Cargo.toml" "--no-deps", kill_on_drop: false }`
[INFO] crate git repo https://github.com/gengwenguan/web-games already has a lockfile, it will not be regenerated
[INFO] running `Command { std: CARGO_HOME="/workspace/cargo-home" RUSTUP_HOME="/workspace/rustup-home" "/workspace/cargo-home/bin/cargo" "+1.100.0-beta.1" "fetch" "--manifest-path" "Cargo.toml", kill_on_drop: false }`
[INFO] running `Command { std: "docker" "create" "-v" "/var/lib/crater-agent-workspace/builds/worker-1-tc2/source:/opt/rustwide/workdir:ro,Z" "-v" "/var/lib/crater-agent-workspace/builds/worker-1-tc2/target:/opt/rustwide/target:rw,Z" "-v" "/var/lib/crater-agent-workspace/cargo-home:/opt/rustwide/cargo-home:ro,Z" "-v" "/var/lib/crater-agent-workspace/rustup-home:/opt/rustwide/rustup-home:ro,Z" "-m" "1610612736" "--network" "none" "ghcr.io/rust-lang/crates-build-env/linux@sha256:77db811e55d90add9212f6832c23229e3de5f1c1f9905e8cb07319ea15df73ac" "sleep" "infinity", kill_on_drop: false }`
[INFO] [stdout] cce367b9d11fafd5910008d96b980a24d1da6fe45340ff977efbd7e697caf3a2
[INFO] running `Command { std: "docker" "start" "cce367b9d11fafd5910008d96b980a24d1da6fe45340ff977efbd7e697caf3a2", kill_on_drop: false }`
[INFO] running `Command { std: "docker" "inspect" "cce367b9d11fafd5910008d96b980a24d1da6fe45340ff977efbd7e697caf3a2", kill_on_drop: false }`
[INFO] running `Command { std: "docker" "exec" "-e" "SOURCE_DIR=/opt/rustwide/workdir" "-e" "CARGO_HOME=/opt/rustwide/cargo-home" "-e" "RUSTUP_HOME=/opt/rustwide/rustup-home" "-e" "CARGO_TARGET_DIR=/opt/rustwide/target" "-w" "/opt/rustwide/workdir" "--user" "0:0" "cce367b9d11fafd5910008d96b980a24d1da6fe45340ff977efbd7e697caf3a2" "/opt/rustwide/cargo-home/bin/cargo" "+1.100.0-beta.1" "metadata" "--no-deps" "--format-version=1", kill_on_drop: false }`
[INFO] running `Command { std: "docker" "inspect" "cce367b9d11fafd5910008d96b980a24d1da6fe45340ff977efbd7e697caf3a2", kill_on_drop: false }`
[INFO] running `Command { std: "docker" "exec" "-e" "SOURCE_DIR=/opt/rustwide/workdir" "-e" "CARGO_HOME=/opt/rustwide/cargo-home" "-e" "RUSTUP_HOME=/opt/rustwide/rustup-home" "-e" "CARGO_TARGET_DIR=/opt/rustwide/target" "-e" "CARGO_INCREMENTAL=0" "-e" "RUST_BACKTRACE=full" "-e" "RUSTFLAGS=--cap-lints=warn" "-e" "RUSTDOCFLAGS=--cap-lints=warn" "-w" "/opt/rustwide/workdir" "--user" "0:0" "cce367b9d11fafd5910008d96b980a24d1da6fe45340ff977efbd7e697caf3a2" "/opt/rustwide/cargo-home/bin/cargo" "+1.100.0-beta.1" "build" "--frozen" "--message-format=json" "--release", kill_on_drop: false }`
[INFO] [stderr]    Compiling proc-macro2 v1.0.107
[INFO] [stderr]    Compiling unicode-ident v1.0.24
[INFO] [stderr]    Compiling quote v1.0.47
[INFO] [stderr]    Compiling libc v0.2.189
[INFO] [stderr]    Compiling autocfg v1.5.1
[INFO] [stderr]    Compiling libm v0.2.16
[INFO] [stderr]    Compiling itoa v1.0.18
[INFO] [stderr]    Compiling pin-project-lite v0.2.17
[INFO] [stderr]    Compiling bytes v1.12.1
[INFO] [stderr]    Compiling version_check v0.9.5
[INFO] [stderr]    Compiling cfg-if v1.0.4
[INFO] [stderr]    Compiling typenum v1.20.1
[INFO] [stderr]    Compiling log v0.4.33
[INFO] [stderr]    Compiling futures-core v0.3.34
[INFO] [stderr]    Compiling zerocopy v0.8.56
[INFO] [stderr]    Compiling serde_core v1.0.229
[INFO] [stderr]    Compiling httparse v1.10.1
[INFO] [stderr]    Compiling once_cell v1.21.4
[INFO] [stderr]    Compiling smallvec v1.15.2
[INFO] [stderr]    Compiling slab v0.4.12
[INFO] [stderr]    Compiling generic-array v0.14.7
[INFO] [stderr]    Compiling thiserror v1.0.69
[INFO] [stderr]    Compiling bytemuck v1.25.2
[INFO] [stderr]    Compiling futures-task v0.3.34
[INFO] [stderr]    Compiling futures-sink v0.3.34
[INFO] [stderr]    Compiling paste v1.0.15
[INFO] [stderr]    Compiling tracing-core v0.1.36
[INFO] [stderr]    Compiling rustversion v1.0.23
[INFO] [stderr]    Compiling utf8parse v0.2.2
[INFO] [stderr]    Compiling tower-service v0.3.3
[INFO] [stderr]    Compiling num-traits v0.2.19
[INFO] [stderr]    Compiling matrixmultiply v0.3.11
[INFO] [stderr]    Compiling cpufeatures v0.2.17
[INFO] [stderr]    Compiling zmij v1.0.23
[INFO] [stderr]    Compiling safe_arch v0.7.4
[INFO] [stderr]    Compiling serde v1.0.229
[INFO] [stderr]    Compiling anstyle-parse v1.0.0
[INFO] [stderr]    Compiling futures-channel v0.3.34
[INFO] [stderr]    Compiling rawpointer v0.2.1
[INFO] [stderr]    Compiling anstyle v1.0.14
[INFO] [stderr]    Compiling data-encoding v2.11.1
[INFO] [stderr]    Compiling regex-syntax v0.8.11
[INFO] [stderr]    Compiling http v1.5.0
[INFO] [stderr]    Compiling serde_json v1.0.151
[INFO] [stderr]    Compiling syn v3.0.3
[INFO] [stderr]    Compiling syn v2.0.119
[INFO] [stderr]    Compiling tower-layer v0.3.3
[INFO] [stderr]    Compiling anstyle-query v1.1.5
[INFO] [stderr]    Compiling httpdate v1.0.3
[INFO] [stderr]    Compiling sync_wrapper v1.0.2
[INFO] [stderr]    Compiling percent-encoding v2.3.2
[INFO] [stderr]    Compiling wide v0.7.33
[INFO] [stderr]    Compiling equivalent v1.0.2
[INFO] [stderr]    Compiling utf-8 v0.7.6
[INFO] [stderr]    Compiling colorchoice v1.0.5
[INFO] [stderr]    Compiling byteorder v1.5.0
[INFO] [stderr]    Compiling foldhash v0.2.0
[INFO] [stderr]    Compiling is_terminal_polyfill v1.70.2
[INFO] [stderr]    Compiling allocator-api2 v0.2.21
[INFO] [stderr]    Compiling atomic-waker v1.1.2
[INFO] [stderr]    Compiling anstream v1.0.0
[INFO] [stderr]    Compiling form_urlencoded v1.2.2
[INFO] [stderr]    Compiling block-buffer v0.10.4
[INFO] [stderr]    Compiling crypto-common v0.1.7
[INFO] [stderr]    Compiling errno v0.3.14
[INFO] [stderr]    Compiling getrandom v0.2.17
[INFO] [stderr]    Compiling socket2 v0.6.5
[INFO] [stderr]    Compiling mio v1.2.2
[INFO] [stderr]    Compiling digest v0.10.7
[INFO] [stderr]    Compiling signal-hook-registry v1.4.8
[INFO] [stderr]    Compiling rand_core v0.6.4
[INFO] [stderr]    Compiling sha1 v0.10.7
[INFO] [stderr]    Compiling hashbrown v0.16.1
[INFO] [stderr]    Compiling anyhow v1.0.104
[INFO] [stderr]    Compiling robust v1.2.0
[INFO] [stderr]    Compiling clap_lex v1.1.0
[INFO] [stderr]    Compiling http-body v1.1.0
[INFO] [stderr]    Compiling mime v0.3.17
[INFO] [stderr]    Compiling http-body-util v0.1.5
[INFO] [stderr]    Compiling heck v0.5.0
[INFO] [stderr]    Compiling lazy_static v1.5.0
[INFO] [stderr]    Compiling num-integer v0.1.47
[INFO] [stderr]    Compiling num-complex v0.4.6
[INFO] [stderr]    Compiling approx v0.5.1
[INFO] [stderr]    Compiling memchr v2.8.3
[INFO] [stderr]    Compiling ryu v1.0.23
[INFO] [stderr]    Compiling strsim v0.11.1
[INFO] [stderr]    Compiling ordered-float v4.6.0
[INFO] [stderr]    Compiling sharded-slab v0.1.7
[INFO] [stderr]    Compiling regex-automata v0.4.18
[INFO] [stderr]    Compiling spade v2.15.1
[INFO] [stderr]    Compiling num-rational v0.4.2
[INFO] [stderr]    Compiling clap_builder v4.6.6
[INFO] [stderr]    Compiling tracing-log v0.2.0
[INFO] [stderr]    Compiling ena v0.14.4
[INFO] [stderr]    Compiling thread_local v1.1.10
[INFO] [stderr]    Compiling serde_path_to_error v0.1.20
[INFO] [stderr]    Compiling matchit v0.7.3
[INFO] [stderr]    Compiling base64 v0.22.1
[INFO] [stderr]    Compiling bitflags v2.13.1
[INFO] [stderr]    Compiling downcast-rs v1.2.1
[INFO] [stderr]    Compiling arrayvec v0.7.8
[INFO] [stderr]    Compiling nu-ansi-term v0.50.3
[INFO] [stderr]    Compiling either v1.18.0
[INFO] [stderr]    Compiling simba v0.9.1
[INFO] [stderr]    Compiling rustc-hash v2.1.3
[INFO] [stderr]    Compiling tokio-macros v2.7.2
[INFO] [stderr]    Compiling futures-macro v0.3.34
[INFO] [stderr]    Compiling serde_derive v1.0.229
[INFO] [stderr]    Compiling async-trait v0.1.92
[INFO] [stderr]    Compiling clap_derive v4.6.4
[INFO] [stderr]    Compiling tokio v1.53.1
[INFO] [stderr]    Compiling ppv-lite86 v0.2.21
[INFO] [stderr]    Compiling futures-util v0.3.34
[INFO] [stderr]    Compiling matchers v0.2.0
[INFO] [stderr]    Compiling rand_chacha v0.3.1
[INFO] [stderr]    Compiling rand v0.8.7
[INFO] [stderr]    Compiling thiserror-impl v1.0.69
[INFO] [stderr]    Compiling tracing-attributes v0.1.31
[INFO] [stderr]    Compiling num-derive v0.4.2
[INFO] [stderr]    Compiling clap v4.6.6
[INFO] [stderr]    Compiling tracing v0.1.44
[INFO] [stderr]    Compiling tracing-subscriber v0.3.23
[INFO] [stderr]    Compiling tungstenite v0.24.0
[INFO] [stderr]    Compiling axum-core v0.4.5
[INFO] [stderr]    Compiling serde_urlencoded v0.7.1
[INFO] [stderr]    Compiling nalgebra v0.33.3
[INFO] [stderr]    Compiling hyper v1.11.0
[INFO] [stderr]    Compiling tokio-tungstenite v0.24.0
[INFO] [stderr]    Compiling tower v0.5.3
[INFO] [stderr]    Compiling hyper-util v0.1.20
[INFO] [stderr]    Compiling axum v0.7.9
[INFO] [stderr]    Compiling parry2d v0.17.6
[INFO] [stderr]    Compiling web-games v0.1.0 (/opt/rustwide/workdir)
[INFO] [stdout] warning: use of deprecated method `std::sync::atomic::Atomic::<usize>::fetch_update`: renamed to `try_update` for consistency
[INFO] [stdout]    --> src/games/classic_moba/mod.rs:306:25
[INFO] [stdout]     |
[INFO] [stdout] 306 |         let _ = counter.fetch_update(Ordering::Relaxed, Ordering::Relaxed, |value| {
[INFO] [stdout]     |                         ^^^^^^^^^^^^
[INFO] [stdout]     |
[INFO] [stdout]     = note: `#[warn(deprecated)]` on by default
[INFO] [stdout] help: replace the use of the deprecated method
[INFO] [stdout]     |
[INFO] [stdout] 306 -         let _ = counter.fetch_update(Ordering::Relaxed, Ordering::Relaxed, |value| {
[INFO] [stdout] 306 +         let _ = counter.try_update(Ordering::Relaxed, Ordering::Relaxed, |value| {
[INFO] [stdout]     |
[INFO] [stdout] 
[INFO] [stdout] 
[INFO] [stdout] warning: use of deprecated method `std::sync::atomic::Atomic::<usize>::fetch_update`: renamed to `try_update` for consistency
[INFO] [stdout]    --> src/rooms.rs:444:25
[INFO] [stdout]     |
[INFO] [stdout] 444 |         let _ = counter.fetch_update(Ordering::Relaxed, Ordering::Relaxed, |value| {
[INFO] [stdout]     |                         ^^^^^^^^^^^^
[INFO] [stdout]     |
[INFO] [stdout] help: replace the use of the deprecated method
[INFO] [stdout]     |
[INFO] [stdout] 444 -         let _ = counter.fetch_update(Ordering::Relaxed, Ordering::Relaxed, |value| {
[INFO] [stdout] 444 +         let _ = counter.try_update(Ordering::Relaxed, Ordering::Relaxed, |value| {
[INFO] [stdout]     |
[INFO] [stdout] 
[INFO] [stdout] 
[INFO] [stderr]     Finished `release` profile [optimized] target(s) in 2m 30s
[INFO] running `Command { std: "docker" "inspect" "cce367b9d11fafd5910008d96b980a24d1da6fe45340ff977efbd7e697caf3a2", kill_on_drop: false }`
[INFO] running `Command { std: "docker" "exec" "-e" "SOURCE_DIR=/opt/rustwide/workdir" "-e" "CARGO_HOME=/opt/rustwide/cargo-home" "-e" "RUSTUP_HOME=/opt/rustwide/rustup-home" "-e" "CARGO_TARGET_DIR=/opt/rustwide/target" "-e" "CARGO_INCREMENTAL=0" "-e" "RUST_BACKTRACE=full" "-e" "RUSTFLAGS=--cap-lints=warn" "-e" "RUSTDOCFLAGS=--cap-lints=warn" "-w" "/opt/rustwide/workdir" "--user" "0:0" "cce367b9d11fafd5910008d96b980a24d1da6fe45340ff977efbd7e697caf3a2" "/opt/rustwide/cargo-home/bin/cargo" "+1.100.0-beta.1" "test" "--frozen" "--no-run" "--message-format=json" "--release", kill_on_drop: false }`
[INFO] [stdout] warning: use of deprecated method `std::sync::atomic::Atomic::<usize>::fetch_update`: renamed to `try_update` for consistency
[INFO] [stdout]    --> src/games/classic_moba/mod.rs:306:25
[INFO] [stdout]     |
[INFO] [stdout] 306 |         let _ = counter.fetch_update(Ordering::Relaxed, Ordering::Relaxed, |value| {
[INFO] [stdout]     |                         ^^^^^^^^^^^^
[INFO] [stdout]     |
[INFO] [stdout]     = note: `#[warn(deprecated)]` on by default
[INFO] [stdout] help: replace the use of the deprecated method
[INFO] [stdout]     |
[INFO] [stdout] 306 -         let _ = counter.fetch_update(Ordering::Relaxed, Ordering::Relaxed, |value| {
[INFO] [stdout] 306 +         let _ = counter.try_update(Ordering::Relaxed, Ordering::Relaxed, |value| {
[INFO] [stdout]     |
[INFO] [stdout] 
[INFO] [stdout] 
[INFO] [stdout] warning: use of deprecated method `std::sync::atomic::Atomic::<usize>::fetch_update`: renamed to `try_update` for consistency
[INFO] [stdout]    --> src/rooms.rs:444:25
[INFO] [stdout]     |
[INFO] [stdout] 444 |         let _ = counter.fetch_update(Ordering::Relaxed, Ordering::Relaxed, |value| {
[INFO] [stdout]     |                         ^^^^^^^^^^^^
[INFO] [stdout]     |
[INFO] [stdout] help: replace the use of the deprecated method
[INFO] [stdout]     |
[INFO] [stdout] 444 -         let _ = counter.fetch_update(Ordering::Relaxed, Ordering::Relaxed, |value| {
[INFO] [stdout] 444 +         let _ = counter.try_update(Ordering::Relaxed, Ordering::Relaxed, |value| {
[INFO] [stdout]     |
[INFO] [stdout] 
[INFO] [stdout] 
[INFO] [stderr]    Compiling web-games v0.1.0 (/opt/rustwide/workdir)
[INFO] [stdout] warning: use of deprecated method `std::sync::atomic::Atomic::<usize>::fetch_update`: renamed to `try_update` for consistency
[INFO] [stdout]    --> src/games/classic_moba/mod.rs:306:25
[INFO] [stdout]     |
[INFO] [stdout] 306 |         let _ = counter.fetch_update(Ordering::Relaxed, Ordering::Relaxed, |value| {
[INFO] [stdout]     |                         ^^^^^^^^^^^^
[INFO] [stdout]     |
[INFO] [stdout]     = note: `#[warn(deprecated)]` on by default
[INFO] [stdout] help: replace the use of the deprecated method
[INFO] [stdout]     |
[INFO] [stdout] 306 -         let _ = counter.fetch_update(Ordering::Relaxed, Ordering::Relaxed, |value| {
[INFO] [stdout] 306 +         let _ = counter.try_update(Ordering::Relaxed, Ordering::Relaxed, |value| {
[INFO] [stdout]     |
[INFO] [stdout] 
[INFO] [stdout] 
[INFO] [stdout] warning: use of deprecated method `std::sync::atomic::Atomic::<usize>::fetch_update`: renamed to `try_update` for consistency
[INFO] [stdout]    --> src/rooms.rs:444:25
[INFO] [stdout]     |
[INFO] [stdout] 444 |         let _ = counter.fetch_update(Ordering::Relaxed, Ordering::Relaxed, |value| {
[INFO] [stdout]     |                         ^^^^^^^^^^^^
[INFO] [stdout]     |
[INFO] [stdout] help: replace the use of the deprecated method
[INFO] [stdout]     |
[INFO] [stdout] 444 -         let _ = counter.fetch_update(Ordering::Relaxed, Ordering::Relaxed, |value| {
[INFO] [stdout] 444 +         let _ = counter.try_update(Ordering::Relaxed, Ordering::Relaxed, |value| {
[INFO] [stdout]     |
[INFO] [stdout] 
[INFO] [stdout] 
[INFO] [stderr]     Finished `release` profile [optimized] target(s) in 1m 09s
[INFO] running `Command { std: "docker" "inspect" "cce367b9d11fafd5910008d96b980a24d1da6fe45340ff977efbd7e697caf3a2", kill_on_drop: false }`
[INFO] running `Command { std: "docker" "exec" "-e" "SOURCE_DIR=/opt/rustwide/workdir" "-e" "CARGO_HOME=/opt/rustwide/cargo-home" "-e" "RUSTUP_HOME=/opt/rustwide/rustup-home" "-e" "CARGO_TARGET_DIR=/opt/rustwide/target" "-e" "CARGO_INCREMENTAL=0" "-e" "RUST_BACKTRACE=full" "-e" "RUSTFLAGS=--cap-lints=warn" "-e" "RUSTDOCFLAGS=--cap-lints=warn" "-w" "/opt/rustwide/workdir" "--user" "0:0" "cce367b9d11fafd5910008d96b980a24d1da6fe45340ff977efbd7e697caf3a2" "/opt/rustwide/cargo-home/bin/cargo" "+1.100.0-beta.1" "test" "--frozen" "--release", kill_on_drop: false }`
[INFO] [stderr] warning: use of deprecated method `std::sync::atomic::Atomic::<usize>::fetch_update`: renamed to `try_update` for consistency
[INFO] [stderr]    --> src/games/classic_moba/mod.rs:306:25
[INFO] [stderr]     |
[INFO] [stderr] 306 |         let _ = counter.fetch_update(Ordering::Relaxed, Ordering::Relaxed, |value| {
[INFO] [stderr]     |                         ^^^^^^^^^^^^
[INFO] [stderr]     |
[INFO] [stderr]     = note: `#[warn(deprecated)]` on by default
[INFO] [stderr] help: replace the use of the deprecated method
[INFO] [stderr]     |
[INFO] [stderr] 306 -         let _ = counter.fetch_update(Ordering::Relaxed, Ordering::Relaxed, |value| {
[INFO] [stderr] 306 +         let _ = counter.try_update(Ordering::Relaxed, Ordering::Relaxed, |value| {
[INFO] [stderr]     |
[INFO] [stderr] 
[INFO] [stderr] warning: use of deprecated method `std::sync::atomic::Atomic::<usize>::fetch_update`: renamed to `try_update` for consistency
[INFO] [stderr]    --> src/rooms.rs:444:25
[INFO] [stderr]     |
[INFO] [stderr] 444 |         let _ = counter.fetch_update(Ordering::Relaxed, Ordering::Relaxed, |value| {
[INFO] [stderr]     |                         ^^^^^^^^^^^^
[INFO] [stderr]     |
[INFO] [stderr] help: replace the use of the deprecated method
[INFO] [stderr]     |
[INFO] [stderr] 444 -         let _ = counter.fetch_update(Ordering::Relaxed, Ordering::Relaxed, |value| {
[INFO] [stderr] 444 +         let _ = counter.try_update(Ordering::Relaxed, Ordering::Relaxed, |value| {
[INFO] [stderr]     |
[INFO] [stderr] 
[INFO] [stderr] warning: `web-games` (lib) generated 2 warnings (run `cargo fix --lib -p web-games` to apply 2 suggestions)
[INFO] [stderr] warning: `web-games` (lib test) generated 2 warnings (2 duplicates)
[INFO] [stderr]     Finished `release` profile [optimized] target(s) in 0.19s
[INFO] [stderr]      Running unittests src/lib.rs (/opt/rustwide/target/release/build/web-games/b252cd2c3248870c/out/web_games-b252cd2c3248870c)
[INFO] [stdout] 
[INFO] [stdout] running 131 tests
[INFO] [stdout] test games::arcade_fighter::tests::readiness_sequence_and_connection_generation_are_enforced ... ok
[INFO] [stdout] test games::arcade_fighter::tests::restart_requires_both_votes_and_expired_rooms_cannot_join ... ok
[INFO] [stdout] test games::catch_thief::tests::private_snapshot_only_exposes_viewers_role_before_guess ... ok
[INFO] [stdout] test games::catch_thief::tests::all_players_ready_advance_the_round ... ok
[INFO] [stdout] test games::classic_moba::catalog::tests::hero_catalog_contains_four_distinct_heroes ... ok
[INFO] [stdout] test games::catch_thief::tests::wrong_guess_scores_thief_and_innocent ... ok
[INFO] [stdout] test games::classic_moba::model::economy_tests::fountain_and_dead_players_cannot_earn_lane_rewards ... ok
[INFO] [stdout] test games::classic_moba::model::economy_tests::experience_does_not_depend_on_death_batching ... ok
[INFO] [stdout] test games::catch_thief::tests::round_assigns_each_group_once ... ok
[INFO] [stdout] test games::classic_moba::catalog::tests::item_ids_are_unique_and_components_exist ... ok
[INFO] [stdout] test games::arcade_fighter::tests::simultaneous_join_claims_exactly_one_seat ... ok
[INFO] [stdout] test games::classic_moba::model::effects_tests::magic_shield_filters_damage_type_and_sale_clears_buff_not_cooldown ... ok
[INFO] [stdout] test games::classic_moba::model::effects_tests::item_damage_triggers_revitalization_without_recursive_damage ... ok
[INFO] [stdout] test games::classic_moba::model::effects_tests::black_axe_stacks_expire_and_rage_frenzy_are_not_permanent ... ok
[INFO] [stdout] test games::catch_thief::tests::correct_guess_scores_hunter_and_court ... ok
[INFO] [stdout] test games::classic_moba::model::effects_tests::lightning_chains_once_to_each_nearby_unit ... ok
[INFO] [stdout] test games::classic_moba::model::effects_tests::auras_have_range_and_sacrifice_does_not_stack ... ok
[INFO] [stdout] test games::classic_moba::model::economy_tests::nearby_income_last_hit_bonus_and_duplicate_death_are_distinct ... ok
[INFO] [stdout] test games::classic_moba::model::effects_tests::empty_cast_cannot_proc_frost_mask_or_echo ... ok
[INFO] [stdout] test games::classic_moba::model::effects_tests::revival_waits_two_seconds_without_death_reward_then_cools_down ... ok
[INFO] [stdout] test games::classic_moba::model::effects_tests::spellblade_variants_share_cooldown_and_item_hits_do_not_recurse ... ok
[INFO] [stdout] test games::classic_moba::model::effects_tests::regeneration_and_healing_amplification_follow_time ... ok
[INFO] [stdout] test games::classic_moba::model::effects_tests::shoes_unique_passives_and_nested_recipe_are_consistent ... ok
[INFO] [stdout] test games::classic_moba::model::projectile_tests::angela_stun_is_armed_after_three_casts_and_requires_a_hit ... ok
[INFO] [stdout] test games::classic_moba::model::effects_tests::resistance_and_ominous_debuffs_apply_to_actual_attacker ... ok
[INFO] [stdout] test games::classic_moba::model::projectile_tests::charm_control_and_five_bolts_arrive_at_separate_times ... ok
[INFO] [stdout] test games::classic_moba::model::effects_tests::mask_burns_three_times_and_echo_has_one_shared_cooldown ... ok
[INFO] [stdout] test games::classic_moba::model::effects_tests::lethal_basic_attack_consumes_spellblade ... ok
[INFO] [stdout] test games::classic_moba::model::economy_tests::reward_eligibility_is_evaluated_at_death_and_summons_do_not_drop_gold ... ok
[INFO] [stdout] test games::classic_moba::model::projectile_tests::moving_or_stunning_before_release_cancels_attack ... ok
[INFO] [stdout] test games::classic_moba::model::projectile_tests::ranged_attack_waits_for_windup_and_projectile_arrival ... ok
[INFO] [stdout] test games::classic_moba::model::projectile_tests::respawned_target_cannot_be_hit_by_old_homing_projectile ... ok
[INFO] [stdout] test games::classic_moba::model::projectile_tests::straight_arrow_can_miss_and_does_not_refund_cost ... ok
[INFO] [stdout] test games::classic_moba::model::tests::bot_enters_combat_and_uses_a_skill ... ok
[INFO] [stdout] test games::classic_moba::model::tests::dead_hero_respawns_at_base ... ok
[INFO] [stdout] test games::classic_moba::model::tests::movement_is_server_authoritative_and_clamped ... ok
[INFO] [stdout] test games::classic_moba::model::tests::bot_buys_a_role_appropriate_starting_item ... ok
[INFO] [stdout] test games::classic_moba::model::projectile_tests::piercing_wave_hits_each_target_once_and_fire_stops_at_first ... ok
[INFO] [stdout] test games::classic_moba::model::projectile_tests::stationary_arrow_hits_and_applies_distance_stun ... ok
[INFO] [stdout] test games::classic_moba::model::tests::rules_item_and_physical_skill_damage_do_not_spell_leech ... ok
[INFO] [stdout] test games::classic_moba::model::tests::rules_learning_gates_caps_and_point_conservation ... ok
[INFO] [stdout] test games::classic_moba::model::tests::rules_all_heroes_start_unlearned_and_reject_casts_without_cost ... ok
[INFO] [stdout] test games::classic_moba::model::tests::rules_learning_preserves_cooldown_and_survives_respawn ... ok
[INFO] [stdout] test games::classic_moba::model::tests::item_components_reduce_purchase_price ... ok
[INFO] [stdout] test games::classic_moba::model::projectile_tests::interrupting_cast_keeps_cost_and_restart_clears_transients ... ok
[INFO] [stdout] test games::classic_moba::model::tests::rules_learning_rejects_invalid_stale_and_underlevel_requests ... ok
[INFO] [stdout] test games::classic_moba::model::tests::recovery_heals_over_time_and_damage_interrupts_it ... ok
[INFO] [stdout] test games::classic_moba::model::tests::rules_minion_kill_and_duplicate_damage_do_not_award_hero_kills ... ok
[INFO] [stdout] test games::classic_moba::model::tests::rules_environment_kill_has_no_hero_reward ... ok
[INFO] [stdout] test games::classic_moba::model::tests::rules_bot_learns_legal_skills_through_level_fifteen ... ok
[INFO] [stdout] test games::classic_moba::model::tests::rules_reflection_can_trigger_revive_and_both_heroes_can_die ... ok
[INFO] [stdout] test games::classic_moba::model::tests::rules_minions_and_summons_do_not_inherit_hero_items ... ok
[INFO] [stdout] test games::classic_moba::model::tests::rules_hero_damage_keeps_penetration_and_leeches_actual_health_lost ... ok
[INFO] [stdout] test games::classic_moba::model::tests::rules_reflection_is_mitigated_once_without_leech_or_recursion ... ok
[INFO] [stdout] test games::classic_moba::model::tests::rules_reflection_lethal_damage_enters_death_flow ... ok
[INFO] [stdout] test games::classic_moba::model::tests::rules_skill_damage_uses_learned_rank ... ok
[INFO] [stdout] test games::classic_moba::model::tests::rules_reflection_targets_attacking_minion_not_its_owner ... ok
[INFO] [stdout] test games::classic_moba::model::tests::rules_tower_does_not_inherit_hero_items ... ok
[INFO] [stdout] test games::classic_moba::model::tests::rules_summon_kill_credits_owner_without_resurrecting_them ... ok
[INFO] [stdout] test games::classic_moba::model::tests::skill_damage_and_cooldown_are_applied ... ok
[INFO] [stdout] test games::classic_moba::model::tests::rules_unlearned_ultimate_is_rejected_without_cost ... ok
[INFO] [stdout] test games::classic_moba::model::tests::waiting_game_starts_when_guest_joins ... ok
[INFO] [stdout] test games::classic_moba::tests::rejects_empty_or_long_names ... ok
[INFO] [stdout] test games::classic_moba::model::tests::rules_tower_is_not_reflected_or_reduced_by_attack_boots ... ok
[INFO] [stdout] test games::classic_moba::model::tests::waves_spawn_and_advance ... ok
[INFO] [stdout] test games::classic_moba::tests::bot_room_starts_without_guest_token ... ok
[INFO] [stdout] test games::dragon_tiger::tests::deck_has_eight_cards_per_side ... ok
[INFO] [stdout] test games::classic_moba::model::tests::structure_attack_emits_a_projectile_event ... ok
[INFO] [stdout] test games::classic_moba::tests::learning_protocol_is_seat_scoped_and_rejects_stale_requests ... ok
[INFO] [stdout] test games::classic_moba::tests::room_assigns_distinct_teams_and_tokens ... ok
[INFO] [stdout] test games::dragon_tiger::tests::hidden_cards_do_not_leak_identity ... ok
[INFO] [stdout] test games::dragon_tiger::tests::equal_ranks_remove_each_other ... ok
[INFO] [stdout] test games::dragon_tiger::tests::first_flip_assigns_sides ... ok
[INFO] [stdout] test games::dragon_tiger::tests::higher_number_cannot_capture_lower_number ... ok
[INFO] [stdout] test games::dragon_tiger::tests::rank_eight_captures_rank_one ... ok
[INFO] [stdout] test games::junqi::tests::bomb_and_mine_are_both_removed ... ok
[INFO] [stdout] test games::junqi::tests::revealing_flag_does_not_assign_sides ... ok
[INFO] [stdout] test games::junqi::tests::flag_requires_enemy_mine_to_be_removed ... ok
[INFO] [stdout] test games::junqi::tests::hidden_piece_identity_is_not_exposed ... ok
[INFO] [stdout] test games::junqi::tests::deck_has_two_complete_sides_and_one_flag ... ok
[INFO] [stdout] test games::dragon_tiger::tests::lower_number_captures_higher_number ... ok
[INFO] [stdout] test games::junqi::tests::higher_rank_wins_and_moves_to_target_cell ... ok
[INFO] [stdout] test games::junqi::tests::lower_rank_cannot_attack_higher_rank ... ok
[INFO] [stdout] test games::junqi::tests::first_colored_flip_assigns_sides ... ok
[INFO] [stdout] test games::dragon_tiger::tests::rank_one_cannot_capture_rank_eight ... ok
[INFO] [stdout] test games::junqi::tests::bomb_can_attack_regular_piece ... ok
[INFO] [stdout] test games::knife_chicken::tests::armed_role_can_attack_unarmed_matching_role ... ok
[INFO] [stdout] test games::junqi::tests::hidden_engineer_remains_the_only_mine_sweeper ... ok
[INFO] [stdout] test games::knife_chicken::tests::armed_matching_roles_cancel_each_other ... ok
[INFO] [stdout] test games::knife_chicken::tests::armed_defender_takes_its_attacker_with_it ... ok
[INFO] [stdout] test games::junqi::tests::lowest_rank_captures_flag_after_enemy_mine_is_gone ... ok
[INFO] [stdout] test games::knife_chicken::tests::armed_role_cannot_carry_a_second_weapon ... ok
[INFO] [stdout] test games::dragon_tiger::tests::ordinary_move_uses_move_effect ... ok
[INFO] [stdout] test games::junqi::tests::next_lowest_rank_inherits_mine_sweeping ... ok
[INFO] [stdout] test games::junqi::tests::regular_piece_cannot_attack_bomb ... ok
[INFO] [stdout] test games::knife_chicken::tests::bald_carries_own_gun_and_then_captures_tiger ... ok
[INFO] [stdout] test games::knife_chicken::tests::incompatible_remaining_carriers_end_in_an_immediate_draw ... ok
[INFO] [stdout] test games::knife_chicken::tests::rocket_attack_removes_both_cards ... ok
[INFO] [stdout] test games::knife_chicken::tests::carried_enemy_weapon_keeps_its_original_side ... ok
[INFO] [stdout] test games::knife_chicken::tests::basic_cycle_captures_work ... ok
[INFO] [stdout] test games::knife_chicken::tests::human_carries_own_knife_and_then_captures_chicken ... ok
[INFO] [stdout] test games::knife_chicken::tests::both_players_stuck_after_reveal_is_a_draw ... ok
[INFO] [stdout] test games::knife_chicken::tests::carriers_cannot_take_the_other_kind_of_weapon ... ok
[INFO] [stdout] test games::knife_chicken::tests::matching_enemy_weapons_cancel_each_other ... ok
[INFO] [stdout] test games::knife_chicken::tests::standalone_weapon_can_move_to_an_empty_cell ... ok
[INFO] [stdout] test games::knife_chicken::tests::side_with_only_weapons_has_no_fighting_piece ... ok
[INFO] [stdout] test games::knife_chicken::tests::deck_has_eight_cards_per_side ... ok
[INFO] [stdout] test rooms::tests::dragon_tiger_room_accepts_game_actions ... ok
[INFO] [stdout] test games::knife_chicken::tests::standalone_weapon_cannot_attack ... ok
[INFO] [stdout] test rooms::tests::online_room_has_distinct_host_and_guest_tokens ... ok
[INFO] [stdout] test games::knife_chicken::tests::ordinary_card_cannot_attack_rocket ... ok
[INFO] [stdout] test games::knife_chicken::tests::first_flip_assigns_sides ... ok
[INFO] [stdout] test games::knife_chicken::tests::future_capture_prevents_an_immediate_dead_position_draw ... ok
[INFO] [stdout] test games::knife_chicken::tests::hidden_cards_do_not_leak_identity ... ok
[INFO] [stdout] test games::knife_chicken::tests::roles_can_carry_matching_enemy_weapons ... ok
[INFO] [stdout] test rooms::tests::room_ids_avoid_ambiguous_characters ... ok
[INFO] [stdout] test tests::catch_thief_route_and_asset_are_embedded ... ok
[INFO] [stdout] test tests::game_route_serves_the_application ... ok
[INFO] [stdout] test games::knife_chicken::tests::unarmed_matching_roles_cancel_each_other ... ok
[INFO] [stdout] test games::knife_chicken::tests::unarmed_role_cannot_attack_armed_matching_role ... ok
[INFO] [stdout] test rooms::tests::knife_chicken_room_accepts_game_actions ... ok
[INFO] [stdout] test games::knife_chicken::tests::unrelated_roles_cannot_attack ... ok
[INFO] [stdout] test rooms::tests::online_rematch_waits_for_both_players ... ok
[INFO] [stdout] test rooms::tests::online_room_accepts_guest_as_starting_player ... ok
[INFO] [stdout] test tests::dragon_tiger_route_and_asset_are_embedded ... ok
[INFO] [stdout] test tests::favicon_is_embedded ... ok
[INFO] [stdout] test tests::classic_moba_route_and_catalog_are_available ... ok
[INFO] [stdout] test tests::games_route_serves_the_catalog ... ok
[INFO] [stdout] test tests::health_endpoint_is_available ... ok
[INFO] [stdout] test tests::junqi_piece_asset_is_embedded ... ok
[INFO] [stdout] test tests::knife_chicken_route_and_asset_are_embedded ... ok
[INFO] [stdout] 
[INFO] [stdout] test result: ok. 131 passed; 0 failed; 0 ignored; 0 measured; 0 filtered out; finished in 0.05s
[INFO] [stdout] 
[INFO] [stderr]      Running unittests src/main.rs (/opt/rustwide/target/release/build/web-games/52e40d84fd7e7122/out/web_games-52e40d84fd7e7122)
[INFO] [stdout] 
[INFO] [stdout] running 0 tests
[INFO] [stdout] 
[INFO] [stdout] test result: ok. 0 passed; 0 failed; 0 ignored; 0 measured; 0 filtered out; finished in 0.00s
[INFO] [stdout] 
[INFO] [stderr]      Running tests/arcade_fighter_model.rs (/opt/rustwide/target/release/build/web-games/e459279a2d1734d2/out/arcade_fighter_model-e459279a2d1734d2)
[INFO] [stdout] 
[INFO] [stdout] running 4 tests
[INFO] [stdout] test pause_double_ko_and_first_two_wins ... ok
[INFO] [stdout] test all_twelve_moves_have_authoritative_damage_and_costs ... ok
[INFO] [stdout] test guard_throw_slow_and_invincibility_are_enforced ... ok
[INFO] [stdout] test exports_replays_for_browser_parity ... FAILED
[INFO] [stdout] 
[INFO] [stdout] failures:
[INFO] [stdout] 
[INFO] [stdout] ---- exports_replays_for_browser_parity stdout ----
[INFO] [stdout] 
[INFO] [stdout] thread 'exports_replays_for_browser_parity' (2111) panicked at tests/arcade_fighter_model.rs:171:53:
[INFO] [stdout] called `Result::unwrap()` on an `Err` value: Os { code: 30, kind: ReadOnlyFilesystem, message: "Read-only file system" }
[INFO] [stdout] stack backtrace:
[INFO] [stdout]    0:     0x57f86a91f1f7 - <unknown>
[INFO] [stdout]    1:     0x57f86a9020ba - <unknown>
[INFO] [stdout]    2:     0x57f86a91e7ab - <unknown>
[INFO] [stdout]    3:     0x57f86a91e28f - <unknown>
[INFO] [stdout]    4:     0x57f86a91deba - <unknown>
[INFO] [stdout]    5:     0x57f86a91d9f5 - <unknown>
[INFO] [stdout]    6:     0x57f86a9447a1 - <unknown>
[INFO] [stdout]    7:     0x57f86a944759 - <unknown>
[INFO] [stdout]    8:     0x57f86a944c5c - <unknown>
[INFO] [stdout]    9:     0x57f86a901f4b - <unknown>
[INFO] [stdout]   10:     0x57f86a905361 - <unknown>
[INFO] [stdout]   11:     0x57f86a8fb2ce - <unknown>
[INFO] [stdout]   12:     0x57f86a8fda69 - <unknown>
[INFO] [stdout]   13:     0x57f86a95d61b - <unknown>
[INFO] [stdout]   14:     0x57f86a958a7f - <unknown>
[INFO] [stdout]   15:     0x57f86a9584fc - <unknown>
[INFO] [stdout]   16:     0x57f86a978a6c - <unknown>
[INFO] [stdout]   17:     0x57f86a9464f4 - <unknown>
[INFO] [stdout]   18:     0x7f4f0755fdfa - <unknown>
[INFO] [stdout]   19:     0x7f4f075f33d4 - clone
[INFO] [stdout]   20:                0x0 - <unknown>
[INFO] [stdout] 
[INFO] [stdout] 
[INFO] [stdout] failures:
[INFO] [stdout]     exports_replays_for_browser_parity
[INFO] [stdout] 
[INFO] [stdout] test result: FAILED. 3 passed; 1 failed; 0 ignored; 0 measured; 0 filtered out; finished in 0.01s
[INFO] [stdout] 
[INFO] [stderr] error: test failed, to rerun pass `--test arcade_fighter_model`
[INFO] running `Command { std: "docker" "inspect" "cce367b9d11fafd5910008d96b980a24d1da6fe45340ff977efbd7e697caf3a2", kill_on_drop: false }`
[INFO] running `Command { std: "docker" "rm" "-f" "cce367b9d11fafd5910008d96b980a24d1da6fe45340ff977efbd7e697caf3a2", kill_on_drop: false }`
[INFO] [stdout] cce367b9d11fafd5910008d96b980a24d1da6fe45340ff977efbd7e697caf3a2
