[INFO] cloning repository https://github.com/gembleman/bareun_rs
[INFO] running `Command { std: "git" "-c" "credential.helper=" "-c" "credential.helper=/workspace/cargo-home/bin/git-credential-null" "clone" "--bare" "https://github.com/gembleman/bareun_rs" "/workspace/cache/git-repos/https%3A%2F%2Fgithub.com%2Fgembleman%2Fbareun_rs", kill_on_drop: false }`
[INFO] [stderr] Cloning into bare repository '/workspace/cache/git-repos/https%3A%2F%2Fgithub.com%2Fgembleman%2Fbareun_rs'...
[INFO] running `Command { std: "git" "rev-parse" "HEAD", kill_on_drop: false }`
[INFO] [stdout] 4a8991fc70177e6e473ad64ed982ba5cde8aca01
[INFO] testing gembleman/bareun_rs against 1.100.0-beta.1+cargoflags=--release for beta-release-1.100-2
[INFO] running `Command { std: "git" "clone" "/workspace/cache/git-repos/https%3A%2F%2Fgithub.com%2Fgembleman%2Fbareun_rs" "/workspace/builds/worker-2-tc2/source", kill_on_drop: false }`
[INFO] [stderr] Cloning into '/workspace/builds/worker-2-tc2/source'...
[INFO] [stderr] done.
[INFO] started tweaking git repo https://github.com/gembleman/bareun_rs
[INFO] finished tweaking git repo https://github.com/gembleman/bareun_rs
[INFO] tweaked toml for git repo https://github.com/gembleman/bareun_rs written to /workspace/builds/worker-2-tc2/source/Cargo.toml
[INFO] validating manifest of git repo https://github.com/gembleman/bareun_rs on toolchain 1.100.0-beta.1
[INFO] running `Command { std: CARGO_HOME="/workspace/cargo-home" RUSTUP_HOME="/workspace/rustup-home" "/workspace/cargo-home/bin/cargo" "+1.100.0-beta.1" "metadata" "--manifest-path" "Cargo.toml" "--no-deps", kill_on_drop: false }`
[INFO] running `Command { std: CARGO_HOME="/workspace/cargo-home" RUSTUP_HOME="/workspace/rustup-home" "/workspace/cargo-home/bin/cargo" "+1.100.0-beta.1" "generate-lockfile" "--manifest-path" "Cargo.toml", kill_on_drop: false }`
[INFO] [stderr]     Updating crates.io index
[INFO] [stderr]      Locking 133 packages to highest Rust 1.100.0-beta.1 compatible versions
[INFO] [stderr]       Adding matchit v0.8.4 (available: v0.8.6)
[INFO] running `Command { std: CARGO_HOME="/workspace/cargo-home" RUSTUP_HOME="/workspace/rustup-home" "/workspace/cargo-home/bin/cargo" "+1.100.0-beta.1" "fetch" "--manifest-path" "Cargo.toml", kill_on_drop: false }`
[INFO] running `Command { std: "docker" "create" "-v" "/var/lib/crater-agent-workspace/builds/worker-2-tc2/source:/opt/rustwide/workdir:ro,Z" "-v" "/var/lib/crater-agent-workspace/builds/worker-2-tc2/target:/opt/rustwide/target:rw,Z" "-v" "/var/lib/crater-agent-workspace/cargo-home:/opt/rustwide/cargo-home:ro,Z" "-v" "/var/lib/crater-agent-workspace/rustup-home:/opt/rustwide/rustup-home:ro,Z" "-m" "1610612736" "--network" "none" "ghcr.io/rust-lang/crates-build-env/linux@sha256:77db811e55d90add9212f6832c23229e3de5f1c1f9905e8cb07319ea15df73ac" "sleep" "infinity", kill_on_drop: false }`
[INFO] [stdout] 663b5412024f261d395144c3b66495a4364f9f155234efb04d93c2941be8e016
[INFO] running `Command { std: "docker" "start" "663b5412024f261d395144c3b66495a4364f9f155234efb04d93c2941be8e016", kill_on_drop: false }`
[INFO] running `Command { std: "docker" "inspect" "663b5412024f261d395144c3b66495a4364f9f155234efb04d93c2941be8e016", kill_on_drop: false }`
[INFO] running `Command { std: "docker" "exec" "-e" "SOURCE_DIR=/opt/rustwide/workdir" "-e" "CARGO_HOME=/opt/rustwide/cargo-home" "-e" "RUSTUP_HOME=/opt/rustwide/rustup-home" "-e" "CARGO_TARGET_DIR=/opt/rustwide/target" "-w" "/opt/rustwide/workdir" "--user" "0:0" "663b5412024f261d395144c3b66495a4364f9f155234efb04d93c2941be8e016" "/opt/rustwide/cargo-home/bin/cargo" "+1.100.0-beta.1" "metadata" "--no-deps" "--format-version=1", kill_on_drop: false }`
[INFO] running `Command { std: "docker" "inspect" "663b5412024f261d395144c3b66495a4364f9f155234efb04d93c2941be8e016", kill_on_drop: false }`
[INFO] running `Command { std: "docker" "exec" "-e" "SOURCE_DIR=/opt/rustwide/workdir" "-e" "CARGO_HOME=/opt/rustwide/cargo-home" "-e" "RUSTUP_HOME=/opt/rustwide/rustup-home" "-e" "CARGO_TARGET_DIR=/opt/rustwide/target" "-e" "CARGO_INCREMENTAL=0" "-e" "RUST_BACKTRACE=full" "-e" "RUSTFLAGS=--cap-lints=warn" "-e" "RUSTDOCFLAGS=--cap-lints=warn" "-w" "/opt/rustwide/workdir" "--user" "0:0" "663b5412024f261d395144c3b66495a4364f9f155234efb04d93c2941be8e016" "/opt/rustwide/cargo-home/bin/cargo" "+1.100.0-beta.1" "build" "--frozen" "--message-format=json" "--release", kill_on_drop: false }`
[INFO] [stderr]    Compiling proc-macro2 v1.0.107
[INFO] [stderr]    Compiling quote v1.0.47
[INFO] [stderr]    Compiling unicode-ident v1.0.27
[INFO] [stderr]    Compiling bytes v1.12.1
[INFO] [stderr]    Compiling pin-project-lite v0.2.17
[INFO] [stderr]    Compiling libc v0.2.191
[INFO] [stderr]    Compiling futures-core v0.3.34
[INFO] [stderr]    Compiling once_cell v1.21.4
[INFO] [stderr]    Compiling itoa v1.0.18
[INFO] [stderr]    Compiling anyhow v1.0.104
[INFO] [stderr]    Compiling either v1.19.0
[INFO] [stderr]    Compiling itertools v0.14.0
[INFO] [stderr]    Compiling equivalent v1.0.3
[INFO] [stderr]    Compiling hashbrown v0.17.1
[INFO] [stderr]    Compiling tracing-core v0.1.36
[INFO] [stderr]    Compiling slab v0.4.12
[INFO] [stderr]    Compiling futures-sink v0.3.34
[INFO] [stderr]    Compiling bitflags v2.13.2
[INFO] [stderr]    Compiling zeroize v1.9.1
[INFO] [stderr]    Compiling futures-task v0.3.34
[INFO] [stderr]    Compiling http v1.5.0
[INFO] [stderr]    Compiling getrandom v0.4.3
[INFO] [stderr]    Compiling syn v2.0.119
[INFO] [stderr]    Compiling syn v3.0.9
[INFO] [stderr]    Compiling indexmap v2.14.2
[INFO] [stderr]    Compiling rustix v1.1.5
[INFO] [stderr]    Compiling pulldown-cmark v0.13.4
[INFO] [stderr]    Compiling serde_core v1.0.229
[INFO] [stderr]    Compiling prettyplease v0.2.37
[INFO] [stderr]    Compiling futures-util v0.3.34
[INFO] [stderr]    Compiling mio v1.2.4
[INFO] [stderr]    Compiling socket2 v0.6.5
[INFO] [stderr]    Compiling http-body v1.1.0
[INFO] [stderr]    Compiling rustls-pki-types v1.15.1
[INFO] [stderr]    Compiling foldhash v0.1.5
[INFO] [stderr]    Compiling cfg-if v1.0.5
[INFO] [stderr]    Compiling memchr v2.8.3
[INFO] [stderr]    Compiling unicase v2.10.0
[INFO] [stderr]    Compiling regex-syntax v0.8.11
[INFO] [stderr]    Compiling linux-raw-sys v0.12.1
[INFO] [stderr]    Compiling hashbrown v0.15.5
[INFO] [stderr]    Compiling want v0.3.2
[INFO] [stderr]    Compiling futures-channel v0.3.34
[INFO] [stderr]    Compiling fastrand v2.5.0
[INFO] [stderr]    Compiling fixedbitset v0.5.7
[INFO] [stderr]    Compiling smallvec v1.16.3
[INFO] [stderr]    Compiling regex-automata v0.4.18
[INFO] [stderr]    Compiling sync_wrapper v1.0.2
[INFO] [stderr]    Compiling rustls v0.23.46
[INFO] [stderr]    Compiling pulldown-cmark-to-cmark v22.0.3
[INFO] [stderr]    Compiling petgraph v0.8.3
[INFO] [stderr]    Compiling tempfile v3.27.0
[INFO] [stderr]    Compiling rustls-webpki v0.103.15
[INFO] [stderr]    Compiling tokio-macros v2.7.2
[INFO] [stderr]    Compiling http-body-util v0.1.5
[INFO] [stderr]    Compiling log v0.4.34
[INFO] [stderr]    Compiling heck v0.5.0
[INFO] [stderr]    Compiling multimap v0.10.1
[INFO] [stderr]    Compiling tokio v1.53.3
[INFO] [stderr]    Compiling regex v1.13.1
[INFO] [stderr]    Compiling axum-core v0.5.6
[INFO] [stderr]    Compiling tracing-attributes v0.1.31
[INFO] [stderr]    Compiling prost-derive v0.14.4
[INFO] [stderr]    Compiling pin-project-internal v1.1.13
[INFO] [stderr]    Compiling tonic-build v0.14.6
[INFO] [stderr]    Compiling tracing v0.1.44
[INFO] [stderr]    Compiling matchit v0.8.4
[INFO] [stderr]    Compiling protoc-bin-vendored-win32 v3.3.0
[INFO] [stderr]    Compiling zmij v1.0.23
[INFO] [stderr]    Compiling protoc-bin-vendored-linux-aarch_64 v3.3.0
[INFO] [stderr]    Compiling protoc-bin-vendored-linux-s390_64 v3.3.0
[INFO] [stderr]    Compiling protoc-bin-vendored-linux-x86_64 v3.3.0
[INFO] [stderr]    Compiling protoc-bin-vendored-macos-x86_64 v3.3.0
[INFO] [stderr]    Compiling percent-encoding v2.3.2
[INFO] [stderr]    Compiling protoc-bin-vendored-linux-ppcle_64 v3.3.0
[INFO] [stderr]    Compiling protoc-bin-vendored-linux-x86_32 v3.3.0
[INFO] [stderr]    Compiling protoc-bin-vendored-macos-aarch_64 v3.3.0
[INFO] [stderr]    Compiling prost v0.14.4
[INFO] [stderr]    Compiling protoc-bin-vendored v3.3.0
[INFO] [stderr]    Compiling pin-project v1.1.13
[INFO] [stderr]    Compiling async-trait v0.1.92
[INFO] [stderr]    Compiling webpki-roots v1.0.9
[INFO] [stderr]    Compiling serde_json v1.0.154
[INFO] [stderr]    Compiling serde v1.0.229
[INFO] [stderr]    Compiling thiserror v2.0.21
[INFO] [stderr]    Compiling serde_derive v1.0.229
[INFO] [stderr]    Compiling prost-types v0.14.4
[INFO] [stderr]    Compiling thiserror-impl v2.0.21
[INFO] [stderr]    Compiling prost-build v0.14.4
[INFO] [stderr]    Compiling tonic-prost-build v0.14.6
[INFO] [stderr]    Compiling tokio-util v0.7.20
[INFO] [stderr]    Compiling tokio-stream v0.1.19
[INFO] [stderr]    Compiling bareun_rs v1.8.0 (/opt/rustwide/workdir)
[INFO] [stderr]    Compiling h2 v0.4.20
[INFO] [stderr]    Compiling tower v0.5.3
[INFO] [stderr]    Compiling axum v0.8.9
[INFO] [stderr]    Compiling tokio-rustls v0.26.6
[INFO] [stderr]    Compiling hyper v1.12.0
[INFO] [stderr]    Compiling hyper-util v0.1.21
[INFO] [stderr]    Compiling hyper-timeout v0.5.2
[INFO] [stderr]    Compiling tonic v0.14.6
[INFO] [stderr]    Compiling tonic-prost v0.14.6
[INFO] [stderr]     Finished `release` profile [optimized] target(s) in 2m 43s
[INFO] running `Command { std: "docker" "inspect" "663b5412024f261d395144c3b66495a4364f9f155234efb04d93c2941be8e016", kill_on_drop: false }`
[INFO] running `Command { std: "docker" "exec" "-e" "SOURCE_DIR=/opt/rustwide/workdir" "-e" "CARGO_HOME=/opt/rustwide/cargo-home" "-e" "RUSTUP_HOME=/opt/rustwide/rustup-home" "-e" "CARGO_TARGET_DIR=/opt/rustwide/target" "-e" "CARGO_INCREMENTAL=0" "-e" "RUST_BACKTRACE=full" "-e" "RUSTFLAGS=--cap-lints=warn" "-e" "RUSTDOCFLAGS=--cap-lints=warn" "-w" "/opt/rustwide/workdir" "--user" "0:0" "663b5412024f261d395144c3b66495a4364f9f155234efb04d93c2941be8e016" "/opt/rustwide/cargo-home/bin/cargo" "+1.100.0-beta.1" "test" "--frozen" "--no-run" "--message-format=json" "--release", kill_on_drop: false }`
[INFO] [stderr]    Compiling bareun_rs v1.8.0 (/opt/rustwide/workdir)
[INFO] [stderr]     Finished `release` profile [optimized] target(s) in 28.96s
[INFO] running `Command { std: "docker" "inspect" "663b5412024f261d395144c3b66495a4364f9f155234efb04d93c2941be8e016", kill_on_drop: false }`
[INFO] running `Command { std: "docker" "exec" "-e" "SOURCE_DIR=/opt/rustwide/workdir" "-e" "CARGO_HOME=/opt/rustwide/cargo-home" "-e" "RUSTUP_HOME=/opt/rustwide/rustup-home" "-e" "CARGO_TARGET_DIR=/opt/rustwide/target" "-e" "CARGO_INCREMENTAL=0" "-e" "RUST_BACKTRACE=full" "-e" "RUSTFLAGS=--cap-lints=warn" "-e" "RUSTDOCFLAGS=--cap-lints=warn" "-w" "/opt/rustwide/workdir" "--user" "0:0" "663b5412024f261d395144c3b66495a4364f9f155234efb04d93c2941be8e016" "/opt/rustwide/cargo-home/bin/cargo" "+1.100.0-beta.1" "test" "--frozen" "--release", kill_on_drop: false }`
[INFO] [stderr]     Finished `release` profile [optimized] target(s) in 0.16s
[INFO] [stdout] 
[INFO] [stderr]      Running unittests src/lib.rs (/opt/rustwide/target/release/build/bareun_rs/e66d61ca6419520e/out/bareun_rs-e66d61ca6419520e)
[INFO] [stdout] running 0 tests
[INFO] [stderr]      Running tests/test_tagger.rs (/opt/rustwide/target/release/build/bareun_rs/f5a5674bff94a72e/out/test_tagger-f5a5674bff94a72e)
[INFO] [stdout] 
[INFO] [stdout] test result: ok. 0 passed; 0 failed; 0 ignored; 0 measured; 0 filtered out; finished in 0.00s
[INFO] [stdout] 
[INFO] [stdout] 
[INFO] [stdout] running 13 tests
[INFO] [stdout] test tests::test_exception_apikey ... ignored
[INFO] [stdout] test tests::test_tagger_nouns ... FAILED
[INFO] [stdout] test tests::test_tagger_pos_detail ... FAILED
[INFO] [stdout] test tests::test_tagger_pos_join ... FAILED
[INFO] [stdout] test tests::test_tagger_get_custom_dict_cp_caret_set ... FAILED
[INFO] [stdout] test tests::test_tagger_tag_as_msg ... FAILED
[INFO] [stdout] test tests::test_tagger_get_custom_dict_cp_set ... FAILED
[INFO] [stdout] test tests::test_exception_host ... ok
[INFO] [stdout] test tests::test_tagger_pos ... FAILED
[INFO] [stdout] test tests::test_tagger_update_custom_dict ... FAILED
[INFO] [stdout] test tests::test_tagger_get_custom_dict_np_set ... FAILED
[INFO] [stderr] error: test failed, to rerun pass `--test test_tagger`
[INFO] [stdout] test tests::test_tagger_morphs ... FAILED
[INFO] [stdout] test tests::test_tagger_create_custom_dict ... FAILED
[INFO] [stdout] 
[INFO] [stdout] failures:
[INFO] [stdout] 
[INFO] [stdout] ---- tests::test_tagger_nouns stdout ----
[INFO] [stdout] 
[INFO] [stdout] thread 'tests::test_tagger_nouns' (1967) panicked at tests/test_tagger.rs:124:14:
[INFO] [stdout] called `Result::unwrap()` on an `Err` value: TransportError(tonic::transport::Error(Transport, ConnectError(ConnectError("tcp connect error", 127.0.0.1:5656, Os { code: 111, kind: ConnectionRefused, message: "Connection refused" }))))
[INFO] [stdout] stack backtrace:
[INFO] [stdout]    0:     0x5dfc883737a1 - <<std[617be2ca0a6fd877]::sys::backtrace::BacktraceLock>::print::DisplayBacktrace as core[a373ad73a504971]::fmt::Display>::fmt
[INFO] [stdout]    1:     0x5dfc8838a4aa - core[a373ad73a504971]::fmt::write
[INFO] [stdout]    2:     0x5dfc8837815c - <alloc[2e1b2a31b91974c5]::vec::Vec<u8> as core[a373ad73a504971]::io::write::Write>::write_fmt
[INFO] [stdout]    3:     0x5dfc8834e696 - std[617be2ca0a6fd877]::panicking::default_hook::{closure#0}
[INFO] [stdout]    4:     0x5dfc8836b119 - std[617be2ca0a6fd877]::panicking::default_hook
[INFO] [stdout]    5:     0x5dfc881e1a80 - test[aada8e7e76ba119b]::test_main_inner::{closure#0}
[INFO] [stdout]    6:     0x5dfc8836b442 - std[617be2ca0a6fd877]::panicking::panic_with_hook
[INFO] [stdout]    7:     0x5dfc8834e742 - std[617be2ca0a6fd877]::panicking::panic_handler::{closure#0}
[INFO] [stdout]    8:     0x5dfc88347379 - std[617be2ca0a6fd877]::sys::backtrace::__rust_end_short_backtrace::<std[617be2ca0a6fd877]::panicking::panic_handler::{closure#0}, !>
[INFO] [stdout]    9:     0x5dfc8834f53d - __rustc[ea4f61d10b84890b]::rust_begin_unwind
[INFO] [stdout]   10:     0x5dfc8838ac0c - core[a373ad73a504971]::panicking::panic_fmt
[INFO] [stdout]   11:     0x5dfc8838a9e2 - core[a373ad73a504971]::result::unwrap_failed
[INFO] [stdout]   12:     0x5dfc88165f36 - test_tagger[b4753e84b45555e7]::tests::test_tagger_nouns::{closure#0}
[INFO] [stdout]   13:     0x5dfc881bbe23 - <tokio[53318612674cb902]::runtime::scheduler::current_thread::Context>::enter::<core[a373ad73a504971]::task::poll::Poll<()>, <tokio[53318612674cb902]::runtime::scheduler::current_thread::CoreGuard>::block_on<core[a373ad73a504971]::pin::Pin<&mut core[a373ad73a504971]::pin::Pin<&mut dyn core[a373ad73a504971]::future::future::Future<Output = ()>>>>::{closure#0}::{closure#0}>
[INFO] [stdout]   14:     0x5dfc8817cdfc - <tokio[53318612674cb902]::runtime::context::scoped::Scoped<tokio[53318612674cb902]::runtime::scheduler::Context>>::set::<<tokio[53318612674cb902]::runtime::scheduler::current_thread::CoreGuard>::enter<<tokio[53318612674cb902]::runtime::scheduler::current_thread::CoreGuard>::block_on<core[a373ad73a504971]::pin::Pin<&mut core[a373ad73a504971]::pin::Pin<&mut dyn core[a373ad73a504971]::future::future::Future<Output = ()>>>>::{closure#0}, core[a373ad73a504971]::option::Option<()>>::{closure#0}, (alloc[2e1b2a31b91974c5]::boxed::Box<tokio[53318612674cb902]::runtime::scheduler::current_thread::Core>, core[a373ad73a504971]::option::Option<()>)>
[INFO] [stdout]   15:     0x5dfc881bbfc7 - <tokio[53318612674cb902]::runtime::scheduler::current_thread::CoreGuard>::block_on::<core[a373ad73a504971]::pin::Pin<&mut core[a373ad73a504971]::pin::Pin<&mut dyn core[a373ad73a504971]::future::future::Future<Output = ()>>>>
[INFO] [stdout]   16:     0x5dfc8817ea26 - tokio[53318612674cb902]::runtime::context::runtime::enter_runtime::<<tokio[53318612674cb902]::runtime::scheduler::current_thread::CurrentThread>::block_on<core[a373ad73a504971]::pin::Pin<&mut dyn core[a373ad73a504971]::future::future::Future<Output = ()>>>::{closure#0}, ()>
[INFO] [stdout]   17:     0x5dfc8817c2c6 - <tokio[53318612674cb902]::runtime::runtime::Runtime>::block_on::<core[a373ad73a504971]::pin::Pin<&mut dyn core[a373ad73a504971]::future::future::Future<Output = ()>>>
[INFO] [stdout]   18:     0x5dfc8816cade - <test_tagger[b4753e84b45555e7]::tests::test_tagger_nouns::{closure#0} as core[a373ad73a504971]::ops::function::FnOnce<()>>::call_once
[INFO] [stdout]   19:     0x5dfc881d4ecb - test[aada8e7e76ba119b]::__rust_begin_short_backtrace::<core[a373ad73a504971]::result::Result<(), alloc[2e1b2a31b91974c5]::string::String>, fn() -> core[a373ad73a504971]::result::Result<(), alloc[2e1b2a31b91974c5]::string::String>>
[INFO] [stdout]   20:     0x5dfc881e20a5 - test[aada8e7e76ba119b]::run_test::{closure#0}
[INFO] [stdout]   21:     0x5dfc881db994 - std[617be2ca0a6fd877]::sys::backtrace::__rust_begin_short_backtrace::<test[aada8e7e76ba119b]::run_test::{closure#1}, ()>
[INFO] [stdout]   22:     0x5dfc881e5132 - <std[617be2ca0a6fd877]::thread::lifecycle::spawn_unchecked<test[aada8e7e76ba119b]::run_test::{closure#1}, ()>::{closure#1} as core[a373ad73a504971]::ops::function::FnOnce<()>>::call_once::{shim:vtable#0}
[INFO] [stdout]   23:     0x5dfc88372c4f - <std[617be2ca0a6fd877]::sys::thread::unix::Thread>::new::thread_start
[INFO] [stdout]   24:     0x71103c670dfa - <unknown>
[INFO] [stdout]   25:     0x71103c7043d4 - clone
[INFO] [stdout]   26:                0x0 - <unknown>
[INFO] [stdout] 
[INFO] [stdout] ---- tests::test_tagger_pos_detail stdout ----
[INFO] [stdout] 
[INFO] [stdout] thread 'tests::test_tagger_pos_detail' (1969) panicked at tests/test_tagger.rs:72:14:
[INFO] [stdout] called `Result::unwrap()` on an `Err` value: TransportError(tonic::transport::Error(Transport, ConnectError(ConnectError("tcp connect error", 127.0.0.1:5656, Os { code: 111, kind: ConnectionRefused, message: "Connection refused" }))))
[INFO] [stdout] stack backtrace:
[INFO] [stdout]    0:     0x5dfc883737a1 - <<std[617be2ca0a6fd877]::sys::backtrace::BacktraceLock>::print::DisplayBacktrace as core[a373ad73a504971]::fmt::Display>::fmt
[INFO] [stdout]    1:     0x5dfc8838a4aa - core[a373ad73a504971]::fmt::write
[INFO] [stdout]    2:     0x5dfc8837815c - <alloc[2e1b2a31b91974c5]::vec::Vec<u8> as core[a373ad73a504971]::io::write::Write>::write_fmt
[INFO] [stdout]    3:     0x5dfc8834e696 - std[617be2ca0a6fd877]::panicking::default_hook::{closure#0}
[INFO] [stdout]    4:     0x5dfc8836b119 - std[617be2ca0a6fd877]::panicking::default_hook
[INFO] [stdout]    5:     0x5dfc881e1a80 - test[aada8e7e76ba119b]::test_main_inner::{closure#0}
[INFO] [stdout]    6:     0x5dfc8836b442 - std[617be2ca0a6fd877]::panicking::panic_with_hook
[INFO] [stdout]    7:     0x5dfc8834e742 - std[617be2ca0a6fd877]::panicking::panic_handler::{closure#0}
[INFO] [stdout]    8:     0x5dfc88347379 - std[617be2ca0a6fd877]::sys::backtrace::__rust_end_short_backtrace::<std[617be2ca0a6fd877]::panicking::panic_handler::{closure#0}, !>
[INFO] [stdout]    9:     0x5dfc8834f53d - __rustc[ea4f61d10b84890b]::rust_begin_unwind
[INFO] [stdout]   10:     0x5dfc8838ac0c - core[a373ad73a504971]::panicking::panic_fmt
[INFO] [stdout]   11:     0x5dfc8838a9e2 - core[a373ad73a504971]::result::unwrap_failed
[INFO] [stdout]   12:     0x5dfc88167fc7 - test_tagger[b4753e84b45555e7]::tests::test_tagger_pos_detail::{closure#0}
[INFO] [stdout]   13:     0x5dfc881bbe23 - <tokio[53318612674cb902]::runtime::scheduler::current_thread::Context>::enter::<core[a373ad73a504971]::task::poll::Poll<()>, <tokio[53318612674cb902]::runtime::scheduler::current_thread::CoreGuard>::block_on<core[a373ad73a504971]::pin::Pin<&mut core[a373ad73a504971]::pin::Pin<&mut dyn core[a373ad73a504971]::future::future::Future<Output = ()>>>>::{closure#0}::{closure#0}>
[INFO] [stdout]   14:     0x5dfc8817cdfc - <tokio[53318612674cb902]::runtime::context::scoped::Scoped<tokio[53318612674cb902]::runtime::scheduler::Context>>::set::<<tokio[53318612674cb902]::runtime::scheduler::current_thread::CoreGuard>::enter<<tokio[53318612674cb902]::runtime::scheduler::current_thread::CoreGuard>::block_on<core[a373ad73a504971]::pin::Pin<&mut core[a373ad73a504971]::pin::Pin<&mut dyn core[a373ad73a504971]::future::future::Future<Output = ()>>>>::{closure#0}, core[a373ad73a504971]::option::Option<()>>::{closure#0}, (alloc[2e1b2a31b91974c5]::boxed::Box<tokio[53318612674cb902]::runtime::scheduler::current_thread::Core>, core[a373ad73a504971]::option::Option<()>)>
[INFO] [stdout]   15:     0x5dfc881bbfc7 - <tokio[53318612674cb902]::runtime::scheduler::current_thread::CoreGuard>::block_on::<core[a373ad73a504971]::pin::Pin<&mut core[a373ad73a504971]::pin::Pin<&mut dyn core[a373ad73a504971]::future::future::Future<Output = ()>>>>
[INFO] [stdout]   16:     0x5dfc8817ea26 - tokio[53318612674cb902]::runtime::context::runtime::enter_runtime::<<tokio[53318612674cb902]::runtime::scheduler::current_thread::CurrentThread>::block_on<core[a373ad73a504971]::pin::Pin<&mut dyn core[a373ad73a504971]::future::future::Future<Output = ()>>>::{closure#0}, ()>
[INFO] [stdout]   17:     0x5dfc8817c2c6 - <tokio[53318612674cb902]::runtime::runtime::Runtime>::block_on::<core[a373ad73a504971]::pin::Pin<&mut dyn core[a373ad73a504971]::future::future::Future<Output = ()>>>
[INFO] [stdout]   18:     0x5dfc8816d38e - <test_tagger[b4753e84b45555e7]::tests::test_tagger_pos_detail::{closure#0} as core[a373ad73a504971]::ops::function::FnOnce<()>>::call_once
[INFO] [stdout]   19:     0x5dfc881d4ecb - test[aada8e7e76ba119b]::__rust_begin_short_backtrace::<core[a373ad73a504971]::result::Result<(), alloc[2e1b2a31b91974c5]::string::String>, fn() -> core[a373ad73a504971]::result::Result<(), alloc[2e1b2a31b91974c5]::string::String>>
[INFO] [stdout]   20:     0x5dfc881e20a5 - test[aada8e7e76ba119b]::run_test::{closure#0}
[INFO] [stdout]   21:     0x5dfc881db994 - std[617be2ca0a6fd877]::sys::backtrace::__rust_begin_short_backtrace::<test[aada8e7e76ba119b]::run_test::{closure#1}, ()>
[INFO] [stdout]   22:     0x5dfc881e5132 - <std[617be2ca0a6fd877]::thread::lifecycle::spawn_unchecked<test[aada8e7e76ba119b]::run_test::{closure#1}, ()>::{closure#1} as core[a373ad73a504971]::ops::function::FnOnce<()>>::call_once::{shim:vtable#0}
[INFO] [stdout]   23:     0x5dfc88372c4f - <std[617be2ca0a6fd877]::sys::thread::unix::Thread>::new::thread_start
[INFO] [stdout]   24:     0x71103c670dfa - <unknown>
[INFO] [stdout]   25:     0x71103c7043d4 - clone
[INFO] [stdout]   26:                0x0 - <unknown>
[INFO] [stdout] 
[INFO] [stdout] ---- tests::test_tagger_pos_join stdout ----
[INFO] [stdout] 
[INFO] [stdout] thread 'tests::test_tagger_pos_join' (1970) panicked at tests/test_tagger.rs:46:14:
[INFO] [stdout] called `Result::unwrap()` on an `Err` value: TransportError(tonic::transport::Error(Transport, ConnectError(ConnectError("tcp connect error", 127.0.0.1:5656, Os { code: 111, kind: ConnectionRefused, message: "Connection refused" }))))
[INFO] [stdout] stack backtrace:
[INFO] [stdout]    0:     0x5dfc883737a1 - <<std[617be2ca0a6fd877]::sys::backtrace::BacktraceLock>::print::DisplayBacktrace as core[a373ad73a504971]::fmt::Display>::fmt
[INFO] [stdout]    1:     0x5dfc8838a4aa - core[a373ad73a504971]::fmt::write
[INFO] [stdout]    2:     0x5dfc8837815c - <alloc[2e1b2a31b91974c5]::vec::Vec<u8> as core[a373ad73a504971]::io::write::Write>::write_fmt
[INFO] [stdout]    3:     0x5dfc8834e696 - std[617be2ca0a6fd877]::panicking::default_hook::{closure#0}
[INFO] [stdout]    4:     0x5dfc8836b119 - std[617be2ca0a6fd877]::panicking::default_hook
[INFO] [stdout]    5:     0x5dfc881e1a80 - test[aada8e7e76ba119b]::test_main_inner::{closure#0}
[INFO] [stdout]    6:     0x5dfc8836b442 - std[617be2ca0a6fd877]::panicking::panic_with_hook
[INFO] [stdout]    7:     0x5dfc8834e742 - std[617be2ca0a6fd877]::panicking::panic_handler::{closure#0}
[INFO] [stdout]    8:     0x5dfc88347379 - std[617be2ca0a6fd877]::sys::backtrace::__rust_end_short_backtrace::<std[617be2ca0a6fd877]::panicking::panic_handler::{closure#0}, !>
[INFO] [stdout]    9:     0x5dfc8834f53d - __rustc[ea4f61d10b84890b]::rust_begin_unwind
[INFO] [stdout]   10:     0x5dfc8838ac0c - core[a373ad73a504971]::panicking::panic_fmt
[INFO] [stdout]   11:     0x5dfc8838a9e2 - core[a373ad73a504971]::result::unwrap_failed
[INFO] [stdout]   12:     0x5dfc881672e2 - test_tagger[b4753e84b45555e7]::tests::test_tagger_pos_join::{closure#0}
[INFO] [stdout]   13:     0x5dfc881bbe23 - <tokio[53318612674cb902]::runtime::scheduler::current_thread::Context>::enter::<core[a373ad73a504971]::task::poll::Poll<()>, <tokio[53318612674cb902]::runtime::scheduler::current_thread::CoreGuard>::block_on<core[a373ad73a504971]::pin::Pin<&mut core[a373ad73a504971]::pin::Pin<&mut dyn core[a373ad73a504971]::future::future::Future<Output = ()>>>>::{closure#0}::{closure#0}>
[INFO] [stdout]   14:     0x5dfc8817cdfc - <tokio[53318612674cb902]::runtime::context::scoped::Scoped<tokio[53318612674cb902]::runtime::scheduler::Context>>::set::<<tokio[53318612674cb902]::runtime::scheduler::current_thread::CoreGuard>::enter<<tokio[53318612674cb902]::runtime::scheduler::current_thread::CoreGuard>::block_on<core[a373ad73a504971]::pin::Pin<&mut core[a373ad73a504971]::pin::Pin<&mut dyn core[a373ad73a504971]::future::future::Future<Output = ()>>>>::{closure#0}, core[a373ad73a504971]::option::Option<()>>::{closure#0}, (alloc[2e1b2a31b91974c5]::boxed::Box<tokio[53318612674cb902]::runtime::scheduler::current_thread::Core>, core[a373ad73a504971]::option::Option<()>)>
[INFO] [stdout]   15:     0x5dfc881bbfc7 - <tokio[53318612674cb902]::runtime::scheduler::current_thread::CoreGuard>::block_on::<core[a373ad73a504971]::pin::Pin<&mut core[a373ad73a504971]::pin::Pin<&mut dyn core[a373ad73a504971]::future::future::Future<Output = ()>>>>
[INFO] [stdout]   16:     0x5dfc8817ea26 - tokio[53318612674cb902]::runtime::context::runtime::enter_runtime::<<tokio[53318612674cb902]::runtime::scheduler::current_thread::CurrentThread>::block_on<core[a373ad73a504971]::pin::Pin<&mut dyn core[a373ad73a504971]::future::future::Future<Output = ()>>>::{closure#0}, ()>
[INFO] [stdout]   17:     0x5dfc8817c2c6 - <tokio[53318612674cb902]::runtime::runtime::Runtime>::block_on::<core[a373ad73a504971]::pin::Pin<&mut dyn core[a373ad73a504971]::future::future::Future<Output = ()>>>
[INFO] [stdout]   18:     0x5dfc8816cfee - <test_tagger[b4753e84b45555e7]::tests::test_tagger_pos_join::{closure#0} as core[a373ad73a504971]::ops::function::FnOnce<()>>::call_once
[INFO] [stdout]   19:     0x5dfc881d4ecb - test[aada8e7e76ba119b]::__rust_begin_short_backtrace::<core[a373ad73a504971]::result::Result<(), alloc[2e1b2a31b91974c5]::string::String>, fn() -> core[a373ad73a504971]::result::Result<(), alloc[2e1b2a31b91974c5]::string::String>>
[INFO] [stdout]   20:     0x5dfc881e20a5 - test[aada8e7e76ba119b]::run_test::{closure#0}
[INFO] [stdout]   21:     0x5dfc881db994 - std[617be2ca0a6fd877]::sys::backtrace::__rust_begin_short_backtrace::<test[aada8e7e76ba119b]::run_test::{closure#1}, ()>
[INFO] [stdout]   22:     0x5dfc881e5132 - <std[617be2ca0a6fd877]::thread::lifecycle::spawn_unchecked<test[aada8e7e76ba119b]::run_test::{closure#1}, ()>::{closure#1} as core[a373ad73a504971]::ops::function::FnOnce<()>>::call_once::{shim:vtable#0}
[INFO] [stdout]   23:     0x5dfc88372c4f - <std[617be2ca0a6fd877]::sys::thread::unix::Thread>::new::thread_start
[INFO] [stdout]   24:     0x71103c670dfa - <unknown>
[INFO] [stdout]   25:     0x71103c7043d4 - clone
[INFO] [stdout]   26:                0x0 - <unknown>
[INFO] [stdout] 
[INFO] [stdout] ---- tests::test_tagger_get_custom_dict_cp_caret_set stdout ----
[INFO] [stdout] 
[INFO] [stdout] thread 'tests::test_tagger_get_custom_dict_cp_caret_set' (1963) panicked at tests/test_tagger.rs:290:14:
[INFO] [stdout] called `Result::unwrap()` on an `Err` value: TransportError(tonic::transport::Error(Transport, ConnectError(ConnectError("tcp connect error", 127.0.0.1:5656, Os { code: 111, kind: ConnectionRefused, message: "Connection refused" }))))
[INFO] [stdout] stack backtrace:
[INFO] [stdout]    0:     0x5dfc883737a1 - <<std[617be2ca0a6fd877]::sys::backtrace::BacktraceLock>::print::DisplayBacktrace as core[a373ad73a504971]::fmt::Display>::fmt
[INFO] [stdout]    1:     0x5dfc8838a4aa - core[a373ad73a504971]::fmt::write
[INFO] [stdout]    2:     0x5dfc8837815c - <alloc[2e1b2a31b91974c5]::vec::Vec<u8> as core[a373ad73a504971]::io::write::Write>::write_fmt
[INFO] [stdout]    3:     0x5dfc8834e696 - std[617be2ca0a6fd877]::panicking::default_hook::{closure#0}
[INFO] [stdout]    4:     0x5dfc8836b119 - std[617be2ca0a6fd877]::panicking::default_hook
[INFO] [stdout]    5:     0x5dfc881e1a80 - test[aada8e7e76ba119b]::test_main_inner::{closure#0}
[INFO] [stdout]    6:     0x5dfc8836b442 - std[617be2ca0a6fd877]::panicking::panic_with_hook
[INFO] [stdout]    7:     0x5dfc8834e742 - std[617be2ca0a6fd877]::panicking::panic_handler::{closure#0}
[INFO] [stdout]    8:     0x5dfc88347379 - std[617be2ca0a6fd877]::sys::backtrace::__rust_end_short_backtrace::<std[617be2ca0a6fd877]::panicking::panic_handler::{closure#0}, !>
[INFO] [stdout]    9:     0x5dfc8834f53d - __rustc[ea4f61d10b84890b]::rust_begin_unwind
[INFO] [stdout]   10:     0x5dfc8838ac0c - core[a373ad73a504971]::panicking::panic_fmt
[INFO] [stdout]   11:     0x5dfc8838a9e2 - core[a373ad73a504971]::result::unwrap_failed
[INFO] [stdout]   12:     0x5dfc8816b84f - test_tagger[b4753e84b45555e7]::tests::test_tagger_get_custom_dict_cp_caret_set::{closure#0}
[INFO] [stdout]   13:     0x5dfc881bbe23 - <tokio[53318612674cb902]::runtime::scheduler::current_thread::Context>::enter::<core[a373ad73a504971]::task::poll::Poll<()>, <tokio[53318612674cb902]::runtime::scheduler::current_thread::CoreGuard>::block_on<core[a373ad73a504971]::pin::Pin<&mut core[a373ad73a504971]::pin::Pin<&mut dyn core[a373ad73a504971]::future::future::Future<Output = ()>>>>::{closure#0}::{closure#0}>
[INFO] [stdout]   14:     0x5dfc8817cdfc - <tokio[53318612674cb902]::runtime::context::scoped::Scoped<tokio[53318612674cb902]::runtime::scheduler::Context>>::set::<<tokio[53318612674cb902]::runtime::scheduler::current_thread::CoreGuard>::enter<<tokio[53318612674cb902]::runtime::scheduler::current_thread::CoreGuard>::block_on<core[a373ad73a504971]::pin::Pin<&mut core[a373ad73a504971]::pin::Pin<&mut dyn core[a373ad73a504971]::future::future::Future<Output = ()>>>>::{closure#0}, core[a373ad73a504971]::option::Option<()>>::{closure#0}, (alloc[2e1b2a31b91974c5]::boxed::Box<tokio[53318612674cb902]::runtime::scheduler::current_thread::Core>, core[a373ad73a504971]::option::Option<()>)>
[INFO] [stdout]   15:     0x5dfc881bbfc7 - <tokio[53318612674cb902]::runtime::scheduler::current_thread::CoreGuard>::block_on::<core[a373ad73a504971]::pin::Pin<&mut core[a373ad73a504971]::pin::Pin<&mut dyn core[a373ad73a504971]::future::future::Future<Output = ()>>>>
[INFO] [stdout]   16:     0x5dfc8817ea26 - tokio[53318612674cb902]::runtime::context::runtime::enter_runtime::<<tokio[53318612674cb902]::runtime::scheduler::current_thread::CurrentThread>::block_on<core[a373ad73a504971]::pin::Pin<&mut dyn core[a373ad73a504971]::future::future::Future<Output = ()>>>::{closure#0}, ()>
[INFO] [stdout]   17:     0x5dfc8817c2c6 - <tokio[53318612674cb902]::runtime::runtime::Runtime>::block_on::<core[a373ad73a504971]::pin::Pin<&mut dyn core[a373ad73a504971]::future::future::Future<Output = ()>>>
[INFO] [stdout]   18:     0x5dfc8816dcbd - <test_tagger[b4753e84b45555e7]::tests::test_tagger_get_custom_dict_cp_caret_set::{closure#0} as core[a373ad73a504971]::ops::function::FnOnce<()>>::call_once
[INFO] [stdout]   19:     0x5dfc881d4ecb - test[aada8e7e76ba119b]::__rust_begin_short_backtrace::<core[a373ad73a504971]::result::Result<(), alloc[2e1b2a31b91974c5]::string::String>, fn() -> core[a373ad73a504971]::result::Result<(), alloc[2e1b2a31b91974c5]::string::String>>
[INFO] [stdout]   20:     0x5dfc881e20a5 - test[aada8e7e76ba119b]::run_test::{closure#0}
[INFO] [stdout]   21:     0x5dfc881db994 - std[617be2ca0a6fd877]::sys::backtrace::__rust_begin_short_backtrace::<test[aada8e7e76ba119b]::run_test::{closure#1}, ()>
[INFO] [stdout]   22:     0x5dfc881e5132 - <std[617be2ca0a6fd877]::thread::lifecycle::spawn_unchecked<test[aada8e7e76ba119b]::run_test::{closure#1}, ()>::{closure#1} as core[a373ad73a504971]::ops::function::FnOnce<()>>::call_once::{shim:vtable#0}
[INFO] [stdout]   23:     0x5dfc88372c4f - <std[617be2ca0a6fd877]::sys::thread::unix::Thread>::new::thread_start
[INFO] [stdout]   24:     0x71103c670dfa - <unknown>
[INFO] [stdout]   25:     0x71103c7043d4 - clone
[INFO] [stdout]   26:                0x0 - <unknown>
[INFO] [stdout] 
[INFO] [stdout] ---- tests::test_tagger_tag_as_msg stdout ----
[INFO] [stdout] 
[INFO] [stdout] thread 'tests::test_tagger_tag_as_msg' (1971) panicked at tests/test_tagger.rs:183:14:
[INFO] [stdout] called `Result::unwrap()` on an `Err` value: TransportError(tonic::transport::Error(Transport, ConnectError(ConnectError("tcp connect error", 127.0.0.1:5656, Os { code: 111, kind: ConnectionRefused, message: "Connection refused" }))))
[INFO] [stdout] stack backtrace:
[INFO] [stdout]    0:     0x5dfc883737a1 - <<std[617be2ca0a6fd877]::sys::backtrace::BacktraceLock>::print::DisplayBacktrace as core[a373ad73a504971]::fmt::Display>::fmt
[INFO] [stdout]    1:     0x5dfc8838a4aa - core[a373ad73a504971]::fmt::write
[INFO] [stdout]    2:     0x5dfc8837815c - <alloc[2e1b2a31b91974c5]::vec::Vec<u8> as core[a373ad73a504971]::io::write::Write>::write_fmt
[INFO] [stdout]    3:     0x5dfc8834e696 - std[617be2ca0a6fd877]::panicking::default_hook::{closure#0}
[INFO] [stdout]    4:     0x5dfc8836b119 - std[617be2ca0a6fd877]::panicking::default_hook
[INFO] [stdout]    5:     0x5dfc881e1a80 - test[aada8e7e76ba119b]::test_main_inner::{closure#0}
[INFO] [stdout]    6:     0x5dfc8836b442 - std[617be2ca0a6fd877]::panicking::panic_with_hook
[INFO] [stdout]    7:     0x5dfc8834e742 - std[617be2ca0a6fd877]::panicking::panic_handler::{closure#0}
[INFO] [stdout]    8:     0x5dfc88347379 - std[617be2ca0a6fd877]::sys::backtrace::__rust_end_short_backtrace::<std[617be2ca0a6fd877]::panicking::panic_handler::{closure#0}, !>
[INFO] [stdout]    9:     0x5dfc8834f53d - __rustc[ea4f61d10b84890b]::rust_begin_unwind
[INFO] [stdout]   10:     0x5dfc8838ac0c - core[a373ad73a504971]::panicking::panic_fmt
[INFO] [stdout]   11:     0x5dfc8838a9e2 - core[a373ad73a504971]::result::unwrap_failed
[INFO] [stdout]   12:     0x5dfc88168594 - test_tagger[b4753e84b45555e7]::tests::test_tagger_tag_as_msg::{closure#0}
[INFO] [stdout]   13:     0x5dfc881bbe23 - <tokio[53318612674cb902]::runtime::scheduler::current_thread::Context>::enter::<core[a373ad73a504971]::task::poll::Poll<()>, <tokio[53318612674cb902]::runtime::scheduler::current_thread::CoreGuard>::block_on<core[a373ad73a504971]::pin::Pin<&mut core[a373ad73a504971]::pin::Pin<&mut dyn core[a373ad73a504971]::future::future::Future<Output = ()>>>>::{closure#0}::{closure#0}>
[INFO] [stdout]   14:     0x5dfc8817cdfc - <tokio[53318612674cb902]::runtime::context::scoped::Scoped<tokio[53318612674cb902]::runtime::scheduler::Context>>::set::<<tokio[53318612674cb902]::runtime::scheduler::current_thread::CoreGuard>::enter<<tokio[53318612674cb902]::runtime::scheduler::current_thread::CoreGuard>::block_on<core[a373ad73a504971]::pin::Pin<&mut core[a373ad73a504971]::pin::Pin<&mut dyn core[a373ad73a504971]::future::future::Future<Output = ()>>>>::{closure#0}, core[a373ad73a504971]::option::Option<()>>::{closure#0}, (alloc[2e1b2a31b91974c5]::boxed::Box<tokio[53318612674cb902]::runtime::scheduler::current_thread::Core>, core[a373ad73a504971]::option::Option<()>)>
[INFO] [stdout]   15:     0x5dfc881bbfc7 - <tokio[53318612674cb902]::runtime::scheduler::current_thread::CoreGuard>::block_on::<core[a373ad73a504971]::pin::Pin<&mut core[a373ad73a504971]::pin::Pin<&mut dyn core[a373ad73a504971]::future::future::Future<Output = ()>>>>
[INFO] [stdout]   16:     0x5dfc8817ea26 - tokio[53318612674cb902]::runtime::context::runtime::enter_runtime::<<tokio[53318612674cb902]::runtime::scheduler::current_thread::CurrentThread>::block_on<core[a373ad73a504971]::pin::Pin<&mut dyn core[a373ad73a504971]::future::future::Future<Output = ()>>>::{closure#0}, ()>
[INFO] [stdout]   17:     0x5dfc8817c2c6 - <tokio[53318612674cb902]::runtime::runtime::Runtime>::block_on::<core[a373ad73a504971]::pin::Pin<&mut dyn core[a373ad73a504971]::future::future::Future<Output = ()>>>
[INFO] [stdout]   18:     0x5dfc8816d55e - <test_tagger[b4753e84b45555e7]::tests::test_tagger_tag_as_msg::{closure#0} as core[a373ad73a504971]::ops::function::FnOnce<()>>::call_once
[INFO] [stdout]   19:     0x5dfc881d4ecb - test[aada8e7e76ba119b]::__rust_begin_short_backtrace::<core[a373ad73a504971]::result::Result<(), alloc[2e1b2a31b91974c5]::string::String>, fn() -> core[a373ad73a504971]::result::Result<(), alloc[2e1b2a31b91974c5]::string::String>>
[INFO] [stdout]   20:     0x5dfc881e20a5 - test[aada8e7e76ba119b]::run_test::{closure#0}
[INFO] [stdout]   21:     0x5dfc881db994 - std[617be2ca0a6fd877]::sys::backtrace::__rust_begin_short_backtrace::<test[aada8e7e76ba119b]::run_test::{closure#1}, ()>
[INFO] [stdout]   22:     0x5dfc881e5132 - <std[617be2ca0a6fd877]::thread::lifecycle::spawn_unchecked<test[aada8e7e76ba119b]::run_test::{closure#1}, ()>::{closure#1} as core[a373ad73a504971]::ops::function::FnOnce<()>>::call_once::{shim:vtable#0}
[INFO] [stdout]   23:     0x5dfc88372c4f - <std[617be2ca0a6fd877]::sys::thread::unix::Thread>::new::thread_start
[INFO] [stdout]   24:     0x71103c670dfa - <unknown>
[INFO] [stdout]   25:     0x71103c7043d4 - clone
[INFO] [stdout]   26:                0x0 - <unknown>
[INFO] [stdout] 
[INFO] [stdout] ---- tests::test_tagger_get_custom_dict_cp_set stdout ----
[INFO] [stdout] 
[INFO] [stdout] thread 'tests::test_tagger_get_custom_dict_cp_set' (1964) panicked at tests/test_tagger.rs:270:14:
[INFO] [stdout] called `Result::unwrap()` on an `Err` value: TransportError(tonic::transport::Error(Transport, ConnectError(ConnectError("tcp connect error", 127.0.0.1:5656, Os { code: 111, kind: ConnectionRefused, message: "Connection refused" }))))
[INFO] [stdout] stack backtrace:
[INFO] [stdout]    0:     0x5dfc883737a1 - <<std[617be2ca0a6fd877]::sys::backtrace::BacktraceLock>::print::DisplayBacktrace as core[a373ad73a504971]::fmt::Display>::fmt
[INFO] [stdout]    1:     0x5dfc8838a4aa - core[a373ad73a504971]::fmt::write
[INFO] [stdout]    2:     0x5dfc8837815c - <alloc[2e1b2a31b91974c5]::vec::Vec<u8> as core[a373ad73a504971]::io::write::Write>::write_fmt
[INFO] [stdout]    3:     0x5dfc8834e696 - std[617be2ca0a6fd877]::panicking::default_hook::{closure#0}
[INFO] [stdout]    4:     0x5dfc8836b119 - std[617be2ca0a6fd877]::panicking::default_hook
[INFO] [stdout]    5:     0x5dfc881e1a80 - test[aada8e7e76ba119b]::test_main_inner::{closure#0}
[INFO] [stdout]    6:     0x5dfc8836b442 - std[617be2ca0a6fd877]::panicking::panic_with_hook
[INFO] [stdout]    7:     0x5dfc8834e742 - std[617be2ca0a6fd877]::panicking::panic_handler::{closure#0}
[INFO] [stdout]    8:     0x5dfc88347379 - std[617be2ca0a6fd877]::sys::backtrace::__rust_end_short_backtrace::<std[617be2ca0a6fd877]::panicking::panic_handler::{closure#0}, !>
[INFO] [stdout]    9:     0x5dfc8834f53d - __rustc[ea4f61d10b84890b]::rust_begin_unwind
[INFO] [stdout]   10:     0x5dfc8838ac0c - core[a373ad73a504971]::panicking::panic_fmt
[INFO] [stdout]   11:     0x5dfc8838a9e2 - core[a373ad73a504971]::result::unwrap_failed
[INFO] [stdout]   12:     0x5dfc88169e2a - test_tagger[b4753e84b45555e7]::tests::test_tagger_get_custom_dict_cp_set::{closure#0}
[INFO] [stdout]   13:     0x5dfc881bbe23 - <tokio[53318612674cb902]::runtime::scheduler::current_thread::Context>::enter::<core[a373ad73a504971]::task::poll::Poll<()>, <tokio[53318612674cb902]::runtime::scheduler::current_thread::CoreGuard>::block_on<core[a373ad73a504971]::pin::Pin<&mut core[a373ad73a504971]::pin::Pin<&mut dyn core[a373ad73a504971]::future::future::Future<Output = ()>>>>::{closure#0}::{closure#0}>
[INFO] [stdout]   14:     0x5dfc8817cdfc - <tokio[53318612674cb902]::runtime::context::scoped::Scoped<tokio[53318612674cb902]::runtime::scheduler::Context>>::set::<<tokio[53318612674cb902]::runtime::scheduler::current_thread::CoreGuard>::enter<<tokio[53318612674cb902]::runtime::scheduler::current_thread::CoreGuard>::block_on<core[a373ad73a504971]::pin::Pin<&mut core[a373ad73a504971]::pin::Pin<&mut dyn core[a373ad73a504971]::future::future::Future<Output = ()>>>>::{closure#0}, core[a373ad73a504971]::option::Option<()>>::{closure#0}, (alloc[2e1b2a31b91974c5]::boxed::Box<tokio[53318612674cb902]::runtime::scheduler::current_thread::Core>, core[a373ad73a504971]::option::Option<()>)>
[INFO] [stdout]   15:     0x5dfc881bbfc7 - <tokio[53318612674cb902]::runtime::scheduler::current_thread::CoreGuard>::block_on::<core[a373ad73a504971]::pin::Pin<&mut core[a373ad73a504971]::pin::Pin<&mut dyn core[a373ad73a504971]::future::future::Future<Output = ()>>>>
[INFO] [stdout]   16:     0x5dfc8817ea26 - tokio[53318612674cb902]::runtime::context::runtime::enter_runtime::<<tokio[53318612674cb902]::runtime::scheduler::current_thread::CurrentThread>::block_on<core[a373ad73a504971]::pin::Pin<&mut dyn core[a373ad73a504971]::future::future::Future<Output = ()>>>::{closure#0}, ()>
[INFO] [stdout]   17:     0x5dfc8817c2c6 - <tokio[53318612674cb902]::runtime::runtime::Runtime>::block_on::<core[a373ad73a504971]::pin::Pin<&mut dyn core[a373ad73a504971]::future::future::Future<Output = ()>>>
[INFO] [stdout]   18:     0x5dfc8816d9fd - <test_tagger[b4753e84b45555e7]::tests::test_tagger_get_custom_dict_cp_set::{closure#0} as core[a373ad73a504971]::ops::function::FnOnce<()>>::call_once
[INFO] [stdout]   19:     0x5dfc881d4ecb - test[aada8e7e76ba119b]::__rust_begin_short_backtrace::<core[a373ad73a504971]::result::Result<(), alloc[2e1b2a31b91974c5]::string::String>, fn() -> core[a373ad73a504971]::result::Result<(), alloc[2e1b2a31b91974c5]::string::String>>
[INFO] [stdout]   20:     0x5dfc881e20a5 - test[aada8e7e76ba119b]::run_test::{closure#0}
[INFO] [stdout]   21:     0x5dfc881db994 - std[617be2ca0a6fd877]::sys::backtrace::__rust_begin_short_backtrace::<test[aada8e7e76ba119b]::run_test::{closure#1}, ()>
[INFO] [stdout]   22:     0x5dfc881e5132 - <std[617be2ca0a6fd877]::thread::lifecycle::spawn_unchecked<test[aada8e7e76ba119b]::run_test::{closure#1}, ()>::{closure#1} as core[a373ad73a504971]::ops::function::FnOnce<()>>::call_once::{shim:vtable#0}
[INFO] [stdout]   23:     0x5dfc88372c4f - <std[617be2ca0a6fd877]::sys::thread::unix::Thread>::new::thread_start
[INFO] [stdout]   24:     0x71103c670dfa - <unknown>
[INFO] [stdout]   25:     0x71103c7043d4 - clone
[INFO] [stdout]   26:                0x0 - <unknown>
[INFO] [stdout] 
[INFO] [stdout] ---- tests::test_tagger_pos stdout ----
[INFO] [stdout] 
[INFO] [stdout] thread 'tests::test_tagger_pos' (1968) panicked at tests/test_tagger.rs:9:14:
[INFO] [stdout] called `Result::unwrap()` on an `Err` value: TransportError(tonic::transport::Error(Transport, ConnectError(ConnectError("tcp connect error", 127.0.0.1:5656, Os { code: 111, kind: ConnectionRefused, message: "Connection refused" }))))
[INFO] [stdout] stack backtrace:
[INFO] [stdout]    0:     0x5dfc883737a1 - <<std[617be2ca0a6fd877]::sys::backtrace::BacktraceLock>::print::DisplayBacktrace as core[a373ad73a504971]::fmt::Display>::fmt
[INFO] [stdout]    1:     0x5dfc8838a4aa - core[a373ad73a504971]::fmt::write
[INFO] [stdout]    2:     0x5dfc8837815c - <alloc[2e1b2a31b91974c5]::vec::Vec<u8> as core[a373ad73a504971]::io::write::Write>::write_fmt
[INFO] [stdout]    3:     0x5dfc8834e696 - std[617be2ca0a6fd877]::panicking::default_hook::{closure#0}
[INFO] [stdout]    4:     0x5dfc8836b119 - std[617be2ca0a6fd877]::panicking::default_hook
[INFO] [stdout]    5:     0x5dfc881e1a80 - test[aada8e7e76ba119b]::test_main_inner::{closure#0}
[INFO] [stdout]    6:     0x5dfc8836b442 - std[617be2ca0a6fd877]::panicking::panic_with_hook
[INFO] [stdout]    7:     0x5dfc8834e742 - std[617be2ca0a6fd877]::panicking::panic_handler::{closure#0}
[INFO] [stdout]    8:     0x5dfc88347379 - std[617be2ca0a6fd877]::sys::backtrace::__rust_end_short_backtrace::<std[617be2ca0a6fd877]::panicking::panic_handler::{closure#0}, !>
[INFO] [stdout]    9:     0x5dfc8834f53d - __rustc[ea4f61d10b84890b]::rust_begin_unwind
[INFO] [stdout]   10:     0x5dfc8838ac0c - core[a373ad73a504971]::panicking::panic_fmt
[INFO] [stdout]   11:     0x5dfc8838a9e2 - core[a373ad73a504971]::result::unwrap_failed
[INFO] [stdout]   12:     0x5dfc8816575d - test_tagger[b4753e84b45555e7]::tests::test_tagger_pos::{closure#0}
[INFO] [stdout]   13:     0x5dfc881bbe23 - <tokio[53318612674cb902]::runtime::scheduler::current_thread::Context>::enter::<core[a373ad73a504971]::task::poll::Poll<()>, <tokio[53318612674cb902]::runtime::scheduler::current_thread::CoreGuard>::block_on<core[a373ad73a504971]::pin::Pin<&mut core[a373ad73a504971]::pin::Pin<&mut dyn core[a373ad73a504971]::future::future::Future<Output = ()>>>>::{closure#0}::{closure#0}>
[INFO] [stdout]   14:     0x5dfc8817cdfc - <tokio[53318612674cb902]::runtime::context::scoped::Scoped<tokio[53318612674cb902]::runtime::scheduler::Context>>::set::<<tokio[53318612674cb902]::runtime::scheduler::current_thread::CoreGuard>::enter<<tokio[53318612674cb902]::runtime::scheduler::current_thread::CoreGuard>::block_on<core[a373ad73a504971]::pin::Pin<&mut core[a373ad73a504971]::pin::Pin<&mut dyn core[a373ad73a504971]::future::future::Future<Output = ()>>>>::{closure#0}, core[a373ad73a504971]::option::Option<()>>::{closure#0}, (alloc[2e1b2a31b91974c5]::boxed::Box<tokio[53318612674cb902]::runtime::scheduler::current_thread::Core>, core[a373ad73a504971]::option::Option<()>)>
[INFO] [stdout]   15:     0x5dfc881bbfc7 - <tokio[53318612674cb902]::runtime::scheduler::current_thread::CoreGuard>::block_on::<core[a373ad73a504971]::pin::Pin<&mut core[a373ad73a504971]::pin::Pin<&mut dyn core[a373ad73a504971]::future::future::Future<Output = ()>>>>
[INFO] [stdout]   16:     0x5dfc8817ea26 - tokio[53318612674cb902]::runtime::context::runtime::enter_runtime::<<tokio[53318612674cb902]::runtime::scheduler::current_thread::CurrentThread>::block_on<core[a373ad73a504971]::pin::Pin<&mut dyn core[a373ad73a504971]::future::future::Future<Output = ()>>>::{closure#0}, ()>
[INFO] [stdout]   17:     0x5dfc8817c2c6 - <tokio[53318612674cb902]::runtime::runtime::Runtime>::block_on::<core[a373ad73a504971]::pin::Pin<&mut dyn core[a373ad73a504971]::future::future::Future<Output = ()>>>
[INFO] [stdout]   18:     0x5dfc8816c90e - <test_tagger[b4753e84b45555e7]::tests::test_tagger_pos::{closure#0} as core[a373ad73a504971]::ops::function::FnOnce<()>>::call_once
[INFO] [stdout]   19:     0x5dfc881d4ecb - test[aada8e7e76ba119b]::__rust_begin_short_backtrace::<core[a373ad73a504971]::result::Result<(), alloc[2e1b2a31b91974c5]::string::String>, fn() -> core[a373ad73a504971]::result::Result<(), alloc[2e1b2a31b91974c5]::string::String>>
[INFO] [stdout]   20:     0x5dfc881e20a5 - test[aada8e7e76ba119b]::run_test::{closure#0}
[INFO] [stdout]   21:     0x5dfc881db994 - std[617be2ca0a6fd877]::sys::backtrace::__rust_begin_short_backtrace::<test[aada8e7e76ba119b]::run_test::{closure#1}, ()>
[INFO] [stdout]   22:     0x5dfc881e5132 - <std[617be2ca0a6fd877]::thread::lifecycle::spawn_unchecked<test[aada8e7e76ba119b]::run_test::{closure#1}, ()>::{closure#1} as core[a373ad73a504971]::ops::function::FnOnce<()>>::call_once::{shim:vtable#0}
[INFO] [stdout]   23:     0x5dfc88372c4f - <std[617be2ca0a6fd877]::sys::thread::unix::Thread>::new::thread_start
[INFO] [stdout]   24:     0x71103c670dfa - <unknown>
[INFO] [stdout]   25:     0x71103c7043d4 - clone
[INFO] [stdout]   26:                0x0 - <unknown>
[INFO] [stdout] 
[INFO] [stdout] ---- tests::test_tagger_update_custom_dict stdout ----
[INFO] [stdout] 
[INFO] [stdout] thread 'tests::test_tagger_update_custom_dict' (1972) panicked at tests/test_tagger.rs:210:14:
[INFO] [stdout] called `Result::unwrap()` on an `Err` value: TransportError(tonic::transport::Error(Transport, ConnectError(ConnectError("tcp connect error", 127.0.0.1:5656, Os { code: 111, kind: ConnectionRefused, message: "Connection refused" }))))
[INFO] [stdout] stack backtrace:
[INFO] [stdout]    0:     0x5dfc883737a1 - <<std[617be2ca0a6fd877]::sys::backtrace::BacktraceLock>::print::DisplayBacktrace as core[a373ad73a504971]::fmt::Display>::fmt
[INFO] [stdout]    1:     0x5dfc8838a4aa - core[a373ad73a504971]::fmt::write
[INFO] [stdout]    2:     0x5dfc8837815c - <alloc[2e1b2a31b91974c5]::vec::Vec<u8> as core[a373ad73a504971]::io::write::Write>::write_fmt
[INFO] [stdout]    3:     0x5dfc8834e696 - std[617be2ca0a6fd877]::panicking::default_hook::{closure#0}
[INFO] [stdout]    4:     0x5dfc8836b119 - std[617be2ca0a6fd877]::panicking::default_hook
[INFO] [stdout]    5:     0x5dfc881e1a80 - test[aada8e7e76ba119b]::test_main_inner::{closure#0}
[INFO] [stdout]    6:     0x5dfc8836b442 - std[617be2ca0a6fd877]::panicking::panic_with_hook
[INFO] [stdout]    7:     0x5dfc8834e742 - std[617be2ca0a6fd877]::panicking::panic_handler::{closure#0}
[INFO] [stdout]    8:     0x5dfc88347379 - std[617be2ca0a6fd877]::sys::backtrace::__rust_end_short_backtrace::<std[617be2ca0a6fd877]::panicking::panic_handler::{closure#0}, !>
[INFO] [stdout]    9:     0x5dfc8834f53d - __rustc[ea4f61d10b84890b]::rust_begin_unwind
[INFO] [stdout]   10:     0x5dfc8838ac0c - core[a373ad73a504971]::panicking::panic_fmt
[INFO] [stdout]   11:     0x5dfc8838a9e2 - core[a373ad73a504971]::result::unwrap_failed
[INFO] [stdout]   12:     0x5dfc8816926c - test_tagger[b4753e84b45555e7]::tests::test_tagger_update_custom_dict::{closure#0}
[INFO] [stdout]   13:     0x5dfc881bbe23 - <tokio[53318612674cb902]::runtime::scheduler::current_thread::Context>::enter::<core[a373ad73a504971]::task::poll::Poll<()>, <tokio[53318612674cb902]::runtime::scheduler::current_thread::CoreGuard>::block_on<core[a373ad73a504971]::pin::Pin<&mut core[a373ad73a504971]::pin::Pin<&mut dyn core[a373ad73a504971]::future::future::Future<Output = ()>>>>::{closure#0}::{closure#0}>
[INFO] [stdout]   14:     0x5dfc8817cdfc - <tokio[53318612674cb902]::runtime::context::scoped::Scoped<tokio[53318612674cb902]::runtime::scheduler::Context>>::set::<<tokio[53318612674cb902]::runtime::scheduler::current_thread::CoreGuard>::enter<<tokio[53318612674cb902]::runtime::scheduler::current_thread::CoreGuard>::block_on<core[a373ad73a504971]::pin::Pin<&mut core[a373ad73a504971]::pin::Pin<&mut dyn core[a373ad73a504971]::future::future::Future<Output = ()>>>>::{closure#0}, core[a373ad73a504971]::option::Option<()>>::{closure#0}, (alloc[2e1b2a31b91974c5]::boxed::Box<tokio[53318612674cb902]::runtime::scheduler::current_thread::Core>, core[a373ad73a504971]::option::Option<()>)>
[INFO] [stdout]   15:     0x5dfc881bbfc7 - <tokio[53318612674cb902]::runtime::scheduler::current_thread::CoreGuard>::block_on::<core[a373ad73a504971]::pin::Pin<&mut core[a373ad73a504971]::pin::Pin<&mut dyn core[a373ad73a504971]::future::future::Future<Output = ()>>>>
[INFO] [stdout]   16:     0x5dfc8817ea26 - tokio[53318612674cb902]::runtime::context::runtime::enter_runtime::<<tokio[53318612674cb902]::runtime::scheduler::current_thread::CurrentThread>::block_on<core[a373ad73a504971]::pin::Pin<&mut dyn core[a373ad73a504971]::future::future::Future<Output = ()>>>::{closure#0}, ()>
[INFO] [stdout]   17:     0x5dfc8817c2c6 - <tokio[53318612674cb902]::runtime::runtime::Runtime>::block_on::<core[a373ad73a504971]::pin::Pin<&mut dyn core[a373ad73a504971]::future::future::Future<Output = ()>>>
[INFO] [stdout]   18:     0x5dfc8816d89d - <test_tagger[b4753e84b45555e7]::tests::test_tagger_update_custom_dict::{closure#0} as core[a373ad73a504971]::ops::function::FnOnce<()>>::call_once
[INFO] [stdout]   19:     0x5dfc881d4ecb - test[aada8e7e76ba119b]::__rust_begin_short_backtrace::<core[a373ad73a504971]::result::Result<(), alloc[2e1b2a31b91974c5]::string::String>, fn() -> core[a373ad73a504971]::result::Result<(), alloc[2e1b2a31b91974c5]::string::String>>
[INFO] [stdout]   20:     0x5dfc881e20a5 - test[aada8e7e76ba119b]::run_test::{closure#0}
[INFO] [stdout]   21:     0x5dfc881db994 - std[617be2ca0a6fd877]::sys::backtrace::__rust_begin_short_backtrace::<test[aada8e7e76ba119b]::run_test::{closure#1}, ()>
[INFO] [stdout]   22:     0x5dfc881e5132 - <std[617be2ca0a6fd877]::thread::lifecycle::spawn_unchecked<test[aada8e7e76ba119b]::run_test::{closure#1}, ()>::{closure#1} as core[a373ad73a504971]::ops::function::FnOnce<()>>::call_once::{shim:vtable#0}
[INFO] [stdout]   23:     0x5dfc88372c4f - <std[617be2ca0a6fd877]::sys::thread::unix::Thread>::new::thread_start
[INFO] [stdout]   24:     0x71103c670dfa - <unknown>
[INFO] [stdout]   25:     0x71103c7043d4 - clone
[INFO] [stdout]   26:                0x0 - <unknown>
[INFO] [stdout] 
[INFO] [stdout] ---- tests::test_tagger_get_custom_dict_np_set stdout ----
[INFO] [stdout] 
[INFO] [stdout] thread 'tests::test_tagger_get_custom_dict_np_set' (1965) panicked at tests/test_tagger.rs:241:14:
[INFO] [stdout] called `Result::unwrap()` on an `Err` value: TransportError(tonic::transport::Error(Transport, ConnectError(ConnectError("tcp connect error", 127.0.0.1:5656, Os { code: 111, kind: ConnectionRefused, message: "Connection refused" }))))
[INFO] [stdout] stack backtrace:
[INFO] [stdout]    0:     0x5dfc883737a1 - <<std[617be2ca0a6fd877]::sys::backtrace::BacktraceLock>::print::DisplayBacktrace as core[a373ad73a504971]::fmt::Display>::fmt
[INFO] [stdout]    1:     0x5dfc8838a4aa - core[a373ad73a504971]::fmt::write
[INFO] [stdout]    2:     0x5dfc8837815c - <alloc[2e1b2a31b91974c5]::vec::Vec<u8> as core[a373ad73a504971]::io::write::Write>::write_fmt
[INFO] [stdout]    3:     0x5dfc8834e696 - std[617be2ca0a6fd877]::panicking::default_hook::{closure#0}
[INFO] [stdout]    4:     0x5dfc8836b119 - std[617be2ca0a6fd877]::panicking::default_hook
[INFO] [stdout]    5:     0x5dfc881e1a80 - test[aada8e7e76ba119b]::test_main_inner::{closure#0}
[INFO] [stdout]    6:     0x5dfc8836b442 - std[617be2ca0a6fd877]::panicking::panic_with_hook
[INFO] [stdout]    7:     0x5dfc8834e742 - std[617be2ca0a6fd877]::panicking::panic_handler::{closure#0}
[INFO] [stdout]    8:     0x5dfc88347379 - std[617be2ca0a6fd877]::sys::backtrace::__rust_end_short_backtrace::<std[617be2ca0a6fd877]::panicking::panic_handler::{closure#0}, !>
[INFO] [stdout]    9:     0x5dfc8834f53d - __rustc[ea4f61d10b84890b]::rust_begin_unwind
[INFO] [stdout]   10:     0x5dfc8838ac0c - core[a373ad73a504971]::panicking::panic_fmt
[INFO] [stdout]   11:     0x5dfc8838a9e2 - core[a373ad73a504971]::result::unwrap_failed
[INFO] [stdout]   12:     0x5dfc8816ac2f - test_tagger[b4753e84b45555e7]::tests::test_tagger_get_custom_dict_np_set::{closure#0}
[INFO] [stdout]   13:     0x5dfc881bbe23 - <tokio[53318612674cb902]::runtime::scheduler::current_thread::Context>::enter::<core[a373ad73a504971]::task::poll::Poll<()>, <tokio[53318612674cb902]::runtime::scheduler::current_thread::CoreGuard>::block_on<core[a373ad73a504971]::pin::Pin<&mut core[a373ad73a504971]::pin::Pin<&mut dyn core[a373ad73a504971]::future::future::Future<Output = ()>>>>::{closure#0}::{closure#0}>
[INFO] [stdout]   14:     0x5dfc8817cdfc - <tokio[53318612674cb902]::runtime::context::scoped::Scoped<tokio[53318612674cb902]::runtime::scheduler::Context>>::set::<<tokio[53318612674cb902]::runtime::scheduler::current_thread::CoreGuard>::enter<<tokio[53318612674cb902]::runtime::scheduler::current_thread::CoreGuard>::block_on<core[a373ad73a504971]::pin::Pin<&mut core[a373ad73a504971]::pin::Pin<&mut dyn core[a373ad73a504971]::future::future::Future<Output = ()>>>>::{closure#0}, core[a373ad73a504971]::option::Option<()>>::{closure#0}, (alloc[2e1b2a31b91974c5]::boxed::Box<tokio[53318612674cb902]::runtime::scheduler::current_thread::Core>, core[a373ad73a504971]::option::Option<()>)>
[INFO] [stdout]   15:     0x5dfc881bbfc7 - <tokio[53318612674cb902]::runtime::scheduler::current_thread::CoreGuard>::block_on::<core[a373ad73a504971]::pin::Pin<&mut core[a373ad73a504971]::pin::Pin<&mut dyn core[a373ad73a504971]::future::future::Future<Output = ()>>>>
[INFO] [stdout]   16:     0x5dfc8817ea26 - tokio[53318612674cb902]::runtime::context::runtime::enter_runtime::<<tokio[53318612674cb902]::runtime::scheduler::current_thread::CurrentThread>::block_on<core[a373ad73a504971]::pin::Pin<&mut dyn core[a373ad73a504971]::future::future::Future<Output = ()>>>::{closure#0}, ()>
[INFO] [stdout]   17:     0x5dfc8817c2c6 - <tokio[53318612674cb902]::runtime::runtime::Runtime>::block_on::<core[a373ad73a504971]::pin::Pin<&mut dyn core[a373ad73a504971]::future::future::Future<Output = ()>>>
[INFO] [stdout]   18:     0x5dfc8816db5d - <test_tagger[b4753e84b45555e7]::tests::test_tagger_get_custom_dict_np_set::{closure#0} as core[a373ad73a504971]::ops::function::FnOnce<()>>::call_once
[INFO] [stdout]   19:     0x5dfc881d4ecb - test[aada8e7e76ba119b]::__rust_begin_short_backtrace::<core[a373ad73a504971]::result::Result<(), alloc[2e1b2a31b91974c5]::string::String>, fn() -> core[a373ad73a504971]::result::Result<(), alloc[2e1b2a31b91974c5]::string::String>>
[INFO] [stdout]   20:     0x5dfc881e20a5 - test[aada8e7e76ba119b]::run_test::{closure#0}
[INFO] [stdout]   21:     0x5dfc881db994 - std[617be2ca0a6fd877]::sys::backtrace::__rust_begin_short_backtrace::<test[aada8e7e76ba119b]::run_test::{closure#1}, ()>
[INFO] [stdout]   22:     0x5dfc881e5132 - <std[617be2ca0a6fd877]::thread::lifecycle::spawn_unchecked<test[aada8e7e76ba119b]::run_test::{closure#1}, ()>::{closure#1} as core[a373ad73a504971]::ops::function::FnOnce<()>>::call_once::{shim:vtable#0}
[INFO] [stdout]   23:     0x5dfc88372c4f - <std[617be2ca0a6fd877]::sys::thread::unix::Thread>::new::thread_start
[INFO] [stdout]   24:     0x71103c670dfa - <unknown>
[INFO] [stdout]   25:     0x71103c7043d4 - clone
[INFO] [stdout]   26:                0x0 - <unknown>
[INFO] [stdout] 
[INFO] [stdout] ---- tests::test_tagger_morphs stdout ----
[INFO] [stdout] 
[INFO] [stdout] thread 'tests::test_tagger_morphs' (1966) panicked at tests/test_tagger.rs:109:14:
[INFO] [stdout] called `Result::unwrap()` on an `Err` value: TransportError(tonic::transport::Error(Transport, ConnectError(ConnectError("tcp connect error", 127.0.0.1:5656, Os { code: 111, kind: ConnectionRefused, message: "Connection refused" }))))
[INFO] [stdout] stack backtrace:
[INFO] [stdout]    0:     0x5dfc883737a1 - <<std[617be2ca0a6fd877]::sys::backtrace::BacktraceLock>::print::DisplayBacktrace as core[a373ad73a504971]::fmt::Display>::fmt
[INFO] [stdout]    1:     0x5dfc8838a4aa - core[a373ad73a504971]::fmt::write
[INFO] [stdout]    2:     0x5dfc8837815c - <alloc[2e1b2a31b91974c5]::vec::Vec<u8> as core[a373ad73a504971]::io::write::Write>::write_fmt
[INFO] [stdout]    3:     0x5dfc8834e696 - std[617be2ca0a6fd877]::panicking::default_hook::{closure#0}
[INFO] [stdout]    4:     0x5dfc8836b119 - std[617be2ca0a6fd877]::panicking::default_hook
[INFO] [stdout]    5:     0x5dfc881e1a80 - test[aada8e7e76ba119b]::test_main_inner::{closure#0}
[INFO] [stdout]    6:     0x5dfc8836b442 - std[617be2ca0a6fd877]::panicking::panic_with_hook
[INFO] [stdout]    7:     0x5dfc8834e742 - std[617be2ca0a6fd877]::panicking::panic_handler::{closure#0}
[INFO] [stdout]    8:     0x5dfc88347379 - std[617be2ca0a6fd877]::sys::backtrace::__rust_end_short_backtrace::<std[617be2ca0a6fd877]::panicking::panic_handler::{closure#0}, !>
[INFO] [stdout]    9:     0x5dfc8834f53d - __rustc[ea4f61d10b84890b]::rust_begin_unwind
[INFO] [stdout]   10:     0x5dfc8838ac0c - core[a373ad73a504971]::panicking::panic_fmt
[INFO] [stdout]   11:     0x5dfc8838a9e2 - core[a373ad73a504971]::result::unwrap_failed
[INFO] [stdout]   12:     0x5dfc881669af - test_tagger[b4753e84b45555e7]::tests::test_tagger_morphs::{closure#0}
[INFO] [stdout]   13:     0x5dfc881bbe23 - <tokio[53318612674cb902]::runtime::scheduler::current_thread::Context>::enter::<core[a373ad73a504971]::task::poll::Poll<()>, <tokio[53318612674cb902]::runtime::scheduler::current_thread::CoreGuard>::block_on<core[a373ad73a504971]::pin::Pin<&mut core[a373ad73a504971]::pin::Pin<&mut dyn core[a373ad73a504971]::future::future::Future<Output = ()>>>>::{closure#0}::{closure#0}>
[INFO] [stdout]   14:     0x5dfc8817cdfc - <tokio[53318612674cb902]::runtime::context::scoped::Scoped<tokio[53318612674cb902]::runtime::scheduler::Context>>::set::<<tokio[53318612674cb902]::runtime::scheduler::current_thread::CoreGuard>::enter<<tokio[53318612674cb902]::runtime::scheduler::current_thread::CoreGuard>::block_on<core[a373ad73a504971]::pin::Pin<&mut core[a373ad73a504971]::pin::Pin<&mut dyn core[a373ad73a504971]::future::future::Future<Output = ()>>>>::{closure#0}, core[a373ad73a504971]::option::Option<()>>::{closure#0}, (alloc[2e1b2a31b91974c5]::boxed::Box<tokio[53318612674cb902]::runtime::scheduler::current_thread::Core>, core[a373ad73a504971]::option::Option<()>)>
[INFO] [stdout]   15:     0x5dfc881bbfc7 - <tokio[53318612674cb902]::runtime::scheduler::current_thread::CoreGuard>::block_on::<core[a373ad73a504971]::pin::Pin<&mut core[a373ad73a504971]::pin::Pin<&mut dyn core[a373ad73a504971]::future::future::Future<Output = ()>>>>
[INFO] [stdout]   16:     0x5dfc8817ea26 - tokio[53318612674cb902]::runtime::context::runtime::enter_runtime::<<tokio[53318612674cb902]::runtime::scheduler::current_thread::CurrentThread>::block_on<core[a373ad73a504971]::pin::Pin<&mut dyn core[a373ad73a504971]::future::future::Future<Output = ()>>>::{closure#0}, ()>
[INFO] [stdout]   17:     0x5dfc8817c2c6 - <tokio[53318612674cb902]::runtime::runtime::Runtime>::block_on::<core[a373ad73a504971]::pin::Pin<&mut dyn core[a373ad73a504971]::future::future::Future<Output = ()>>>
[INFO] [stdout]   18:     0x5dfc8816ccae - <test_tagger[b4753e84b45555e7]::tests::test_tagger_morphs::{closure#0} as core[a373ad73a504971]::ops::function::FnOnce<()>>::call_once
[INFO] [stdout]   19:     0x5dfc881d4ecb - test[aada8e7e76ba119b]::__rust_begin_short_backtrace::<core[a373ad73a504971]::result::Result<(), alloc[2e1b2a31b91974c5]::string::String>, fn() -> core[a373ad73a504971]::result::Result<(), alloc[2e1b2a31b91974c5]::string::String>>
[INFO] [stdout]   20:     0x5dfc881e20a5 - test[aada8e7e76ba119b]::run_test::{closure#0}
[INFO] [stdout]   21:     0x5dfc881db994 - std[617be2ca0a6fd877]::sys::backtrace::__rust_begin_short_backtrace::<test[aada8e7e76ba119b]::run_test::{closure#1}, ()>
[INFO] [stdout]   22:     0x5dfc881e5132 - <std[617be2ca0a6fd877]::thread::lifecycle::spawn_unchecked<test[aada8e7e76ba119b]::run_test::{closure#1}, ()>::{closure#1} as core[a373ad73a504971]::ops::function::FnOnce<()>>::call_once::{shim:vtable#0}
[INFO] [stdout]   23:     0x5dfc88372c4f - <std[617be2ca0a6fd877]::sys::thread::unix::Thread>::new::thread_start
[INFO] [stdout]   24:     0x71103c670dfa - <unknown>
[INFO] [stdout]   25:     0x71103c7043d4 - clone
[INFO] [stdout]   26:                0x0 - <unknown>
[INFO] [stdout] 
[INFO] [stdout] ---- tests::test_tagger_create_custom_dict stdout ----
[INFO] [stdout] 
[INFO] [stdout] thread 'tests::test_tagger_create_custom_dict' (1962) panicked at tests/test_tagger.rs:201:14:
[INFO] [stdout] called `Result::unwrap()` on an `Err` value: TransportError(tonic::transport::Error(Transport, ConnectError(ConnectError("tcp connect error", 127.0.0.1:5656, Os { code: 111, kind: ConnectionRefused, message: "Connection refused" }))))
[INFO] [stdout] stack backtrace:
[INFO] [stdout]    0:     0x5dfc883737a1 - <<std[617be2ca0a6fd877]::sys::backtrace::BacktraceLock>::print::DisplayBacktrace as core[a373ad73a504971]::fmt::Display>::fmt
[INFO] [stdout]    1:     0x5dfc8838a4aa - core[a373ad73a504971]::fmt::write
[INFO] [stdout]    2:     0x5dfc8837815c - <alloc[2e1b2a31b91974c5]::vec::Vec<u8> as core[a373ad73a504971]::io::write::Write>::write_fmt
[INFO] [stdout]    3:     0x5dfc8834e696 - std[617be2ca0a6fd877]::panicking::default_hook::{closure#0}
[INFO] [stdout]    4:     0x5dfc8836b119 - std[617be2ca0a6fd877]::panicking::default_hook
[INFO] [stdout]    5:     0x5dfc881e1a80 - test[aada8e7e76ba119b]::test_main_inner::{closure#0}
[INFO] [stdout]    6:     0x5dfc8836b442 - std[617be2ca0a6fd877]::panicking::panic_with_hook
[INFO] [stdout]    7:     0x5dfc8834e742 - std[617be2ca0a6fd877]::panicking::panic_handler::{closure#0}
[INFO] [stdout]    8:     0x5dfc88347379 - std[617be2ca0a6fd877]::sys::backtrace::__rust_end_short_backtrace::<std[617be2ca0a6fd877]::panicking::panic_handler::{closure#0}, !>
[INFO] [stdout]    9:     0x5dfc8834f53d - __rustc[ea4f61d10b84890b]::rust_begin_unwind
[INFO] [stdout]   10:     0x5dfc8838ac0c - core[a373ad73a504971]::panicking::panic_fmt
[INFO] [stdout]   11:     0x5dfc8838a9e2 - core[a373ad73a504971]::result::unwrap_failed
[INFO] [stdout]   12:     0x5dfc8816891a - test_tagger[b4753e84b45555e7]::tests::test_tagger_create_custom_dict::{closure#0}
[INFO] [stdout]   13:     0x5dfc881bbe23 - <tokio[53318612674cb902]::runtime::scheduler::current_thread::Context>::enter::<core[a373ad73a504971]::task::poll::Poll<()>, <tokio[53318612674cb902]::runtime::scheduler::current_thread::CoreGuard>::block_on<core[a373ad73a504971]::pin::Pin<&mut core[a373ad73a504971]::pin::Pin<&mut dyn core[a373ad73a504971]::future::future::Future<Output = ()>>>>::{closure#0}::{closure#0}>
[INFO] [stdout]   14:     0x5dfc8817cdfc - <tokio[53318612674cb902]::runtime::context::scoped::Scoped<tokio[53318612674cb902]::runtime::scheduler::Context>>::set::<<tokio[53318612674cb902]::runtime::scheduler::current_thread::CoreGuard>::enter<<tokio[53318612674cb902]::runtime::scheduler::current_thread::CoreGuard>::block_on<core[a373ad73a504971]::pin::Pin<&mut core[a373ad73a504971]::pin::Pin<&mut dyn core[a373ad73a504971]::future::future::Future<Output = ()>>>>::{closure#0}, core[a373ad73a504971]::option::Option<()>>::{closure#0}, (alloc[2e1b2a31b91974c5]::boxed::Box<tokio[53318612674cb902]::runtime::scheduler::current_thread::Core>, core[a373ad73a504971]::option::Option<()>)>
[INFO] [stdout]   15:     0x5dfc881bbfc7 - <tokio[53318612674cb902]::runtime::scheduler::current_thread::CoreGuard>::block_on::<core[a373ad73a504971]::pin::Pin<&mut core[a373ad73a504971]::pin::Pin<&mut dyn core[a373ad73a504971]::future::future::Future<Output = ()>>>>
[INFO] [stdout]   16:     0x5dfc8817ea26 - tokio[53318612674cb902]::runtime::context::runtime::enter_runtime::<<tokio[53318612674cb902]::runtime::scheduler::current_thread::CurrentThread>::block_on<core[a373ad73a504971]::pin::Pin<&mut dyn core[a373ad73a504971]::future::future::Future<Output = ()>>>::{closure#0}, ()>
[INFO] [stdout]   17:     0x5dfc8817c2c6 - <tokio[53318612674cb902]::runtime::runtime::Runtime>::block_on::<core[a373ad73a504971]::pin::Pin<&mut dyn core[a373ad73a504971]::future::future::Future<Output = ()>>>
[INFO] [stdout]   18:     0x5dfc8816d71e - <test_tagger[b4753e84b45555e7]::tests::test_tagger_create_custom_dict::{closure#0} as core[a373ad73a504971]::ops::function::FnOnce<()>>::call_once
[INFO] [stdout]   19:     0x5dfc881d4ecb - test[aada8e7e76ba119b]::__rust_begin_short_backtrace::<core[a373ad73a504971]::result::Result<(), alloc[2e1b2a31b91974c5]::string::String>, fn() -> core[a373ad73a504971]::result::Result<(), alloc[2e1b2a31b91974c5]::string::String>>
[INFO] [stdout]   20:     0x5dfc881e20a5 - test[aada8e7e76ba119b]::run_test::{closure#0}
[INFO] [stdout]   21:     0x5dfc881db994 - std[617be2ca0a6fd877]::sys::backtrace::__rust_begin_short_backtrace::<test[aada8e7e76ba119b]::run_test::{closure#1}, ()>
[INFO] [stdout]   22:     0x5dfc881e5132 - <std[617be2ca0a6fd877]::thread::lifecycle::spawn_unchecked<test[aada8e7e76ba119b]::run_test::{closure#1}, ()>::{closure#1} as core[a373ad73a504971]::ops::function::FnOnce<()>>::call_once::{shim:vtable#0}
[INFO] [stdout]   23:     0x5dfc88372c4f - <std[617be2ca0a6fd877]::sys::thread::unix::Thread>::new::thread_start
[INFO] [stdout]   24:     0x71103c670dfa - <unknown>
[INFO] [stdout]   25:     0x71103c7043d4 - clone
[INFO] [stdout]   26:                0x0 - <unknown>
[INFO] [stdout] 
[INFO] [stdout] 
[INFO] [stdout] failures:
[INFO] [stdout]     tests::test_tagger_create_custom_dict
[INFO] [stdout]     tests::test_tagger_get_custom_dict_cp_caret_set
[INFO] [stdout]     tests::test_tagger_get_custom_dict_cp_set
[INFO] [stdout]     tests::test_tagger_get_custom_dict_np_set
[INFO] [stdout]     tests::test_tagger_morphs
[INFO] [stdout]     tests::test_tagger_nouns
[INFO] [stdout]     tests::test_tagger_pos
[INFO] [stdout]     tests::test_tagger_pos_detail
[INFO] [stdout]     tests::test_tagger_pos_join
[INFO] [stdout]     tests::test_tagger_tag_as_msg
[INFO] [stdout]     tests::test_tagger_update_custom_dict
[INFO] [stdout] 
[INFO] [stdout] test result: FAILED. 1 passed; 11 failed; 1 ignored; 0 measured; 0 filtered out; finished in 0.01s
[INFO] [stdout] 
[INFO] running `Command { std: "docker" "inspect" "663b5412024f261d395144c3b66495a4364f9f155234efb04d93c2941be8e016", kill_on_drop: false }`
[INFO] running `Command { std: "docker" "rm" "-f" "663b5412024f261d395144c3b66495a4364f9f155234efb04d93c2941be8e016", kill_on_drop: false }`
[INFO] [stdout] 663b5412024f261d395144c3b66495a4364f9f155234efb04d93c2941be8e016
