[INFO] cloning repository https://github.com/gear6io/g6
[INFO] running `Command { std: "git" "-c" "credential.helper=" "-c" "credential.helper=/workspace/cargo-home/bin/git-credential-null" "clone" "--bare" "https://github.com/gear6io/g6" "/workspace/cache/git-repos/https%3A%2F%2Fgithub.com%2Fgear6io%2Fg6", kill_on_drop: false }`
[INFO] [stderr] Cloning into bare repository '/workspace/cache/git-repos/https%3A%2F%2Fgithub.com%2Fgear6io%2Fg6'...
[INFO] running `Command { std: "git" "rev-parse" "HEAD", kill_on_drop: false }`
[INFO] [stdout] 401607b284f068775fe5734d086e8f31953d6494
[INFO] testing gear6io/g6 against 1.100.0-beta.1+cargoflags=--release for beta-release-1.100-2
[INFO] running `Command { std: "git" "clone" "/workspace/cache/git-repos/https%3A%2F%2Fgithub.com%2Fgear6io%2Fg6" "/workspace/builds/worker-0-tc2/source", kill_on_drop: false }`
[INFO] [stderr] Cloning into '/workspace/builds/worker-0-tc2/source'...
[INFO] [stderr] done.
[INFO] [stderr] Updating files:  73% (4705/6413)
Updating files:  74% (4746/6413)
Updating files:  75% (4810/6413)
Updating files:  76% (4874/6413)
Updating files:  77% (4939/6413)
Updating files:  78% (5003/6413)
Updating files:  79% (5067/6413)
Updating files:  80% (5131/6413)
Updating files:  81% (5195/6413)
Updating files:  82% (5259/6413)
Updating files:  83% (5323/6413)
Updating files:  84% (5387/6413)
Updating files:  85% (5452/6413)
Updating files:  86% (5516/6413)
Updating files:  87% (5580/6413)
Updating files:  88% (5644/6413)
Updating files:  89% (5708/6413)
Updating files:  90% (5772/6413)
Updating files:  91% (5836/6413)
Updating files:  92% (5900/6413)
Updating files:  93% (5965/6413)
Updating files:  94% (6029/6413)
Updating files:  95% (6093/6413)
Updating files:  96% (6157/6413)
Updating files:  97% (6221/6413)
Updating files:  98% (6285/6413)
Updating files:  99% (6349/6413)
Updating files: 100% (6413/6413)
Updating files: 100% (6413/6413), done.
[INFO] started tweaking git repo https://github.com/gear6io/g6
[INFO] finished tweaking git repo https://github.com/gear6io/g6
[INFO] tweaked toml for git repo https://github.com/gear6io/g6 written to /workspace/builds/worker-0-tc2/source/Cargo.toml
[INFO] validating manifest of git repo https://github.com/gear6io/g6 on toolchain 1.100.0-beta.1
[INFO] running `Command { std: CARGO_HOME="/workspace/cargo-home" RUSTUP_HOME="/workspace/rustup-home" "/workspace/cargo-home/bin/cargo" "+1.100.0-beta.1" "metadata" "--manifest-path" "Cargo.toml" "--no-deps", kill_on_drop: false }`
[INFO] crate git repo https://github.com/gear6io/g6 already has a lockfile, it will not be regenerated
[INFO] running `Command { std: CARGO_HOME="/workspace/cargo-home" RUSTUP_HOME="/workspace/rustup-home" "/workspace/cargo-home/bin/cargo" "+1.100.0-beta.1" "fetch" "--manifest-path" "Cargo.toml", kill_on_drop: false }`
[INFO] running `Command { std: "docker" "create" "-v" "/var/lib/crater-agent-workspace/builds/worker-0-tc2/source:/opt/rustwide/workdir:ro,Z" "-v" "/var/lib/crater-agent-workspace/builds/worker-0-tc2/target:/opt/rustwide/target:rw,Z" "-v" "/var/lib/crater-agent-workspace/cargo-home:/opt/rustwide/cargo-home:ro,Z" "-v" "/var/lib/crater-agent-workspace/rustup-home:/opt/rustwide/rustup-home:ro,Z" "-m" "1610612736" "--network" "none" "ghcr.io/rust-lang/crates-build-env/linux@sha256:77db811e55d90add9212f6832c23229e3de5f1c1f9905e8cb07319ea15df73ac" "sleep" "infinity", kill_on_drop: false }`
[INFO] [stdout] 4e31f3ad0d25fe52926917a8a82c753710969bc3bb0128bdadd74fd482d0a22f
[INFO] running `Command { std: "docker" "start" "4e31f3ad0d25fe52926917a8a82c753710969bc3bb0128bdadd74fd482d0a22f", kill_on_drop: false }`
[INFO] running `Command { std: "docker" "inspect" "4e31f3ad0d25fe52926917a8a82c753710969bc3bb0128bdadd74fd482d0a22f", kill_on_drop: false }`
[INFO] running `Command { std: "docker" "exec" "-e" "SOURCE_DIR=/opt/rustwide/workdir" "-e" "CARGO_HOME=/opt/rustwide/cargo-home" "-e" "RUSTUP_HOME=/opt/rustwide/rustup-home" "-e" "CARGO_TARGET_DIR=/opt/rustwide/target" "-w" "/opt/rustwide/workdir" "--user" "0:0" "4e31f3ad0d25fe52926917a8a82c753710969bc3bb0128bdadd74fd482d0a22f" "/opt/rustwide/cargo-home/bin/cargo" "+1.100.0-beta.1" "metadata" "--no-deps" "--format-version=1", kill_on_drop: false }`
[INFO] running `Command { std: "docker" "inspect" "4e31f3ad0d25fe52926917a8a82c753710969bc3bb0128bdadd74fd482d0a22f", kill_on_drop: false }`
[INFO] running `Command { std: "docker" "exec" "-e" "SOURCE_DIR=/opt/rustwide/workdir" "-e" "CARGO_HOME=/opt/rustwide/cargo-home" "-e" "RUSTUP_HOME=/opt/rustwide/rustup-home" "-e" "CARGO_TARGET_DIR=/opt/rustwide/target" "-e" "CARGO_INCREMENTAL=0" "-e" "RUST_BACKTRACE=full" "-e" "RUSTFLAGS=--cap-lints=warn" "-e" "RUSTDOCFLAGS=--cap-lints=warn" "-w" "/opt/rustwide/workdir" "--user" "0:0" "4e31f3ad0d25fe52926917a8a82c753710969bc3bb0128bdadd74fd482d0a22f" "/opt/rustwide/cargo-home/bin/cargo" "+1.100.0-beta.1" "build" "--frozen" "--message-format=json" "--release", kill_on_drop: false }`
[INFO] [stderr]    Compiling proc-macro2 v1.0.107
[INFO] [stderr]    Compiling quote v1.0.47
[INFO] [stderr]    Compiling unicode-ident v1.0.24
[INFO] [stderr]    Compiling libc v0.2.189
[INFO] [stderr]    Compiling version_check v0.9.5
[INFO] [stderr]    Compiling parking_lot_core v0.9.12
[INFO] [stderr]    Compiling shlex v2.0.1
[INFO] [stderr]    Compiling find-msvc-tools v0.1.9
[INFO] [stderr]    Compiling pkg-config v0.3.33
[INFO] [stderr]    Compiling smallvec v1.15.2
[INFO] [stderr]    Compiling icu_normalizer_data v2.2.0
[INFO] [stderr]    Compiling icu_properties_data v2.2.0
[INFO] [stderr]    Compiling futures-core v0.3.33
[INFO] [stderr]    Compiling pin-project-lite v0.2.17
[INFO] [stderr]    Compiling bytes v1.12.1
[INFO] [stderr]    Compiling lock_api v0.4.14
[INFO] [stderr]    Compiling generic-array v0.14.7
[INFO] [stderr]    Compiling itoa v1.0.18
[INFO] [stderr]    Compiling stable_deref_trait v1.2.1
[INFO] [stderr]    Compiling subtle v2.6.1
[INFO] [stderr]    Compiling crossbeam-utils v0.8.22
[INFO] [stderr]    Compiling serde v1.0.229
[INFO] [stderr]    Compiling futures-sink v0.3.33
[INFO] [stderr]    Compiling typenum v1.20.1
[INFO] [stderr]    Compiling once_cell v1.21.4
[INFO] [stderr]    Compiling log v0.4.33
[INFO] [stderr]    Compiling thiserror v2.0.19
[INFO] [stderr]    Compiling zmij v1.0.23
[INFO] [stderr]    Compiling memchr v2.8.3
[INFO] [stderr]    Compiling dunce v1.0.5
[INFO] [stderr]    Compiling slab v0.4.12
[INFO] [stderr]    Compiling litemap v0.8.2
[INFO] [stderr]    Compiling jobserver v0.1.35
[INFO] [stderr]    Compiling writeable v0.6.3
[INFO] [stderr]    Compiling syn v2.0.119
[INFO] [stderr]    Compiling syn v3.0.3
[INFO] [stderr]    Compiling cc v1.3.0
[INFO] [stderr]    Compiling futures-task v0.3.33
[INFO] [stderr]    Compiling fs_extra v1.3.0
[INFO] [stderr]    Compiling serde_json v1.0.151
[INFO] [stderr]    Compiling autocfg v1.5.1
[INFO] [stderr]    Compiling futures-io v0.3.33
[INFO] [stderr]    Compiling http v1.4.2
[INFO] [stderr]    Compiling tracing-core v0.1.36
[INFO] [stderr]    Compiling errno v0.3.14
[INFO] [stderr]    Compiling signal-hook-registry v1.4.8
[INFO] [stderr]    Compiling parking_lot v0.12.5
[INFO] [stderr]    Compiling mio v1.2.2
[INFO] [stderr]    Compiling socket2 v0.6.5
[INFO] [stderr]    Compiling block-buffer v0.10.4
[INFO] [stderr]    Compiling crypto-common v0.1.7
[INFO] [stderr]    Compiling cmake v0.1.58
[INFO] [stderr]    Compiling num-traits v0.2.19
[INFO] [stderr]    Compiling digest v0.10.7
[INFO] [stderr]    Compiling serde_core v1.0.229
[INFO] [stderr]    Compiling utf8_iter v1.0.4
[INFO] [stderr]    Compiling percent-encoding v2.3.2
[INFO] [stderr]    Compiling aws-lc-sys v0.43.0
[INFO] [stderr]    Compiling vcpkg v0.2.15
[INFO] [stderr]    Compiling cpufeatures v0.2.17
[INFO] [stderr]    Compiling scopeguard v1.2.0
[INFO] [stderr]    Compiling serde_derive v1.0.229
[INFO] [stderr]    Compiling synstructure v0.13.2
[INFO] [stderr]    Compiling thiserror-impl v2.0.19
[INFO] [stderr]    Compiling libsqlite3-sys v0.30.1
[INFO] [stderr]    Compiling cfg-if v1.0.4
[INFO] [stderr]    Compiling httparse v1.10.1
[INFO] [stderr]    Compiling aws-lc-rs v1.17.3
[INFO] [stderr]    Compiling zeroize v1.9.0
[INFO] [stderr]    Compiling form_urlencoded v1.2.2
[INFO] [stderr]    Compiling http-body v1.1.0
[INFO] [stderr]    Compiling equivalent v1.0.2
[INFO] [stderr]    Compiling zerocopy v0.8.55
[INFO] [stderr]    Compiling getrandom v0.3.4
[INFO] [stderr]    Compiling zerofrom-derive v0.1.7
[INFO] [stderr]    Compiling yoke-derive v0.8.2
[INFO] [stderr]    Compiling zerovec-derive v0.11.3
[INFO] [stderr]    Compiling displaydoc v0.2.6
[INFO] [stderr]    Compiling tracing-attributes v0.1.31
[INFO] [stderr]    Compiling tokio-macros v2.7.1
[INFO] [stderr]    Compiling zerofrom v0.1.8
[INFO] [stderr]    Compiling yoke v0.8.3
[INFO] [stderr]    Compiling zerovec v0.11.6
[INFO] [stderr]    Compiling tokio v1.53.1
[INFO] [stderr]    Compiling futures-macro v0.3.33
[INFO] [stderr]    Compiling zerotrie v0.2.4
[INFO] [stderr]    Compiling tinystr v0.8.3
[INFO] [stderr]    Compiling potential_utf v0.1.5
[INFO] [stderr]    Compiling tracing v0.1.44
[INFO] [stderr]    Compiling futures-util v0.3.33
[INFO] [stderr]    Compiling icu_locale_core v2.2.0
[INFO] [stderr]    Compiling icu_collections v2.2.0
[INFO] [stderr]    Compiling rustls-pki-types v1.15.1
[INFO] [stderr]    Compiling futures-channel v0.3.33
[INFO] [stderr]    Compiling icu_provider v2.2.0
[INFO] [stderr]    Compiling foldhash v0.1.5
[INFO] [stderr]    Compiling icu_properties v2.2.0
[INFO] [stderr]    Compiling icu_normalizer v2.2.0
[INFO] [stderr]    Compiling tower-service v0.3.3
[INFO] [stderr]    Compiling base64 v0.22.1
[INFO] [stderr]    Compiling idna_adapter v1.2.2
[INFO] [stderr]    Compiling allocator-api2 v0.2.21
[INFO] [stderr]    Compiling idna v1.1.0
[INFO] [stderr]    Compiling hashbrown v0.15.5
[INFO] [stderr]    Compiling concurrent-queue v2.5.0
[INFO] [stderr]    Compiling crc-catalog v2.5.0
[INFO] [stderr]    Compiling parking v2.2.1
[INFO] [stderr]    Compiling try-lock v0.2.5
[INFO] [stderr]    Compiling rustls v0.23.43
[INFO] [stderr]    Compiling hashbrown v0.17.1
[INFO] [stderr]    Compiling untrusted v0.9.0
[INFO] [stderr]    Compiling want v0.3.1
[INFO] [stderr]    Compiling indexmap v2.14.0
[INFO] [stderr]    Compiling event-listener v5.4.1
[INFO] [stderr]    Compiling crc v3.4.0
[INFO] [stderr]    Compiling sha2 v0.10.9
[INFO] [stderr]    Compiling futures-intrusive v0.5.0
[INFO] [stderr]    Compiling rand_core v0.9.5
[INFO] [stderr]    Compiling hashlink v0.10.0
[INFO] [stderr]    Compiling url v2.5.8
[INFO] [stderr]    Compiling either v1.16.0
[INFO] [stderr]    Compiling crossbeam-queue v0.3.13
[INFO] [stderr]    Compiling spin v0.9.9
[INFO] [stderr]    Compiling sync_wrapper v1.0.2
[INFO] [stderr]    Compiling tower-layer v0.3.3
[INFO] [stderr]    Compiling ryu v1.0.23
[INFO] [stderr]    Compiling httpdate v1.0.3
[INFO] [stderr]    Compiling tokio-stream v0.1.18
[INFO] [stderr]    Compiling atomic-waker v1.1.2
[INFO] [stderr]    Compiling sqlx-core v0.8.6
[INFO] [stderr]    Compiling hyper v1.11.0
[INFO] [stderr]    Compiling ppv-lite86 v0.2.21
[INFO] [stderr]    Compiling rand_chacha v0.9.0
[INFO] [stderr]    Compiling serde_urlencoded v0.7.1
[INFO] [stderr]    Compiling flume v0.11.1
[INFO] [stderr]    Compiling atoi v2.0.0
[INFO] [stderr]    Compiling futures-executor v0.3.33
[INFO] [stderr]    Compiling getrandom v0.2.17
[INFO] [stderr]    Compiling ipnet v2.12.1
[INFO] [stderr]    Compiling hyper-util v0.1.20
[INFO] [stderr]    Compiling rand_core v0.6.4
[INFO] [stderr]    Compiling rand v0.9.5
[INFO] [stderr]    Compiling tower v0.5.3
[INFO] [stderr]    Compiling http-body-util v0.1.4
[INFO] [stderr]    Compiling sha1 v0.10.7
[INFO] [stderr]    Compiling openssl-probe v0.2.1
[INFO] [stderr]    Compiling heck v0.5.0
[INFO] [stderr]    Compiling rand_core v0.10.1
[INFO] [stderr]    Compiling data-encoding v2.11.0
[INFO] [stderr]    Compiling hex v0.4.3
[INFO] [stderr]    Compiling getrandom v0.4.3
[INFO] [stderr]    Compiling dotenvy v0.15.7
[INFO] [stderr]    Compiling siphasher v1.0.3
[INFO] [stderr]    Compiling base64ct v1.8.3
[INFO] [stderr]    Compiling phf_shared v0.13.1
[INFO] [stderr]    Compiling password-hash v0.5.0
[INFO] [stderr]    Compiling tungstenite v0.29.0
[INFO] [stderr]    Compiling rustls-native-certs v0.8.4
[INFO] [stderr]    Compiling blake2 v0.10.6
[INFO] [stderr]    Compiling mime v0.3.17
[INFO] [stderr]    Compiling bitflags v2.13.1
[INFO] [stderr]    Compiling sqlx-sqlite v0.8.6
[INFO] [stderr]    Compiling cpufeatures v0.3.0
[INFO] [stderr]    Compiling chacha20 v0.10.1
[INFO] [stderr]    Compiling tower-http v0.6.11
[INFO] [stderr]    Compiling axum-core v0.5.6
[INFO] [stderr]    Compiling argon2 v0.5.3
[INFO] [stderr]    Compiling tokio-tungstenite v0.29.0
[INFO] [stderr]    Compiling phf v0.13.1
[INFO] [stderr]    Compiling serde_path_to_error v0.1.20
[INFO] [stderr]    Compiling matchit v0.8.4
[INFO] [stderr]    Compiling sqlx-macros-core v0.8.6
[INFO] [stderr]    Compiling axum v0.8.9
[INFO] [stderr]    Compiling emojis v0.9.0
[INFO] [stderr]    Compiling rand v0.10.2
[INFO] [stderr]    Compiling password-auth v1.0.0
[INFO] [stderr]    Compiling sqlx-macros v0.8.6
[INFO] [stderr]    Compiling rustls-webpki v0.103.13
[INFO] [stderr]    Compiling tokio-rustls v0.26.4
[INFO] [stderr]    Compiling rustls-platform-verifier v0.7.0
[INFO] [stderr]    Compiling hyper-rustls v0.27.9
[INFO] [stderr]    Compiling reqwest v0.13.4
[INFO] [stderr]    Compiling sqlx v0.8.6
[INFO] [stderr]    Compiling gear6 v0.1.0 (/opt/rustwide/workdir)
[INFO] [stderr]     Finished `release` profile [optimized] target(s) in 7m 53s
[INFO] running `Command { std: "docker" "inspect" "4e31f3ad0d25fe52926917a8a82c753710969bc3bb0128bdadd74fd482d0a22f", kill_on_drop: false }`
[INFO] running `Command { std: "docker" "exec" "-e" "SOURCE_DIR=/opt/rustwide/workdir" "-e" "CARGO_HOME=/opt/rustwide/cargo-home" "-e" "RUSTUP_HOME=/opt/rustwide/rustup-home" "-e" "CARGO_TARGET_DIR=/opt/rustwide/target" "-e" "CARGO_INCREMENTAL=0" "-e" "RUST_BACKTRACE=full" "-e" "RUSTFLAGS=--cap-lints=warn" "-e" "RUSTDOCFLAGS=--cap-lints=warn" "-w" "/opt/rustwide/workdir" "--user" "0:0" "4e31f3ad0d25fe52926917a8a82c753710969bc3bb0128bdadd74fd482d0a22f" "/opt/rustwide/cargo-home/bin/cargo" "+1.100.0-beta.1" "test" "--frozen" "--no-run" "--message-format=json" "--release", kill_on_drop: false }`
[INFO] [stderr]    Compiling gear6 v0.1.0 (/opt/rustwide/workdir)
[INFO] [stderr]     Finished `release` profile [optimized] target(s) in 52.73s
[INFO] running `Command { std: "docker" "inspect" "4e31f3ad0d25fe52926917a8a82c753710969bc3bb0128bdadd74fd482d0a22f", kill_on_drop: false }`
[INFO] running `Command { std: "docker" "exec" "-e" "SOURCE_DIR=/opt/rustwide/workdir" "-e" "CARGO_HOME=/opt/rustwide/cargo-home" "-e" "RUSTUP_HOME=/opt/rustwide/rustup-home" "-e" "CARGO_TARGET_DIR=/opt/rustwide/target" "-e" "CARGO_INCREMENTAL=0" "-e" "RUST_BACKTRACE=full" "-e" "RUSTFLAGS=--cap-lints=warn" "-e" "RUSTDOCFLAGS=--cap-lints=warn" "-w" "/opt/rustwide/workdir" "--user" "0:0" "4e31f3ad0d25fe52926917a8a82c753710969bc3bb0128bdadd74fd482d0a22f" "/opt/rustwide/cargo-home/bin/cargo" "+1.100.0-beta.1" "test" "--frozen" "--release", kill_on_drop: false }`
[INFO] [stderr]     Finished `release` profile [optimized] target(s) in 0.29s
[INFO] [stderr]      Running unittests src/main.rs (/opt/rustwide/target/release/build/gear6/2d3a873477330f44/out/gear6-2d3a873477330f44)
[INFO] [stdout] 
[INFO] [stdout] running 51 tests
[INFO] [stdout] test cloud::tests::a_milestone_id_is_only_cloud_s_own_entity_shape ... ok
[INFO] [stdout] test cloud::tests::a_configured_but_unusable_url_fails_at_startup - should panic ... ok
[INFO] [stdout] test cloud::tests::absent_parameters_are_omitted_rather_than_sent_empty ... ok
[INFO] [stdout] test cloud::tests::a_path_prefix_survives_the_join ... ok
[INFO] [stdout] test cloud::tests::an_oversized_body_is_refused_rather_than_relayed ... ok
[INFO] [stdout] test cloud::tests::a_milestone_id_that_is_not_the_entity_shape_never_reaches_cloud ... ok
[INFO] [stdout] test cloud::tests::a_browser_supplied_actor_header_is_not_the_one_forwarded ... ok
[INFO] [stdout] test cloud::tests::a_missing_or_merged_milestone_is_relayed_rather_than_flattened ... ok
[INFO] [stdout] test cloud::tests::a_list_page_is_relayed_verbatim_with_only_allowlisted_query ... ok
[INFO] [stdout] test cloud::tests::base_url_is_normalized_to_a_trailing_slash ... ok
[INFO] [stdout] test cloud::tests::base_url_rejects_anything_that_would_change_where_we_call ... ok
[INFO] [stdout] test cloud::tests::an_unreachable_upstream_is_502_not_a_hang ... ok
[INFO] [stdout] test cloud::tests::an_oversized_actor_batch_never_becomes_an_outbound_request ... ok
[INFO] [stdout] test cloud::tests::a_redirect_is_a_gateway_failure_not_a_hop ... ok
[INFO] [stdout] test cloud::tests::an_inbox_route_still_rejects_a_status_only_milestones_may_answer ... ok
[INFO] [stdout] test cloud::tests::missing_configuration_is_not_a_panic ... ok
[INFO] [stdout] test cloud::tests::only_a_header_safe_account_becomes_an_actor ... ok
[INFO] [stdout] test cloud::tests::only_the_allowlisted_parameters_are_forwarded ... ok
[INFO] [stdout] test cloud::tests::an_oversized_resolve_body_never_becomes_an_outbound_request ... ok
[INFO] [stdout] test cloud::tests::list_routes_require_the_existing_backend_auth ... ok
[INFO] [stdout] test cloud::tests::healthz_relays_plain_text_readiness_both_ways ... ok
[INFO] [stdout] test cloud::tests::an_unusable_account_is_rejected_before_cloud_is_called ... ok
[INFO] [stdout] test cloud::tests::the_attention_and_search_routes_forward_only_their_own_parameters ... ok
[INFO] [stdout] test cloud::tests::an_upstream_504_stays_a_bodyless_504 ... ok
[INFO] [stdout] test cloud::tests::the_allowlist_is_the_whole_route_surface ... ok
[INFO] [stdout] test cloud::tests::the_milestone_routes_forward_only_their_own_parameters ... ok
[INFO] [stdout] test cloud::tests::the_actor_reaches_cloud_as_a_header_and_never_as_a_query ... ok
[INFO] [stdout] test cloud::tests::the_actor_resolve_body_reaches_cloud_byte_for_byte ... ok
[INFO] [stdout] test cloud::tests::the_attention_and_search_routes_reach_cloud_with_no_viewer ... ok
[INFO] [stdout] test messages::mentions::tests::decorates_with_resolved_names ... ok
[INFO] [stdout] test messages::mentions::tests::encodes_known_names_only ... ok
[INFO] [stdout] test messages::reactions::tests::every_name_for_an_emoji_resolves_to_the_emoji ... ok
[INFO] [stdout] test cloud::tests::cloud_error_envelopes_keep_their_status_and_code ... ok
[INFO] [stdout] test slack::tests::args_accepts_python_style_booleans ... ok
[INFO] [stdout] test slack::tests::args_accepts_query_form_and_json ... ok
[INFO] [stdout] test slack::tests::ids_and_cursors_round_trip ... ok
[INFO] [stdout] test slack::tests::args_accepts_empty_body_labelled_json ... ok
[INFO] [stdout] test slack::tests::ts_succ_keeps_width_and_order ... ok
[INFO] [stdout] test cloud::tests::the_development_user_directory_is_relayed_unparameterised ... FAILED
[INFO] [stdout] test cloud::tests::the_resolve_body_reaches_cloud_byte_for_byte ... ok
[INFO] [stdout] test cloud::tests::without_configuration_cloud_is_503_and_the_rest_of_the_backend_is_fine ... ok
[INFO] [stdout] test cloud::tests::the_milestone_routes_send_no_viewer_at_all ... ok
[INFO] [stdout] test cloud::tests::malformed_and_mistyped_bodies_are_rejected ... ok
[INFO] [stdout] test cloud::tests::resolve_relays_the_statuses_only_it_can_answer ... ok
[INFO] [stdout] test tests::channel_metadata_and_lifecycle ... ok
[INFO] [stdout] test tests::end_to_end ... ok
[INFO] [stdout] test tests::user_profile_presence_and_email ... ok
[INFO] [stdout] test tests::history_is_newest_first_and_cursor_walks_backward ... ok
[INFO] [stdout] test tests::channel_membership ... ok
[INFO] [stdout] test tests::message_update_and_delete ... ok
[INFO] [stdout] test tests::reactions_add_remove_and_decorate ... ok
[INFO] [stdout] 
[INFO] [stdout] failures:
[INFO] [stdout] 
[INFO] [stdout] ---- cloud::tests::the_development_user_directory_is_relayed_unparameterised stdout ----
[INFO] [stdout] 
[INFO] [stdout] thread 'cloud::tests::the_development_user_directory_is_relayed_unparameterised' (4921) panicked at src/cloud.rs:1481:9:
[INFO] [stdout] assertion `left == right` failed
[INFO] [stdout]   left: 404
[INFO] [stdout]  right: 200
[INFO] [stdout] stack backtrace:
[INFO] [stdout]    0:     0x5f978179c6e1 - <<std[617be2ca0a6fd877]::sys::backtrace::BacktraceLock>::print::DisplayBacktrace as core[a373ad73a504971]::fmt::Display>::fmt
[INFO] [stdout]    1:     0x5f97817b4f6a - core[a373ad73a504971]::fmt::write
[INFO] [stdout]    2:     0x5f97817a175c - <alloc[2e1b2a31b91974c5]::vec::Vec<u8> as core[a373ad73a504971]::io::write::Write>::write_fmt
[INFO] [stdout]    3:     0x5f9781776bc6 - std[617be2ca0a6fd877]::panicking::default_hook::{closure#0}
[INFO] [stdout]    4:     0x5f9781793cd9 - std[617be2ca0a6fd877]::panicking::default_hook
[INFO] [stdout]    5:     0x5f978115f450 - test[aada8e7e76ba119b]::test_main_inner::{closure#0}
[INFO] [stdout]    6:     0x5f9781794002 - std[617be2ca0a6fd877]::panicking::panic_with_hook
[INFO] [stdout]    7:     0x5f9781776c72 - std[617be2ca0a6fd877]::panicking::panic_handler::{closure#0}
[INFO] [stdout]    8:     0x5f978176f809 - std[617be2ca0a6fd877]::sys::backtrace::__rust_end_short_backtrace::<std[617be2ca0a6fd877]::panicking::panic_handler::{closure#0}, !>
[INFO] [stdout]    9:     0x5f9781777a6d - __rustc[ea4f61d10b84890b]::rust_begin_unwind
[INFO] [stdout]   10:     0x5f97817b56cc - core[a373ad73a504971]::panicking::panic_fmt
[INFO] [stdout]   11:     0x5f97817b55e3 - core[a373ad73a504971]::panicking::assert_failed_inner
[INFO] [stdout]   12:     0x5f97810aecd2 - core[a373ad73a504971]::panicking::assert_failed::<http[ab5f2ccc1d1e872c]::status::StatusCode, http[ab5f2ccc1d1e872c]::status::StatusCode>
[INFO] [stdout]   13:     0x5f9780f9ed65 - gear6[f820f709021442dd]::cloud::tests::the_development_user_directory_is_relayed_unparameterised::{closure#0}
[INFO] [stdout]   14:     0x5f97810de30a - <tokio[59b0c44ecdb25b6e]::runtime::context::scoped::Scoped<tokio[59b0c44ecdb25b6e]::runtime::scheduler::Context>>::set::<<tokio[59b0c44ecdb25b6e]::runtime::scheduler::current_thread::CoreGuard>::enter<<tokio[59b0c44ecdb25b6e]::runtime::scheduler::current_thread::CoreGuard>::block_on<core[a373ad73a504971]::pin::Pin<&mut core[a373ad73a504971]::pin::Pin<&mut dyn core[a373ad73a504971]::future::future::Future<Output = ()>>>>::{closure#0}, core[a373ad73a504971]::option::Option<()>>::{closure#0}, (alloc[2e1b2a31b91974c5]::boxed::Box<tokio[59b0c44ecdb25b6e]::runtime::scheduler::current_thread::Core>, core[a373ad73a504971]::option::Option<()>)>
[INFO] [stdout]   15:     0x5f97810de9a3 - <tokio[59b0c44ecdb25b6e]::runtime::scheduler::current_thread::CurrentThread>::block_on::<core[a373ad73a504971]::pin::Pin<&mut dyn core[a373ad73a504971]::future::future::Future<Output = ()>>>
[INFO] [stdout]   16:     0x5f97811138a2 - <tokio[59b0c44ecdb25b6e]::runtime::runtime::Runtime>::block_on::<core[a373ad73a504971]::pin::Pin<&mut dyn core[a373ad73a504971]::future::future::Future<Output = ()>>>
[INFO] [stdout]   17:     0x5f9780faaf1e - <gear6[f820f709021442dd]::cloud::tests::the_development_user_directory_is_relayed_unparameterised::{closure#0} as core[a373ad73a504971]::ops::function::FnOnce<()>>::call_once
[INFO] [stdout]   18:     0x5f978115289b - test[aada8e7e76ba119b]::__rust_begin_short_backtrace::<core[a373ad73a504971]::result::Result<(), alloc[2e1b2a31b91974c5]::string::String>, fn() -> core[a373ad73a504971]::result::Result<(), alloc[2e1b2a31b91974c5]::string::String>>
[INFO] [stdout]   19:     0x5f978115fa75 - test[aada8e7e76ba119b]::run_test::{closure#0}
[INFO] [stdout]   20:     0x5f9781159364 - std[617be2ca0a6fd877]::sys::backtrace::__rust_begin_short_backtrace::<test[aada8e7e76ba119b]::run_test::{closure#1}, ()>
[INFO] [stdout]   21:     0x5f9781162b02 - <std[617be2ca0a6fd877]::thread::lifecycle::spawn_unchecked<test[aada8e7e76ba119b]::run_test::{closure#1}, ()>::{closure#1} as core[a373ad73a504971]::ops::function::FnOnce<()>>::call_once::{shim:vtable#0}
[INFO] [stdout]   22:     0x5f978179bb8f - <std[617be2ca0a6fd877]::sys::thread::unix::Thread>::new::thread_start
[INFO] [stdout]   23:     0x7ab04c849dfa - <unknown>
[INFO] [stdout]   24:     0x7ab04c8dd3d4 - clone
[INFO] [stdout]   25:                0x0 - <unknown>
[INFO] [stdout] 
[INFO] [stdout] 
[INFO] [stdout] failures:
[INFO] [stdout]     cloud::tests::the_development_user_directory_is_relayed_unparameterised
[INFO] [stdout] 
[INFO] [stdout] test result: FAILED. 50 passed; 1 failed; 0 ignored; 0 measured; 0 filtered out; finished in 2.79s
[INFO] [stdout] 
[INFO] [stderr] error: test failed, to rerun pass `--bin gear6`
[INFO] running `Command { std: "docker" "inspect" "4e31f3ad0d25fe52926917a8a82c753710969bc3bb0128bdadd74fd482d0a22f", kill_on_drop: false }`
[INFO] running `Command { std: "docker" "rm" "-f" "4e31f3ad0d25fe52926917a8a82c753710969bc3bb0128bdadd74fd482d0a22f", kill_on_drop: false }`
[INFO] [stdout] 4e31f3ad0d25fe52926917a8a82c753710969bc3bb0128bdadd74fd482d0a22f
