[INFO] cloning repository https://github.com/gb10udn/remove_comment_rs
[INFO] running `Command { std: "git" "-c" "credential.helper=" "-c" "credential.helper=/workspace/cargo-home/bin/git-credential-null" "clone" "--bare" "https://github.com/gb10udn/remove_comment_rs" "/workspace/cache/git-repos/https%3A%2F%2Fgithub.com%2Fgb10udn%2Fremove_comment_rs", kill_on_drop: false }`
[INFO] [stderr] Cloning into bare repository '/workspace/cache/git-repos/https%3A%2F%2Fgithub.com%2Fgb10udn%2Fremove_comment_rs'...
[INFO] running `Command { std: "git" "rev-parse" "HEAD", kill_on_drop: false }`
[INFO] [stdout] 63875e440e78da815b42399768daae61ae1a1714
[INFO] testing gb10udn/remove_comment_rs against 1.100.0-beta.1+cargoflags=--release for beta-release-1.100-2
[INFO] running `Command { std: "git" "clone" "/workspace/cache/git-repos/https%3A%2F%2Fgithub.com%2Fgb10udn%2Fremove_comment_rs" "/workspace/builds/worker-4-tc2/source", kill_on_drop: false }`
[INFO] [stderr] Cloning into '/workspace/builds/worker-4-tc2/source'...
[INFO] [stderr] done.
[INFO] started tweaking git repo https://github.com/gb10udn/remove_comment_rs
[INFO] finished tweaking git repo https://github.com/gb10udn/remove_comment_rs
[INFO] tweaked toml for git repo https://github.com/gb10udn/remove_comment_rs written to /workspace/builds/worker-4-tc2/source/Cargo.toml
[INFO] validating manifest of git repo https://github.com/gb10udn/remove_comment_rs on toolchain 1.100.0-beta.1
[INFO] running `Command { std: CARGO_HOME="/workspace/cargo-home" RUSTUP_HOME="/workspace/rustup-home" "/workspace/cargo-home/bin/cargo" "+1.100.0-beta.1" "metadata" "--manifest-path" "Cargo.toml" "--no-deps", kill_on_drop: false }`
[INFO] crate git repo https://github.com/gb10udn/remove_comment_rs already has a lockfile, it will not be regenerated
[INFO] running `Command { std: CARGO_HOME="/workspace/cargo-home" RUSTUP_HOME="/workspace/rustup-home" "/workspace/cargo-home/bin/cargo" "+1.100.0-beta.1" "fetch" "--manifest-path" "Cargo.toml", kill_on_drop: false }`
[INFO] [stderr]     Blocking waiting for file lock on package cache
[INFO] running `Command { std: "docker" "create" "-v" "/var/lib/crater-agent-workspace/builds/worker-4-tc2/source:/opt/rustwide/workdir:ro,Z" "-v" "/var/lib/crater-agent-workspace/builds/worker-4-tc2/target:/opt/rustwide/target:rw,Z" "-v" "/var/lib/crater-agent-workspace/cargo-home:/opt/rustwide/cargo-home:ro,Z" "-v" "/var/lib/crater-agent-workspace/rustup-home:/opt/rustwide/rustup-home:ro,Z" "-m" "1610612736" "--network" "none" "ghcr.io/rust-lang/crates-build-env/linux@sha256:77db811e55d90add9212f6832c23229e3de5f1c1f9905e8cb07319ea15df73ac" "sleep" "infinity", kill_on_drop: false }`
[INFO] [stdout] 6abc5a931681d32123633618bd3f593bab266ef0588c4926aa49c50e773c5af0
[INFO] running `Command { std: "docker" "start" "6abc5a931681d32123633618bd3f593bab266ef0588c4926aa49c50e773c5af0", kill_on_drop: false }`
[INFO] running `Command { std: "docker" "inspect" "6abc5a931681d32123633618bd3f593bab266ef0588c4926aa49c50e773c5af0", kill_on_drop: false }`
[INFO] running `Command { std: "docker" "exec" "-e" "SOURCE_DIR=/opt/rustwide/workdir" "-e" "CARGO_HOME=/opt/rustwide/cargo-home" "-e" "RUSTUP_HOME=/opt/rustwide/rustup-home" "-e" "CARGO_TARGET_DIR=/opt/rustwide/target" "-w" "/opt/rustwide/workdir" "--user" "0:0" "6abc5a931681d32123633618bd3f593bab266ef0588c4926aa49c50e773c5af0" "/opt/rustwide/cargo-home/bin/cargo" "+1.100.0-beta.1" "metadata" "--no-deps" "--format-version=1", kill_on_drop: false }`
[INFO] running `Command { std: "docker" "inspect" "6abc5a931681d32123633618bd3f593bab266ef0588c4926aa49c50e773c5af0", kill_on_drop: false }`
[INFO] running `Command { std: "docker" "exec" "-e" "SOURCE_DIR=/opt/rustwide/workdir" "-e" "CARGO_HOME=/opt/rustwide/cargo-home" "-e" "RUSTUP_HOME=/opt/rustwide/rustup-home" "-e" "CARGO_TARGET_DIR=/opt/rustwide/target" "-e" "CARGO_INCREMENTAL=0" "-e" "RUST_BACKTRACE=full" "-e" "RUSTFLAGS=--cap-lints=warn" "-e" "RUSTDOCFLAGS=--cap-lints=warn" "-w" "/opt/rustwide/workdir" "--user" "0:0" "6abc5a931681d32123633618bd3f593bab266ef0588c4926aa49c50e773c5af0" "/opt/rustwide/cargo-home/bin/cargo" "+1.100.0-beta.1" "build" "--frozen" "--message-format=json" "--release", kill_on_drop: false }`
[INFO] [stderr]    Compiling proc-macro2 v1.0.78
[INFO] [stderr]    Compiling utf8parse v0.2.1
[INFO] [stderr]    Compiling anstyle-query v1.0.2
[INFO] [stderr]    Compiling colorchoice v1.0.0
[INFO] [stderr]    Compiling memchr v2.7.1
[INFO] [stderr]    Compiling serde v1.0.197
[INFO] [stderr]    Compiling anstyle v1.0.6
[INFO] [stderr]    Compiling serde_json v1.0.114
[INFO] [stderr]    Compiling clap_lex v0.7.0
[INFO] [stderr]    Compiling strsim v0.11.0
[INFO] [stderr]    Compiling heck v0.4.1
[INFO] [stderr]    Compiling same-file v1.0.6
[INFO] [stderr]    Compiling ryu v1.0.17
[INFO] [stderr]    Compiling encoding_rs v0.8.33
[INFO] [stderr]    Compiling anstyle-parse v0.2.3
[INFO] [stderr]    Compiling walkdir v2.4.0
[INFO] [stderr]    Compiling anstream v0.6.12
[INFO] [stderr]    Compiling clap_builder v4.5.1
[INFO] [stderr]    Compiling quote v1.0.35
[INFO] [stderr]    Compiling syn v2.0.49
[INFO] [stderr]    Compiling aho-corasick v1.1.2
[INFO] [stderr]    Compiling regex-automata v0.4.5
[INFO] [stderr]    Compiling serde_derive v1.0.197
[INFO] [stderr]    Compiling clap_derive v4.5.0
[INFO] [stderr]    Compiling clap v4.5.1
[INFO] [stderr]    Compiling regex v1.10.3
[INFO] [stderr]    Compiling remove_comment_rs v0.1.0 (/opt/rustwide/workdir)
[INFO] [stderr]     Finished `release` profile [optimized] target(s) in 40.65s
[INFO] running `Command { std: "docker" "inspect" "6abc5a931681d32123633618bd3f593bab266ef0588c4926aa49c50e773c5af0", kill_on_drop: false }`
[INFO] running `Command { std: "docker" "exec" "-e" "SOURCE_DIR=/opt/rustwide/workdir" "-e" "CARGO_HOME=/opt/rustwide/cargo-home" "-e" "RUSTUP_HOME=/opt/rustwide/rustup-home" "-e" "CARGO_TARGET_DIR=/opt/rustwide/target" "-e" "CARGO_INCREMENTAL=0" "-e" "RUST_BACKTRACE=full" "-e" "RUSTFLAGS=--cap-lints=warn" "-e" "RUSTDOCFLAGS=--cap-lints=warn" "-w" "/opt/rustwide/workdir" "--user" "0:0" "6abc5a931681d32123633618bd3f593bab266ef0588c4926aa49c50e773c5af0" "/opt/rustwide/cargo-home/bin/cargo" "+1.100.0-beta.1" "test" "--frozen" "--no-run" "--message-format=json" "--release", kill_on_drop: false }`
[INFO] [stderr]    Compiling remove_comment_rs v0.1.0 (/opt/rustwide/workdir)
[INFO] [stderr]     Finished `release` profile [optimized] target(s) in 1.85s
[INFO] running `Command { std: "docker" "inspect" "6abc5a931681d32123633618bd3f593bab266ef0588c4926aa49c50e773c5af0", kill_on_drop: false }`
[INFO] running `Command { std: "docker" "exec" "-e" "SOURCE_DIR=/opt/rustwide/workdir" "-e" "CARGO_HOME=/opt/rustwide/cargo-home" "-e" "RUSTUP_HOME=/opt/rustwide/rustup-home" "-e" "CARGO_TARGET_DIR=/opt/rustwide/target" "-e" "CARGO_INCREMENTAL=0" "-e" "RUST_BACKTRACE=full" "-e" "RUSTFLAGS=--cap-lints=warn" "-e" "RUSTDOCFLAGS=--cap-lints=warn" "-w" "/opt/rustwide/workdir" "--user" "0:0" "6abc5a931681d32123633618bd3f593bab266ef0588c4926aa49c50e773c5af0" "/opt/rustwide/cargo-home/bin/cargo" "+1.100.0-beta.1" "test" "--frozen" "--release", kill_on_drop: false }`
[INFO] [stderr]     Finished `release` profile [optimized] target(s) in 0.08s
[INFO] [stderr]      Running unittests src/main.rs (/opt/rustwide/target/release/build/remove_comment_rs/f9b62667a2876da4/out/remove_comment_rs-f9b62667a2876da4)
[INFO] [stdout] 
[INFO] [stdout] running 12 tests
[INFO] [stdout] test opf::text::tests::test_force_read_as_shift_jis ... ok
[INFO] [stdout] test opf::text::tests::test_encoding_rs_shift_jis ... FAILED
[INFO] [stdout] test tests::test_retrieve_transfer_info_vec ... FAILED
[INFO] [stdout] test opf::text::tests::test_open_file2 ... ok
[INFO] [stdout] test opf::text::tests::test_open_file ... ok
[INFO] [stdout] test tests::test_obtain_proc_type ... ok
[INFO] [stdout] test rmc::py::tests::test_remove_multiline_comment ... ok
[INFO] [stdout] test rmc::ps::tests::test_remove_multiline_comment_as_utf8 ... ok
[INFO] [stdout] test rmc::ps::tests::test_remove_comment_1 ... ok
[INFO] [stdout] test rmc::ps::tests::test_remove_multiline_comment_as_shift_jis ... ok
[INFO] [stdout] test rmc::py::tests::test_remove_comment ... ok
[INFO] [stdout] test rmc::ps::tests::test_remove_comment_2 ... ok
[INFO] [stdout] 
[INFO] [stdout] failures:
[INFO] [stdout] 
[INFO] [stdout] ---- opf::text::tests::test_encoding_rs_shift_jis stdout ----
[INFO] [stdout] 
[INFO] [stdout] thread 'opf::text::tests::test_encoding_rs_shift_jis' (732) panicked at src/opf/text.rs:100:9:
[INFO] [stdout] assertion `left == right` failed
[INFO] [stdout]   left: "Set-Location ($PSScriptRoot)\n\nFunction test() {\n    <#\n    Shift-jis のつもりで書いたコードです。\n    #>\n    try {\n        Write-Output 'This is test !!'\n    } catch {\n        Write-Host $_  # INFO: remove me\n    }\n}"
[INFO] [stdout]  right: "Set-Location ($PSScriptRoot)\r\n\r\nFunction test() {\r\n    <#\r\n    Shift-jis のつもりで書いたコードです。\r\n    #>\r\n    try {\r\n        Write-Output 'This is test !!'\r\n    } catch {\r\n        Write-Host $_  # INFO: remove me\r\n    }\r\n}"
[INFO] [stdout] stack backtrace:
[INFO] [stdout]    0:     0x60d30e4a4061 - <<std[617be2ca0a6fd877]::sys::backtrace::BacktraceLock>::print::DisplayBacktrace as core[a373ad73a504971]::fmt::Display>::fmt
[INFO] [stdout]    1:     0x60d30e4b9aca - core[a373ad73a504971]::fmt::write
[INFO] [stdout]    2:     0x60d30e4a856c - <alloc[2e1b2a31b91974c5]::vec::Vec<u8> as core[a373ad73a504971]::io::write::Write>::write_fmt
[INFO] [stdout]    3:     0x60d30e47f696 - std[617be2ca0a6fd877]::panicking::default_hook::{closure#0}
[INFO] [stdout]    4:     0x60d30e49c059 - std[617be2ca0a6fd877]::panicking::default_hook
[INFO] [stdout]    5:     0x60d30e369100 - test[aada8e7e76ba119b]::test_main_inner::{closure#0}
[INFO] [stdout]    6:     0x60d30e49c212 - std[617be2ca0a6fd877]::panicking::panic_with_hook
[INFO] [stdout]    7:     0x60d30e47f742 - std[617be2ca0a6fd877]::panicking::panic_handler::{closure#0}
[INFO] [stdout]    8:     0x60d30e478229 - std[617be2ca0a6fd877]::sys::backtrace::__rust_end_short_backtrace::<std[617be2ca0a6fd877]::panicking::panic_handler::{closure#0}, !>
[INFO] [stdout]    9:     0x60d30e48034d - __rustc[ea4f61d10b84890b]::rust_begin_unwind
[INFO] [stdout]   10:     0x60d30e4ba2ac - core[a373ad73a504971]::panicking::panic_fmt
[INFO] [stdout]   11:     0x60d30e4ba1c3 - core[a373ad73a504971]::panicking::assert_failed_inner
[INFO] [stdout]   12:     0x60d30e34dac7 - core[a373ad73a504971]::panicking::assert_failed::<alloc[2e1b2a31b91974c5]::string::String, alloc[2e1b2a31b91974c5]::string::String>
[INFO] [stdout]   13:     0x60d30e354eb4 - <remove_comment_rs[c173c9a202e8eb8d]::opf::text::tests::test_encoding_rs_shift_jis::{closure#0} as core[a373ad73a504971]::ops::function::FnOnce<()>>::call_once
[INFO] [stdout]   14:     0x60d30e35c54b - test[aada8e7e76ba119b]::__rust_begin_short_backtrace::<core[a373ad73a504971]::result::Result<(), alloc[2e1b2a31b91974c5]::string::String>, fn() -> core[a373ad73a504971]::result::Result<(), alloc[2e1b2a31b91974c5]::string::String>>
[INFO] [stdout]   15:     0x60d30e369725 - test[aada8e7e76ba119b]::run_test::{closure#0}
[INFO] [stdout]   16:     0x60d30e363014 - std[617be2ca0a6fd877]::sys::backtrace::__rust_begin_short_backtrace::<test[aada8e7e76ba119b]::run_test::{closure#1}, ()>
[INFO] [stdout]   17:     0x60d30e36c7b2 - <std[617be2ca0a6fd877]::thread::lifecycle::spawn_unchecked<test[aada8e7e76ba119b]::run_test::{closure#1}, ()>::{closure#1} as core[a373ad73a504971]::ops::function::FnOnce<()>>::call_once::{shim:vtable#0}
[INFO] [stdout]   18:     0x60d30e4a35af - <std[617be2ca0a6fd877]::sys::thread::unix::Thread>::new::thread_start
[INFO] [stdout]   19:     0x7314e4f3cdfa - <unknown>
[INFO] [stdout]   20:     0x7314e4fd03d4 - clone
[INFO] [stdout]   21:                0x0 - <unknown>
[INFO] [stdout] 
[INFO] [stdout] ---- tests::test_retrieve_transfer_info_vec stdout ----
[INFO] [stdout] 
[INFO] [stdout] thread 'tests::test_retrieve_transfer_info_vec' (743) panicked at src/main.rs:245:9:
[INFO] [stdout] assertion `left == right` failed
[INFO] [stdout]   left: []
[INFO] [stdout]  right: [TransferInfo { src: ".\\misc\\piyo\\sample_002.py", dst: ".\\dst_rmc\\piyo\\sample_002.py", proc_type: Py }, TransferInfo { src: ".\\misc\\sample_001.py", dst: ".\\dst_rmc\\sample_001.py", proc_type: Py }]
[INFO] [stdout] stack backtrace:
[INFO] [stdout]    0:     0x60d30e4a4061 - <<std[617be2ca0a6fd877]::sys::backtrace::BacktraceLock>::print::DisplayBacktrace as core[a373ad73a504971]::fmt::Display>::fmt
[INFO] [stdout]    1:     0x60d30e4b9aca - core[a373ad73a504971]::fmt::write
[INFO] [stdout]    2:     0x60d30e4a856c - <alloc[2e1b2a31b91974c5]::vec::Vec<u8> as core[a373ad73a504971]::io::write::Write>::write_fmt
[INFO] [stdout]    3:     0x60d30e47f696 - std[617be2ca0a6fd877]::panicking::default_hook::{closure#0}
[INFO] [stdout]    4:     0x60d30e49c059 - std[617be2ca0a6fd877]::panicking::default_hook
[INFO] [stdout]    5:     0x60d30e369100 - test[aada8e7e76ba119b]::test_main_inner::{closure#0}
[INFO] [stdout]    6:     0x60d30e49c212 - std[617be2ca0a6fd877]::panicking::panic_with_hook
[INFO] [stdout]    7:     0x60d30e47f742 - std[617be2ca0a6fd877]::panicking::panic_handler::{closure#0}
[INFO] [stdout]    8:     0x60d30e478229 - std[617be2ca0a6fd877]::sys::backtrace::__rust_end_short_backtrace::<std[617be2ca0a6fd877]::panicking::panic_handler::{closure#0}, !>
[INFO] [stdout]    9:     0x60d30e48034d - __rustc[ea4f61d10b84890b]::rust_begin_unwind
[INFO] [stdout]   10:     0x60d30e4ba2ac - core[a373ad73a504971]::panicking::panic_fmt
[INFO] [stdout]   11:     0x60d30e4ba1c3 - core[a373ad73a504971]::panicking::assert_failed_inner
[INFO] [stdout]   12:     0x60d30e34da61 - core[a373ad73a504971]::panicking::assert_failed::<alloc[2e1b2a31b91974c5]::vec::Vec<remove_comment_rs[c173c9a202e8eb8d]::TransferInfo>, alloc[2e1b2a31b91974c5]::vec::Vec<remove_comment_rs[c173c9a202e8eb8d]::TransferInfo>>
[INFO] [stdout]   13:     0x60d30e34d452 - <remove_comment_rs[c173c9a202e8eb8d]::tests::test_retrieve_transfer_info_vec::{closure#0} as core[a373ad73a504971]::ops::function::FnOnce<()>>::call_once
[INFO] [stdout]   14:     0x60d30e35c54b - test[aada8e7e76ba119b]::__rust_begin_short_backtrace::<core[a373ad73a504971]::result::Result<(), alloc[2e1b2a31b91974c5]::string::String>, fn() -> core[a373ad73a504971]::result::Result<(), alloc[2e1b2a31b91974c5]::string::String>>
[INFO] [stdout]   15:     0x60d30e369725 - test[aada8e7e76ba119b]::run_test::{closure#0}
[INFO] [stdout]   16:     0x60d30e363014 - std[617be2ca0a6fd877]::sys::backtrace::__rust_begin_short_backtrace::<test[aada8e7e76ba119b]::run_test::{closure#1}, ()>
[INFO] [stdout]   17:     0x60d30e36c7b2 - <std[617be2ca0a6fd877]::thread::lifecycle::spawn_unchecked<test[aada8e7e76ba119b]::run_test::{closure#1}, ()>::{closure#1} as core[a373ad73a504971]::ops::function::FnOnce<()>>::call_once::{shim:vtable#0}
[INFO] [stdout]   18:     0x60d30e4a35af - <std[617be2ca0a6fd877]::sys::thread::unix::Thread>::new::thread_start
[INFO] [stdout]   19:     0x7314e4f3cdfa - <unknown>
[INFO] [stdout]   20:     0x7314e4fd03d4 - clone
[INFO] [stdout]   21:                0x0 - <unknown>
[INFO] [stdout] 
[INFO] [stdout] 
[INFO] [stdout] failures:
[INFO] [stdout]     opf::text::tests::test_encoding_rs_shift_jis
[INFO] [stdout]     tests::test_retrieve_transfer_info_vec
[INFO] [stdout] 
[INFO] [stdout] test result: FAILED. 10 passed; 2 failed; 0 ignored; 0 measured; 0 filtered out; finished in 0.02s
[INFO] [stdout] 
[INFO] [stderr] error: test failed, to rerun pass `--bin remove_comment_rs`
[INFO] running `Command { std: "docker" "inspect" "6abc5a931681d32123633618bd3f593bab266ef0588c4926aa49c50e773c5af0", kill_on_drop: false }`
[INFO] running `Command { std: "docker" "rm" "-f" "6abc5a931681d32123633618bd3f593bab266ef0588c4926aa49c50e773c5af0", kill_on_drop: false }`
[INFO] [stdout] 6abc5a931681d32123633618bd3f593bab266ef0588c4926aa49c50e773c5af0
