[INFO] cloning repository https://github.com/gabrielkryss/rust-message-queue
[INFO] running `Command { std: "git" "-c" "credential.helper=" "-c" "credential.helper=/workspace/cargo-home/bin/git-credential-null" "clone" "--bare" "https://github.com/gabrielkryss/rust-message-queue" "/workspace/cache/git-repos/https%3A%2F%2Fgithub.com%2Fgabrielkryss%2Frust-message-queue", kill_on_drop: false }`
[INFO] [stderr] Cloning into bare repository '/workspace/cache/git-repos/https%3A%2F%2Fgithub.com%2Fgabrielkryss%2Frust-message-queue'...
[INFO] running `Command { std: "git" "rev-parse" "HEAD", kill_on_drop: false }`
[INFO] [stdout] af381d069d4d5f724e89e87cf8c0627c0a2af07f
[INFO] testing gabrielkryss/rust-message-queue against 1.100.0-beta.1+cargoflags=--release for beta-release-1.100-2
[INFO] running `Command { std: "git" "clone" "/workspace/cache/git-repos/https%3A%2F%2Fgithub.com%2Fgabrielkryss%2Frust-message-queue" "/workspace/builds/worker-3-tc2/source", kill_on_drop: false }`
[INFO] [stderr] Cloning into '/workspace/builds/worker-3-tc2/source'...
[INFO] [stderr] done.
[INFO] started tweaking git repo https://github.com/gabrielkryss/rust-message-queue
[INFO] finished tweaking git repo https://github.com/gabrielkryss/rust-message-queue
[INFO] tweaked toml for git repo https://github.com/gabrielkryss/rust-message-queue written to /workspace/builds/worker-3-tc2/source/Cargo.toml
[INFO] validating manifest of git repo https://github.com/gabrielkryss/rust-message-queue on toolchain 1.100.0-beta.1
[INFO] running `Command { std: CARGO_HOME="/workspace/cargo-home" RUSTUP_HOME="/workspace/rustup-home" "/workspace/cargo-home/bin/cargo" "+1.100.0-beta.1" "metadata" "--manifest-path" "Cargo.toml" "--no-deps", kill_on_drop: false }`
[INFO] crate git repo https://github.com/gabrielkryss/rust-message-queue already has a lockfile, it will not be regenerated
[INFO] running `Command { std: CARGO_HOME="/workspace/cargo-home" RUSTUP_HOME="/workspace/rustup-home" "/workspace/cargo-home/bin/cargo" "+1.100.0-beta.1" "fetch" "--manifest-path" "Cargo.toml", kill_on_drop: false }`
[INFO] running `Command { std: "docker" "create" "-v" "/var/lib/crater-agent-workspace/builds/worker-3-tc2/source:/opt/rustwide/workdir:ro,Z" "-v" "/var/lib/crater-agent-workspace/builds/worker-3-tc2/target:/opt/rustwide/target:rw,Z" "-v" "/var/lib/crater-agent-workspace/cargo-home:/opt/rustwide/cargo-home:ro,Z" "-v" "/var/lib/crater-agent-workspace/rustup-home:/opt/rustwide/rustup-home:ro,Z" "-m" "1610612736" "--network" "none" "ghcr.io/rust-lang/crates-build-env/linux@sha256:77db811e55d90add9212f6832c23229e3de5f1c1f9905e8cb07319ea15df73ac" "sleep" "infinity", kill_on_drop: false }`
[INFO] [stdout] 228622237dd075568df7f9d7345aa90370619d85d0d9006d3185fb1b53881cfb
[INFO] running `Command { std: "docker" "start" "228622237dd075568df7f9d7345aa90370619d85d0d9006d3185fb1b53881cfb", kill_on_drop: false }`
[INFO] running `Command { std: "docker" "inspect" "228622237dd075568df7f9d7345aa90370619d85d0d9006d3185fb1b53881cfb", kill_on_drop: false }`
[INFO] running `Command { std: "docker" "exec" "-e" "SOURCE_DIR=/opt/rustwide/workdir" "-e" "CARGO_HOME=/opt/rustwide/cargo-home" "-e" "RUSTUP_HOME=/opt/rustwide/rustup-home" "-e" "CARGO_TARGET_DIR=/opt/rustwide/target" "-w" "/opt/rustwide/workdir" "--user" "0:0" "228622237dd075568df7f9d7345aa90370619d85d0d9006d3185fb1b53881cfb" "/opt/rustwide/cargo-home/bin/cargo" "+1.100.0-beta.1" "metadata" "--no-deps" "--format-version=1", kill_on_drop: false }`
[INFO] running `Command { std: "docker" "inspect" "228622237dd075568df7f9d7345aa90370619d85d0d9006d3185fb1b53881cfb", kill_on_drop: false }`
[INFO] running `Command { std: "docker" "exec" "-e" "SOURCE_DIR=/opt/rustwide/workdir" "-e" "CARGO_HOME=/opt/rustwide/cargo-home" "-e" "RUSTUP_HOME=/opt/rustwide/rustup-home" "-e" "CARGO_TARGET_DIR=/opt/rustwide/target" "-e" "CARGO_INCREMENTAL=0" "-e" "RUST_BACKTRACE=full" "-e" "RUSTFLAGS=--cap-lints=warn" "-e" "RUSTDOCFLAGS=--cap-lints=warn" "-w" "/opt/rustwide/workdir" "--user" "0:0" "228622237dd075568df7f9d7345aa90370619d85d0d9006d3185fb1b53881cfb" "/opt/rustwide/cargo-home/bin/cargo" "+1.100.0-beta.1" "build" "--frozen" "--message-format=json" "--release", kill_on_drop: false }`
[INFO] [stderr]    Compiling rust_message_queue v0.1.0 (/opt/rustwide/workdir)
[INFO] [stderr]     Finished `release` profile [optimized] target(s) in 0.45s
[INFO] running `Command { std: "docker" "inspect" "228622237dd075568df7f9d7345aa90370619d85d0d9006d3185fb1b53881cfb", kill_on_drop: false }`
[INFO] running `Command { std: "docker" "exec" "-e" "SOURCE_DIR=/opt/rustwide/workdir" "-e" "CARGO_HOME=/opt/rustwide/cargo-home" "-e" "RUSTUP_HOME=/opt/rustwide/rustup-home" "-e" "CARGO_TARGET_DIR=/opt/rustwide/target" "-e" "CARGO_INCREMENTAL=0" "-e" "RUST_BACKTRACE=full" "-e" "RUSTFLAGS=--cap-lints=warn" "-e" "RUSTDOCFLAGS=--cap-lints=warn" "-w" "/opt/rustwide/workdir" "--user" "0:0" "228622237dd075568df7f9d7345aa90370619d85d0d9006d3185fb1b53881cfb" "/opt/rustwide/cargo-home/bin/cargo" "+1.100.0-beta.1" "test" "--frozen" "--no-run" "--message-format=json" "--release", kill_on_drop: false }`
[INFO] [stderr]    Compiling rust_message_queue v0.1.0 (/opt/rustwide/workdir)
[INFO] [stderr]     Finished `release` profile [optimized] target(s) in 1.21s
[INFO] running `Command { std: "docker" "inspect" "228622237dd075568df7f9d7345aa90370619d85d0d9006d3185fb1b53881cfb", kill_on_drop: false }`
[INFO] running `Command { std: "docker" "exec" "-e" "SOURCE_DIR=/opt/rustwide/workdir" "-e" "CARGO_HOME=/opt/rustwide/cargo-home" "-e" "RUSTUP_HOME=/opt/rustwide/rustup-home" "-e" "CARGO_TARGET_DIR=/opt/rustwide/target" "-e" "CARGO_INCREMENTAL=0" "-e" "RUST_BACKTRACE=full" "-e" "RUSTFLAGS=--cap-lints=warn" "-e" "RUSTDOCFLAGS=--cap-lints=warn" "-w" "/opt/rustwide/workdir" "--user" "0:0" "228622237dd075568df7f9d7345aa90370619d85d0d9006d3185fb1b53881cfb" "/opt/rustwide/cargo-home/bin/cargo" "+1.100.0-beta.1" "test" "--frozen" "--release", kill_on_drop: false }`
[INFO] [stderr]     Finished `release` profile [optimized] target(s) in 0.01s
[INFO] [stderr]      Running unittests src/lib.rs (/opt/rustwide/target/release/build/rust_message_queue/b5e389bee400e486/out/rust_message_queue-b5e389bee400e486)
[INFO] [stdout] 
[INFO] [stdout] running 9 tests
[INFO] [stdout] test message::tests::test_message_creation ... ok
[INFO] [stdout] test queue::tests::test_concurrent_access ... ok
[INFO] [stdout] test dead_letter_queue::tests::test_get_dead_letters_with_custom_body ... FAILED
[INFO] [stdout] test visibility::tests::test_is_visible ... ok
[INFO] [stdout] test dead_letter_queue::tests::test_handle_failure_with_custom_body ... FAILED
[INFO] [stdout] test dead_letter_queue::tests::test_handle_failure_with_simple_body ... FAILED
[INFO] [stdout] test message::tests::test_message_equality ... ok
[INFO] [stdout] test dead_letter_queue::tests::test_get_dead_letters_with_simple_body ... FAILED
[INFO] [stdout] test visibility::tests::test_set_visibility_timeout ... ok
[INFO] [stdout] 
[INFO] [stdout] failures:
[INFO] [stdout] 
[INFO] [stdout] ---- dead_letter_queue::tests::test_get_dead_letters_with_custom_body stdout ----
[INFO] [stdout] 
[INFO] [stdout] thread 'dead_letter_queue::tests::test_get_dead_letters_with_custom_body' (189) panicked at src/dead_letter_queue.rs:110:9:
[INFO] [stdout] assertion `left == right` failed
[INFO] [stdout]   left: 0
[INFO] [stdout]  right: 1
[INFO] [stdout] stack backtrace:
[INFO] [stdout]    0:     0x60eb44447161 - <<std[617be2ca0a6fd877]::sys::backtrace::BacktraceLock>::print::DisplayBacktrace as core[a373ad73a504971]::fmt::Display>::fmt
[INFO] [stdout]    1:     0x60eb4445b50a - core[a373ad73a504971]::fmt::write
[INFO] [stdout]    2:     0x60eb4444b37c - <alloc[2e1b2a31b91974c5]::vec::Vec<u8> as core[a373ad73a504971]::io::write::Write>::write_fmt
[INFO] [stdout]    3:     0x60eb44423506 - std[617be2ca0a6fd877]::panicking::default_hook::{closure#0}
[INFO] [stdout]    4:     0x60eb4443f739 - std[617be2ca0a6fd877]::panicking::default_hook
[INFO] [stdout]    5:     0x60eb443dbde0 - test[aada8e7e76ba119b]::test_main_inner::{closure#0}
[INFO] [stdout]    6:     0x60eb4443f8f2 - std[617be2ca0a6fd877]::panicking::panic_with_hook
[INFO] [stdout]    7:     0x60eb444235b2 - std[617be2ca0a6fd877]::panicking::panic_handler::{closure#0}
[INFO] [stdout]    8:     0x60eb4441c2c9 - std[617be2ca0a6fd877]::sys::backtrace::__rust_end_short_backtrace::<std[617be2ca0a6fd877]::panicking::panic_handler::{closure#0}, !>
[INFO] [stdout]    9:     0x60eb444241bd - __rustc[ea4f61d10b84890b]::rust_begin_unwind
[INFO] [stdout]   10:     0x60eb4445bc3c - core[a373ad73a504971]::panicking::panic_fmt
[INFO] [stdout]   11:     0x60eb4445bb53 - core[a373ad73a504971]::panicking::assert_failed_inner
[INFO] [stdout]   12:     0x60eb44457f58 - core[a373ad73a504971]::panicking::assert_failed::<usize, usize>
[INFO] [stdout]   13:     0x60eb443ce96b - <rust_message_queue[452addfd46d6b54d]::dead_letter_queue::tests::test_get_dead_letters_with_custom_body::{closure#0} as core[a373ad73a504971]::ops::function::FnOnce<()>>::call_once
[INFO] [stdout]   14:     0x60eb443cf22b - test[aada8e7e76ba119b]::__rust_begin_short_backtrace::<core[a373ad73a504971]::result::Result<(), alloc[2e1b2a31b91974c5]::string::String>, fn() -> core[a373ad73a504971]::result::Result<(), alloc[2e1b2a31b91974c5]::string::String>>
[INFO] [stdout]   15:     0x60eb443dc405 - test[aada8e7e76ba119b]::run_test::{closure#0}
[INFO] [stdout]   16:     0x60eb443d5cf4 - std[617be2ca0a6fd877]::sys::backtrace::__rust_begin_short_backtrace::<test[aada8e7e76ba119b]::run_test::{closure#1}, ()>
[INFO] [stdout]   17:     0x60eb443df492 - <std[617be2ca0a6fd877]::thread::lifecycle::spawn_unchecked<test[aada8e7e76ba119b]::run_test::{closure#1}, ()>::{closure#1} as core[a373ad73a504971]::ops::function::FnOnce<()>>::call_once::{shim:vtable#0}
[INFO] [stdout]   18:     0x60eb444469bf - <std[617be2ca0a6fd877]::sys::thread::unix::Thread>::new::thread_start
[INFO] [stdout]   19:     0x7247fe414dfa - <unknown>
[INFO] [stdout]   20:     0x7247fe4a83d4 - clone
[INFO] [stdout]   21:                0x0 - <unknown>
[INFO] [stdout] 
[INFO] [stdout] ---- dead_letter_queue::tests::test_handle_failure_with_custom_body stdout ----
[INFO] [stdout] 
[INFO] [stdout] thread 'dead_letter_queue::tests::test_handle_failure_with_custom_body' (191) panicked at src/dead_letter_queue.rs:93:9:
[INFO] [stdout] assertion failed: dlq.get_dead_letters().contains(&message)
[INFO] [stdout] stack backtrace:
[INFO] [stdout]    0:     0x60eb44447161 - <<std[617be2ca0a6fd877]::sys::backtrace::BacktraceLock>::print::DisplayBacktrace as core[a373ad73a504971]::fmt::Display>::fmt
[INFO] [stdout]    1:     0x60eb4445b50a - core[a373ad73a504971]::fmt::write
[INFO] [stdout]    2:     0x60eb4444b37c - <alloc[2e1b2a31b91974c5]::vec::Vec<u8> as core[a373ad73a504971]::io::write::Write>::write_fmt
[INFO] [stdout]    3:     0x60eb44423506 - std[617be2ca0a6fd877]::panicking::default_hook::{closure#0}
[INFO] [stdout]    4:     0x60eb4443f739 - std[617be2ca0a6fd877]::panicking::default_hook
[INFO] [stdout]    5:     0x60eb443dbde0 - test[aada8e7e76ba119b]::test_main_inner::{closure#0}
[INFO] [stdout]    6:     0x60eb4443f8f2 - std[617be2ca0a6fd877]::panicking::panic_with_hook
[INFO] [stdout]    7:     0x60eb444235e4 - std[617be2ca0a6fd877]::panicking::panic_handler::{closure#0}
[INFO] [stdout]    8:     0x60eb4441c2c9 - std[617be2ca0a6fd877]::sys::backtrace::__rust_end_short_backtrace::<std[617be2ca0a6fd877]::panicking::panic_handler::{closure#0}, !>
[INFO] [stdout]    9:     0x60eb444241bd - __rustc[ea4f61d10b84890b]::rust_begin_unwind
[INFO] [stdout]   10:     0x60eb4445bc3c - core[a373ad73a504971]::panicking::panic_fmt
[INFO] [stdout]   11:     0x60eb4445bc02 - core[a373ad73a504971]::panicking::panic
[INFO] [stdout]   12:     0x60eb443ce430 - <rust_message_queue[452addfd46d6b54d]::dead_letter_queue::tests::test_handle_failure_with_custom_body::{closure#0} as core[a373ad73a504971]::ops::function::FnOnce<()>>::call_once
[INFO] [stdout]   13:     0x60eb443cf22b - test[aada8e7e76ba119b]::__rust_begin_short_backtrace::<core[a373ad73a504971]::result::Result<(), alloc[2e1b2a31b91974c5]::string::String>, fn() -> core[a373ad73a504971]::result::Result<(), alloc[2e1b2a31b91974c5]::string::String>>
[INFO] [stdout]   14:     0x60eb443dc405 - test[aada8e7e76ba119b]::run_test::{closure#0}
[INFO] [stdout]   15:     0x60eb443d5cf4 - std[617be2ca0a6fd877]::sys::backtrace::__rust_begin_short_backtrace::<test[aada8e7e76ba119b]::run_test::{closure#1}, ()>
[INFO] [stdout]   16:     0x60eb443df492 - <std[617be2ca0a6fd877]::thread::lifecycle::spawn_unchecked<test[aada8e7e76ba119b]::run_test::{closure#1}, ()>::{closure#1} as core[a373ad73a504971]::ops::function::FnOnce<()>>::call_once::{shim:vtable#0}
[INFO] [stdout]   17:     0x60eb444469bf - <std[617be2ca0a6fd877]::sys::thread::unix::Thread>::new::thread_start
[INFO] [stdout]   18:     0x7247fe414dfa - <unknown>
[INFO] [stdout]   19:     0x7247fe4a83d4 - clone
[INFO] [stdout]   20:                0x0 - <unknown>
[INFO] [stdout] 
[INFO] [stdout] ---- dead_letter_queue::tests::test_handle_failure_with_simple_body stdout ----
[INFO] [stdout] 
[INFO] [stdout] thread 'dead_letter_queue::tests::test_handle_failure_with_simple_body' (192) panicked at src/dead_letter_queue.rs:60:9:
[INFO] [stdout] assertion failed: dlq.get_dead_letters().contains(&message)
[INFO] [stdout] stack backtrace:
[INFO] [stdout]    0:     0x60eb44447161 - <<std[617be2ca0a6fd877]::sys::backtrace::BacktraceLock>::print::DisplayBacktrace as core[a373ad73a504971]::fmt::Display>::fmt
[INFO] [stdout]    1:     0x60eb4445b50a - core[a373ad73a504971]::fmt::write
[INFO] [stdout]    2:     0x60eb4444b37c - <alloc[2e1b2a31b91974c5]::vec::Vec<u8> as core[a373ad73a504971]::io::write::Write>::write_fmt
[INFO] [stdout]    3:     0x60eb44423506 - std[617be2ca0a6fd877]::panicking::default_hook::{closure#0}
[INFO] [stdout]    4:     0x60eb4443f739 - std[617be2ca0a6fd877]::panicking::default_hook
[INFO] [stdout]    5:     0x60eb443dbde0 - test[aada8e7e76ba119b]::test_main_inner::{closure#0}
[INFO] [stdout]    6:     0x60eb4443f8f2 - std[617be2ca0a6fd877]::panicking::panic_with_hook
[INFO] [stdout]    7:     0x60eb444235e4 - std[617be2ca0a6fd877]::panicking::panic_handler::{closure#0}
[INFO] [stdout]    8:     0x60eb4441c2c9 - std[617be2ca0a6fd877]::sys::backtrace::__rust_end_short_backtrace::<std[617be2ca0a6fd877]::panicking::panic_handler::{closure#0}, !>
[INFO] [stdout]    9:     0x60eb444241bd - __rustc[ea4f61d10b84890b]::rust_begin_unwind
[INFO] [stdout]   10:     0x60eb4445bc3c - core[a373ad73a504971]::panicking::panic_fmt
[INFO] [stdout]   11:     0x60eb4445bc02 - core[a373ad73a504971]::panicking::panic
[INFO] [stdout]   12:     0x60eb443ce6be - <rust_message_queue[452addfd46d6b54d]::dead_letter_queue::tests::test_handle_failure_with_simple_body::{closure#0} as core[a373ad73a504971]::ops::function::FnOnce<()>>::call_once
[INFO] [stdout]   13:     0x60eb443cf22b - test[aada8e7e76ba119b]::__rust_begin_short_backtrace::<core[a373ad73a504971]::result::Result<(), alloc[2e1b2a31b91974c5]::string::String>, fn() -> core[a373ad73a504971]::result::Result<(), alloc[2e1b2a31b91974c5]::string::String>>
[INFO] [stdout]   14:     0x60eb443dc405 - test[aada8e7e76ba119b]::run_test::{closure#0}
[INFO] [stdout]   15:     0x60eb443d5cf4 - std[617be2ca0a6fd877]::sys::backtrace::__rust_begin_short_backtrace::<test[aada8e7e76ba119b]::run_test::{closure#1}, ()>
[INFO] [stdout]   16:     0x60eb443df492 - <std[617be2ca0a6fd877]::thread::lifecycle::spawn_unchecked<test[aada8e7e76ba119b]::run_test::{closure#1}, ()>::{closure#1} as core[a373ad73a504971]::ops::function::FnOnce<()>>::call_once::{shim:vtable#0}
[INFO] [stdout]   17:     0x60eb444469bf - <std[617be2ca0a6fd877]::sys::thread::unix::Thread>::new::thread_start
[INFO] [stdout]   18:     0x7247fe414dfa - <unknown>
[INFO] [stdout]   19:     0x7247fe4a83d4 - clone
[INFO] [stdout]   20:                0x0 - <unknown>
[INFO] [stdout] 
[INFO] [stdout] ---- dead_letter_queue::tests::test_get_dead_letters_with_simple_body stdout ----
[INFO] [stdout] 
[INFO] [stdout] thread 'dead_letter_queue::tests::test_get_dead_letters_with_simple_body' (190) panicked at src/dead_letter_queue.rs:73:9:
[INFO] [stdout] assertion `left == right` failed
[INFO] [stdout]   left: []
[INFO] [stdout]  right: [Message { id: 1, body: "Test message", attributes: None }]
[INFO] [stdout] stack backtrace:
[INFO] [stdout]    0:     0x60eb44447161 - <<std[617be2ca0a6fd877]::sys::backtrace::BacktraceLock>::print::DisplayBacktrace as core[a373ad73a504971]::fmt::Display>::fmt
[INFO] [stdout]    1:     0x60eb4445b50a - core[a373ad73a504971]::fmt::write
[INFO] [stdout]    2:     0x60eb4444b37c - <alloc[2e1b2a31b91974c5]::vec::Vec<u8> as core[a373ad73a504971]::io::write::Write>::write_fmt
[INFO] [stdout]    3:     0x60eb44423506 - std[617be2ca0a6fd877]::panicking::default_hook::{closure#0}
[INFO] [stdout]    4:     0x60eb4443f739 - std[617be2ca0a6fd877]::panicking::default_hook
[INFO] [stdout]    5:     0x60eb443dbde0 - test[aada8e7e76ba119b]::test_main_inner::{closure#0}
[INFO] [stdout]    6:     0x60eb4443f8f2 - std[617be2ca0a6fd877]::panicking::panic_with_hook
[INFO] [stdout]    7:     0x60eb444235b2 - std[617be2ca0a6fd877]::panicking::panic_handler::{closure#0}
[INFO] [stdout]    8:     0x60eb4441c2c9 - std[617be2ca0a6fd877]::sys::backtrace::__rust_end_short_backtrace::<std[617be2ca0a6fd877]::panicking::panic_handler::{closure#0}, !>
[INFO] [stdout]    9:     0x60eb444241bd - __rustc[ea4f61d10b84890b]::rust_begin_unwind
[INFO] [stdout]   10:     0x60eb4445bc3c - core[a373ad73a504971]::panicking::panic_fmt
[INFO] [stdout]   11:     0x60eb4445bb53 - core[a373ad73a504971]::panicking::assert_failed_inner
[INFO] [stdout]   12:     0x60eb443caaf1 - core[a373ad73a504971]::panicking::assert_failed::<alloc[2e1b2a31b91974c5]::vec::Vec<rust_message_queue[452addfd46d6b54d]::message::Message<alloc[2e1b2a31b91974c5]::string::String>>, alloc[2e1b2a31b91974c5]::vec::Vec<rust_message_queue[452addfd46d6b54d]::message::Message<alloc[2e1b2a31b91974c5]::string::String>>>
[INFO] [stdout]   13:     0x60eb443ceba0 - <rust_message_queue[452addfd46d6b54d]::dead_letter_queue::tests::test_get_dead_letters_with_simple_body::{closure#0} as core[a373ad73a504971]::ops::function::FnOnce<()>>::call_once
[INFO] [stdout]   14:     0x60eb443cf22b - test[aada8e7e76ba119b]::__rust_begin_short_backtrace::<core[a373ad73a504971]::result::Result<(), alloc[2e1b2a31b91974c5]::string::String>, fn() -> core[a373ad73a504971]::result::Result<(), alloc[2e1b2a31b91974c5]::string::String>>
[INFO] [stdout]   15:     0x60eb443dc405 - test[aada8e7e76ba119b]::run_test::{closure#0}
[INFO] [stdout]   16:     0x60eb443d5cf4 - std[617be2ca0a6fd877]::sys::backtrace::__rust_begin_short_backtrace::<test[aada8e7e76ba119b]::run_test::{closure#1}, ()>
[INFO] [stdout]   17:     0x60eb443df492 - <std[617be2ca0a6fd877]::thread::lifecycle::spawn_unchecked<test[aada8e7e76ba119b]::run_test::{closure#1}, ()>::{closure#1} as core[a373ad73a504971]::ops::function::FnOnce<()>>::call_once::{shim:vtable#0}
[INFO] [stdout]   18:     0x60eb444469bf - <std[617be2ca0a6fd877]::sys::thread::unix::Thread>::new::thread_start
[INFO] [stdout]   19:     0x7247fe414dfa - <unknown>
[INFO] [stdout]   20:     0x7247fe4a83d4 - clone
[INFO] [stdout]   21:                0x0 - <unknown>
[INFO] [stdout] 
[INFO] [stdout] 
[INFO] [stdout] failures:
[INFO] [stdout]     dead_letter_queue::tests::test_get_dead_letters_with_custom_body
[INFO] [stdout]     dead_letter_queue::tests::test_get_dead_letters_with_simple_body
[INFO] [stdout]     dead_letter_queue::tests::test_handle_failure_with_custom_body
[INFO] [stdout]     dead_letter_queue::tests::test_handle_failure_with_simple_body
[INFO] [stdout] 
[INFO] [stdout] test result: FAILED. 5 passed; 4 failed; 0 ignored; 0 measured; 0 filtered out; finished in 6.01s
[INFO] [stdout] 
[INFO] [stderr] error: test failed, to rerun pass `--lib`
[INFO] running `Command { std: "docker" "inspect" "228622237dd075568df7f9d7345aa90370619d85d0d9006d3185fb1b53881cfb", kill_on_drop: false }`
[INFO] running `Command { std: "docker" "rm" "-f" "228622237dd075568df7f9d7345aa90370619d85d0d9006d3185fb1b53881cfb", kill_on_drop: false }`
[INFO] [stdout] 228622237dd075568df7f9d7345aa90370619d85d0d9006d3185fb1b53881cfb
