[INFO] cloning repository https://github.com/gabriel-gatti/rust_studies
[INFO] running `Command { std: "git" "-c" "credential.helper=" "-c" "credential.helper=/workspace/cargo-home/bin/git-credential-null" "clone" "--bare" "https://github.com/gabriel-gatti/rust_studies" "/workspace/cache/git-repos/https%3A%2F%2Fgithub.com%2Fgabriel-gatti%2Frust_studies", kill_on_drop: false }`
[INFO] [stderr] Cloning into bare repository '/workspace/cache/git-repos/https%3A%2F%2Fgithub.com%2Fgabriel-gatti%2Frust_studies'...
[INFO] running `Command { std: "git" "rev-parse" "HEAD", kill_on_drop: false }`
[INFO] [stdout] 6fcddd58724f0c310dbbfc93f5f3a99f651d6dad
[INFO] testing gabriel-gatti/rust_studies against 1.100.0-beta.1+cargoflags=--release for beta-release-1.100-2
[INFO] running `Command { std: "git" "clone" "/workspace/cache/git-repos/https%3A%2F%2Fgithub.com%2Fgabriel-gatti%2Frust_studies" "/workspace/builds/worker-4-tc2/source", kill_on_drop: false }`
[INFO] [stderr] Cloning into '/workspace/builds/worker-4-tc2/source'...
[INFO] [stderr] done.
[INFO] [stderr] Updating files:  45% (937/2047)
Updating files:  46% (942/2047)
Updating files:  47% (963/2047)
Updating files:  48% (983/2047)
Updating files:  49% (1004/2047)
Updating files:  50% (1024/2047)
Updating files:  51% (1044/2047)
Updating files:  52% (1065/2047)
Updating files:  53% (1085/2047)
Updating files:  54% (1106/2047)
Updating files:  55% (1126/2047)
Updating files:  56% (1147/2047)
Updating files:  57% (1167/2047)
Updating files:  58% (1188/2047)
Updating files:  59% (1208/2047)
Updating files:  60% (1229/2047)
Updating files:  61% (1249/2047)
Updating files:  62% (1270/2047)
Updating files:  63% (1290/2047)
Updating files:  64% (1311/2047)
Updating files:  65% (1331/2047)
Updating files:  66% (1352/2047)
Updating files:  67% (1372/2047)
Updating files:  68% (1392/2047)
Updating files:  69% (1413/2047)
Updating files:  70% (1433/2047)
Updating files:  71% (1454/2047)
Updating files:  72% (1474/2047)
Updating files:  73% (1495/2047)
Updating files:  74% (1515/2047)
Updating files:  75% (1536/2047)
Updating files:  76% (1556/2047)
Updating files:  77% (1577/2047)
Updating files:  78% (1597/2047)
Updating files:  79% (1618/2047)
Updating files:  80% (1638/2047)
Updating files:  81% (1659/2047)
Updating files:  82% (1679/2047)
Updating files:  83% (1700/2047)
Updating files:  84% (1720/2047)
Updating files:  85% (1740/2047)
Updating files:  85% (1743/2047)
Updating files:  86% (1761/2047)
Updating files:  87% (1781/2047)
Updating files:  88% (1802/2047)
Updating files:  89% (1822/2047)
Updating files:  90% (1843/2047)
Updating files:  91% (1863/2047)
Updating files:  92% (1884/2047)
Updating files:  93% (1904/2047)
Updating files:  94% (1925/2047)
Updating files:  95% (1945/2047)
Updating files:  96% (1966/2047)
Updating files:  97% (1986/2047)
Updating files:  98% (2007/2047)
Updating files:  99% (2027/2047)
Updating files: 100% (2047/2047)
Updating files: 100% (2047/2047), done.
[INFO] started tweaking git repo https://github.com/gabriel-gatti/rust_studies
[INFO] finished tweaking git repo https://github.com/gabriel-gatti/rust_studies
[INFO] tweaked toml for git repo https://github.com/gabriel-gatti/rust_studies written to /workspace/builds/worker-4-tc2/source/Cargo.toml
[INFO] validating manifest of git repo https://github.com/gabriel-gatti/rust_studies on toolchain 1.100.0-beta.1
[INFO] running `Command { std: CARGO_HOME="/workspace/cargo-home" RUSTUP_HOME="/workspace/rustup-home" "/workspace/cargo-home/bin/cargo" "+1.100.0-beta.1" "metadata" "--manifest-path" "Cargo.toml" "--no-deps", kill_on_drop: false }`
[INFO] crate git repo https://github.com/gabriel-gatti/rust_studies already has a lockfile, it will not be regenerated
[INFO] running `Command { std: CARGO_HOME="/workspace/cargo-home" RUSTUP_HOME="/workspace/rustup-home" "/workspace/cargo-home/bin/cargo" "+1.100.0-beta.1" "fetch" "--manifest-path" "Cargo.toml", kill_on_drop: false }`
[INFO] running `Command { std: "docker" "create" "-v" "/var/lib/crater-agent-workspace/builds/worker-4-tc2/source:/opt/rustwide/workdir:ro,Z" "-v" "/var/lib/crater-agent-workspace/builds/worker-4-tc2/target:/opt/rustwide/target:rw,Z" "-v" "/var/lib/crater-agent-workspace/cargo-home:/opt/rustwide/cargo-home:ro,Z" "-v" "/var/lib/crater-agent-workspace/rustup-home:/opt/rustwide/rustup-home:ro,Z" "-m" "1610612736" "--network" "none" "ghcr.io/rust-lang/crates-build-env/linux@sha256:77db811e55d90add9212f6832c23229e3de5f1c1f9905e8cb07319ea15df73ac" "sleep" "infinity", kill_on_drop: false }`
[INFO] [stdout] 85a4bbe41aff0a520d30c6a87332a79746829e64719bced4f688fcd945a9f9a6
[INFO] running `Command { std: "docker" "start" "85a4bbe41aff0a520d30c6a87332a79746829e64719bced4f688fcd945a9f9a6", kill_on_drop: false }`
[INFO] running `Command { std: "docker" "inspect" "85a4bbe41aff0a520d30c6a87332a79746829e64719bced4f688fcd945a9f9a6", kill_on_drop: false }`
[INFO] running `Command { std: "docker" "exec" "-e" "SOURCE_DIR=/opt/rustwide/workdir" "-e" "CARGO_HOME=/opt/rustwide/cargo-home" "-e" "RUSTUP_HOME=/opt/rustwide/rustup-home" "-e" "CARGO_TARGET_DIR=/opt/rustwide/target" "-w" "/opt/rustwide/workdir" "--user" "0:0" "85a4bbe41aff0a520d30c6a87332a79746829e64719bced4f688fcd945a9f9a6" "/opt/rustwide/cargo-home/bin/cargo" "+1.100.0-beta.1" "metadata" "--no-deps" "--format-version=1", kill_on_drop: false }`
[INFO] running `Command { std: "docker" "inspect" "85a4bbe41aff0a520d30c6a87332a79746829e64719bced4f688fcd945a9f9a6", kill_on_drop: false }`
[INFO] running `Command { std: "docker" "exec" "-e" "SOURCE_DIR=/opt/rustwide/workdir" "-e" "CARGO_HOME=/opt/rustwide/cargo-home" "-e" "RUSTUP_HOME=/opt/rustwide/rustup-home" "-e" "CARGO_TARGET_DIR=/opt/rustwide/target" "-e" "CARGO_INCREMENTAL=0" "-e" "RUST_BACKTRACE=full" "-e" "RUSTFLAGS=--cap-lints=warn" "-e" "RUSTDOCFLAGS=--cap-lints=warn" "-w" "/opt/rustwide/workdir" "--user" "0:0" "85a4bbe41aff0a520d30c6a87332a79746829e64719bced4f688fcd945a9f9a6" "/opt/rustwide/cargo-home/bin/cargo" "+1.100.0-beta.1" "build" "--frozen" "--message-format=json" "--release", kill_on_drop: false }`
[INFO] [stderr]    Compiling libc v0.2.93
[INFO] [stderr]    Compiling cfg-if v1.0.0
[INFO] [stderr]    Compiling proc-macro2 v1.0.26
[INFO] [stderr]    Compiling unicode-xid v0.2.1
[INFO] [stderr]    Compiling memchr v2.3.4
[INFO] [stderr]    Compiling syn v1.0.70
[INFO] [stderr]    Compiling autocfg v1.0.1
[INFO] [stderr]    Compiling log v0.4.14
[INFO] [stderr]    Compiling smallvec v1.6.1
[INFO] [stderr]    Compiling regex-syntax v0.6.23
[INFO] [stderr]    Compiling lazy_static v1.4.0
[INFO] [stderr]    Compiling serde_derive v1.0.125
[INFO] [stderr]    Compiling scopeguard v1.1.0
[INFO] [stderr]    Compiling bitflags v1.2.1
[INFO] [stderr]    Compiling cfg-if v0.1.10
[INFO] [stderr]    Compiling serde v1.0.125
[INFO] [stderr]    Compiling instant v0.1.9
[INFO] [stderr]    Compiling lock_api v0.4.3
[INFO] [stderr]    Compiling slab v0.4.3
[INFO] [stderr]    Compiling unicode-width v0.1.8
[INFO] [stderr]    Compiling unicode-segmentation v1.7.1
[INFO] [stderr]    Compiling same-file v1.0.6
[INFO] [stderr]    Compiling argh_shared v0.1.4
[INFO] [stderr]    Compiling lazycell v1.3.0
[INFO] [stderr]    Compiling walkdir v2.3.2
[INFO] [stderr]    Compiling num-traits v0.2.14
[INFO] [stderr]    Compiling heck v0.3.2
[INFO] [stderr]    Compiling aho-corasick v0.7.15
[INFO] [stderr]    Compiling iovec v0.1.4
[INFO] [stderr]    Compiling parking_lot_core v0.8.3
[INFO] [stderr]    Compiling net2 v0.2.37
[INFO] [stderr]    Compiling inotify-sys v0.1.5
[INFO] [stderr]    Compiling terminal_size v0.1.16
[INFO] [stderr]    Compiling clicolors-control v1.0.1
[INFO] [stderr]    Compiling termios v0.3.3
[INFO] [stderr]    Compiling atty v0.2.14
[INFO] [stderr]    Compiling filetime v0.2.14
[INFO] [stderr]    Compiling inotify v0.7.1
[INFO] [stderr]    Compiling quote v1.0.9
[INFO] [stderr]    Compiling parking_lot v0.11.1
[INFO] [stderr]    Compiling mio v0.6.23
[INFO] [stderr]    Compiling number_prefix v0.2.8
[INFO] [stderr]    Compiling mio-extras v2.0.6
[INFO] [stderr]    Compiling notify v4.0.16
[INFO] [stderr]    Compiling regex v1.4.6
[INFO] [stderr]    Compiling argh_derive v0.1.4
[INFO] [stderr]    Compiling argh v0.1.4
[INFO] [stderr]    Compiling console v0.14.1
[INFO] [stderr]    Compiling console v0.7.7
[INFO] [stderr]    Compiling indicatif v0.10.3
[INFO] [stderr]    Compiling toml v0.4.10
[INFO] [stderr]    Compiling rustlings v4.4.0 (/opt/rustwide/workdir)
[INFO] [stdout] warning: hiding a lifetime that's elided elsewhere is confusing
[INFO] [stdout]    --> src/exercise.rs:109:20
[INFO] [stdout]     |
[INFO] [stdout] 109 |     pub fn compile(&self) -> Result<CompiledExercise, ExerciseOutput> {
[INFO] [stdout]     |                    ^^^^^            ^^^^^^^^^^^^^^^^ the same lifetime is hidden here
[INFO] [stdout]     |                    |
[INFO] [stdout]     |                    the lifetime is elided here
[INFO] [stdout]     |
[INFO] [stdout]     = help: the same lifetime is referred to in inconsistent ways, making the signature confusing
[INFO] [stdout]     = note: `#[warn(mismatched_lifetime_syntaxes)]` on by default
[INFO] [stdout] help: use `'_` for type paths
[INFO] [stdout]     |
[INFO] [stdout] 109 |     pub fn compile(&self) -> Result<CompiledExercise<'_>, ExerciseOutput> {
[INFO] [stdout]     |                                                     ++++
[INFO] [stdout] 
[INFO] [stdout] 
[INFO] [stderr]     Finished `release` profile [optimized] target(s) in 34.86s
[INFO] running `Command { std: "docker" "inspect" "85a4bbe41aff0a520d30c6a87332a79746829e64719bced4f688fcd945a9f9a6", kill_on_drop: false }`
[INFO] running `Command { std: "docker" "exec" "-e" "SOURCE_DIR=/opt/rustwide/workdir" "-e" "CARGO_HOME=/opt/rustwide/cargo-home" "-e" "RUSTUP_HOME=/opt/rustwide/rustup-home" "-e" "CARGO_TARGET_DIR=/opt/rustwide/target" "-e" "CARGO_INCREMENTAL=0" "-e" "RUST_BACKTRACE=full" "-e" "RUSTFLAGS=--cap-lints=warn" "-e" "RUSTDOCFLAGS=--cap-lints=warn" "-w" "/opt/rustwide/workdir" "--user" "0:0" "85a4bbe41aff0a520d30c6a87332a79746829e64719bced4f688fcd945a9f9a6" "/opt/rustwide/cargo-home/bin/cargo" "+1.100.0-beta.1" "test" "--frozen" "--no-run" "--message-format=json" "--release", kill_on_drop: false }`
[INFO] [stderr]    Compiling ryu v1.0.5
[INFO] [stderr]    Compiling serde_json v1.0.64
[INFO] [stderr]    Compiling itoa v0.4.7
[INFO] [stderr]    Compiling predicates-core v1.0.2
[INFO] [stderr]    Compiling escargot v0.4.0
[INFO] [stderr]    Compiling float-cmp v0.8.0
[INFO] [stderr]    Compiling normalize-line-endings v0.3.0
[INFO] [stderr]    Compiling difference v2.0.0
[INFO] [stderr]    Compiling treeline v0.1.0
[INFO] [stderr]    Compiling glob v0.3.0
[INFO] [stdout] warning: hiding a lifetime that's elided elsewhere is confusing
[INFO] [stdout]    --> src/exercise.rs:109:20
[INFO] [stdout]     |
[INFO] [stdout] 109 |     pub fn compile(&self) -> Result<CompiledExercise, ExerciseOutput> {
[INFO] [stdout]     |                    ^^^^^            ^^^^^^^^^^^^^^^^ the same lifetime is hidden here
[INFO] [stdout]     |                    |
[INFO] [stdout]     |                    the lifetime is elided here
[INFO] [stdout]     |
[INFO] [stdout]     = help: the same lifetime is referred to in inconsistent ways, making the signature confusing
[INFO] [stdout]     = note: `#[warn(mismatched_lifetime_syntaxes)]` on by default
[INFO] [stdout] help: use `'_` for type paths
[INFO] [stdout]     |
[INFO] [stdout] 109 |     pub fn compile(&self) -> Result<CompiledExercise<'_>, ExerciseOutput> {
[INFO] [stdout]     |                                                     ++++
[INFO] [stdout] 
[INFO] [stdout] 
[INFO] [stderr]    Compiling predicates v1.0.7
[INFO] [stderr]    Compiling predicates-tree v1.0.2
[INFO] [stderr]    Compiling assert_cmd v0.11.1
[INFO] [stderr]    Compiling rustlings v4.4.0 (/opt/rustwide/workdir)
[INFO] [stdout] warning: hiding a lifetime that's elided elsewhere is confusing
[INFO] [stdout]    --> src/exercise.rs:109:20
[INFO] [stdout]     |
[INFO] [stdout] 109 |     pub fn compile(&self) -> Result<CompiledExercise, ExerciseOutput> {
[INFO] [stdout]     |                    ^^^^^            ^^^^^^^^^^^^^^^^ the same lifetime is hidden here
[INFO] [stdout]     |                    |
[INFO] [stdout]     |                    the lifetime is elided here
[INFO] [stdout]     |
[INFO] [stdout]     = help: the same lifetime is referred to in inconsistent ways, making the signature confusing
[INFO] [stdout]     = note: `#[warn(mismatched_lifetime_syntaxes)]` on by default
[INFO] [stdout] help: use `'_` for type paths
[INFO] [stdout]     |
[INFO] [stdout] 109 |     pub fn compile(&self) -> Result<CompiledExercise<'_>, ExerciseOutput> {
[INFO] [stdout]     |                                                     ++++
[INFO] [stdout] 
[INFO] [stdout] 
[INFO] [stderr]     Finished `release` profile [optimized] target(s) in 8.14s
[INFO] running `Command { std: "docker" "inspect" "85a4bbe41aff0a520d30c6a87332a79746829e64719bced4f688fcd945a9f9a6", kill_on_drop: false }`
[INFO] running `Command { std: "docker" "exec" "-e" "SOURCE_DIR=/opt/rustwide/workdir" "-e" "CARGO_HOME=/opt/rustwide/cargo-home" "-e" "RUSTUP_HOME=/opt/rustwide/rustup-home" "-e" "CARGO_TARGET_DIR=/opt/rustwide/target" "-e" "CARGO_INCREMENTAL=0" "-e" "RUST_BACKTRACE=full" "-e" "RUSTFLAGS=--cap-lints=warn" "-e" "RUSTDOCFLAGS=--cap-lints=warn" "-w" "/opt/rustwide/workdir" "--user" "0:0" "85a4bbe41aff0a520d30c6a87332a79746829e64719bced4f688fcd945a9f9a6" "/opt/rustwide/cargo-home/bin/cargo" "+1.100.0-beta.1" "test" "--frozen" "--release", kill_on_drop: false }`
[INFO] [stderr] warning: hiding a lifetime that's elided elsewhere is confusing
[INFO] [stderr]    --> src/exercise.rs:109:20
[INFO] [stderr]     |
[INFO] [stderr] 109 |     pub fn compile(&self) -> Result<CompiledExercise, ExerciseOutput> {
[INFO] [stderr]     |                    ^^^^^            ^^^^^^^^^^^^^^^^ the same lifetime is hidden here
[INFO] [stderr]     |                    |
[INFO] [stderr]     |                    the lifetime is elided here
[INFO] [stderr]     |
[INFO] [stderr]     = help: the same lifetime is referred to in inconsistent ways, making the signature confusing
[INFO] [stderr]     = note: `#[warn(mismatched_lifetime_syntaxes)]` on by default
[INFO] [stderr] help: use `'_` for type paths
[INFO] [stderr]     |
[INFO] [stderr] 109 |     pub fn compile(&self) -> Result<CompiledExercise<'_>, ExerciseOutput> {
[INFO] [stderr]     |                                                     ++++
[INFO] [stderr] 
[INFO] [stderr] warning: `rustlings` (bin "rustlings" test) generated 1 warning (run `cargo fix --bin "rustlings" -p rustlings --tests` to apply 1 suggestion)
[INFO] [stderr] warning: `rustlings` (bin "rustlings") generated 1 warning (1 duplicate)
[INFO] [stderr]     Finished `release` profile [optimized] target(s) in 0.09s
[INFO] [stderr]      Running unittests src/main.rs (/opt/rustwide/target/release/build/rustlings/ff0b46282a03b4e7/out/rustlings-ff0b46282a03b4e7)
[INFO] [stdout] 
[INFO] [stdout] running 4 tests
[INFO] [stdout] test exercise::test::test_finished_exercise ... ok
[INFO] [stdout] test exercise::test::test_pending_state ... ok
[INFO] [stdout] test exercise::test::test_clean ... FAILED
[INFO] [stdout] test exercise::test::test_exercise_with_output ... FAILED
[INFO] [stdout] 
[INFO] [stdout] failures:
[INFO] [stdout] 
[INFO] [stdout] ---- exercise::test::test_clean stdout ----
[INFO] [stdout] 
[INFO] [stdout] thread 'exercise::test::test_clean' (1427) panicked at src/exercise.rs:270:36:
[INFO] [stdout] called `Result::unwrap()` on an `Err` value: Os { code: 30, kind: ReadOnlyFilesystem, message: "Read-only file system" }
[INFO] [stdout] stack backtrace:
[INFO] [stdout]    0:     0x5c1c5f96e231 - <<std[617be2ca0a6fd877]::sys::backtrace::BacktraceLock>::print::DisplayBacktrace as core[a373ad73a504971]::fmt::Display>::fmt
[INFO] [stdout]    1:     0x5c1c5f9833aa - core[a373ad73a504971]::fmt::write
[INFO] [stdout]    2:     0x5c1c5f97251c - <alloc[2e1b2a31b91974c5]::vec::Vec<u8> as core[a373ad73a504971]::io::write::Write>::write_fmt
[INFO] [stdout]    3:     0x5c1c5f94a296 - std[617be2ca0a6fd877]::panicking::default_hook::{closure#0}
[INFO] [stdout]    4:     0x5c1c5f9665c9 - std[617be2ca0a6fd877]::panicking::default_hook
[INFO] [stdout]    5:     0x5c1c5f891e50 - test[aada8e7e76ba119b]::test_main_inner::{closure#0}
[INFO] [stdout]    6:     0x5c1c5f966782 - std[617be2ca0a6fd877]::panicking::panic_with_hook
[INFO] [stdout]    7:     0x5c1c5f94a342 - std[617be2ca0a6fd877]::panicking::panic_handler::{closure#0}
[INFO] [stdout]    8:     0x5c1c5f942f79 - std[617be2ca0a6fd877]::sys::backtrace::__rust_end_short_backtrace::<std[617be2ca0a6fd877]::panicking::panic_handler::{closure#0}, !>
[INFO] [stdout]    9:     0x5c1c5f94af4d - __rustc[ea4f61d10b84890b]::rust_begin_unwind
[INFO] [stdout]   10:     0x5c1c5f983b0c - core[a373ad73a504971]::panicking::panic_fmt
[INFO] [stdout]   11:     0x5c1c5f9838e2 - core[a373ad73a504971]::result::unwrap_failed
[INFO] [stdout]   12:     0x5c1c5f881d7e - <rustlings[650491217937636c]::exercise::test::test_clean::{closure#0} as core[a373ad73a504971]::ops::function::FnOnce<()>>::call_once
[INFO] [stdout]   13:     0x5c1c5f88529b - test[aada8e7e76ba119b]::__rust_begin_short_backtrace::<core[a373ad73a504971]::result::Result<(), alloc[2e1b2a31b91974c5]::string::String>, fn() -> core[a373ad73a504971]::result::Result<(), alloc[2e1b2a31b91974c5]::string::String>>
[INFO] [stdout]   14:     0x5c1c5f892475 - test[aada8e7e76ba119b]::run_test::{closure#0}
[INFO] [stdout]   15:     0x5c1c5f88bd64 - std[617be2ca0a6fd877]::sys::backtrace::__rust_begin_short_backtrace::<test[aada8e7e76ba119b]::run_test::{closure#1}, ()>
[INFO] [stdout]   16:     0x5c1c5f895502 - <std[617be2ca0a6fd877]::thread::lifecycle::spawn_unchecked<test[aada8e7e76ba119b]::run_test::{closure#1}, ()>::{closure#1} as core[a373ad73a504971]::ops::function::FnOnce<()>>::call_once::{shim:vtable#0}
[INFO] [stdout]   17:     0x5c1c5f96d8af - <std[617be2ca0a6fd877]::sys::thread::unix::Thread>::new::thread_start
[INFO] [stdout]   18:     0x71516edd2dfa - <unknown>
[INFO] [stdout]   19:     0x71516ee663d4 - clone
[INFO] [stdout]   20:                0x0 - <unknown>
[INFO] [stdout] 
[INFO] [stdout] ---- exercise::test::test_exercise_with_output stdout ----
[INFO] [stdout] 
[INFO] [stdout] thread 'exercise::test::test_exercise_with_output' (1428) panicked at src/exercise.rs:343:38:
[INFO] [stdout] called `Result::unwrap()` on an `Err` value: ExerciseOutput { stdout: "", stderr: "\u{1b}[1m\u{1b}[91merror\u{1b}[0m\u{1b}[1m: couldn't create a temp dir: Read-only file system (os error 30) at path \"/opt/rustwide/workdir/./rmetaiI69Tb\"\u{1b}[0m\n\n\u{1b}[1m\u{1b}[91merror\u{1b}[0m\u{1b}[1m: aborting due to 1 previous error\u{1b}[0m\n\n" }
[INFO] [stdout] stack backtrace:
[INFO] [stdout]    0:     0x5c1c5f96e231 - <<std[617be2ca0a6fd877]::sys::backtrace::BacktraceLock>::print::DisplayBacktrace as core[a373ad73a504971]::fmt::Display>::fmt
[INFO] [stdout]    1:     0x5c1c5f9833aa - core[a373ad73a504971]::fmt::write
[INFO] [stdout]    2:     0x5c1c5f97251c - <alloc[2e1b2a31b91974c5]::vec::Vec<u8> as core[a373ad73a504971]::io::write::Write>::write_fmt
[INFO] [stdout]    3:     0x5c1c5f94a296 - std[617be2ca0a6fd877]::panicking::default_hook::{closure#0}
[INFO] [stdout]    4:     0x5c1c5f9665c9 - std[617be2ca0a6fd877]::panicking::default_hook
[INFO] [stdout]    5:     0x5c1c5f891e50 - test[aada8e7e76ba119b]::test_main_inner::{closure#0}
[INFO] [stdout]    6:     0x5c1c5f966782 - std[617be2ca0a6fd877]::panicking::panic_with_hook
[INFO] [stdout]    7:     0x5c1c5f94a342 - std[617be2ca0a6fd877]::panicking::panic_handler::{closure#0}
[INFO] [stdout]    8:     0x5c1c5f942f79 - std[617be2ca0a6fd877]::sys::backtrace::__rust_end_short_backtrace::<std[617be2ca0a6fd877]::panicking::panic_handler::{closure#0}, !>
[INFO] [stdout]    9:     0x5c1c5f94af4d - __rustc[ea4f61d10b84890b]::rust_begin_unwind
[INFO] [stdout]   10:     0x5c1c5f983b0c - core[a373ad73a504971]::panicking::panic_fmt
[INFO] [stdout]   11:     0x5c1c5f9838e2 - core[a373ad73a504971]::result::unwrap_failed
[INFO] [stdout]   12:     0x5c1c5f882d72 - <rustlings[650491217937636c]::exercise::test::test_exercise_with_output::{closure#0} as core[a373ad73a504971]::ops::function::FnOnce<()>>::call_once
[INFO] [stdout]   13:     0x5c1c5f88529b - test[aada8e7e76ba119b]::__rust_begin_short_backtrace::<core[a373ad73a504971]::result::Result<(), alloc[2e1b2a31b91974c5]::string::String>, fn() -> core[a373ad73a504971]::result::Result<(), alloc[2e1b2a31b91974c5]::string::String>>
[INFO] [stdout]   14:     0x5c1c5f892475 - test[aada8e7e76ba119b]::run_test::{closure#0}
[INFO] [stdout]   15:     0x5c1c5f88bd64 - std[617be2ca0a6fd877]::sys::backtrace::__rust_begin_short_backtrace::<test[aada8e7e76ba119b]::run_test::{closure#1}, ()>
[INFO] [stdout]   16:     0x5c1c5f895502 - <std[617be2ca0a6fd877]::thread::lifecycle::spawn_unchecked<test[aada8e7e76ba119b]::run_test::{closure#1}, ()>::{closure#1} as core[a373ad73a504971]::ops::function::FnOnce<()>>::call_once::{shim:vtable#0}
[INFO] [stdout]   17:     0x5c1c5f96d8af - <std[617be2ca0a6fd877]::sys::thread::unix::Thread>::new::thread_start
[INFO] [stdout]   18:     0x71516edd2dfa - <unknown>
[INFO] [stdout]   19:     0x71516ee663d4 - clone
[INFO] [stdout]   20:                0x0 - <unknown>
[INFO] [stdout] 
[INFO] [stdout] 
[INFO] [stdout] failures:
[INFO] [stdout]     exercise::test::test_clean
[INFO] [stdout]     exercise::test::test_exercise_with_output
[INFO] [stdout] 
[INFO] [stdout] test result: FAILED. 2 passed; 2 failed; 0 ignored; 0 measured; 0 filtered out; finished in 0.10s
[INFO] [stdout] 
[INFO] [stderr] error: test failed, to rerun pass `--bin rustlings`
[INFO] running `Command { std: "docker" "inspect" "85a4bbe41aff0a520d30c6a87332a79746829e64719bced4f688fcd945a9f9a6", kill_on_drop: false }`
[INFO] running `Command { std: "docker" "rm" "-f" "85a4bbe41aff0a520d30c6a87332a79746829e64719bced4f688fcd945a9f9a6", kill_on_drop: false }`
[INFO] [stdout] 85a4bbe41aff0a520d30c6a87332a79746829e64719bced4f688fcd945a9f9a6
