[INFO] cloning repository https://github.com/fwtn/aoc_23_rust
[INFO] running `Command { std: "git" "-c" "credential.helper=" "-c" "credential.helper=/workspace/cargo-home/bin/git-credential-null" "clone" "--bare" "https://github.com/fwtn/aoc_23_rust" "/workspace/cache/git-repos/https%3A%2F%2Fgithub.com%2Ffwtn%2Faoc_23_rust", kill_on_drop: false }`
[INFO] [stderr] Cloning into bare repository '/workspace/cache/git-repos/https%3A%2F%2Fgithub.com%2Ffwtn%2Faoc_23_rust'...
[INFO] running `Command { std: "git" "rev-parse" "HEAD", kill_on_drop: false }`
[INFO] [stdout] 7d35728ab43ef0948f545322a3cc16b776f56292
[INFO] testing fwtn/aoc_23_rust against 1.100.0-beta.1+cargoflags=--release for beta-release-1.100-2
[INFO] running `Command { std: "git" "clone" "/workspace/cache/git-repos/https%3A%2F%2Fgithub.com%2Ffwtn%2Faoc_23_rust" "/workspace/builds/worker-3-tc2/source", kill_on_drop: false }`
[INFO] [stderr] Cloning into '/workspace/builds/worker-3-tc2/source'...
[INFO] [stderr] done.
[INFO] started tweaking git repo https://github.com/fwtn/aoc_23_rust
[INFO] finished tweaking git repo https://github.com/fwtn/aoc_23_rust
[INFO] tweaked toml for git repo https://github.com/fwtn/aoc_23_rust written to /workspace/builds/worker-3-tc2/source/Cargo.toml
[INFO] validating manifest of git repo https://github.com/fwtn/aoc_23_rust on toolchain 1.100.0-beta.1
[INFO] running `Command { std: CARGO_HOME="/workspace/cargo-home" RUSTUP_HOME="/workspace/rustup-home" "/workspace/cargo-home/bin/cargo" "+1.100.0-beta.1" "metadata" "--manifest-path" "Cargo.toml" "--no-deps", kill_on_drop: false }`
[INFO] crate git repo https://github.com/fwtn/aoc_23_rust already has a lockfile, it will not be regenerated
[INFO] running `Command { std: CARGO_HOME="/workspace/cargo-home" RUSTUP_HOME="/workspace/rustup-home" "/workspace/cargo-home/bin/cargo" "+1.100.0-beta.1" "fetch" "--manifest-path" "Cargo.toml", kill_on_drop: false }`
[INFO] running `Command { std: "docker" "create" "-v" "/var/lib/crater-agent-workspace/builds/worker-3-tc2/source:/opt/rustwide/workdir:ro,Z" "-v" "/var/lib/crater-agent-workspace/builds/worker-3-tc2/target:/opt/rustwide/target:rw,Z" "-v" "/var/lib/crater-agent-workspace/cargo-home:/opt/rustwide/cargo-home:ro,Z" "-v" "/var/lib/crater-agent-workspace/rustup-home:/opt/rustwide/rustup-home:ro,Z" "-m" "1610612736" "--network" "none" "ghcr.io/rust-lang/crates-build-env/linux@sha256:77db811e55d90add9212f6832c23229e3de5f1c1f9905e8cb07319ea15df73ac" "sleep" "infinity", kill_on_drop: false }`
[INFO] [stdout] 84a594bf9dad315e3255acd848054706891f63e640dc8138c4dfc68e1f1ddd7b
[INFO] running `Command { std: "docker" "start" "84a594bf9dad315e3255acd848054706891f63e640dc8138c4dfc68e1f1ddd7b", kill_on_drop: false }`
[INFO] running `Command { std: "docker" "inspect" "84a594bf9dad315e3255acd848054706891f63e640dc8138c4dfc68e1f1ddd7b", kill_on_drop: false }`
[INFO] running `Command { std: "docker" "exec" "-e" "SOURCE_DIR=/opt/rustwide/workdir" "-e" "CARGO_HOME=/opt/rustwide/cargo-home" "-e" "RUSTUP_HOME=/opt/rustwide/rustup-home" "-e" "CARGO_TARGET_DIR=/opt/rustwide/target" "-w" "/opt/rustwide/workdir" "--user" "0:0" "84a594bf9dad315e3255acd848054706891f63e640dc8138c4dfc68e1f1ddd7b" "/opt/rustwide/cargo-home/bin/cargo" "+1.100.0-beta.1" "metadata" "--no-deps" "--format-version=1", kill_on_drop: false }`
[INFO] running `Command { std: "docker" "inspect" "84a594bf9dad315e3255acd848054706891f63e640dc8138c4dfc68e1f1ddd7b", kill_on_drop: false }`
[INFO] running `Command { std: "docker" "exec" "-e" "SOURCE_DIR=/opt/rustwide/workdir" "-e" "CARGO_HOME=/opt/rustwide/cargo-home" "-e" "RUSTUP_HOME=/opt/rustwide/rustup-home" "-e" "CARGO_TARGET_DIR=/opt/rustwide/target" "-e" "CARGO_INCREMENTAL=0" "-e" "RUST_BACKTRACE=full" "-e" "RUSTFLAGS=--cap-lints=warn" "-e" "RUSTDOCFLAGS=--cap-lints=warn" "-w" "/opt/rustwide/workdir" "--user" "0:0" "84a594bf9dad315e3255acd848054706891f63e640dc8138c4dfc68e1f1ddd7b" "/opt/rustwide/cargo-home/bin/cargo" "+1.100.0-beta.1" "build" "--frozen" "--message-format=json" "--release", kill_on_drop: false }`
[INFO] [stderr]    Compiling proc-macro2 v1.0.71
[INFO] [stderr]    Compiling syn v1.0.109
[INFO] [stderr]    Compiling quote v1.0.33
[INFO] [stderr]    Compiling velcro_core v0.5.4
[INFO] [stderr]    Compiling velcro_macros v0.5.4
[INFO] [stderr]    Compiling velcro v0.5.4
[INFO] [stderr]    Compiling aoc23_rust v0.1.0 (/opt/rustwide/workdir)
[INFO] [stderr]     Finished `release` profile [optimized] target(s) in 7.10s
[INFO] running `Command { std: "docker" "inspect" "84a594bf9dad315e3255acd848054706891f63e640dc8138c4dfc68e1f1ddd7b", kill_on_drop: false }`
[INFO] running `Command { std: "docker" "exec" "-e" "SOURCE_DIR=/opt/rustwide/workdir" "-e" "CARGO_HOME=/opt/rustwide/cargo-home" "-e" "RUSTUP_HOME=/opt/rustwide/rustup-home" "-e" "CARGO_TARGET_DIR=/opt/rustwide/target" "-e" "CARGO_INCREMENTAL=0" "-e" "RUST_BACKTRACE=full" "-e" "RUSTFLAGS=--cap-lints=warn" "-e" "RUSTDOCFLAGS=--cap-lints=warn" "-w" "/opt/rustwide/workdir" "--user" "0:0" "84a594bf9dad315e3255acd848054706891f63e640dc8138c4dfc68e1f1ddd7b" "/opt/rustwide/cargo-home/bin/cargo" "+1.100.0-beta.1" "test" "--frozen" "--no-run" "--message-format=json" "--release", kill_on_drop: false }`
[INFO] [stderr]    Compiling aoc23_rust v0.1.0 (/opt/rustwide/workdir)
[INFO] [stderr]     Finished `release` profile [optimized] target(s) in 1.26s
[INFO] running `Command { std: "docker" "inspect" "84a594bf9dad315e3255acd848054706891f63e640dc8138c4dfc68e1f1ddd7b", kill_on_drop: false }`
[INFO] running `Command { std: "docker" "exec" "-e" "SOURCE_DIR=/opt/rustwide/workdir" "-e" "CARGO_HOME=/opt/rustwide/cargo-home" "-e" "RUSTUP_HOME=/opt/rustwide/rustup-home" "-e" "CARGO_TARGET_DIR=/opt/rustwide/target" "-e" "CARGO_INCREMENTAL=0" "-e" "RUST_BACKTRACE=full" "-e" "RUSTFLAGS=--cap-lints=warn" "-e" "RUSTDOCFLAGS=--cap-lints=warn" "-w" "/opt/rustwide/workdir" "--user" "0:0" "84a594bf9dad315e3255acd848054706891f63e640dc8138c4dfc68e1f1ddd7b" "/opt/rustwide/cargo-home/bin/cargo" "+1.100.0-beta.1" "test" "--frozen" "--release", kill_on_drop: false }`
[INFO] [stderr]     Finished `release` profile [optimized] target(s) in 0.02s
[INFO] [stderr]      Running unittests src/lib.rs (/opt/rustwide/target/release/build/aoc23_rust/39ed0e506ddfbcb2/out/aoc23_rust-39ed0e506ddfbcb2)
[INFO] [stdout] 
[INFO] [stderr]      Running unittests src/bin/day01-1.rs (/opt/rustwide/target/release/build/aoc23_rust/d8e9564c326ec5c1/out/day01_1-d8e9564c326ec5c1)
[INFO] [stdout] running 0 tests
[INFO] [stdout] 
[INFO] [stdout] test result: ok. 0 passed; 0 failed; 0 ignored; 0 measured; 0 filtered out; finished in 0.00s
[INFO] [stdout] 
[INFO] [stderr]      Running unittests src/bin/day01-2.rs (/opt/rustwide/target/release/build/aoc23_rust/af563dbb84cde550/out/day01_2-af563dbb84cde550)
[INFO] [stdout] 
[INFO] [stdout] running 0 tests
[INFO] [stdout] 
[INFO] [stdout] test result: ok. 0 passed; 0 failed; 0 ignored; 0 measured; 0 filtered out; finished in 0.00s
[INFO] [stdout] 
[INFO] [stdout] 
[INFO] [stdout] running 3 tests
[INFO] [stdout] test tests::test_fill_buffer ... ok
[INFO] [stdout] test tests::test_parse_word ... ok
[INFO] [stderr]      Running unittests src/bin/day02-1.rs (/opt/rustwide/target/release/build/aoc23_rust/881a6a42337552cf/out/day02_1-881a6a42337552cf)
[INFO] [stdout] test tests::test_parse_buffer ... ok
[INFO] [stdout] 
[INFO] [stdout] test result: ok. 3 passed; 0 failed; 0 ignored; 0 measured; 0 filtered out; finished in 0.00s
[INFO] [stdout] 
[INFO] [stdout] 
[INFO] [stdout] running 1 test
[INFO] [stdout] test tests::test_extact_game ... FAILED
[INFO] [stdout] 
[INFO] [stdout] failures:
[INFO] [stdout] 
[INFO] [stdout] ---- tests::test_extact_game stdout ----
[INFO] [stdout] 
[INFO] [stdout] thread 'tests::test_extact_game' (527) panicked at src/bin/day02-1.rs:60:9:
[INFO] [stdout] assertion `left == right` failed
[INFO] [stderr] error: test failed, to rerun pass `--bin day02-1`
[INFO] [stdout]   left: (1, [{"red": 4}])
[INFO] [stdout]  right: (1, [{"blue": 3, "red": 4}, {"green": 2, "blue": 6, "red": 1}, {"green": 2}])
[INFO] [stdout] stack backtrace:
[INFO] [stdout]    0:     0x5c77c40ce971 - <<std[617be2ca0a6fd877]::sys::backtrace::BacktraceLock>::print::DisplayBacktrace as core[a373ad73a504971]::fmt::Display>::fmt
[INFO] [stdout]    1:     0x5c77c40e2d4a - core[a373ad73a504971]::fmt::write
[INFO] [stdout]    2:     0x5c77c40d2b8c - <alloc[2e1b2a31b91974c5]::vec::Vec<u8> as core[a373ad73a504971]::io::write::Write>::write_fmt
[INFO] [stdout]    3:     0x5c77c40aadd6 - std[617be2ca0a6fd877]::panicking::default_hook::{closure#0}
[INFO] [stdout]    4:     0x5c77c40c7009 - std[617be2ca0a6fd877]::panicking::default_hook
[INFO] [stdout]    5:     0x5c77c40636b0 - test[aada8e7e76ba119b]::test_main_inner::{closure#0}
[INFO] [stdout]    6:     0x5c77c40c71c2 - std[617be2ca0a6fd877]::panicking::panic_with_hook
[INFO] [stdout]    7:     0x5c77c40aae82 - std[617be2ca0a6fd877]::panicking::panic_handler::{closure#0}
[INFO] [stdout]    8:     0x5c77c40a3b99 - std[617be2ca0a6fd877]::sys::backtrace::__rust_end_short_backtrace::<std[617be2ca0a6fd877]::panicking::panic_handler::{closure#0}, !>
[INFO] [stdout]    9:     0x5c77c40aba8d - __rustc[ea4f61d10b84890b]::rust_begin_unwind
[INFO] [stdout]   10:     0x5c77c40e347c - core[a373ad73a504971]::panicking::panic_fmt
[INFO] [stdout]   11:     0x5c77c40e3393 - core[a373ad73a504971]::panicking::assert_failed_inner
[INFO] [stdout]   12:     0x5c77c40543f8 - core[a373ad73a504971]::panicking::assert_failed::<(usize, alloc[2e1b2a31b91974c5]::vec::Vec<std[617be2ca0a6fd877]::collections::hash::map::HashMap<alloc[2e1b2a31b91974c5]::string::String, usize>>), (usize, alloc[2e1b2a31b91974c5]::vec::Vec<std[617be2ca0a6fd877]::collections::hash::map::HashMap<alloc[2e1b2a31b91974c5]::string::String, usize>>)>
[INFO] [stdout]   13:     0x5c77c4055b46 - <day02_1[33b221f556699c8f]::tests::test_extact_game::{closure#0} as core[a373ad73a504971]::ops::function::FnOnce<()>>::call_once
[INFO] [stdout]   14:     0x5c77c4056afb - test[aada8e7e76ba119b]::__rust_begin_short_backtrace::<core[a373ad73a504971]::result::Result<(), alloc[2e1b2a31b91974c5]::string::String>, fn() -> core[a373ad73a504971]::result::Result<(), alloc[2e1b2a31b91974c5]::string::String>>
[INFO] [stdout]   15:     0x5c77c4063cd5 - test[aada8e7e76ba119b]::run_test::{closure#0}
[INFO] [stdout]   16:     0x5c77c405d5c4 - std[617be2ca0a6fd877]::sys::backtrace::__rust_begin_short_backtrace::<test[aada8e7e76ba119b]::run_test::{closure#1}, ()>
[INFO] [stdout]   17:     0x5c77c4066d62 - <std[617be2ca0a6fd877]::thread::lifecycle::spawn_unchecked<test[aada8e7e76ba119b]::run_test::{closure#1}, ()>::{closure#1} as core[a373ad73a504971]::ops::function::FnOnce<()>>::call_once::{shim:vtable#0}
[INFO] [stdout]   18:     0x5c77c40ce1cf - <std[617be2ca0a6fd877]::sys::thread::unix::Thread>::new::thread_start
[INFO] [stdout]   19:     0x726a38e0cdfa - <unknown>
[INFO] [stdout]   20:     0x726a38ea03d4 - clone
[INFO] [stdout]   21:                0x0 - <unknown>
[INFO] [stdout] 
[INFO] [stdout] 
[INFO] [stdout] failures:
[INFO] [stdout]     tests::test_extact_game
[INFO] [stdout] 
[INFO] [stdout] test result: FAILED. 0 passed; 1 failed; 0 ignored; 0 measured; 0 filtered out; finished in 0.00s
[INFO] [stdout] 
[INFO] running `Command { std: "docker" "inspect" "84a594bf9dad315e3255acd848054706891f63e640dc8138c4dfc68e1f1ddd7b", kill_on_drop: false }`
[INFO] running `Command { std: "docker" "rm" "-f" "84a594bf9dad315e3255acd848054706891f63e640dc8138c4dfc68e1f1ddd7b", kill_on_drop: false }`
[INFO] [stdout] 84a594bf9dad315e3255acd848054706891f63e640dc8138c4dfc68e1f1ddd7b
