[INFO] cloning repository https://github.com/fushiliang321/template-replacement-core
[INFO] running `Command { std: "git" "-c" "credential.helper=" "-c" "credential.helper=/workspace/cargo-home/bin/git-credential-null" "clone" "--bare" "https://github.com/fushiliang321/template-replacement-core" "/workspace/cache/git-repos/https%3A%2F%2Fgithub.com%2Ffushiliang321%2Ftemplate-replacement-core", kill_on_drop: false }`
[INFO] [stderr] Cloning into bare repository '/workspace/cache/git-repos/https%3A%2F%2Fgithub.com%2Ffushiliang321%2Ftemplate-replacement-core'...
[INFO] running `Command { std: "git" "rev-parse" "HEAD", kill_on_drop: false }`
[INFO] [stdout] 6584be9a988f5e88d0a8b6672418f61349aeb28a
[INFO] testing fushiliang321/template-replacement-core against 1.100.0-beta.1+cargoflags=--release for beta-release-1.100-2
[INFO] running `Command { std: "git" "clone" "/workspace/cache/git-repos/https%3A%2F%2Fgithub.com%2Ffushiliang321%2Ftemplate-replacement-core" "/workspace/builds/worker-1-tc2/source", kill_on_drop: false }`
[INFO] [stderr] Cloning into '/workspace/builds/worker-1-tc2/source'...
[INFO] [stderr] done.
[INFO] started tweaking git repo https://github.com/fushiliang321/template-replacement-core
[INFO] finished tweaking git repo https://github.com/fushiliang321/template-replacement-core
[INFO] tweaked toml for git repo https://github.com/fushiliang321/template-replacement-core written to /workspace/builds/worker-1-tc2/source/Cargo.toml
[INFO] validating manifest of git repo https://github.com/fushiliang321/template-replacement-core on toolchain 1.100.0-beta.1
[INFO] running `Command { std: CARGO_HOME="/workspace/cargo-home" RUSTUP_HOME="/workspace/rustup-home" "/workspace/cargo-home/bin/cargo" "+1.100.0-beta.1" "metadata" "--manifest-path" "Cargo.toml" "--no-deps", kill_on_drop: false }`
[INFO] running `Command { std: CARGO_HOME="/workspace/cargo-home" RUSTUP_HOME="/workspace/rustup-home" "/workspace/cargo-home/bin/cargo" "+1.100.0-beta.1" "generate-lockfile" "--manifest-path" "Cargo.toml", kill_on_drop: false }`
[INFO] [stderr]     Updating crates.io index
[INFO] [stderr]      Locking 95 packages to highest compatible versions
[INFO] [stderr]       Adding base64 v0.22.1 (available: v0.23.1)
[INFO] [stderr]       Adding zip v8.6.0 (available: v9.0.5)
[INFO] running `Command { std: CARGO_HOME="/workspace/cargo-home" RUSTUP_HOME="/workspace/rustup-home" "/workspace/cargo-home/bin/cargo" "+1.100.0-beta.1" "fetch" "--manifest-path" "Cargo.toml", kill_on_drop: false }`
[INFO] running `Command { std: "docker" "create" "-v" "/var/lib/crater-agent-workspace/builds/worker-1-tc2/source:/opt/rustwide/workdir:ro,Z" "-v" "/var/lib/crater-agent-workspace/builds/worker-1-tc2/target:/opt/rustwide/target:rw,Z" "-v" "/var/lib/crater-agent-workspace/cargo-home:/opt/rustwide/cargo-home:ro,Z" "-v" "/var/lib/crater-agent-workspace/rustup-home:/opt/rustwide/rustup-home:ro,Z" "-m" "1610612736" "--network" "none" "ghcr.io/rust-lang/crates-build-env/linux@sha256:77db811e55d90add9212f6832c23229e3de5f1c1f9905e8cb07319ea15df73ac" "sleep" "infinity", kill_on_drop: false }`
[INFO] [stdout] d067f3c6611d61d4e21e71d7169218db95e0addcff7ceb0cb47c13b7bfa62162
[INFO] running `Command { std: "docker" "start" "d067f3c6611d61d4e21e71d7169218db95e0addcff7ceb0cb47c13b7bfa62162", kill_on_drop: false }`
[INFO] running `Command { std: "docker" "inspect" "d067f3c6611d61d4e21e71d7169218db95e0addcff7ceb0cb47c13b7bfa62162", kill_on_drop: false }`
[INFO] running `Command { std: "docker" "exec" "-e" "SOURCE_DIR=/opt/rustwide/workdir" "-e" "CARGO_HOME=/opt/rustwide/cargo-home" "-e" "RUSTUP_HOME=/opt/rustwide/rustup-home" "-e" "CARGO_TARGET_DIR=/opt/rustwide/target" "-w" "/opt/rustwide/workdir" "--user" "0:0" "d067f3c6611d61d4e21e71d7169218db95e0addcff7ceb0cb47c13b7bfa62162" "/opt/rustwide/cargo-home/bin/cargo" "+1.100.0-beta.1" "metadata" "--no-deps" "--format-version=1", kill_on_drop: false }`
[INFO] running `Command { std: "docker" "inspect" "d067f3c6611d61d4e21e71d7169218db95e0addcff7ceb0cb47c13b7bfa62162", kill_on_drop: false }`
[INFO] running `Command { std: "docker" "exec" "-e" "SOURCE_DIR=/opt/rustwide/workdir" "-e" "CARGO_HOME=/opt/rustwide/cargo-home" "-e" "RUSTUP_HOME=/opt/rustwide/rustup-home" "-e" "CARGO_TARGET_DIR=/opt/rustwide/target" "-e" "CARGO_INCREMENTAL=0" "-e" "RUST_BACKTRACE=full" "-e" "RUSTFLAGS=--cap-lints=warn" "-e" "RUSTDOCFLAGS=--cap-lints=warn" "-w" "/opt/rustwide/workdir" "--user" "0:0" "d067f3c6611d61d4e21e71d7169218db95e0addcff7ceb0cb47c13b7bfa62162" "/opt/rustwide/cargo-home/bin/cargo" "+1.100.0-beta.1" "build" "--frozen" "--message-format=json" "--release", kill_on_drop: false }`
[INFO] [stderr]    Compiling proc-macro2 v1.0.107
[INFO] [stderr]    Compiling unicode-ident v1.0.27
[INFO] [stderr]    Compiling quote v1.0.47
[INFO] [stderr]    Compiling wasm-bindgen-shared v0.2.129
[INFO] [stderr]    Compiling rustversion v1.0.23
[INFO] [stderr]    Compiling cfg-if v1.0.5
[INFO] [stderr]    Compiling bumpalo v3.20.3
[INFO] [stderr]    Compiling typenum v1.20.1
[INFO] [stderr]    Compiling once_cell v1.21.4
[INFO] [stderr]    Compiling slab v0.4.12
[INFO] [stderr]    Compiling futures-task v0.3.34
[INFO] [stderr]    Compiling futures-core v0.3.34
[INFO] [stderr]    Compiling serde_core v1.0.229
[INFO] [stderr]    Compiling pin-project-lite v0.2.17
[INFO] [stderr]    Compiling num-traits v0.2.19
[INFO] [stderr]    Compiling serde v1.0.229
[INFO] [stderr]    Compiling memchr v2.8.3
[INFO] [stderr]    Compiling crc32fast v1.5.2
[INFO] [stderr]    Compiling simd-adler32 v0.3.10
[INFO] [stderr]    Compiling adler2 v2.0.1
[INFO] [stderr]    Compiling hashbrown v0.17.1
[INFO] [stderr]    Compiling zlib-rs v0.6.8
[INFO] [stderr]    Compiling regex-syntax v0.8.11
[INFO] [stderr]    Compiling equivalent v1.0.3
[INFO] [stderr]    Compiling futures-util v0.3.34
[INFO] [stderr]    Compiling cpufeatures v0.3.1
[INFO] [stderr]    Compiling log v0.4.34
[INFO] [stderr]    Compiling miniz_oxide v0.9.1
[INFO] [stderr]    Compiling cpubits v0.1.1
[INFO] [stderr]    Compiling typed-path v0.12.3
[INFO] [stderr]    Compiling base64 v0.22.1
[INFO] [stderr]    Compiling wasm-bindgen v0.2.129
[INFO] [stderr]    Compiling aho-corasick v1.1.5
[INFO] [stderr]    Compiling syn v3.0.9
[INFO] [stderr]    Compiling hybrid-array v0.4.15
[INFO] [stderr]    Compiling rmp v0.8.15
[INFO] [stderr]    Compiling indexmap v2.14.2
[INFO] [stderr]    Compiling crypto-common v0.2.2
[INFO] [stderr]    Compiling inout v0.2.4
[INFO] [stderr]    Compiling block-buffer v0.12.1
[INFO] [stderr]    Compiling regex-automata v0.4.18
[INFO] [stderr]    Compiling cipher v0.5.2
[INFO] [stderr]    Compiling flate2 v1.1.10
[INFO] [stderr]    Compiling aes v0.9.3
[INFO] [stderr]    Compiling ofb v0.7.1
[INFO] [stderr]    Compiling zip v8.6.0
[INFO] [stderr]    Compiling regex v1.13.1
[INFO] [stderr]    Compiling wasm-bindgen-macro-support v0.2.129
[INFO] [stderr]    Compiling serde_derive v1.0.229
[INFO] [stderr]    Compiling rmp-serde v1.3.1
[INFO] [stderr]    Compiling wasm-bindgen-macro v0.2.129
[INFO] [stderr]    Compiling js-sys v0.3.106
[INFO] [stderr]    Compiling console_error_panic_hook v0.1.7
[INFO] [stderr]    Compiling web-sys v0.3.106
[INFO] [stderr]    Compiling serde-wasm-bindgen v0.6.5
[INFO] [stderr]    Compiling console_log v1.1.0
[INFO] [stderr]    Compiling common v1.8.8 (/opt/rustwide/workdir/common)
[INFO] [stderr]    Compiling template-replacement-core-wasm v1.8.8 (/opt/rustwide/workdir/general)
[INFO] [stderr]    Compiling template-replacement-sign-core-wasm v1.8.8 (/opt/rustwide/workdir/sign)
[INFO] [stderr]     Finished `release` profile [optimized] target(s) in 54.67s
[INFO] running `Command { std: "docker" "inspect" "d067f3c6611d61d4e21e71d7169218db95e0addcff7ceb0cb47c13b7bfa62162", kill_on_drop: false }`
[INFO] running `Command { std: "docker" "exec" "-e" "SOURCE_DIR=/opt/rustwide/workdir" "-e" "CARGO_HOME=/opt/rustwide/cargo-home" "-e" "RUSTUP_HOME=/opt/rustwide/rustup-home" "-e" "CARGO_TARGET_DIR=/opt/rustwide/target" "-e" "CARGO_INCREMENTAL=0" "-e" "RUST_BACKTRACE=full" "-e" "RUSTFLAGS=--cap-lints=warn" "-e" "RUSTDOCFLAGS=--cap-lints=warn" "-w" "/opt/rustwide/workdir" "--user" "0:0" "d067f3c6611d61d4e21e71d7169218db95e0addcff7ceb0cb47c13b7bfa62162" "/opt/rustwide/cargo-home/bin/cargo" "+1.100.0-beta.1" "test" "--frozen" "--no-run" "--message-format=json" "--release", kill_on_drop: false }`
[INFO] [stderr]    Compiling pin-project-lite v0.2.17
[INFO] [stderr]    Compiling cfg-if v1.0.5
[INFO] [stderr]    Compiling futures-core v0.3.34
[INFO] [stderr]    Compiling slab v0.4.12
[INFO] [stderr]    Compiling crossbeam-utils v0.8.23
[INFO] [stderr]    Compiling unicode-ident v1.0.27
[INFO] [stderr]    Compiling typenum v1.20.1
[INFO] [stderr]    Compiling parking v2.2.1
[INFO] [stderr]    Compiling memchr v2.8.3
[INFO] [stderr]    Compiling futures-task v0.3.34
[INFO] [stderr]    Compiling fastrand v2.5.0
[INFO] [stderr]    Compiling value-bag v1.14.1
[INFO] [stderr]    Compiling futures-io v0.3.34
[INFO] [stderr]    Compiling serde_core v1.0.229
[INFO] [stderr]    Compiling adler2 v2.0.1
[INFO] [stderr]    Compiling simd-adler32 v0.3.10
[INFO] [stderr]    Compiling rustix v1.1.5
[INFO] [stderr]    Compiling crc32fast v1.5.2
[INFO] [stderr]    Compiling num-traits v0.2.19
[INFO] [stderr]    Compiling wasm-bindgen-shared v0.2.129
[INFO] [stderr]    Compiling regex-syntax v0.8.11
[INFO] [stderr]    Compiling event-listener v5.4.2
[INFO] [stderr]    Compiling equivalent v1.0.3
[INFO] [stderr]    Compiling futures-util v0.3.34
[INFO] [stderr]    Compiling wasm-bindgen v0.2.129
[INFO] [stderr]    Compiling miniz_oxide v0.9.1
[INFO] [stderr]    Compiling log v0.4.34
[INFO] [stderr]    Compiling event-listener-strategy v0.5.4
[INFO] [stderr]    Compiling futures-lite v2.6.1
[INFO] [stderr]    Compiling linux-raw-sys v0.12.1
[INFO] [stderr]    Compiling hashbrown v0.17.1
[INFO] [stderr]    Compiling bitflags v2.13.2
[INFO] [stderr]    Compiling zlib-rs v0.6.8
[INFO] [stderr]    Compiling async-io v2.6.0
[INFO] [stderr]    Compiling cpubits v0.1.1
[INFO] [stderr]    Compiling syn v1.0.109
[INFO] [stderr]    Compiling cpufeatures v0.3.1
[INFO] [stderr]    Compiling async-task v4.7.1
[INFO] [stderr]    Compiling typed-path v0.12.3
[INFO] [stderr]    Compiling aho-corasick v1.1.5
[INFO] [stderr]    Compiling atomic-waker v1.1.2
[INFO] [stderr]    Compiling piper v0.2.5
[INFO] [stderr]    Compiling base64 v0.22.1
[INFO] [stderr]    Compiling hybrid-array v0.4.15
[INFO] [stderr]    Compiling concurrent-queue v2.5.0
[INFO] [stderr]    Compiling rmp v0.8.15
[INFO] [stderr]    Compiling async-lock v3.4.2
[INFO] [stderr]    Compiling async-channel v2.5.0
[INFO] [stderr]    Compiling async-executor v1.14.0
[INFO] [stderr]    Compiling indexmap v2.14.2
[INFO] [stderr]    Compiling block-buffer v0.12.1
[INFO] [stderr]    Compiling inout v0.2.4
[INFO] [stderr]    Compiling crypto-common v0.2.2
[INFO] [stderr]    Compiling blocking v1.7.0
[INFO] [stderr]    Compiling event-listener v2.5.3
[INFO] [stderr]    Compiling kv-log-macro v1.0.7
[INFO] [stderr]    Compiling pin-utils v0.1.1
[INFO] [stderr]    Compiling flate2 v1.1.10
[INFO] [stderr]    Compiling console_error_panic_hook v0.1.7
[INFO] [stderr]    Compiling async-channel v1.9.0
[INFO] [stderr]    Compiling zip v8.6.0
[INFO] [stderr]    Compiling cipher v0.5.2
[INFO] [stderr]    Compiling aes v0.9.3
[INFO] [stderr]    Compiling ofb v0.7.1
[INFO] [stderr]    Compiling regex-automata v0.4.18
[INFO] [stderr]    Compiling js-sys v0.3.106
[INFO] [stderr]    Compiling serde v1.0.229
[INFO] [stderr]    Compiling async-attributes v1.1.2
[INFO] [stderr]    Compiling rmp-serde v1.3.1
[INFO] [stderr]    Compiling regex v1.13.1
[INFO] [stderr]    Compiling polling v3.11.0
[INFO] [stderr]    Compiling async-global-executor v2.4.1
[INFO] [stderr]    Compiling async-std v1.13.2
[INFO] [stderr]    Compiling web-sys v0.3.106
[INFO] [stderr]    Compiling serde-wasm-bindgen v0.6.5
[INFO] [stderr]    Compiling console_log v1.1.0
[INFO] [stderr]    Compiling common v1.8.8 (/opt/rustwide/workdir/common)
[INFO] [stderr]    Compiling template-replacement-core-wasm v1.8.8 (/opt/rustwide/workdir/general)
[INFO] [stderr]    Compiling template-replacement-sign-core-wasm v1.8.8 (/opt/rustwide/workdir/sign)
[INFO] [stdout] warning: unused variable: `err`
[INFO] [stdout]   --> common/tests/replace_test.rs:20:13
[INFO] [stdout]    |
[INFO] [stdout] 20 |         Err(err) => Err(Error::new(ErrorKind::Other, "")),
[INFO] [stdout]    |             ^^^ help: if this is intentional, prefix it with an underscore: `_err`
[INFO] [stdout]    |
[INFO] [stdout]    = note: `#[warn(unused_variables)]` (part of `#[warn(unused)]`) on by default
[INFO] [stdout] 
[INFO] [stdout] 
[INFO] [stdout] warning: variable does not need to be mutable
[INFO] [stdout]    --> common/tests/replace_test.rs:130:9
[INFO] [stdout]     |
[INFO] [stdout] 130 |     let mut list = read_dir("D:\\其他\\test");
[INFO] [stdout]     |         ----^^^^
[INFO] [stdout]     |         |
[INFO] [stdout]     |         help: remove this `mut`
[INFO] [stdout]     |
[INFO] [stdout]     = note: `#[warn(unused_mut)]` (part of `#[warn(unused)]`) on by default
[INFO] [stdout] 
[INFO] [stdout] 
[INFO] [stdout] warning: constant `TYPE_WORD` is never used
[INFO] [stdout]   --> common/tests/replace_test.rs:13:7
[INFO] [stdout]    |
[INFO] [stdout] 13 | const TYPE_WORD: u8 = 0;
[INFO] [stdout]    |       ^^^^^^^^^
[INFO] [stdout]    |
[INFO] [stdout]    = note: `#[warn(dead_code)]` (part of `#[warn(unused)]`) on by default
[INFO] [stdout] 
[INFO] [stdout] 
[INFO] [stdout] warning: constant `TYPE_EXCEL` is never used
[INFO] [stdout]   --> common/tests/replace_test.rs:14:7
[INFO] [stdout]    |
[INFO] [stdout] 14 | const TYPE_EXCEL: u8 = 1;
[INFO] [stdout]    |       ^^^^^^^^^^
[INFO] [stdout] 
[INFO] [stdout] 
[INFO] [stdout] warning: unused `std::result::Result` that must be used
[INFO] [stdout]   --> common/tests/replace_test.rs:90:9
[INFO] [stdout]    |
[INFO] [stdout] 90 |         fs::write("./out/".to_owned() + &*name, result);
[INFO] [stdout]    |         ^^^^^^^^^^^^^^^^^^^^^^^^^^^^^^^^^^^^^^^^^^^^^^^
[INFO] [stdout]    |
[INFO] [stdout]    = note: this `Result` may be an `Err` variant, which should be handled
[INFO] [stdout]    = note: `#[warn(unused_must_use)]` (part of `#[warn(unused)]`) on by default
[INFO] [stdout] help: use `let _ = ...` to ignore the resulting value
[INFO] [stdout]    |
[INFO] [stdout] 90 |         let _ = fs::write("./out/".to_owned() + &*name, result);
[INFO] [stdout]    |         +++++++
[INFO] [stdout] 
[INFO] [stdout] 
[INFO] [stdout] warning: unused `std::result::Result` that must be used
[INFO] [stdout]    --> common/tests/replace_test.rs:153:9
[INFO] [stdout]     |
[INFO] [stdout] 153 |         fs::write("./out/".to_owned() + &*i.to_string() + name, result.get(i).unwrap().to_vec());
[INFO] [stdout]     |         ^^^^^^^^^^^^^^^^^^^^^^^^^^^^^^^^^^^^^^^^^^^^^^^^^^^^^^^^^^^^^^^^^^^^^^^^^^^^^^^^^^^^^^^^
[INFO] [stdout]     |
[INFO] [stdout]     = note: this `Result` may be an `Err` variant, which should be handled
[INFO] [stdout] help: use `let _ = ...` to ignore the resulting value
[INFO] [stdout]     |
[INFO] [stdout] 153 |         let _ = fs::write("./out/".to_owned() + &*i.to_string() + name, result.get(i).unwrap().to_vec());
[INFO] [stdout]     |         +++++++
[INFO] [stdout] 
[INFO] [stdout] 
[INFO] [stderr]     Finished `release` profile [optimized] target(s) in 1m 25s
[INFO] running `Command { std: "docker" "inspect" "d067f3c6611d61d4e21e71d7169218db95e0addcff7ceb0cb47c13b7bfa62162", kill_on_drop: false }`
[INFO] running `Command { std: "docker" "exec" "-e" "SOURCE_DIR=/opt/rustwide/workdir" "-e" "CARGO_HOME=/opt/rustwide/cargo-home" "-e" "RUSTUP_HOME=/opt/rustwide/rustup-home" "-e" "CARGO_TARGET_DIR=/opt/rustwide/target" "-e" "CARGO_INCREMENTAL=0" "-e" "RUST_BACKTRACE=full" "-e" "RUSTFLAGS=--cap-lints=warn" "-e" "RUSTDOCFLAGS=--cap-lints=warn" "-w" "/opt/rustwide/workdir" "--user" "0:0" "d067f3c6611d61d4e21e71d7169218db95e0addcff7ceb0cb47c13b7bfa62162" "/opt/rustwide/cargo-home/bin/cargo" "+1.100.0-beta.1" "test" "--frozen" "--release", kill_on_drop: false }`
[INFO] [stderr] warning: unused variable: `err`
[INFO] [stderr]   --> common/tests/replace_test.rs:20:13
[INFO] [stderr]    |
[INFO] [stderr] 20 |         Err(err) => Err(Error::new(ErrorKind::Other, "")),
[INFO] [stderr]    |             ^^^ help: if this is intentional, prefix it with an underscore: `_err`
[INFO] [stderr]    |
[INFO] [stderr]    = note: `#[warn(unused_variables)]` (part of `#[warn(unused)]`) on by default
[INFO] [stderr] 
[INFO] [stderr] warning: variable does not need to be mutable
[INFO] [stderr]    --> common/tests/replace_test.rs:130:9
[INFO] [stderr]     |
[INFO] [stderr] 130 |     let mut list = read_dir("D:\\其他\\test");
[INFO] [stderr]     |         ----^^^^
[INFO] [stderr]     |         |
[INFO] [stderr]     |         help: remove this `mut`
[INFO] [stderr]     |
[INFO] [stderr]     = note: `#[warn(unused_mut)]` (part of `#[warn(unused)]`) on by default
[INFO] [stderr] 
[INFO] [stderr] warning: constant `TYPE_WORD` is never used
[INFO] [stderr]   --> common/tests/replace_test.rs:13:7
[INFO] [stderr]    |
[INFO] [stderr] 13 | const TYPE_WORD: u8 = 0;
[INFO] [stderr]    |       ^^^^^^^^^
[INFO] [stderr]    |
[INFO] [stderr]    = note: `#[warn(dead_code)]` (part of `#[warn(unused)]`) on by default
[INFO] [stderr] 
[INFO] [stderr] warning: constant `TYPE_EXCEL` is never used
[INFO] [stderr]   --> common/tests/replace_test.rs:14:7
[INFO] [stderr]    |
[INFO] [stderr] 14 | const TYPE_EXCEL: u8 = 1;
[INFO] [stderr]    |       ^^^^^^^^^^
[INFO] [stderr] 
[INFO] [stderr] warning: unused `std::result::Result` that must be used
[INFO] [stderr]   --> common/tests/replace_test.rs:90:9
[INFO] [stderr]    |
[INFO] [stderr] 90 |         fs::write("./out/".to_owned() + &*name, result);
[INFO] [stderr]    |         ^^^^^^^^^^^^^^^^^^^^^^^^^^^^^^^^^^^^^^^^^^^^^^^
[INFO] [stderr]    |
[INFO] [stderr]    = note: this `Result` may be an `Err` variant, which should be handled
[INFO] [stderr]    = note: `#[warn(unused_must_use)]` (part of `#[warn(unused)]`) on by default
[INFO] [stderr] help: use `let _ = ...` to ignore the resulting value
[INFO] [stderr]    |
[INFO] [stderr] 90 |         let _ = fs::write("./out/".to_owned() + &*name, result);
[INFO] [stderr]    |         +++++++
[INFO] [stderr] 
[INFO] [stderr] warning: unused `std::result::Result` that must be used
[INFO] [stderr]    --> common/tests/replace_test.rs:153:9
[INFO] [stderr]     |
[INFO] [stderr] 153 |         fs::write("./out/".to_owned() + &*i.to_string() + name, result.get(i).unwrap().to_vec());
[INFO] [stderr]     |         ^^^^^^^^^^^^^^^^^^^^^^^^^^^^^^^^^^^^^^^^^^^^^^^^^^^^^^^^^^^^^^^^^^^^^^^^^^^^^^^^^^^^^^^^
[INFO] [stderr]     |
[INFO] [stderr]     = note: this `Result` may be an `Err` variant, which should be handled
[INFO] [stderr] help: use `let _ = ...` to ignore the resulting value
[INFO] [stderr]     |
[INFO] [stderr] 153 |         let _ = fs::write("./out/".to_owned() + &*i.to_string() + name, result.get(i).unwrap().to_vec());
[INFO] [stderr]     |         +++++++
[INFO] [stderr] 
[INFO] [stderr] warning: `common` (test "replace_test") generated 6 warnings (run `cargo fix --test "replace_test" -p common` to apply 2 suggestions)
[INFO] [stderr]     Finished `release` profile [optimized] target(s) in 0.17s
[INFO] [stderr]      Running unittests src/lib.rs (/opt/rustwide/target/release/build/common/f739c9893d793adb/out/common-f739c9893d793adb)
[INFO] [stderr]      Running tests/replace_test.rs (/opt/rustwide/target/release/build/common/c6a58d41cfdd3491/out/replace_test-c6a58d41cfdd3491)
[INFO] [stdout] 
[INFO] [stdout] running 0 tests
[INFO] [stdout] 
[INFO] [stdout] test result: ok. 0 passed; 0 failed; 0 ignored; 0 measured; 0 filtered out; finished in 0.00s
[INFO] [stdout] 
[INFO] [stdout] 
[INFO] [stdout] running 6 tests
[INFO] [stdout] test file_decode_test ... FAILED
[INFO] [stdout] test replace_params ... FAILED
[INFO] [stdout] test extract_medias ... FAILED
[INFO] [stdout] test extract ... FAILED
[INFO] [stdout] test file_encode_test ... FAILED
[INFO] [stdout] test replace ... FAILED
[INFO] [stdout] 
[INFO] [stdout] failures:
[INFO] [stdout] 
[INFO] [stdout] ---- file_decode_test stdout ----
[INFO] [stdout] 
[INFO] [stdout] thread 'file_decode_test' (1783) panicked at common/tests/replace_test.rs:206:42:
[INFO] [stdout] called `Result::unwrap()` on an `Err` value: Os { code: 2, kind: NotFound, message: "No such file or directory" }
[INFO] [stdout] stack backtrace:
[INFO] [stdout]    0:     0x5c8beece97a7 - <<std[617be2ca0a6fd877]::sys::backtrace::BacktraceLock>::print::DisplayBacktrace as core[a373ad73a504971]::fmt::Display>::fmt
[INFO] [stdout]    1:     0x5c8beec3f10a - core[a373ad73a504971]::fmt::write
[INFO] [stdout]    2:     0x5c8beece8d5b - <alloc[2e1b2a31b91974c5]::vec::Vec<u8> as core[a373ad73a504971]::io::write::Write>::write_fmt
[INFO] [stdout]    3:     0x5c8beece883f - std[617be2ca0a6fd877]::panicking::default_hook::{closure#0}
[INFO] [stdout]    4:     0x5c8beece846a - std[617be2ca0a6fd877]::panicking::default_hook
[INFO] [stdout]    5:     0x5c8beece7fa5 - std[617be2ca0a6fd877]::panicking::panic_with_hook
[INFO] [stdout]    6:     0x5c8beed0f021 - std[617be2ca0a6fd877]::panicking::panic_handler::{closure#0}
[INFO] [stdout]    7:     0x5c8beed0efd9 - std[617be2ca0a6fd877]::sys::backtrace::__rust_end_short_backtrace::<std[617be2ca0a6fd877]::panicking::panic_handler::{closure#0}, !>
[INFO] [stdout]    8:     0x5c8beed0f4dc - __rustc[ea4f61d10b84890b]::rust_begin_unwind
[INFO] [stdout]    9:     0x5c8beec3ef9b - core[a373ad73a504971]::panicking::panic_fmt
[INFO] [stdout]   10:     0x5c8beec42f91 - core[a373ad73a504971]::result::unwrap_failed
[INFO] [stdout]   11:     0x5c8beebd2a9e - <async_std[26b41e8a2295d5ab]::task::builder::SupportTaskLocals<replace_test[ee3c722faf3f2473]::file_decode_test::{closure#0}> as core[a373ad73a504971]::future::future::Future>::poll
[INFO] [stdout]   12:     0x5c8beebd7df2 - <replace_test[ee3c722faf3f2473]::file_decode_test::{closure#0} as core[a373ad73a504971]::ops::function::FnOnce<()>>::call_once
[INFO] [stdout]   13:     0x5c8beed2adcb - test[aada8e7e76ba119b]::__rust_begin_short_backtrace::<core[a373ad73a504971]::result::Result<(), alloc[2e1b2a31b91974c5]::string::String>, fn() -> core[a373ad73a504971]::result::Result<(), alloc[2e1b2a31b91974c5]::string::String>>
[INFO] [stdout]   14:     0x5c8beed2620f - test[aada8e7e76ba119b]::run_test::{closure#0}
[INFO] [stdout]   15:     0x5c8beed25c8c - std[617be2ca0a6fd877]::sys::backtrace::__rust_begin_short_backtrace::<test[aada8e7e76ba119b]::run_test::{closure#1}, ()>
[INFO] [stdout]   16:     0x5c8beed43f9c - <std[617be2ca0a6fd877]::thread::lifecycle::spawn_unchecked<test[aada8e7e76ba119b]::run_test::{closure#1}, ()>::{closure#1} as core[a373ad73a504971]::ops::function::FnOnce<()>>::call_once::{shim:vtable#0}
[INFO] [stdout]   17:     0x5c8beed10d24 - <std[617be2ca0a6fd877]::sys::thread::unix::Thread>::new::thread_start
[INFO] [stdout]   18:     0x7c40525e0dfa - <unknown>
[INFO] [stdout]   19:     0x7c40526743d4 - clone
[INFO] [stdout]   20:                0x0 - <unknown>
[INFO] [stdout] 
[INFO] [stdout] ---- replace_params stdout ----
[INFO] [stdout] 
[INFO] [stdout] thread 'replace_params' (1786) panicked at common/tests/replace_test.rs:41:35:
[INFO] [stdout] called `Result::unwrap()` on an `Err` value: Os { code: 2, kind: NotFound, message: "No such file or directory" }
[INFO] [stdout] stack backtrace:
[INFO] [stdout]    0:     0x5c8beece97a7 - <<std[617be2ca0a6fd877]::sys::backtrace::BacktraceLock>::print::DisplayBacktrace as core[a373ad73a504971]::fmt::Display>::fmt
[INFO] [stdout]    1:     0x5c8beec3f10a - core[a373ad73a504971]::fmt::write
[INFO] [stdout]    2:     0x5c8beece8d5b - <alloc[2e1b2a31b91974c5]::vec::Vec<u8> as core[a373ad73a504971]::io::write::Write>::write_fmt
[INFO] [stdout]    3:     0x5c8beece883f - std[617be2ca0a6fd877]::panicking::default_hook::{closure#0}
[INFO] [stdout]    4:     0x5c8beece846a - std[617be2ca0a6fd877]::panicking::default_hook
[INFO] [stdout]    5:     0x5c8beece7fa5 - std[617be2ca0a6fd877]::panicking::panic_with_hook
[INFO] [stdout]    6:     0x5c8beed0f021 - std[617be2ca0a6fd877]::panicking::panic_handler::{closure#0}
[INFO] [stdout]    7:     0x5c8beed0efd9 - std[617be2ca0a6fd877]::sys::backtrace::__rust_end_short_backtrace::<std[617be2ca0a6fd877]::panicking::panic_handler::{closure#0}, !>
[INFO] [stdout]    8:     0x5c8beed0f4dc - __rustc[ea4f61d10b84890b]::rust_begin_unwind
[INFO] [stdout]    9:     0x5c8beec3ef9b - core[a373ad73a504971]::panicking::panic_fmt
[INFO] [stdout]   10:     0x5c8beec42f91 - core[a373ad73a504971]::result::unwrap_failed
[INFO] [stdout]   11:     0x5c8beebceea3 - replace_test[ee3c722faf3f2473]::read_dir
[INFO] [stdout]   12:     0x5c8beebd0cec - <async_std[26b41e8a2295d5ab]::task::builder::SupportTaskLocals<replace_test[ee3c722faf3f2473]::replace_params::{closure#0}> as core[a373ad73a504971]::future::future::Future>::poll
[INFO] [stdout]   13:     0x5c8beebd7292 - <replace_test[ee3c722faf3f2473]::replace_params::{closure#0} as core[a373ad73a504971]::ops::function::FnOnce<()>>::call_once
[INFO] [stdout]   14:     0x5c8beed2adcb - test[aada8e7e76ba119b]::__rust_begin_short_backtrace::<core[a373ad73a504971]::result::Result<(), alloc[2e1b2a31b91974c5]::string::String>, fn() -> core[a373ad73a504971]::result::Result<(), alloc[2e1b2a31b91974c5]::string::String>>
[INFO] [stdout]   15:     0x5c8beed2620f - test[aada8e7e76ba119b]::run_test::{closure#0}
[INFO] [stdout]   16:     0x5c8beed25c8c - std[617be2ca0a6fd877]::sys::backtrace::__rust_begin_short_backtrace::<test[aada8e7e76ba119b]::run_test::{closure#1}, ()>
[INFO] [stdout]   17:     0x5c8beed43f9c - <std[617be2ca0a6fd877]::thread::lifecycle::spawn_unchecked<test[aada8e7e76ba119b]::run_test::{closure#1}, ()>::{closure#1} as core[a373ad73a504971]::ops::function::FnOnce<()>>::call_once::{shim:vtable#0}
[INFO] [stdout]   18:     0x5c8beed10d24 - <std[617be2ca0a6fd877]::sys::thread::unix::Thread>::new::thread_start
[INFO] [stdout]   19:     0x7c40525e0dfa - <unknown>
[INFO] [stdout]   20:     0x7c40526743d4 - clone
[INFO] [stdout]   21:                0x0 - <unknown>
[INFO] [stdout] 
[INFO] [stdout] ---- extract_medias stdout ----
[INFO] [stdout] 
[INFO] [stdout] thread 'extract_medias' (1782) panicked at common/tests/replace_test.rs:41:35:
[INFO] [stdout] called `Result::unwrap()` on an `Err` value: Os { code: 2, kind: NotFound, message: "No such file or directory" }
[INFO] [stdout] stack backtrace:
[INFO] [stdout]    0:     0x5c8beece97a7 - <<std[617be2ca0a6fd877]::sys::backtrace::BacktraceLock>::print::DisplayBacktrace as core[a373ad73a504971]::fmt::Display>::fmt
[INFO] [stdout]    1:     0x5c8beec3f10a - core[a373ad73a504971]::fmt::write
[INFO] [stdout]    2:     0x5c8beece8d5b - <alloc[2e1b2a31b91974c5]::vec::Vec<u8> as core[a373ad73a504971]::io::write::Write>::write_fmt
[INFO] [stdout]    3:     0x5c8beece883f - std[617be2ca0a6fd877]::panicking::default_hook::{closure#0}
[INFO] [stdout]    4:     0x5c8beece846a - std[617be2ca0a6fd877]::panicking::default_hook
[INFO] [stdout]    5:     0x5c8beece7fa5 - std[617be2ca0a6fd877]::panicking::panic_with_hook
[INFO] [stdout]    6:     0x5c8beed0f021 - std[617be2ca0a6fd877]::panicking::panic_handler::{closure#0}
[INFO] [stdout]    7:     0x5c8beed0efd9 - std[617be2ca0a6fd877]::sys::backtrace::__rust_end_short_backtrace::<std[617be2ca0a6fd877]::panicking::panic_handler::{closure#0}, !>
[INFO] [stdout]    8:     0x5c8beed0f4dc - __rustc[ea4f61d10b84890b]::rust_begin_unwind
[INFO] [stdout]    9:     0x5c8beec3ef9b - core[a373ad73a504971]::panicking::panic_fmt
[INFO] [stdout]   10:     0x5c8beec42f91 - core[a373ad73a504971]::result::unwrap_failed
[INFO] [stdout]   11:     0x5c8beebceea3 - replace_test[ee3c722faf3f2473]::read_dir
[INFO] [stdout]   12:     0x5c8beebcf82e - <async_std[26b41e8a2295d5ab]::task::builder::SupportTaskLocals<replace_test[ee3c722faf3f2473]::extract_medias::{closure#0}> as core[a373ad73a504971]::future::future::Future>::poll
[INFO] [stdout]   13:     0x5c8beebd6732 - <replace_test[ee3c722faf3f2473]::extract_medias::{closure#0} as core[a373ad73a504971]::ops::function::FnOnce<()>>::call_once
[INFO] [stdout]   14:     0x5c8beed2adcb - test[aada8e7e76ba119b]::__rust_begin_short_backtrace::<core[a373ad73a504971]::result::Result<(), alloc[2e1b2a31b91974c5]::string::String>, fn() -> core[a373ad73a504971]::result::Result<(), alloc[2e1b2a31b91974c5]::string::String>>
[INFO] [stdout]   15:     0x5c8beed2620f - test[aada8e7e76ba119b]::run_test::{closure#0}
[INFO] [stdout]   16:     0x5c8beed25c8c - std[617be2ca0a6fd877]::sys::backtrace::__rust_begin_short_backtrace::<test[aada8e7e76ba119b]::run_test::{closure#1}, ()>
[INFO] [stdout]   17:     0x5c8beed43f9c - <std[617be2ca0a6fd877]::thread::lifecycle::spawn_unchecked<test[aada8e7e76ba119b]::run_test::{closure#1}, ()>::{closure#1} as core[a373ad73a504971]::ops::function::FnOnce<()>>::call_once::{shim:vtable#0}
[INFO] [stdout]   18:     0x5c8beed10d24 - <std[617be2ca0a6fd877]::sys::thread::unix::Thread>::new::thread_start
[INFO] [stdout]   19:     0x7c40525e0dfa - <unknown>
[INFO] [stdout]   20:     0x7c40526743d4 - clone
[INFO] [stdout]   21:                0x0 - <unknown>
[INFO] [stdout] 
[INFO] [stdout] ---- extract stdout ----
[INFO] [stdout] 
[INFO] [stdout] thread 'extract' (1781) panicked at common/tests/replace_test.rs:41:35:
[INFO] [stdout] called `Result::unwrap()` on an `Err` value: Os { code: 2, kind: NotFound, message: "No such file or directory" }
[INFO] [stdout] stack backtrace:
[INFO] [stdout]    0:     0x5c8beece97a7 - <<std[617be2ca0a6fd877]::sys::backtrace::BacktraceLock>::print::DisplayBacktrace as core[a373ad73a504971]::fmt::Display>::fmt
[INFO] [stdout]    1:     0x5c8beec3f10a - core[a373ad73a504971]::fmt::write
[INFO] [stdout]    2:     0x5c8beece8d5b - <alloc[2e1b2a31b91974c5]::vec::Vec<u8> as core[a373ad73a504971]::io::write::Write>::write_fmt
[INFO] [stdout]    3:     0x5c8beece883f - std[617be2ca0a6fd877]::panicking::default_hook::{closure#0}
[INFO] [stdout]    4:     0x5c8beece846a - std[617be2ca0a6fd877]::panicking::default_hook
[INFO] [stdout]    5:     0x5c8beece7fa5 - std[617be2ca0a6fd877]::panicking::panic_with_hook
[INFO] [stdout]    6:     0x5c8beed0f021 - std[617be2ca0a6fd877]::panicking::panic_handler::{closure#0}
[INFO] [stdout]    7:     0x5c8beed0efd9 - std[617be2ca0a6fd877]::sys::backtrace::__rust_end_short_backtrace::<std[617be2ca0a6fd877]::panicking::panic_handler::{closure#0}, !>
[INFO] [stdout]    8:     0x5c8beed0f4dc - __rustc[ea4f61d10b84890b]::rust_begin_unwind
[INFO] [stdout]    9:     0x5c8beec3ef9b - core[a373ad73a504971]::panicking::panic_fmt
[INFO] [stdout]   10:     0x5c8beec42f91 - core[a373ad73a504971]::result::unwrap_failed
[INFO] [stdout]   11:     0x5c8beebceea3 - replace_test[ee3c722faf3f2473]::read_dir
[INFO] [stdout]   12:     0x5c8beebd3553 - <async_std[26b41e8a2295d5ab]::task::builder::SupportTaskLocals<replace_test[ee3c722faf3f2473]::extract::{closure#0}> as core[a373ad73a504971]::future::future::Future>::poll
[INFO] [stdout]   13:     0x5c8beebd94b2 - <replace_test[ee3c722faf3f2473]::extract::{closure#0} as core[a373ad73a504971]::ops::function::FnOnce<()>>::call_once
[INFO] [stdout]   14:     0x5c8beed2adcb - test[aada8e7e76ba119b]::__rust_begin_short_backtrace::<core[a373ad73a504971]::result::Result<(), alloc[2e1b2a31b91974c5]::string::String>, fn() -> core[a373ad73a504971]::result::Result<(), alloc[2e1b2a31b91974c5]::string::String>>
[INFO] [stdout]   15:     0x5c8beed2620f - test[aada8e7e76ba119b]::run_test::{closure#0}
[INFO] [stdout]   16:     0x5c8beed25c8c - std[617be2ca0a6fd877]::sys::backtrace::__rust_begin_short_backtrace::<test[aada8e7e76ba119b]::run_test::{closure#1}, ()>
[INFO] [stdout]   17:     0x5c8beed43f9c - <std[617be2ca0a6fd877]::thread::lifecycle::spawn_unchecked<test[aada8e7e76ba119b]::run_test::{closure#1}, ()>::{closure#1} as core[a373ad73a504971]::ops::function::FnOnce<()>>::call_once::{shim:vtable#0}
[INFO] [stdout]   18:     0x5c8beed10d24 - <std[617be2ca0a6fd877]::sys::thread::unix::Thread>::new::thread_start
[INFO] [stdout]   19:     0x7c40525e0dfa - <unknown>
[INFO] [stdout]   20:     0x7c40526743d4 - clone
[INFO] [stdout]   21:                0x0 - <unknown>
[INFO] [stdout] 
[INFO] [stdout] ---- file_encode_test stdout ----
[INFO] [stdout] 
[INFO] [stdout] thread 'file_encode_test' (1784) panicked at common/tests/replace_test.rs:184:47:
[INFO] [stdout] called `Result::unwrap()` on an `Err` value: Os { code: 2, kind: NotFound, message: "No such file or directory" }
[INFO] [stdout] stack backtrace:
[INFO] [stdout]    0:     0x5c8beece97a7 - <<std[617be2ca0a6fd877]::sys::backtrace::BacktraceLock>::print::DisplayBacktrace as core[a373ad73a504971]::fmt::Display>::fmt
[INFO] [stdout]    1:     0x5c8beec3f10a - core[a373ad73a504971]::fmt::write
[INFO] [stdout]    2:     0x5c8beece8d5b - <alloc[2e1b2a31b91974c5]::vec::Vec<u8> as core[a373ad73a504971]::io::write::Write>::write_fmt
[INFO] [stdout]    3:     0x5c8beece883f - std[617be2ca0a6fd877]::panicking::default_hook::{closure#0}
[INFO] [stdout]    4:     0x5c8beece846a - std[617be2ca0a6fd877]::panicking::default_hook
[INFO] [stdout]    5:     0x5c8beece7fa5 - std[617be2ca0a6fd877]::panicking::panic_with_hook
[INFO] [stdout]    6:     0x5c8beed0f021 - std[617be2ca0a6fd877]::panicking::panic_handler::{closure#0}
[INFO] [stdout]    7:     0x5c8beed0efd9 - std[617be2ca0a6fd877]::sys::backtrace::__rust_end_short_backtrace::<std[617be2ca0a6fd877]::panicking::panic_handler::{closure#0}, !>
[INFO] [stdout]    8:     0x5c8beed0f4dc - __rustc[ea4f61d10b84890b]::rust_begin_unwind
[INFO] [stdout]    9:     0x5c8beec3ef9b - core[a373ad73a504971]::panicking::panic_fmt
[INFO] [stdout]   10:     0x5c8beec42f91 - core[a373ad73a504971]::result::unwrap_failed
[INFO] [stdout]   11:     0x5c8beebd32a3 - <async_std[26b41e8a2295d5ab]::task::builder::SupportTaskLocals<replace_test[ee3c722faf3f2473]::file_encode_test::{closure#0}> as core[a373ad73a504971]::future::future::Future>::poll
[INFO] [stdout]   12:     0x5c8beebd8952 - <replace_test[ee3c722faf3f2473]::file_encode_test::{closure#0} as core[a373ad73a504971]::ops::function::FnOnce<()>>::call_once
[INFO] [stdout]   13:     0x5c8beed2adcb - test[aada8e7e76ba119b]::__rust_begin_short_backtrace::<core[a373ad73a504971]::result::Result<(), alloc[2e1b2a31b91974c5]::string::String>, fn() -> core[a373ad73a504971]::result::Result<(), alloc[2e1b2a31b91974c5]::string::String>>
[INFO] [stdout]   14:     0x5c8beed2620f - test[aada8e7e76ba119b]::run_test::{closure#0}
[INFO] [stdout]   15:     0x5c8beed25c8c - std[617be2ca0a6fd877]::sys::backtrace::__rust_begin_short_backtrace::<test[aada8e7e76ba119b]::run_test::{closure#1}, ()>
[INFO] [stdout]   16:     0x5c8beed43f9c - <std[617be2ca0a6fd877]::thread::lifecycle::spawn_unchecked<test[aada8e7e76ba119b]::run_test::{closure#1}, ()>::{closure#1} as core[a373ad73a504971]::ops::function::FnOnce<()>>::call_once::{shim:vtable#0}
[INFO] [stdout]   17:     0x5c8beed10d24 - <std[617be2ca0a6fd877]::sys::thread::unix::Thread>::new::thread_start
[INFO] [stdout]   18:     0x7c40525e0dfa - <unknown>
[INFO] [stdout]   19:     0x7c40526743d4 - clone
[INFO] [stdout]   20:                0x0 - <unknown>
[INFO] [stdout] 
[INFO] [stdout] ---- replace stdout ----
[INFO] [stdout] 
[INFO] [stdout] thread 'replace' (1785) panicked at common/tests/replace_test.rs:41:35:
[INFO] [stdout] called `Result::unwrap()` on an `Err` value: Os { code: 2, kind: NotFound, message: "No such file or directory" }
[INFO] [stdout] stack backtrace:
[INFO] [stdout]    0:     0x5c8beece97a7 - <<std[617be2ca0a6fd877]::sys::backtrace::BacktraceLock>::print::DisplayBacktrace as core[a373ad73a504971]::fmt::Display>::fmt
[INFO] [stdout]    1:     0x5c8beec3f10a - core[a373ad73a504971]::fmt::write
[INFO] [stdout]    2:     0x5c8beece8d5b - <alloc[2e1b2a31b91974c5]::vec::Vec<u8> as core[a373ad73a504971]::io::write::Write>::write_fmt
[INFO] [stdout]    3:     0x5c8beece883f - std[617be2ca0a6fd877]::panicking::default_hook::{closure#0}
[INFO] [stdout]    4:     0x5c8beece846a - std[617be2ca0a6fd877]::panicking::default_hook
[INFO] [stdout]    5:     0x5c8beece7fa5 - std[617be2ca0a6fd877]::panicking::panic_with_hook
[INFO] [stdout]    6:     0x5c8beed0f021 - std[617be2ca0a6fd877]::panicking::panic_handler::{closure#0}
[INFO] [stdout]    7:     0x5c8beed0efd9 - std[617be2ca0a6fd877]::sys::backtrace::__rust_end_short_backtrace::<std[617be2ca0a6fd877]::panicking::panic_handler::{closure#0}, !>
[INFO] [stdout]    8:     0x5c8beed0f4dc - __rustc[ea4f61d10b84890b]::rust_begin_unwind
[INFO] [stdout]    9:     0x5c8beec3ef9b - core[a373ad73a504971]::panicking::panic_fmt
[INFO] [stdout]   10:     0x5c8beec42f91 - core[a373ad73a504971]::result::unwrap_failed
[INFO] [stdout]   11:     0x5c8beebceea3 - replace_test[ee3c722faf3f2473]::read_dir
[INFO] [stdout]   12:     0x5c8beebd5234 - <async_std[26b41e8a2295d5ab]::task::builder::SupportTaskLocals<replace_test[ee3c722faf3f2473]::replace::{closure#0}> as core[a373ad73a504971]::future::future::Future>::poll
[INFO] [stdout]   13:     0x5c8beebda012 - <replace_test[ee3c722faf3f2473]::replace::{closure#0} as core[a373ad73a504971]::ops::function::FnOnce<()>>::call_once
[INFO] [stdout]   14:     0x5c8beed2adcb - test[aada8e7e76ba119b]::__rust_begin_short_backtrace::<core[a373ad73a504971]::result::Result<(), alloc[2e1b2a31b91974c5]::string::String>, fn() -> core[a373ad73a504971]::result::Result<(), alloc[2e1b2a31b91974c5]::string::String>>
[INFO] [stdout]   15:     0x5c8beed2620f - test[aada8e7e76ba119b]::run_test::{closure#0}
[INFO] [stdout]   16:     0x5c8beed25c8c - std[617be2ca0a6fd877]::sys::backtrace::__rust_begin_short_backtrace::<test[aada8e7e76ba119b]::run_test::{closure#1}, ()>
[INFO] [stdout]   17:     0x5c8beed43f9c - <std[617be2ca0a6fd877]::thread::lifecycle::spawn_unchecked<test[aada8e7e76ba119b]::run_test::{closure#1}, ()>::{closure#1} as core[a373ad73a504971]::ops::function::FnOnce<()>>::call_once::{shim:vtable#0}
[INFO] [stdout]   18:     0x5c8beed10d24 - <std[617be2ca0a6fd877]::sys::thread::unix::Thread>::new::thread_start
[INFO] [stdout]   19:     0x7c40525e0dfa - <unknown>
[INFO] [stdout]   20:     0x7c40526743d4 - clone
[INFO] [stdout]   21:                0x0 - <unknown>
[INFO] [stdout] 
[INFO] [stdout] 
[INFO] [stdout] failures:
[INFO] [stdout]     extract
[INFO] [stdout]     extract_medias
[INFO] [stdout]     file_decode_test
[INFO] [stdout]     file_encode_test
[INFO] [stdout]     replace
[INFO] [stdout]     replace_params
[INFO] [stdout] 
[INFO] [stdout] test result: FAILED. 0 passed; 6 failed; 0 ignored; 0 measured; 0 filtered out; finished in 0.01s
[INFO] [stdout] 
[INFO] [stderr] error: test failed, to rerun pass `-p common --test replace_test`
[INFO] running `Command { std: "docker" "inspect" "d067f3c6611d61d4e21e71d7169218db95e0addcff7ceb0cb47c13b7bfa62162", kill_on_drop: false }`
[INFO] running `Command { std: "docker" "rm" "-f" "d067f3c6611d61d4e21e71d7169218db95e0addcff7ceb0cb47c13b7bfa62162", kill_on_drop: false }`
[INFO] [stdout] d067f3c6611d61d4e21e71d7169218db95e0addcff7ceb0cb47c13b7bfa62162
