[INFO] cloning repository https://github.com/fusetim/navira
[INFO] running `Command { std: "git" "-c" "credential.helper=" "-c" "credential.helper=/workspace/cargo-home/bin/git-credential-null" "clone" "--bare" "https://github.com/fusetim/navira" "/workspace/cache/git-repos/https%3A%2F%2Fgithub.com%2Ffusetim%2Fnavira", kill_on_drop: false }`
[INFO] [stderr] Cloning into bare repository '/workspace/cache/git-repos/https%3A%2F%2Fgithub.com%2Ffusetim%2Fnavira'...
[INFO] running `Command { std: "git" "rev-parse" "HEAD", kill_on_drop: false }`
[INFO] [stdout] c16deb19a9404b39e96e4e6c3d737ff98f0e8b99
[INFO] testing fusetim/navira against 1.99.0-beta.8+cargoflags=--release for beta-release-1.100-2
[INFO] running `Command { std: "git" "clone" "/workspace/cache/git-repos/https%3A%2F%2Fgithub.com%2Ffusetim%2Fnavira" "/workspace/builds/worker-1-tc1/source", kill_on_drop: false }`
[INFO] [stderr] Cloning into '/workspace/builds/worker-1-tc1/source'...
[INFO] [stderr] done.
[INFO] started tweaking git repo https://github.com/fusetim/navira
[INFO] finished tweaking git repo https://github.com/fusetim/navira
[INFO] tweaked toml for git repo https://github.com/fusetim/navira written to /workspace/builds/worker-1-tc1/source/Cargo.toml
[INFO] validating manifest of git repo https://github.com/fusetim/navira on toolchain 1.99.0-beta.8
[INFO] running `Command { std: CARGO_HOME="/workspace/cargo-home" RUSTUP_HOME="/workspace/rustup-home" "/workspace/cargo-home/bin/cargo" "+1.99.0-beta.8" "metadata" "--manifest-path" "Cargo.toml" "--no-deps", kill_on_drop: false }`
[INFO] crate git repo https://github.com/fusetim/navira already has a lockfile, it will not be regenerated
[INFO] running `Command { std: CARGO_HOME="/workspace/cargo-home" RUSTUP_HOME="/workspace/rustup-home" "/workspace/cargo-home/bin/cargo" "+1.99.0-beta.8" "fetch" "--manifest-path" "Cargo.toml", kill_on_drop: false }`
[INFO] [stderr]     Updating crates.io index
[INFO] [stderr]  Downloading crates ...
[INFO] [stderr]   Downloaded sha2 v0.11.1
[INFO] [stderr]   Downloaded data-encoding-macro v0.1.21
[INFO] [stderr]   Downloaded match-lookup v0.1.3
[INFO] [stderr]   Downloaded der v0.8.2
[INFO] [stderr]   Downloaded base45 v3.2.0
[INFO] [stderr]   Downloaded data-encoding-macro-internal v0.1.19
[INFO] [stderr]   Downloaded cid v0.11.3
[INFO] [stderr]   Downloaded multibase v0.9.3
[INFO] [stderr]   Downloaded multiaddr v0.19.1
[INFO] [stderr]   Downloaded libp2p-identity v0.3.0
[INFO] [stderr]   Downloaded tokio-stream v0.1.19
[INFO] [stderr]   Downloaded bitfield v0.19.5
[INFO] [stderr]   Downloaded bitfield-macros v0.19.5
[INFO] [stderr]   Downloaded hkdf v0.13.0
[INFO] [stderr]   Downloaded compression-core v0.4.33
[INFO] [stderr]   Downloaded zstd-safe v8.0.0
[INFO] [stderr]   Downloaded async-compression v0.4.48
[INFO] [stderr]   Downloaded compression-codecs v0.4.43
[INFO] [stderr]   Downloaded zstd v0.14.0
[INFO] [stderr]   Downloaded tower-http v0.7.1
[INFO] [stderr]   Downloaded toml v0.7.8
[INFO] [stderr]   Downloaded zstd-sys v2.1.0+zstd.1.5.7
[INFO] [stderr]   Downloaded yoke-derive v0.8.3
[INFO] [stderr]   Downloaded aws-lc-rs v1.18.1
[INFO] [stderr]   Downloaded webpki-root-certs v1.0.9
[INFO] [stderr]   Downloaded quinn-proto v0.11.18
[INFO] [stderr]   Downloaded multiversion-macros v0.9.0
[INFO] [stderr]   Downloaded config v0.15.27
[INFO] [stderr]   Downloaded toml_parser v1.1.5+spec-1.1.0
[INFO] [stderr]   Downloaded multiversion v0.9.0
[INFO] [stderr]   Downloaded mimalloc v0.1.52
[INFO] [stderr]   Downloaded serde_spanned v1.1.2
[INFO] [stderr]   Downloaded toml_datetime v1.1.2+spec-1.1.0
[INFO] [stderr]   Downloaded toml_writer v1.1.3+spec-1.1.0
[INFO] [stderr]   Downloaded toml v1.1.8+spec-1.1.0
[INFO] [stderr]   Downloaded libmimalloc-sys v0.1.49
[INFO] [stderr]   Downloaded aws-lc-sys v0.45.0
[INFO] [stderr]   Downloaded encoding_rs v0.8.41
[INFO] running `Command { std: "docker" "create" "-v" "/var/lib/crater-agent-workspace/builds/worker-1-tc1/source:/opt/rustwide/workdir:ro,Z" "-v" "/var/lib/crater-agent-workspace/builds/worker-1-tc1/target:/opt/rustwide/target:rw,Z" "-v" "/var/lib/crater-agent-workspace/cargo-home:/opt/rustwide/cargo-home:ro,Z" "-v" "/var/lib/crater-agent-workspace/rustup-home:/opt/rustwide/rustup-home:ro,Z" "-m" "1610612736" "--network" "none" "ghcr.io/rust-lang/crates-build-env/linux@sha256:77db811e55d90add9212f6832c23229e3de5f1c1f9905e8cb07319ea15df73ac" "sleep" "infinity", kill_on_drop: false }`
[INFO] [stdout] 303dc06895f038ce0b6dc641e038c53f5904511426a2ebfb4d64044f80af1e0f
[INFO] running `Command { std: "docker" "start" "303dc06895f038ce0b6dc641e038c53f5904511426a2ebfb4d64044f80af1e0f", kill_on_drop: false }`
[INFO] running `Command { std: "docker" "inspect" "303dc06895f038ce0b6dc641e038c53f5904511426a2ebfb4d64044f80af1e0f", kill_on_drop: false }`
[INFO] running `Command { std: "docker" "exec" "-e" "SOURCE_DIR=/opt/rustwide/workdir" "-e" "CARGO_HOME=/opt/rustwide/cargo-home" "-e" "RUSTUP_HOME=/opt/rustwide/rustup-home" "-e" "CARGO_TARGET_DIR=/opt/rustwide/target" "-w" "/opt/rustwide/workdir" "--user" "0:0" "303dc06895f038ce0b6dc641e038c53f5904511426a2ebfb4d64044f80af1e0f" "/opt/rustwide/cargo-home/bin/cargo" "+1.99.0-beta.8" "metadata" "--no-deps" "--format-version=1", kill_on_drop: false }`
[INFO] running `Command { std: "docker" "inspect" "303dc06895f038ce0b6dc641e038c53f5904511426a2ebfb4d64044f80af1e0f", kill_on_drop: false }`
[INFO] running `Command { std: "docker" "exec" "-e" "SOURCE_DIR=/opt/rustwide/workdir" "-e" "CARGO_HOME=/opt/rustwide/cargo-home" "-e" "RUSTUP_HOME=/opt/rustwide/rustup-home" "-e" "CARGO_TARGET_DIR=/opt/rustwide/target" "-e" "CARGO_INCREMENTAL=0" "-e" "RUST_BACKTRACE=full" "-e" "RUSTFLAGS=--cap-lints=warn" "-e" "RUSTDOCFLAGS=--cap-lints=warn" "-w" "/opt/rustwide/workdir" "--user" "0:0" "303dc06895f038ce0b6dc641e038c53f5904511426a2ebfb4d64044f80af1e0f" "/opt/rustwide/cargo-home/bin/cargo" "+1.99.0-beta.8" "build" "--frozen" "--message-format=json" "--release", kill_on_drop: false }`
[INFO] [stderr]    Compiling unicode-ident v1.0.26
[INFO] [stderr]    Compiling cfg-if v1.0.5
[INFO] [stderr]    Compiling find-msvc-tools v0.1.13
[INFO] [stderr]    Compiling smallvec v1.16.1
[INFO] [stderr]    Compiling rand_core v0.10.1
[INFO] [stderr]    Compiling libc v0.2.189
[INFO] [stderr]    Compiling typenum v1.20.1
[INFO] [stderr]    Compiling serde v1.0.229
[INFO] [stderr]    Compiling cmov v0.5.4
[INFO] [stderr]    Compiling fs_extra v1.3.0
[INFO] [stderr]    Compiling const-oid v0.10.2
[INFO] [stderr]    Compiling mio v1.2.3
[INFO] [stderr]    Compiling subtle v2.6.1
[INFO] [stderr]    Compiling semver v1.0.28
[INFO] [stderr]    Compiling data-encoding v2.11.1
[INFO] [stderr]    Compiling cpufeatures v0.3.1
[INFO] [stderr]    Compiling aws-lc-rs v1.18.1
[INFO] [stderr]    Compiling indexmap v2.14.2
[INFO] [stderr]    Compiling proc-macro2 v1.0.107
[INFO] [stderr]    Compiling rustversion v1.0.23
[INFO] [stderr]    Compiling const-str v0.4.3
[INFO] [stderr]    Compiling rustc_version v0.4.1
[INFO] [stderr]    Compiling parking_lot_core v0.9.12
[INFO] [stderr]    Compiling unsigned-varint v0.8.0
[INFO] [stderr]    Compiling futures-task v0.3.34
[INFO] [stderr]    Compiling getrandom v0.4.3
[INFO] [stderr]    Compiling thiserror v2.0.21
[INFO] [stderr]    Compiling ctutils v0.4.2
[INFO] [stderr]    Compiling multihash v0.19.5
[INFO] [stderr]    Compiling base45 v3.2.0
[INFO] [stderr]    Compiling base-x v0.2.11
[INFO] [stderr]    Compiling parking_lot v0.12.5
[INFO] [stderr]    Compiling quote v1.0.47
[INFO] [stderr]    Compiling curve25519-dalek v5.0.0
[INFO] [stderr]    Compiling futures-util v0.3.34
[INFO] [stderr]    Compiling signature v3.0.0
[INFO] [stderr]    Compiling serde_json v1.0.154
[INFO] [stderr]    Compiling rustls v0.23.45
[INFO] [stderr]    Compiling crc32fast v1.5.2
[INFO] [stderr]    Compiling zstd-safe v8.0.0
[INFO] [stderr]    Compiling zerocopy v0.8.57
[INFO] [stderr]    Compiling syn v3.0.6
[INFO] [stderr]    Compiling syn v2.0.119
[INFO] [stderr]    Compiling ed25519 v3.0.0
[INFO] [stderr]    Compiling simd-adler32 v0.3.10
[INFO] [stderr]    Compiling bitflags v2.13.2
[INFO] [stderr]    Compiling ipnet v2.12.2
[INFO] [stderr]    Compiling miniz_oxide v0.9.1
[INFO] [stderr]    Compiling base64 v0.23.1
[INFO] [stderr]    Compiling encoding_rs v0.8.41
[INFO] [stderr]    Compiling compression-core v0.4.33
[INFO] [stderr]    Compiling rustix v1.1.5
[INFO] [stderr]    Compiling openssl-probe v0.2.1
[INFO] [stderr]    Compiling hybrid-array v0.4.15
[INFO] [stderr]    Compiling winnow v1.0.4
[INFO] [stderr]    Compiling bs58 v0.5.1
[INFO] [stderr]    Compiling rustls-native-certs v0.8.4
[INFO] [stderr]    Compiling jobserver v0.1.35
[INFO] [stderr]    Compiling flate2 v1.1.10
[INFO] [stderr]    Compiling serde_spanned v1.1.2
[INFO] [stderr]    Compiling clap_lex v1.1.1
[INFO] [stderr]    Compiling cc v1.4.7
[INFO] [stderr]    Compiling winnow v0.5.40
[INFO] [stderr]    Compiling multiversion_no_op v1.0.0
[INFO] [stderr]    Compiling core_detect v1.0.0
[INFO] [stderr]    Compiling simdutf8 v0.1.5
[INFO] [stderr]    Compiling toml_datetime v1.1.2+spec-1.1.0
[INFO] [stderr]    Compiling crypto-common v0.2.2
[INFO] [stderr]    Compiling block-buffer v0.12.1
[INFO] [stderr]    Compiling clap_builder v4.6.7
[INFO] [stderr]    Compiling thread_local v1.1.10
[INFO] [stderr]    Compiling tracing-log v0.2.0
[INFO] [stderr]    Compiling pathdiff v0.2.3
[INFO] [stderr]    Compiling digest v0.11.3
[INFO] [stderr]    Compiling sha2 v0.11.1
[INFO] [stderr]    Compiling hmac v0.13.0
[INFO] [stderr]    Compiling cmake v0.1.58
[INFO] [stderr]    Compiling hkdf v0.13.0
[INFO] [stderr]    Compiling toml_parser v1.1.5+spec-1.1.0
[INFO] [stderr]    Compiling aws-lc-sys v0.45.0
[INFO] [stderr]    Compiling zstd-sys v2.1.0+zstd.1.5.7
[INFO] [stderr]    Compiling toml v1.1.8+spec-1.1.0
[INFO] [stderr]    Compiling config v0.15.27
[INFO] [stderr]    Compiling tempfile v3.27.0
[INFO] [stderr]    Compiling synstructure v0.14.0
[INFO] [stderr]    Compiling tracing-attributes v0.1.31
[INFO] [stderr]    Compiling match-lookup v0.1.3
[INFO] [stderr]    Compiling curve25519-dalek-derive v0.1.1
[INFO] [stderr]    Compiling zerocopy-derive v0.8.57
[INFO] [stderr]    Compiling base256emoji v1.0.2
[INFO] [stderr]    Compiling tracing v0.1.44
[INFO] [stderr]    Compiling zerofrom-derive v0.1.8
[INFO] [stderr]    Compiling yoke-derive v0.8.3
[INFO] [stderr]    Compiling tokio-macros v2.7.2
[INFO] [stderr]    Compiling zerovec-derive v0.11.6
[INFO] [stderr]    Compiling serde_derive v1.0.229
[INFO] [stderr]    Compiling displaydoc v0.2.7
[INFO] [stderr]    Compiling data-encoding-macro-internal v0.1.19
[INFO] [stderr]    Compiling thiserror-impl v2.0.21
[INFO] [stderr]    Compiling zerofrom v0.1.8
[INFO] [stderr]    Compiling yoke v0.8.3
[INFO] [stderr]    Compiling tokio v1.53.3
[INFO] [stderr]    Compiling data-encoding-macro v0.1.21
[INFO] [stderr]    Compiling ed25519-dalek v3.0.0
[INFO] [stderr]    Compiling multibase v0.9.3
[INFO] [stderr]    Compiling multiversion-macros v0.9.0
[INFO] [stderr]    Compiling bitfield-macros v0.19.5
[INFO] [stderr]    Compiling clap_derive v4.6.7
[INFO] [stderr]    Compiling zerotrie v0.2.5
[INFO] [stderr]    Compiling cid v0.11.3
[INFO] [stderr]    Compiling axum-core v0.5.6
[INFO] [stderr]    Compiling navira-peer v0.1.0 (/opt/rustwide/workdir/libs/navira-peer)
[INFO] [stderr]    Compiling tracing-subscriber v0.3.23
[INFO] [stderr]    Compiling bitfield v0.19.5
[INFO] [stderr]    Compiling zerovec v0.11.8
[INFO] [stderr]    Compiling multiversion v0.9.0
[INFO] [stderr]    Compiling libp2p-identity v0.3.0
[INFO] [stderr]    Compiling tinystr v0.8.4
[INFO] [stderr]    Compiling potential_utf v0.1.6
[INFO] [stderr]    Compiling icu_collections v2.3.0
[INFO] [stderr]    Compiling icu_locale_core v2.3.0
[INFO] [stderr]    Compiling clap v4.6.7
[INFO] [stderr]    Compiling icu_provider v2.3.1
[INFO] [stderr]    Compiling icu_normalizer v2.3.0
[INFO] [stderr]    Compiling icu_properties v2.3.0
[INFO] [stderr]    Compiling navira-ser v0.1.0 (/opt/rustwide/workdir/libs/navira-ser)
[INFO] [stderr]    Compiling toml_datetime v0.6.11
[INFO] [stdout] warning: use of deprecated function `base64::encode`: Use Engine::encode
[INFO] [stdout]   --> libs/navira-ser/src/ipld.rs:67:37
[INFO] [stdout]    |
[INFO] [stdout] 67 |         let encoded_bytes = base64::encode(&self.bytes);
[INFO] [stdout]    |                                     ^^^^^^
[INFO] [stdout]    |
[INFO] [stdout]    = note: `#[warn(deprecated)]` on by default
[INFO] [stdout] 
[INFO] [stdout] 
[INFO] [stdout] warning: use of deprecated function `base64::decode`: Use Engine::decode
[INFO] [stdout]   --> libs/navira-ser/src/ipld.rs:82:37
[INFO] [stdout]    |
[INFO] [stdout] 82 |         let decoded_bytes = base64::decode(outer.inner.bytes).map_err(serde::de::Error::custom)?;
[INFO] [stdout]    |                                     ^^^^^^
[INFO] [stdout] 
[INFO] [stdout] 
[INFO] [stderr]    Compiling serde_spanned v0.6.9
[INFO] [stderr]    Compiling serde_urlencoded v0.7.1
[INFO] [stderr]    Compiling multiaddr v0.19.1
[INFO] [stderr]    Compiling toml_edit v0.19.15
[INFO] [stderr]    Compiling navira-ipni v0.1.0 (/opt/rustwide/workdir/libs/navira-ipni)
[INFO] [stderr]    Compiling idna_adapter v1.2.2
[INFO] [stderr]    Compiling idna v1.1.0
[INFO] [stderr]    Compiling half v2.7.1
[INFO] [stderr]    Compiling tokio-util v0.7.19
[INFO] [stderr]    Compiling tower v0.5.3
[INFO] [stderr]    Compiling ciborium-ll v0.2.2
[INFO] [stderr]    Compiling url v2.5.8
[INFO] [stderr]    Compiling ciborium v0.2.2
[INFO] [stderr]    Compiling tokio-stream v0.1.19
[INFO] [stderr]    Compiling toml v0.7.8
[INFO] [stderr]    Compiling h2 v0.4.19
[INFO] [stderr]    Compiling navira-car v0.2.0 (/opt/rustwide/workdir/libs/navira-car)
[INFO] [stderr]    Compiling tower-http v0.6.11
[INFO] [stderr]    Compiling zstd v0.14.0
[INFO] [stderr]    Compiling compression-codecs v0.4.43
[INFO] [stderr]    Compiling async-compression v0.4.48
[INFO] [stderr]    Compiling tower-http v0.7.1
[INFO] [stderr]    Compiling hyper v1.11.1
[INFO] [stderr]    Compiling hyper-util v0.1.20
[INFO] [stderr]    Compiling axum v0.8.9
[INFO] [stderr]    Compiling rustls-webpki v0.103.15
[INFO] [stderr]    Compiling tokio-rustls v0.26.5
[INFO] [stderr]    Compiling rustls-platform-verifier v0.7.0
[INFO] [stderr]    Compiling hyper-rustls v0.27.10
[INFO] [stderr]    Compiling reqwest v0.13.5
[INFO] [stderr]    Compiling navira-store v0.1.0 (/opt/rustwide/workdir/apps/navira-store)
[INFO] [stderr]     Finished `release` profile [optimized] target(s) in 3m 45s
[INFO] running `Command { std: "docker" "inspect" "303dc06895f038ce0b6dc641e038c53f5904511426a2ebfb4d64044f80af1e0f", kill_on_drop: false }`
[INFO] running `Command { std: "docker" "exec" "-e" "SOURCE_DIR=/opt/rustwide/workdir" "-e" "CARGO_HOME=/opt/rustwide/cargo-home" "-e" "RUSTUP_HOME=/opt/rustwide/rustup-home" "-e" "CARGO_TARGET_DIR=/opt/rustwide/target" "-e" "CARGO_INCREMENTAL=0" "-e" "RUST_BACKTRACE=full" "-e" "RUSTFLAGS=--cap-lints=warn" "-e" "RUSTDOCFLAGS=--cap-lints=warn" "-w" "/opt/rustwide/workdir" "--user" "0:0" "303dc06895f038ce0b6dc641e038c53f5904511426a2ebfb4d64044f80af1e0f" "/opt/rustwide/cargo-home/bin/cargo" "+1.99.0-beta.8" "test" "--frozen" "--no-run" "--message-format=json" "--release", kill_on_drop: false }`
[INFO] [stdout] warning: use of deprecated function `base64::encode`: Use Engine::encode
[INFO] [stdout]   --> libs/navira-ser/src/ipld.rs:67:37
[INFO] [stdout]    |
[INFO] [stdout] 67 |         let encoded_bytes = base64::encode(&self.bytes);
[INFO] [stdout]    |                                     ^^^^^^
[INFO] [stdout]    |
[INFO] [stdout]    = note: `#[warn(deprecated)]` on by default
[INFO] [stdout] 
[INFO] [stdout] 
[INFO] [stdout] warning: use of deprecated function `base64::decode`: Use Engine::decode
[INFO] [stdout]   --> libs/navira-ser/src/ipld.rs:82:37
[INFO] [stdout]    |
[INFO] [stdout] 82 |         let decoded_bytes = base64::decode(outer.inner.bytes).map_err(serde::de::Error::custom)?;
[INFO] [stdout]    |                                     ^^^^^^
[INFO] [stdout] 
[INFO] [stdout] 
[INFO] [stderr]    Compiling navira-ipni v0.1.0 (/opt/rustwide/workdir/libs/navira-ipni)
[INFO] [stderr]    Compiling navira-car v0.2.0 (/opt/rustwide/workdir/libs/navira-car)
[INFO] [stderr]    Compiling navira-ser v0.1.0 (/opt/rustwide/workdir/libs/navira-ser)
[INFO] [stderr]    Compiling navira-peer v0.1.0 (/opt/rustwide/workdir/libs/navira-peer)
[INFO] [stderr]    Compiling navira-store v0.1.0 (/opt/rustwide/workdir/apps/navira-store)
[INFO] [stdout] warning: use of deprecated function `base64::encode`: Use Engine::encode
[INFO] [stdout]   --> libs/navira-ser/src/ipld.rs:67:37
[INFO] [stdout]    |
[INFO] [stdout] 67 |         let encoded_bytes = base64::encode(&self.bytes);
[INFO] [stdout]    |                                     ^^^^^^
[INFO] [stdout]    |
[INFO] [stdout]    = note: `#[warn(deprecated)]` on by default
[INFO] [stdout] 
[INFO] [stdout] 
[INFO] [stdout] warning: use of deprecated function `base64::decode`: Use Engine::decode
[INFO] [stdout]   --> libs/navira-ser/src/ipld.rs:82:37
[INFO] [stdout]    |
[INFO] [stdout] 82 |         let decoded_bytes = base64::decode(outer.inner.bytes).map_err(serde::de::Error::custom)?;
[INFO] [stdout]    |                                     ^^^^^^
[INFO] [stdout] 
[INFO] [stdout] 
[INFO] [stderr]     Finished `release` profile [optimized] target(s) in 10.77s
[INFO] running `Command { std: "docker" "inspect" "303dc06895f038ce0b6dc641e038c53f5904511426a2ebfb4d64044f80af1e0f", kill_on_drop: false }`
[INFO] running `Command { std: "docker" "exec" "-e" "SOURCE_DIR=/opt/rustwide/workdir" "-e" "CARGO_HOME=/opt/rustwide/cargo-home" "-e" "RUSTUP_HOME=/opt/rustwide/rustup-home" "-e" "CARGO_TARGET_DIR=/opt/rustwide/target" "-e" "CARGO_INCREMENTAL=0" "-e" "RUST_BACKTRACE=full" "-e" "RUSTFLAGS=--cap-lints=warn" "-e" "RUSTDOCFLAGS=--cap-lints=warn" "-w" "/opt/rustwide/workdir" "--user" "0:0" "303dc06895f038ce0b6dc641e038c53f5904511426a2ebfb4d64044f80af1e0f" "/opt/rustwide/cargo-home/bin/cargo" "+1.99.0-beta.8" "test" "--frozen" "--release", kill_on_drop: false }`
[INFO] [stderr] warning: use of deprecated function `base64::encode`: Use Engine::encode
[INFO] [stderr]   --> libs/navira-ser/src/ipld.rs:67:37
[INFO] [stderr]    |
[INFO] [stderr] 67 |         let encoded_bytes = base64::encode(&self.bytes);
[INFO] [stderr]    |                                     ^^^^^^
[INFO] [stderr]    |
[INFO] [stderr]    = note: `#[warn(deprecated)]` on by default
[INFO] [stderr] 
[INFO] [stderr] warning: use of deprecated function `base64::decode`: Use Engine::decode
[INFO] [stderr]   --> libs/navira-ser/src/ipld.rs:82:37
[INFO] [stderr]    |
[INFO] [stderr] 82 |         let decoded_bytes = base64::decode(outer.inner.bytes).map_err(serde::de::Error::custom)?;
[INFO] [stderr]    |                                     ^^^^^^
[INFO] [stderr] 
[INFO] [stderr] warning: `navira-ser` (lib) generated 2 warnings
[INFO] [stderr] warning: `navira-ser` (lib test) generated 2 warnings (2 duplicates)
[INFO] [stderr]     Finished `release` profile [optimized] target(s) in 0.43s
[INFO] [stderr]      Running unittests src/lib.rs (/opt/rustwide/target/release/deps/navira_car-375658cab27041f5)
[INFO] [stdout] 
[INFO] [stdout] running 16 tests
[INFO] [stdout] test wire::cid::cid::tests::test_raw_cid_serialization ... ok
[INFO] [stdout] test wire::cid::link::tests::test_link_deserialization ... ok
[INFO] [stdout] test wire::v1::block::tests::test_car_section_metadata_deserialize_realblock_cidv0 ... ok
[INFO] [stdout] test wire::v1::block::tests::test_car_section_metadata_serialization_identity ... ok
[INFO] [stdout] test wire::v1::block::tests::test_car_section_metadata_deserialize_realblock_cidv1 ... ok
[INFO] [stdout] test wire::cid::cid::tests::test_raw_cid_bin_parsing_cidv1 ... ok
[INFO] [stdout] test wire::cid::cid::tests::test_raw_cid_bin_parsing_cidv0 ... ok
[INFO] [stdout] test wire::v1::block::tests::test_car_section_metadata_serialize_realblock_cidv1 ... ok
[INFO] [stdout] test wire::cid::cid::tests::test_raw_cid_deserialization ... ok
[INFO] [stdout] test wire::cid::cid::tests::test_raw_cid_deserialization_invalid_tag ... ok
[INFO] [stdout] test wire::v1::header::tests::test_car_v1_header_deserialization ... ok
[INFO] [stdout] test wire::v1::header::tests::test_car_v1_header_serialization ... ok
[INFO] [stdout] test wire::v1::block::tests::test_car_section_metadata_serialize_realblock_cidv0 ... ok
[INFO] [stdout] test wire::cid::cid::tests::test_raw_cid_bin_parsing_cidv1_insufficient ... ok
[INFO] [stdout] test wire::cid::link::tests::test_link_serialization ... ok
[INFO] [stderr]      Running unittests src/lib.rs (/opt/rustwide/target/release/deps/navira_ipni-99708497fd38aaa6)
[INFO] [stdout] test wire::v1::block::tests::test_car_section_metadata_deserialization_identity ... ok
[INFO] [stdout] 
[INFO] [stdout] test result: ok. 16 passed; 0 failed; 0 ignored; 0 measured; 0 filtered out; finished in 0.01s
[INFO] [stdout] 
[INFO] [stdout] 
[INFO] [stdout] running 5 tests
[INFO] [stdout] test ad::tests::serialize_json_entry_chunk_with_entries_and_next ... FAILED
[INFO] [stderr] error: test failed, to rerun pass `-p navira-ipni --lib`
[INFO] [stdout] test ad::tests::serialize_json_entry_chunk_with_entries ... FAILED
[INFO] [stdout] test ad::tests::serialize_json_entry_chunk_with_next ... FAILED
[INFO] [stdout] test ad::tests::serialize_json_entry_chunk_empty ... FAILED
[INFO] [stdout] test ad::tests::serialize_json_advertisement_simple ... FAILED
[INFO] [stdout] 
[INFO] [stdout] failures:
[INFO] [stdout] 
[INFO] [stdout] ---- ad::tests::serialize_json_entry_chunk_with_entries_and_next stdout ----
[INFO] [stdout] 
[INFO] [stdout] thread 'ad::tests::serialize_json_entry_chunk_with_entries_and_next' (4577) panicked at libs/navira-ipni/src/ad/mod.rs:209:9:
[INFO] [stdout] assertion `left == right` failed
[INFO] [stdout]   left: "{\"Entries\":[{\"/\":{\"bytes\":\"EgQBAgME\"}},{\"/\":{\"bytes\":\"EgQFBgcI\"}}],\"Next\":{\"/\":\"bafybeibiah4lt72jetyjhdf26d2twq7gqcenxytsy2ifzdl2viq2m4icuy\"}}"
[INFO] [stdout]  right: "{\"entries\":[{\"/\":{\"bytes\":\"EgQBAgME\"}},{\"/\":{\"bytes\":\"EgQFBgcI\"}}],\"next\":{\"/\":\"bafybeibiah4lt72jetyjhdf26d2twq7gqcenxytsy2ifzdl2viq2m4icuy\"}}"
[INFO] [stdout] stack backtrace:
[INFO] [stdout]    0:     0x5e575bd01bc1 - <<std[70759c8f55707aa4]::sys::backtrace::BacktraceLock>::print::DisplayBacktrace as core[df12db4294e9bfd3]::fmt::Display>::fmt
[INFO] [stdout]    1:     0x5e575bd15e9a - core[df12db4294e9bfd3]::fmt::write
[INFO] [stdout]    2:     0x5e575bd0605c - <alloc[2182bb758b4b3781]::vec::Vec<u8> as core[df12db4294e9bfd3]::io::write::Write>::write_fmt
[INFO] [stdout]    3:     0x5e575bcde1b6 - std[70759c8f55707aa4]::panicking::default_hook::{closure#0}
[INFO] [stdout]    4:     0x5e575bcfa329 - std[70759c8f55707aa4]::panicking::default_hook
[INFO] [stdout]    5:     0x5e575bc829f0 - test[9d35eded1c95d3be]::test_main_inner::<test[9d35eded1c95d3be]::test_main_static::{closure#0}>::{closure#0}
[INFO] [stdout]    6:     0x5e575bcfa4e2 - std[70759c8f55707aa4]::panicking::panic_with_hook
[INFO] [stdout]    7:     0x5e575bcde262 - std[70759c8f55707aa4]::panicking::panic_handler::{closure#0}
[INFO] [stdout]    8:     0x5e575bcd6fe9 - std[70759c8f55707aa4]::sys::backtrace::__rust_end_short_backtrace::<std[70759c8f55707aa4]::panicking::panic_handler::{closure#0}, !>
[INFO] [stdout]    9:     0x5e575bcdee5d - __rustc[8fa7c3cbc660c2b3]::rust_begin_unwind
[INFO] [stdout]   10:     0x5e575bd165cc - core[df12db4294e9bfd3]::panicking::panic_fmt
[INFO] [stdout]   11:     0x5e575bd164e3 - core[df12db4294e9bfd3]::panicking::assert_failed_inner
[INFO] [stdout]   12:     0x5e575bc71864 - core[df12db4294e9bfd3]::panicking::assert_failed::<alloc[2182bb758b4b3781]::string::String, &str>
[INFO] [stdout]   13:     0x5e575bc74be8 - navira_ipni[25addf5df10db619]::ad::tests::serialize_json_entry_chunk_with_entries_and_next
[INFO] [stdout]   14:     0x5e575bc732c9 - <navira_ipni[25addf5df10db619]::ad::tests::serialize_json_entry_chunk_with_entries_and_next::{closure#0} as core[df12db4294e9bfd3]::ops::function::FnOnce<()>>::call_once
[INFO] [stdout]   15:     0x5e575bc75cdb - test[9d35eded1c95d3be]::__rust_begin_short_backtrace::<core[df12db4294e9bfd3]::result::Result<(), alloc[2182bb758b4b3781]::string::String>, fn() -> core[df12db4294e9bfd3]::result::Result<(), alloc[2182bb758b4b3781]::string::String>>
[INFO] [stdout]   16:     0x5e575bc83345 - test[9d35eded1c95d3be]::run_test::{closure#0}
[INFO] [stdout]   17:     0x5e575bc7cc04 - std[70759c8f55707aa4]::sys::backtrace::__rust_begin_short_backtrace::<test[9d35eded1c95d3be]::run_test::{closure#1}, ()>
[INFO] [stdout]   18:     0x5e575bc864a2 - <std[70759c8f55707aa4]::thread::lifecycle::spawn_unchecked<test[9d35eded1c95d3be]::run_test::{closure#1}, ()>::{closure#1} as core[df12db4294e9bfd3]::ops::function::FnOnce<()>>::call_once::{shim:vtable#0}
[INFO] [stdout]   19:     0x5e575bd01499 - <std[70759c8f55707aa4]::sys::thread::unix::Thread>::new::thread_start
[INFO] [stdout]   20:     0x744ad5f92dfa - <unknown>
[INFO] [stdout]   21:     0x744ad60263d4 - clone
[INFO] [stdout]   22:                0x0 - <unknown>
[INFO] [stdout] 
[INFO] [stdout] ---- ad::tests::serialize_json_entry_chunk_with_entries stdout ----
[INFO] [stdout] 
[INFO] [stdout] thread 'ad::tests::serialize_json_entry_chunk_with_entries' (4576) panicked at libs/navira-ipni/src/ad/mod.rs:194:9:
[INFO] [stdout] assertion `left == right` failed
[INFO] [stdout]   left: "{\"Entries\":[{\"/\":{\"bytes\":\"EgQBAgME\"}},{\"/\":{\"bytes\":\"EgQFBgcI\"}}]}"
[INFO] [stdout]  right: "{\"entries\":[{\"/\":{\"bytes\":\"EgQBAgME\"}},{\"/\":{\"bytes\":\"EgQFBgcI\"}}]}"
[INFO] [stdout] stack backtrace:
[INFO] [stdout]    0:     0x5e575bd01bc1 - <<std[70759c8f55707aa4]::sys::backtrace::BacktraceLock>::print::DisplayBacktrace as core[df12db4294e9bfd3]::fmt::Display>::fmt
[INFO] [stdout]    1:     0x5e575bd15e9a - core[df12db4294e9bfd3]::fmt::write
[INFO] [stdout]    2:     0x5e575bd0605c - <alloc[2182bb758b4b3781]::vec::Vec<u8> as core[df12db4294e9bfd3]::io::write::Write>::write_fmt
[INFO] [stdout]    3:     0x5e575bcde1b6 - std[70759c8f55707aa4]::panicking::default_hook::{closure#0}
[INFO] [stdout]    4:     0x5e575bcfa329 - std[70759c8f55707aa4]::panicking::default_hook
[INFO] [stdout]    5:     0x5e575bc829f0 - test[9d35eded1c95d3be]::test_main_inner::<test[9d35eded1c95d3be]::test_main_static::{closure#0}>::{closure#0}
[INFO] [stdout]    6:     0x5e575bcfa4e2 - std[70759c8f55707aa4]::panicking::panic_with_hook
[INFO] [stdout]    7:     0x5e575bcde262 - std[70759c8f55707aa4]::panicking::panic_handler::{closure#0}
[INFO] [stdout]    8:     0x5e575bcd6fe9 - std[70759c8f55707aa4]::sys::backtrace::__rust_end_short_backtrace::<std[70759c8f55707aa4]::panicking::panic_handler::{closure#0}, !>
[INFO] [stdout]    9:     0x5e575bcdee5d - __rustc[8fa7c3cbc660c2b3]::rust_begin_unwind
[INFO] [stdout]   10:     0x5e575bd165cc - core[df12db4294e9bfd3]::panicking::panic_fmt
[INFO] [stdout]   11:     0x5e575bd164e3 - core[df12db4294e9bfd3]::panicking::assert_failed_inner
[INFO] [stdout]   12:     0x5e575bc71864 - core[df12db4294e9bfd3]::panicking::assert_failed::<alloc[2182bb758b4b3781]::string::String, &str>
[INFO] [stdout]   13:     0x5e575bc74858 - navira_ipni[25addf5df10db619]::ad::tests::serialize_json_entry_chunk_with_entries
[INFO] [stdout]   14:     0x5e575bc732a9 - <navira_ipni[25addf5df10db619]::ad::tests::serialize_json_entry_chunk_with_entries::{closure#0} as core[df12db4294e9bfd3]::ops::function::FnOnce<()>>::call_once
[INFO] [stdout]   15:     0x5e575bc75cdb - test[9d35eded1c95d3be]::__rust_begin_short_backtrace::<core[df12db4294e9bfd3]::result::Result<(), alloc[2182bb758b4b3781]::string::String>, fn() -> core[df12db4294e9bfd3]::result::Result<(), alloc[2182bb758b4b3781]::string::String>>
[INFO] [stdout]   16:     0x5e575bc83345 - test[9d35eded1c95d3be]::run_test::{closure#0}
[INFO] [stdout]   17:     0x5e575bc7cc04 - std[70759c8f55707aa4]::sys::backtrace::__rust_begin_short_backtrace::<test[9d35eded1c95d3be]::run_test::{closure#1}, ()>
[INFO] [stdout]   18:     0x5e575bc864a2 - <std[70759c8f55707aa4]::thread::lifecycle::spawn_unchecked<test[9d35eded1c95d3be]::run_test::{closure#1}, ()>::{closure#1} as core[df12db4294e9bfd3]::ops::function::FnOnce<()>>::call_once::{shim:vtable#0}
[INFO] [stdout]   19:     0x5e575bd01499 - <std[70759c8f55707aa4]::sys::thread::unix::Thread>::new::thread_start
[INFO] [stdout]   20:     0x744ad5f92dfa - <unknown>
[INFO] [stdout]   21:     0x744ad60263d4 - clone
[INFO] [stdout]   22:                0x0 - <unknown>
[INFO] [stdout] 
[INFO] [stdout] ---- ad::tests::serialize_json_entry_chunk_with_next stdout ----
[INFO] [stdout] 
[INFO] [stdout] thread 'ad::tests::serialize_json_entry_chunk_with_next' (4578) panicked at libs/navira-ipni/src/ad/mod.rs:182:9:
[INFO] [stdout] assertion `left == right` failed
[INFO] [stdout]   left: "{\"Entries\":[],\"Next\":{\"/\":\"bafybeibiah4lt72jetyjhdf26d2twq7gqcenxytsy2ifzdl2viq2m4icuy\"}}"
[INFO] [stdout]  right: "{\"entries\":[],\"next\":{\"/\":\"bafybeibiah4lt72jetyjhdf26d2twq7gqcenxytsy2ifzdl2viq2m4icuy\"}}"
[INFO] [stdout] stack backtrace:
[INFO] [stdout]    0:     0x5e575bd01bc1 - <<std[70759c8f55707aa4]::sys::backtrace::BacktraceLock>::print::DisplayBacktrace as core[df12db4294e9bfd3]::fmt::Display>::fmt
[INFO] [stdout]    1:     0x5e575bd15e9a - core[df12db4294e9bfd3]::fmt::write
[INFO] [stdout]    2:     0x5e575bd0605c - <alloc[2182bb758b4b3781]::vec::Vec<u8> as core[df12db4294e9bfd3]::io::write::Write>::write_fmt
[INFO] [stdout]    3:     0x5e575bcde1b6 - std[70759c8f55707aa4]::panicking::default_hook::{closure#0}
[INFO] [stdout]    4:     0x5e575bcfa329 - std[70759c8f55707aa4]::panicking::default_hook
[INFO] [stdout]    5:     0x5e575bc829f0 - test[9d35eded1c95d3be]::test_main_inner::<test[9d35eded1c95d3be]::test_main_static::{closure#0}>::{closure#0}
[INFO] [stdout]    6:     0x5e575bcfa4e2 - std[70759c8f55707aa4]::panicking::panic_with_hook
[INFO] [stdout]    7:     0x5e575bcde262 - std[70759c8f55707aa4]::panicking::panic_handler::{closure#0}
[INFO] [stdout]    8:     0x5e575bcd6fe9 - std[70759c8f55707aa4]::sys::backtrace::__rust_end_short_backtrace::<std[70759c8f55707aa4]::panicking::panic_handler::{closure#0}, !>
[INFO] [stdout]    9:     0x5e575bcdee5d - __rustc[8fa7c3cbc660c2b3]::rust_begin_unwind
[INFO] [stdout]   10:     0x5e575bd165cc - core[df12db4294e9bfd3]::panicking::panic_fmt
[INFO] [stdout]   11:     0x5e575bd164e3 - core[df12db4294e9bfd3]::panicking::assert_failed_inner
[INFO] [stdout]   12:     0x5e575bc71864 - core[df12db4294e9bfd3]::panicking::assert_failed::<alloc[2182bb758b4b3781]::string::String, &str>
[INFO] [stdout]   13:     0x5e575bc7454d - navira_ipni[25addf5df10db619]::ad::tests::serialize_json_entry_chunk_with_next
[INFO] [stdout]   14:     0x5e575bc73289 - <navira_ipni[25addf5df10db619]::ad::tests::serialize_json_entry_chunk_with_next::{closure#0} as core[df12db4294e9bfd3]::ops::function::FnOnce<()>>::call_once
[INFO] [stdout]   15:     0x5e575bc75cdb - test[9d35eded1c95d3be]::__rust_begin_short_backtrace::<core[df12db4294e9bfd3]::result::Result<(), alloc[2182bb758b4b3781]::string::String>, fn() -> core[df12db4294e9bfd3]::result::Result<(), alloc[2182bb758b4b3781]::string::String>>
[INFO] [stdout]   16:     0x5e575bc83345 - test[9d35eded1c95d3be]::run_test::{closure#0}
[INFO] [stdout]   17:     0x5e575bc7cc04 - std[70759c8f55707aa4]::sys::backtrace::__rust_begin_short_backtrace::<test[9d35eded1c95d3be]::run_test::{closure#1}, ()>
[INFO] [stdout]   18:     0x5e575bc864a2 - <std[70759c8f55707aa4]::thread::lifecycle::spawn_unchecked<test[9d35eded1c95d3be]::run_test::{closure#1}, ()>::{closure#1} as core[df12db4294e9bfd3]::ops::function::FnOnce<()>>::call_once::{shim:vtable#0}
[INFO] [stdout]   19:     0x5e575bd01499 - <std[70759c8f55707aa4]::sys::thread::unix::Thread>::new::thread_start
[INFO] [stdout]   20:     0x744ad5f92dfa - <unknown>
[INFO] [stdout]   21:     0x744ad60263d4 - clone
[INFO] [stdout]   22:                0x0 - <unknown>
[INFO] [stdout] 
[INFO] [stdout] ---- ad::tests::serialize_json_entry_chunk_empty stdout ----
[INFO] [stdout] 
[INFO] [stdout] thread 'ad::tests::serialize_json_entry_chunk_empty' (4575) panicked at libs/navira-ipni/src/ad/mod.rs:169:9:
[INFO] [stdout] assertion `left == right` failed
[INFO] [stdout]   left: "{\"Entries\":[]}"
[INFO] [stdout]  right: "{\"entries\":[]}"
[INFO] [stdout] stack backtrace:
[INFO] [stdout]    0:     0x5e575bd01bc1 - <<std[70759c8f55707aa4]::sys::backtrace::BacktraceLock>::print::DisplayBacktrace as core[df12db4294e9bfd3]::fmt::Display>::fmt
[INFO] [stdout]    1:     0x5e575bd15e9a - core[df12db4294e9bfd3]::fmt::write
[INFO] [stdout]    2:     0x5e575bd0605c - <alloc[2182bb758b4b3781]::vec::Vec<u8> as core[df12db4294e9bfd3]::io::write::Write>::write_fmt
[INFO] [stdout]    3:     0x5e575bcde1b6 - std[70759c8f55707aa4]::panicking::default_hook::{closure#0}
[INFO] [stdout]    4:     0x5e575bcfa329 - std[70759c8f55707aa4]::panicking::default_hook
[INFO] [stdout]    5:     0x5e575bc829f0 - test[9d35eded1c95d3be]::test_main_inner::<test[9d35eded1c95d3be]::test_main_static::{closure#0}>::{closure#0}
[INFO] [stdout]    6:     0x5e575bcfa4e2 - std[70759c8f55707aa4]::panicking::panic_with_hook
[INFO] [stdout]    7:     0x5e575bcde262 - std[70759c8f55707aa4]::panicking::panic_handler::{closure#0}
[INFO] [stdout]    8:     0x5e575bcd6fe9 - std[70759c8f55707aa4]::sys::backtrace::__rust_end_short_backtrace::<std[70759c8f55707aa4]::panicking::panic_handler::{closure#0}, !>
[INFO] [stdout]    9:     0x5e575bcdee5d - __rustc[8fa7c3cbc660c2b3]::rust_begin_unwind
[INFO] [stdout]   10:     0x5e575bd165cc - core[df12db4294e9bfd3]::panicking::panic_fmt
[INFO] [stdout]   11:     0x5e575bd164e3 - core[df12db4294e9bfd3]::panicking::assert_failed_inner
[INFO] [stdout]   12:     0x5e575bc71864 - core[df12db4294e9bfd3]::panicking::assert_failed::<alloc[2182bb758b4b3781]::string::String, &str>
[INFO] [stdout]   13:     0x5e575bc73d87 - navira_ipni[25addf5df10db619]::ad::tests::serialize_json_entry_chunk_empty
[INFO] [stdout]   14:     0x5e575bc73249 - <navira_ipni[25addf5df10db619]::ad::tests::serialize_json_entry_chunk_empty::{closure#0} as core[df12db4294e9bfd3]::ops::function::FnOnce<()>>::call_once
[INFO] [stdout]   15:     0x5e575bc75cdb - test[9d35eded1c95d3be]::__rust_begin_short_backtrace::<core[df12db4294e9bfd3]::result::Result<(), alloc[2182bb758b4b3781]::string::String>, fn() -> core[df12db4294e9bfd3]::result::Result<(), alloc[2182bb758b4b3781]::string::String>>
[INFO] [stdout]   16:     0x5e575bc83345 - test[9d35eded1c95d3be]::run_test::{closure#0}
[INFO] [stdout]   17:     0x5e575bc7cc04 - std[70759c8f55707aa4]::sys::backtrace::__rust_begin_short_backtrace::<test[9d35eded1c95d3be]::run_test::{closure#1}, ()>
[INFO] [stdout]   18:     0x5e575bc864a2 - <std[70759c8f55707aa4]::thread::lifecycle::spawn_unchecked<test[9d35eded1c95d3be]::run_test::{closure#1}, ()>::{closure#1} as core[df12db4294e9bfd3]::ops::function::FnOnce<()>>::call_once::{shim:vtable#0}
[INFO] [stdout]   19:     0x5e575bd01499 - <std[70759c8f55707aa4]::sys::thread::unix::Thread>::new::thread_start
[INFO] [stdout]   20:     0x744ad5f92dfa - <unknown>
[INFO] [stdout]   21:     0x744ad60263d4 - clone
[INFO] [stdout]   22:                0x0 - <unknown>
[INFO] [stdout] 
[INFO] [stdout] ---- ad::tests::serialize_json_advertisement_simple stdout ----
[INFO] [stdout] 
[INFO] [stdout] thread 'ad::tests::serialize_json_advertisement_simple' (4574) panicked at libs/navira-ipni/src/ad/mod.rs:232:9:
[INFO] [stdout] assertion `left == right` failed
[INFO] [stdout]   left: "{\"Provider\":\"provider1.peerId\",\"Addresses\":[\"/ip4/127.0.0.1/tcp/8080\"],\"Signature\":{\"/\":{\"bytes\":\"AQID\"}},\"Entries\":{\"/\":\"bafybeibiah4lt72jetyjhdf26d2twq7gqcenxytsy2ifzdl2viq2m4icuy\"},\"ContextID\":{\"/\":{\"bytes\":\"BAUG\"}},\"Metadata\":{\"/\":{\"bytes\":\"BwgJ\"}},\"IsRm\":false}"
[INFO] [stdout]  right: "{\"provider\":\"provider1.peerId\",\"addresses\":[\"/ip4/127.0.0.1/tcp/8080\"],\"signature\":{\"/\":{\"bytes\":\"AQID\"}},\"entries\":{\"/\":\"bafybeibiah4lt72jetyjhdf26d2twq7gqcenxytsy2ifzdl2viq2m4icuy\"},\"context_id\":{\"/\":{\"bytes\":\"BAUG\"}},\"metadata\":{\"/\":{\"bytes\":\"BwgJ\"}},\"is_rm\":false}"
[INFO] [stdout] stack backtrace:
[INFO] [stdout]    0:     0x5e575bd01bc1 - <<std[70759c8f55707aa4]::sys::backtrace::BacktraceLock>::print::DisplayBacktrace as core[df12db4294e9bfd3]::fmt::Display>::fmt
[INFO] [stdout]    1:     0x5e575bd15e9a - core[df12db4294e9bfd3]::fmt::write
[INFO] [stdout]    2:     0x5e575bd0605c - <alloc[2182bb758b4b3781]::vec::Vec<u8> as core[df12db4294e9bfd3]::io::write::Write>::write_fmt
[INFO] [stdout]    3:     0x5e575bcde1b6 - std[70759c8f55707aa4]::panicking::default_hook::{closure#0}
[INFO] [stdout]    4:     0x5e575bcfa329 - std[70759c8f55707aa4]::panicking::default_hook
[INFO] [stdout]    5:     0x5e575bc829f0 - test[9d35eded1c95d3be]::test_main_inner::<test[9d35eded1c95d3be]::test_main_static::{closure#0}>::{closure#0}
[INFO] [stdout]    6:     0x5e575bcfa4e2 - std[70759c8f55707aa4]::panicking::panic_with_hook
[INFO] [stdout]    7:     0x5e575bcde262 - std[70759c8f55707aa4]::panicking::panic_handler::{closure#0}
[INFO] [stdout]    8:     0x5e575bcd6fe9 - std[70759c8f55707aa4]::sys::backtrace::__rust_end_short_backtrace::<std[70759c8f55707aa4]::panicking::panic_handler::{closure#0}, !>
[INFO] [stdout]    9:     0x5e575bcdee5d - __rustc[8fa7c3cbc660c2b3]::rust_begin_unwind
[INFO] [stdout]   10:     0x5e575bd165cc - core[df12db4294e9bfd3]::panicking::panic_fmt
[INFO] [stdout]   11:     0x5e575bd164e3 - core[df12db4294e9bfd3]::panicking::assert_failed_inner
[INFO] [stdout]   12:     0x5e575bc71864 - core[df12db4294e9bfd3]::panicking::assert_failed::<alloc[2182bb758b4b3781]::string::String, &str>
[INFO] [stdout]   13:     0x5e575bc741e1 - navira_ipni[25addf5df10db619]::ad::tests::serialize_json_advertisement_simple
[INFO] [stdout]   14:     0x5e575bc73269 - <navira_ipni[25addf5df10db619]::ad::tests::serialize_json_advertisement_simple::{closure#0} as core[df12db4294e9bfd3]::ops::function::FnOnce<()>>::call_once
[INFO] [stdout]   15:     0x5e575bc75cdb - test[9d35eded1c95d3be]::__rust_begin_short_backtrace::<core[df12db4294e9bfd3]::result::Result<(), alloc[2182bb758b4b3781]::string::String>, fn() -> core[df12db4294e9bfd3]::result::Result<(), alloc[2182bb758b4b3781]::string::String>>
[INFO] [stdout]   16:     0x5e575bc83345 - test[9d35eded1c95d3be]::run_test::{closure#0}
[INFO] [stdout]   17:     0x5e575bc7cc04 - std[70759c8f55707aa4]::sys::backtrace::__rust_begin_short_backtrace::<test[9d35eded1c95d3be]::run_test::{closure#1}, ()>
[INFO] [stdout]   18:     0x5e575bc864a2 - <std[70759c8f55707aa4]::thread::lifecycle::spawn_unchecked<test[9d35eded1c95d3be]::run_test::{closure#1}, ()>::{closure#1} as core[df12db4294e9bfd3]::ops::function::FnOnce<()>>::call_once::{shim:vtable#0}
[INFO] [stdout]   19:     0x5e575bd01499 - <std[70759c8f55707aa4]::sys::thread::unix::Thread>::new::thread_start
[INFO] [stdout]   20:     0x744ad5f92dfa - <unknown>
[INFO] [stdout]   21:     0x744ad60263d4 - clone
[INFO] [stdout]   22:                0x0 - <unknown>
[INFO] [stdout] 
[INFO] [stdout] 
[INFO] [stdout] failures:
[INFO] [stdout]     ad::tests::serialize_json_advertisement_simple
[INFO] [stdout]     ad::tests::serialize_json_entry_chunk_empty
[INFO] [stdout]     ad::tests::serialize_json_entry_chunk_with_entries
[INFO] [stdout]     ad::tests::serialize_json_entry_chunk_with_entries_and_next
[INFO] [stdout]     ad::tests::serialize_json_entry_chunk_with_next
[INFO] [stdout] 
[INFO] [stdout] test result: FAILED. 0 passed; 5 failed; 0 ignored; 0 measured; 0 filtered out; finished in 0.01s
[INFO] [stdout] 
[INFO] running `Command { std: "docker" "inspect" "303dc06895f038ce0b6dc641e038c53f5904511426a2ebfb4d64044f80af1e0f", kill_on_drop: false }`
[INFO] running `Command { std: "docker" "rm" "-f" "303dc06895f038ce0b6dc641e038c53f5904511426a2ebfb4d64044f80af1e0f", kill_on_drop: false }`
[INFO] [stdout] 303dc06895f038ce0b6dc641e038c53f5904511426a2ebfb4d64044f80af1e0f
