[INFO] cloning repository https://github.com/funsafemath/seccompy
[INFO] running `Command { std: "git" "-c" "credential.helper=" "-c" "credential.helper=/workspace/cargo-home/bin/git-credential-null" "clone" "--bare" "https://github.com/funsafemath/seccompy" "/workspace/cache/git-repos/https%3A%2F%2Fgithub.com%2Ffunsafemath%2Fseccompy", kill_on_drop: false }`
[INFO] [stderr] Cloning into bare repository '/workspace/cache/git-repos/https%3A%2F%2Fgithub.com%2Ffunsafemath%2Fseccompy'...
[INFO] running `Command { std: "git" "rev-parse" "HEAD", kill_on_drop: false }`
[INFO] [stdout] 7d6f6c81a94600725c7b45ed828ed587d55c2bbf
[INFO] testing funsafemath/seccompy against 1.100.0-beta.1+cargoflags=--release for beta-release-1.100-2
[INFO] running `Command { std: "git" "clone" "/workspace/cache/git-repos/https%3A%2F%2Fgithub.com%2Ffunsafemath%2Fseccompy" "/workspace/builds/worker-0-tc2/source", kill_on_drop: false }`
[INFO] [stderr] Cloning into '/workspace/builds/worker-0-tc2/source'...
[INFO] [stderr] done.
[INFO] started tweaking git repo https://github.com/funsafemath/seccompy
[INFO] finished tweaking git repo https://github.com/funsafemath/seccompy
[INFO] tweaked toml for git repo https://github.com/funsafemath/seccompy written to /workspace/builds/worker-0-tc2/source/Cargo.toml
[INFO] validating manifest of git repo https://github.com/funsafemath/seccompy on toolchain 1.100.0-beta.1
[INFO] running `Command { std: CARGO_HOME="/workspace/cargo-home" RUSTUP_HOME="/workspace/rustup-home" "/workspace/cargo-home/bin/cargo" "+1.100.0-beta.1" "metadata" "--manifest-path" "Cargo.toml" "--no-deps", kill_on_drop: false }`
[INFO] crate git repo https://github.com/funsafemath/seccompy already has a lockfile, it will not be regenerated
[INFO] running `Command { std: CARGO_HOME="/workspace/cargo-home" RUSTUP_HOME="/workspace/rustup-home" "/workspace/cargo-home/bin/cargo" "+1.100.0-beta.1" "fetch" "--manifest-path" "Cargo.toml", kill_on_drop: false }`
[INFO] running `Command { std: "docker" "create" "-v" "/var/lib/crater-agent-workspace/builds/worker-0-tc2/source:/opt/rustwide/workdir:ro,Z" "-v" "/var/lib/crater-agent-workspace/builds/worker-0-tc2/target:/opt/rustwide/target:rw,Z" "-v" "/var/lib/crater-agent-workspace/cargo-home:/opt/rustwide/cargo-home:ro,Z" "-v" "/var/lib/crater-agent-workspace/rustup-home:/opt/rustwide/rustup-home:ro,Z" "-m" "1610612736" "--network" "none" "ghcr.io/rust-lang/crates-build-env/linux@sha256:77db811e55d90add9212f6832c23229e3de5f1c1f9905e8cb07319ea15df73ac" "sleep" "infinity", kill_on_drop: false }`
[INFO] [stdout] cb665bbc1b96ece81e5069f2319b18a1f09b4e0693deccd4a4c5e0b2b3979994
[INFO] running `Command { std: "docker" "start" "cb665bbc1b96ece81e5069f2319b18a1f09b4e0693deccd4a4c5e0b2b3979994", kill_on_drop: false }`
[INFO] running `Command { std: "docker" "inspect" "cb665bbc1b96ece81e5069f2319b18a1f09b4e0693deccd4a4c5e0b2b3979994", kill_on_drop: false }`
[INFO] running `Command { std: "docker" "exec" "-e" "SOURCE_DIR=/opt/rustwide/workdir" "-e" "CARGO_HOME=/opt/rustwide/cargo-home" "-e" "RUSTUP_HOME=/opt/rustwide/rustup-home" "-e" "CARGO_TARGET_DIR=/opt/rustwide/target" "-w" "/opt/rustwide/workdir" "--user" "0:0" "cb665bbc1b96ece81e5069f2319b18a1f09b4e0693deccd4a4c5e0b2b3979994" "/opt/rustwide/cargo-home/bin/cargo" "+1.100.0-beta.1" "metadata" "--no-deps" "--format-version=1", kill_on_drop: false }`
[INFO] running `Command { std: "docker" "inspect" "cb665bbc1b96ece81e5069f2319b18a1f09b4e0693deccd4a4c5e0b2b3979994", kill_on_drop: false }`
[INFO] running `Command { std: "docker" "exec" "-e" "SOURCE_DIR=/opt/rustwide/workdir" "-e" "CARGO_HOME=/opt/rustwide/cargo-home" "-e" "RUSTUP_HOME=/opt/rustwide/rustup-home" "-e" "CARGO_TARGET_DIR=/opt/rustwide/target" "-e" "CARGO_INCREMENTAL=0" "-e" "RUST_BACKTRACE=full" "-e" "RUSTFLAGS=--cap-lints=warn" "-e" "RUSTDOCFLAGS=--cap-lints=warn" "-w" "/opt/rustwide/workdir" "--user" "0:0" "cb665bbc1b96ece81e5069f2319b18a1f09b4e0693deccd4a4c5e0b2b3979994" "/opt/rustwide/cargo-home/bin/cargo" "+1.100.0-beta.1" "build" "--frozen" "--message-format=json" "--release", kill_on_drop: false }`
[INFO] [stderr]    Compiling libc v0.2.174
[INFO] [stderr]    Compiling seccompy v0.1.1 (/opt/rustwide/workdir)
[INFO] [stdout] warning: unused import: `RawFd`
[INFO] [stdout]  --> src/seccomp/set_filter.rs:5:34
[INFO] [stdout]   |
[INFO] [stdout] 5 |     os::fd::{FromRawFd, OwnedFd, RawFd},
[INFO] [stdout]   |                                  ^^^^^
[INFO] [stdout]   |
[INFO] [stdout]   = note: `#[warn(unused_imports)]` (part of `#[warn(unused)]`) on by default
[INFO] [stdout] 
[INFO] [stdout] 
[INFO] [stderr]     Finished `release` profile [optimized] target(s) in 3.05s
[INFO] running `Command { std: "docker" "inspect" "cb665bbc1b96ece81e5069f2319b18a1f09b4e0693deccd4a4c5e0b2b3979994", kill_on_drop: false }`
[INFO] running `Command { std: "docker" "exec" "-e" "SOURCE_DIR=/opt/rustwide/workdir" "-e" "CARGO_HOME=/opt/rustwide/cargo-home" "-e" "RUSTUP_HOME=/opt/rustwide/rustup-home" "-e" "CARGO_TARGET_DIR=/opt/rustwide/target" "-e" "CARGO_INCREMENTAL=0" "-e" "RUST_BACKTRACE=full" "-e" "RUSTFLAGS=--cap-lints=warn" "-e" "RUSTDOCFLAGS=--cap-lints=warn" "-w" "/opt/rustwide/workdir" "--user" "0:0" "cb665bbc1b96ece81e5069f2319b18a1f09b4e0693deccd4a4c5e0b2b3979994" "/opt/rustwide/cargo-home/bin/cargo" "+1.100.0-beta.1" "test" "--frozen" "--no-run" "--message-format=json" "--release", kill_on_drop: false }`
[INFO] [stderr]    Compiling seccompy v0.1.1 (/opt/rustwide/workdir)
[INFO] [stdout] warning: unused import: `RawFd`
[INFO] [stdout]  --> src/seccomp/set_filter.rs:5:34
[INFO] [stdout]   |
[INFO] [stdout] 5 |     os::fd::{FromRawFd, OwnedFd, RawFd},
[INFO] [stdout]   |                                  ^^^^^
[INFO] [stdout]   |
[INFO] [stdout]   = note: `#[warn(unused_imports)]` (part of `#[warn(unused)]`) on by default
[INFO] [stdout] 
[INFO] [stdout] 
[INFO] [stdout] warning: unused import: `RawFd`
[INFO] [stdout]  --> src/seccomp/set_filter.rs:5:34
[INFO] [stdout]   |
[INFO] [stdout] 5 |     os::fd::{FromRawFd, OwnedFd, RawFd},
[INFO] [stdout]   |                                  ^^^^^
[INFO] [stdout]   |
[INFO] [stdout]   = note: `#[warn(unused_imports)]` (part of `#[warn(unused)]`) on by default
[INFO] [stdout] 
[INFO] [stdout] 
[INFO] [stderr]     Finished `release` profile [optimized] target(s) in 0.45s
[INFO] running `Command { std: "docker" "inspect" "cb665bbc1b96ece81e5069f2319b18a1f09b4e0693deccd4a4c5e0b2b3979994", kill_on_drop: false }`
[INFO] running `Command { std: "docker" "exec" "-e" "SOURCE_DIR=/opt/rustwide/workdir" "-e" "CARGO_HOME=/opt/rustwide/cargo-home" "-e" "RUSTUP_HOME=/opt/rustwide/rustup-home" "-e" "CARGO_TARGET_DIR=/opt/rustwide/target" "-e" "CARGO_INCREMENTAL=0" "-e" "RUST_BACKTRACE=full" "-e" "RUSTFLAGS=--cap-lints=warn" "-e" "RUSTDOCFLAGS=--cap-lints=warn" "-w" "/opt/rustwide/workdir" "--user" "0:0" "cb665bbc1b96ece81e5069f2319b18a1f09b4e0693deccd4a4c5e0b2b3979994" "/opt/rustwide/cargo-home/bin/cargo" "+1.100.0-beta.1" "test" "--frozen" "--release", kill_on_drop: false }`
[INFO] [stderr] warning: unused import: `RawFd`
[INFO] [stderr]  --> src/seccomp/set_filter.rs:5:34
[INFO] [stderr]   |
[INFO] [stderr] 5 |     os::fd::{FromRawFd, OwnedFd, RawFd},
[INFO] [stderr]   |                                  ^^^^^
[INFO] [stderr]   |
[INFO] [stderr]   = note: `#[warn(unused_imports)]` (part of `#[warn(unused)]`) on by default
[INFO] [stderr] 
[INFO] [stderr] warning: `seccompy` (lib) generated 1 warning (run `cargo fix --lib -p seccompy` to apply 1 suggestion)
[INFO] [stderr] warning: `seccompy` (lib test) generated 1 warning (1 duplicate)
[INFO] [stderr]     Finished `release` profile [optimized] target(s) in 0.02s
[INFO] [stderr]      Running unittests src/lib.rs (/opt/rustwide/target/release/build/seccompy/6313497472946c9f/out/seccompy-6313497472946c9f)
[INFO] [stdout] 
[INFO] [stdout] running 4 tests
[INFO] [stdout] test prctl::tests::test_default_has_new_privileges ... ok
[INFO] [stdout] test prctl::tests::test_set_has_new_privileges ... ok
[INFO] [stderr]    Doc-tests seccompy
[INFO] [stdout] test seccomp::check_availability::tests::test_basic_availability ... ok
[INFO] [stdout] test seccomp::get_noti_sizes::tests::verify_libc_and_kernel_noti_sizes ... ok
[INFO] [stdout] 
[INFO] [stdout] test result: ok. 4 passed; 0 failed; 0 ignored; 0 measured; 0 filtered out; finished in 0.00s
[INFO] [stdout] 
[INFO] [stdout] 
[INFO] [stdout] running 5 tests
[INFO] [stdout] test src/./../README.md - (line 32) - compile ... ok
[INFO] [stdout] test src/seccomp/set_strict.rs - seccomp::set_strict::set_strict (line 42) - compile ... ok
[INFO] [stdout] test src/./../README.md - (line 52) ... ok
[INFO] [stdout] test src/seccomp/get_noti_sizes.rs - seccomp::get_noti_sizes::get_notification_sizes (line 45) ... ok
[INFO] [stdout] test src/seccomp/check_availability.rs - seccomp::check_availability::is_action_available (line 41) ... ok
[INFO] [stdout] 
[INFO] [stdout] test result: ok. 5 passed; 0 failed; 0 ignored; 0 measured; 0 filtered out; finished in 0.02s
[INFO] [stdout] 
[INFO] [stdout] 
[INFO] [stdout] running 1 test
[INFO] [stdout] test src/./../README.md - (line 97) ... FAILED
[INFO] [stdout] 
[INFO] [stdout] failures:
[INFO] [stdout] 
[INFO] [stdout] ---- src/./../README.md - (line 97) stdout ----
[INFO] [stdout] error[E0554]: `#![feature]` may not be used on the beta release channel
[INFO] [stdout]   --> src/./../README.md:97:1
[INFO] [stdout]    |
[INFO] [stdout] 97 | #![feature(unix_socket_ancillary_data)]
[INFO] [stdout]    | ^^^^^^^^^^^^^^^^^^^^^^^^^^^^^^^^^^^^^^^
[INFO] [stdout] 
[INFO] [stdout] error: aborting due to 1 previous error
[INFO] [stdout] 
[INFO] [stdout] For more information about this error, try `rustc --explain E0554`.
[INFO] [stdout] Couldn't compile the test.
[INFO] [stdout] 
[INFO] [stdout] failures:
[INFO] [stdout]     src/./../README.md - (line 97)
[INFO] [stdout] 
[INFO] [stdout] test result: FAILED. 0 passed; 1 failed; 0 ignored; 0 measured; 0 filtered out; finished in 0.11s
[INFO] [stdout] 
[INFO] [stdout] all doctests ran in 0.72s; merged doctests compilation took 0.57s
[INFO] [stderr] error: doctest failed, to rerun pass `--doc`
[INFO] running `Command { std: "docker" "inspect" "cb665bbc1b96ece81e5069f2319b18a1f09b4e0693deccd4a4c5e0b2b3979994", kill_on_drop: false }`
[INFO] running `Command { std: "docker" "rm" "-f" "cb665bbc1b96ece81e5069f2319b18a1f09b4e0693deccd4a4c5e0b2b3979994", kill_on_drop: false }`
[INFO] [stdout] cb665bbc1b96ece81e5069f2319b18a1f09b4e0693deccd4a4c5e0b2b3979994
