[INFO] cloning repository https://github.com/frvannes16/artwork
[INFO] running `Command { std: "git" "-c" "credential.helper=" "-c" "credential.helper=/workspace/cargo-home/bin/git-credential-null" "clone" "--bare" "https://github.com/frvannes16/artwork" "/workspace/cache/git-repos/https%3A%2F%2Fgithub.com%2Ffrvannes16%2Fartwork", kill_on_drop: false }`
[INFO] [stderr] Cloning into bare repository '/workspace/cache/git-repos/https%3A%2F%2Fgithub.com%2Ffrvannes16%2Fartwork'...
[INFO] running `Command { std: "git" "rev-parse" "HEAD", kill_on_drop: false }`
[INFO] [stdout] 5772cf9b5373594051d315b1eca5daf0df4a990b
[INFO] testing frvannes16/artwork against 1.100.0-beta.1+cargoflags=--release for beta-release-1.100-2
[INFO] running `Command { std: "git" "clone" "/workspace/cache/git-repos/https%3A%2F%2Fgithub.com%2Ffrvannes16%2Fartwork" "/workspace/builds/worker-0-tc2/source", kill_on_drop: false }`
[INFO] [stderr] Cloning into '/workspace/builds/worker-0-tc2/source'...
[INFO] [stderr] done.
[INFO] started tweaking git repo https://github.com/frvannes16/artwork
[INFO] finished tweaking git repo https://github.com/frvannes16/artwork
[INFO] tweaked toml for git repo https://github.com/frvannes16/artwork written to /workspace/builds/worker-0-tc2/source/Cargo.toml
[INFO] validating manifest of git repo https://github.com/frvannes16/artwork on toolchain 1.100.0-beta.1
[INFO] running `Command { std: CARGO_HOME="/workspace/cargo-home" RUSTUP_HOME="/workspace/rustup-home" "/workspace/cargo-home/bin/cargo" "+1.100.0-beta.1" "metadata" "--manifest-path" "Cargo.toml" "--no-deps", kill_on_drop: false }`
[INFO] crate git repo https://github.com/frvannes16/artwork already has a lockfile, it will not be regenerated
[INFO] running `Command { std: CARGO_HOME="/workspace/cargo-home" RUSTUP_HOME="/workspace/rustup-home" "/workspace/cargo-home/bin/cargo" "+1.100.0-beta.1" "fetch" "--manifest-path" "Cargo.toml", kill_on_drop: false }`
[INFO] running `Command { std: "docker" "create" "-v" "/var/lib/crater-agent-workspace/builds/worker-0-tc2/source:/opt/rustwide/workdir:ro,Z" "-v" "/var/lib/crater-agent-workspace/builds/worker-0-tc2/target:/opt/rustwide/target:rw,Z" "-v" "/var/lib/crater-agent-workspace/cargo-home:/opt/rustwide/cargo-home:ro,Z" "-v" "/var/lib/crater-agent-workspace/rustup-home:/opt/rustwide/rustup-home:ro,Z" "-m" "1610612736" "--network" "none" "ghcr.io/rust-lang/crates-build-env/linux@sha256:77db811e55d90add9212f6832c23229e3de5f1c1f9905e8cb07319ea15df73ac" "sleep" "infinity", kill_on_drop: false }`
[INFO] [stdout] 3be093b03cb2064e2392de1a1658f6ff6bc634e4b4a140edcbc3fd4198d6d649
[INFO] running `Command { std: "docker" "start" "3be093b03cb2064e2392de1a1658f6ff6bc634e4b4a140edcbc3fd4198d6d649", kill_on_drop: false }`
[INFO] running `Command { std: "docker" "inspect" "3be093b03cb2064e2392de1a1658f6ff6bc634e4b4a140edcbc3fd4198d6d649", kill_on_drop: false }`
[INFO] running `Command { std: "docker" "exec" "-e" "SOURCE_DIR=/opt/rustwide/workdir" "-e" "CARGO_HOME=/opt/rustwide/cargo-home" "-e" "RUSTUP_HOME=/opt/rustwide/rustup-home" "-e" "CARGO_TARGET_DIR=/opt/rustwide/target" "-w" "/opt/rustwide/workdir" "--user" "0:0" "3be093b03cb2064e2392de1a1658f6ff6bc634e4b4a140edcbc3fd4198d6d649" "/opt/rustwide/cargo-home/bin/cargo" "+1.100.0-beta.1" "metadata" "--no-deps" "--format-version=1", kill_on_drop: false }`
[INFO] running `Command { std: "docker" "inspect" "3be093b03cb2064e2392de1a1658f6ff6bc634e4b4a140edcbc3fd4198d6d649", kill_on_drop: false }`
[INFO] running `Command { std: "docker" "exec" "-e" "SOURCE_DIR=/opt/rustwide/workdir" "-e" "CARGO_HOME=/opt/rustwide/cargo-home" "-e" "RUSTUP_HOME=/opt/rustwide/rustup-home" "-e" "CARGO_TARGET_DIR=/opt/rustwide/target" "-e" "CARGO_INCREMENTAL=0" "-e" "RUST_BACKTRACE=full" "-e" "RUSTFLAGS=--cap-lints=warn" "-e" "RUSTDOCFLAGS=--cap-lints=warn" "-w" "/opt/rustwide/workdir" "--user" "0:0" "3be093b03cb2064e2392de1a1658f6ff6bc634e4b4a140edcbc3fd4198d6d649" "/opt/rustwide/cargo-home/bin/cargo" "+1.100.0-beta.1" "build" "--frozen" "--message-format=json" "--release", kill_on_drop: false }`
[INFO] [stderr]    Compiling autocfg v1.0.1
[INFO] [stderr]    Compiling libc v0.2.112
[INFO] [stderr]    Compiling proc-macro2 v1.0.35
[INFO] [stderr]    Compiling unicode-xid v0.2.2
[INFO] [stderr]    Compiling lazy_static v1.4.0
[INFO] [stderr]    Compiling version_check v0.9.3
[INFO] [stderr]    Compiling bitflags v1.3.2
[INFO] [stderr]    Compiling syn v1.0.84
[INFO] [stderr]    Compiling scopeguard v1.1.0
[INFO] [stderr]    Compiling byteorder v1.4.3
[INFO] [stderr]    Compiling crossbeam-utils v0.8.5
[INFO] [stderr]    Compiling once_cell v1.9.0
[INFO] [stderr]    Compiling smallvec v1.7.0
[INFO] [stderr]    Compiling libloading v0.7.2
[INFO] [stderr]    Compiling memchr v2.4.1
[INFO] [stderr]    Compiling log v0.4.14
[INFO] [stderr]    Compiling num-traits v0.2.14
[INFO] [stderr]    Compiling memoffset v0.6.5
[INFO] [stderr]    Compiling crossbeam-epoch v0.9.5
[INFO] [stderr]    Compiling pkg-config v0.3.24
[INFO] [stderr]    Compiling ahash v0.7.6
[INFO] [stderr]    Compiling xml-rs v0.8.4
[INFO] [stderr]    Compiling crossbeam-channel v0.5.1
[INFO] [stderr]    Compiling quote v1.0.10
[INFO] [stderr]    Compiling crossbeam-deque v0.8.1
[INFO] [stderr]    Compiling wayland-scanner v0.28.6
[INFO] [stderr]    Compiling rayon-core v1.9.1
[INFO] [stderr]    Compiling serde_derive v1.0.132
[INFO] [stderr]    Compiling wayland-sys v0.28.6
[INFO] [stderr]    Compiling ppv-lite86 v0.2.15
[INFO] [stderr]    Compiling cfg-if v0.1.10
[INFO] [stderr]    Compiling serde v1.0.132
[INFO] [stderr]    Compiling parking_lot_core v0.8.5
[INFO] [stderr]    Compiling dlib v0.5.0
[INFO] [stderr]    Compiling rayon v1.5.1
[INFO] [stderr]    Compiling num-integer v0.1.44
[INFO] [stderr]    Compiling getrandom v0.2.3
[INFO] [stderr]    Compiling num_cpus v1.13.1
[INFO] [stderr]    Compiling indexmap v1.7.0
[INFO] [stderr]    Compiling instant v0.1.12
[INFO] [stderr]    Compiling futures-core v0.3.19
[INFO] [stderr]    Compiling termcolor v1.1.2
[INFO] [stderr]    Compiling getrandom v0.1.16
[INFO] [stderr]    Compiling cty v0.2.2
[INFO] [stderr]    Compiling raw-window-handle v0.4.2
[INFO] [stderr]    Compiling hashbrown v0.11.2
[INFO] [stderr]    Compiling nix v0.20.0
[INFO] [stderr]    Compiling miniz_oxide v0.4.4
[INFO] [stderr]    Compiling nom v7.1.0
[INFO] [stderr]    Compiling lock_api v0.4.5
[INFO] [stderr]    Compiling wayland-client v0.28.6
[INFO] [stderr]    Compiling adler32 v1.2.0
[INFO] [stderr]    Compiling crc32fast v1.3.0
[INFO] [stderr]    Compiling futures-task v0.3.19
[INFO] [stderr]    Compiling futures-channel v0.3.19
[INFO] [stderr]    Compiling bit-vec v0.6.3
[INFO] [stderr]    Compiling typenum v1.15.0
[INFO] [stderr]    Compiling unicode-width v0.1.9
[INFO] [stderr]    Compiling khronos-egl v4.1.0
[INFO] [stderr]    Compiling either v1.6.1
[INFO] [stderr]    Compiling codespan-reporting v0.11.1
[INFO] [stderr]    Compiling bit-set v0.5.2
[INFO] [stderr]    Compiling parking_lot v0.11.2
[INFO] [stderr]    Compiling raw-window-handle v0.3.4
[INFO] [stderr]    Compiling rand_core v0.6.3
[INFO] [stderr]    Compiling dirs-sys v0.3.6
[INFO] [stderr]    Compiling spirv v0.2.0+1.5.4
[INFO] [stderr]    Compiling euclid v0.22.6
[INFO] [stderr]    Compiling num-rational v0.3.2
[INFO] [stderr]    Compiling num-iter v0.1.42
[INFO] [stderr]    Compiling memoffset v0.5.6
[INFO] [stderr]    Compiling crossbeam-utils v0.7.2
[INFO] [stderr]    Compiling fxhash v0.2.1
[INFO] [stderr]    Compiling gpu-descriptor-types v0.1.1
[INFO] [stderr]    Compiling gpu-alloc-types v0.2.0
[INFO] [stderr]    Compiling cfg_aliases v0.1.1
[INFO] [stderr]    Compiling hexf-parse v0.2.1
[INFO] [stderr]    Compiling ttf-parser v0.6.2
[INFO] [stderr]    Compiling crossbeam-queue v0.3.2
[INFO] [stderr]    Compiling adler v1.0.2
[INFO] [stderr]    Compiling maybe-uninit v2.0.0
[INFO] [stderr]    Compiling futures-sink v0.3.19
[INFO] [stderr]    Compiling futures-util v0.3.19
[INFO] [stderr]    Compiling weezl v0.1.5
[INFO] [stderr]    Compiling nix v0.18.0
[INFO] [stderr]    Compiling scoped-tls v1.0.0
[INFO] [stderr]    Compiling arrayvec v0.5.2
[INFO] [stderr]    Compiling downcast-rs v1.2.0
[INFO] [stderr]    Compiling lyon_geom v0.17.6
[INFO] [stderr]    Compiling jpeg-decoder v0.1.22
[INFO] [stderr]    Compiling wayland-commons v0.28.6
[INFO] [stderr]    Compiling owned_ttf_parser v0.6.0
[INFO] [stderr]    Compiling wgpu-core v0.11.3
[INFO] [stderr]    Compiling gpu-alloc v0.5.2
[INFO] [stderr]    Compiling thiserror-impl v1.0.30
[INFO] [stderr]    Compiling futures-macro v0.3.19
[INFO] [stderr]    Compiling gpu-descriptor v0.2.2
[INFO] [stderr]    Compiling dirs v3.0.2
[INFO] [stderr]    Compiling rand_chacha v0.3.1
[INFO] [stderr]    Compiling rand_core v0.5.1
[INFO] [stderr]    Compiling deflate v0.8.6
[INFO] [stderr]    Compiling miniz_oxide v0.3.7
[INFO] [stderr]    Compiling thiserror v1.0.30
[INFO] [stderr]    Compiling naga v0.7.3
[INFO] [stderr]    Compiling wayland-protocols v0.28.6
[INFO] [stderr]    Compiling approx v0.3.2
[INFO] [stderr]    Compiling ash v0.33.3+1.2.191
[INFO] [stderr]    Compiling crossbeam-epoch v0.8.2
[INFO] [stderr]    Compiling wgpu-types v0.11.0
[INFO] [stderr]    Compiling ab_glyph_rasterizer v0.1.5
[INFO] [stderr]    Compiling color_quant v1.1.0
[INFO] [stderr]    Compiling futures-io v0.3.19
[INFO] [stderr]    Compiling inplace_it v0.3.3
[INFO] [stderr]    Compiling slab v0.4.5
[INFO] [stderr]    Compiling renderdoc-sys v0.7.1
[INFO] [stderr]    Compiling profiling v1.0.4
[INFO] [stderr]    Compiling palette v0.5.0
[INFO] [stderr]    Compiling glow v0.11.1
[INFO] [stderr]    Compiling arrayvec v0.7.2
[INFO] [stderr]    Compiling pin-project-lite v0.2.7
[INFO] [stderr]    Compiling walkdir v2.3.2
[INFO] [stderr]    Compiling gif v0.11.3
[INFO] [stderr]    Compiling png v0.16.8
[INFO] [stderr]    Compiling rusttype v0.9.2
[INFO] [stderr]    Compiling rand v0.8.4
[INFO] [stderr]    Compiling xdg v2.4.0
[INFO] [stderr]    Compiling xcursor v0.3.4
[INFO] [stderr]    Compiling palette_derive v0.5.0
[INFO] [stderr]    Compiling tiff v0.6.1
[INFO] [stderr]    Compiling lyon_path v0.17.7
[INFO] [stderr]    Compiling x11-dl v2.19.1
[INFO] [stderr]    Compiling generic-array v0.14.4
[INFO] [stderr]    Compiling libloading v0.6.7
[INFO] [stderr]    Compiling scoped_threadpool v0.1.9
[INFO] [stderr]    Compiling bytemuck v1.7.3
[INFO] [stderr]    Compiling copyless v0.1.5
[INFO] [stderr]    Compiling image v0.23.14
[INFO] [stderr]    Compiling dlib v0.4.2
[INFO] [stderr]    Compiling andrew v0.3.1
[INFO] [stderr]    Compiling wgpu-hal v0.11.5
[INFO] [stderr]    Compiling calloop v0.6.5
[INFO] [stderr]    Compiling glam v0.17.3
[INFO] [stderr]    Compiling crossbeam v0.8.1
[INFO] [stderr]    Compiling wayland-cursor v0.28.6
[INFO] [stderr]    Compiling futures-executor v0.3.19
[INFO] [stderr]    Compiling rand_chacha v0.2.2
[INFO] [stderr]    Compiling mio v0.7.14
[INFO] [stderr]    Compiling memmap2 v0.1.0
[INFO] [stderr]    Compiling float_next_after v0.1.5
[INFO] [stderr]    Compiling sid v0.6.1
[INFO] [stderr]    Compiling winit v0.25.0
[INFO] [stderr]    Compiling serde_json v1.0.73
[INFO] [stderr]    Compiling lyon_algorithms v0.17.7
[INFO] [stderr]    Compiling lyon_tessellation v0.17.10
[INFO] [stderr]    Compiling nannou_core v0.18.0
[INFO] [stderr]    Compiling mio-misc v1.2.2
[INFO] [stderr]    Compiling rand v0.7.3
[INFO] [stderr]    Compiling futures v0.3.19
[INFO] [stderr]    Compiling crossbeam-deque v0.7.4
[INFO] [stderr]    Compiling generic-array v0.13.3
[INFO] [stderr]    Compiling generic-array v0.12.4
[INFO] [stderr]    Compiling rand_xorshift v0.2.0
[INFO] [stderr]    Compiling ordered-float v1.1.1
[INFO] [stderr]    Compiling stb_truetype v0.3.1
[INFO] [stderr]    Compiling itoa v1.0.1
[INFO] [stderr]    Compiling heapless v0.6.1
[INFO] [stderr]    Compiling ryu v1.0.9
[INFO] [stderr]    Compiling rustc-hash v1.1.0
[INFO] [stderr]    Compiling percent-encoding v2.1.0
[INFO] [stderr]    Compiling linked-hash-map v0.5.4
[INFO] [stderr]    Compiling stable_deref_trait v1.2.0
[INFO] [stderr]    Compiling as-slice v0.1.5
[INFO] [stderr]    Compiling rusttype v0.8.3
[INFO] [stderr]    Compiling wgpu v0.11.1
[INFO] [stderr]    Compiling noise v0.7.0
[INFO] [stderr]    Compiling smithay-client-toolkit v0.12.3
[INFO] [stderr]    Compiling lyon v0.17.10
[INFO] [stderr]    Compiling nannou_mesh v0.18.0
[INFO] [stderr]    Compiling nannou_wgpu v0.18.0
[INFO] [stderr]    Compiling toml v0.5.8
[INFO] [stderr]    Compiling pennereq v0.3.1
[INFO] [stderr]    Compiling aho-corasick v0.7.18
[INFO] [stderr]    Compiling hash32 v0.1.1
[INFO] [stderr]    Compiling notosans v0.1.0
[INFO] [stderr]    Compiling regex-syntax v0.6.25
[INFO] [stderr]    Compiling find_folder v0.3.0
[INFO] [stderr]    Compiling nannou v0.18.1
[INFO] [stderr]    Compiling regex v1.5.4
[INFO] [stderr]    Compiling atty v0.2.14
[INFO] [stderr]    Compiling humantime v2.1.0
[INFO] [stderr]    Compiling pdqselect v0.1.0
[INFO] [stderr]    Compiling rstar v0.8.4
[INFO] [stderr]    Compiling env_logger v0.9.0
[INFO] [stderr]    Compiling approx v0.4.0
[INFO] [stderr]    Compiling geo-types v0.7.2
[INFO] [stderr]    Compiling fills v0.1.0 (/opt/rustwide/workdir/fills)
[INFO] [stderr]    Compiling geographiclib-rs v0.2.0
[INFO] [stderr]    Compiling robust v0.2.3
[INFO] [stderr]    Compiling geo v0.18.0
[INFO] [stderr]    Compiling tenthousand v0.1.0 (/opt/rustwide/workdir/tenthousand)
[INFO] [stderr]    Compiling cells v0.1.0 (/opt/rustwide/workdir/cells)
[INFO] [stderr]    Compiling mesh v0.1.0 (/opt/rustwide/workdir/mesh)
[INFO] [stdout] warning: `Perlin` is ambiguous
[INFO] [stdout]  --> tenthousand/src/main.rs:2:30
[INFO] [stdout]   |
[INFO] [stdout] 2 | use nannou::noise::{NoiseFn, Perlin, Seedable};
[INFO] [stdout]   |                              ^^^^^^ ambiguous name
[INFO] [stdout]   |
[INFO] [stdout]   = note: ambiguous because of multiple glob imports of a name in the same module
[INFO] [stdout] note: `Perlin` could refer to the struct defined here
[INFO] [stdout]  --> /opt/rustwide/cargo-home/registry/src/index.crates.io-1949cf8c6b5b557f/noise-0.7.0/src/noise_fns/generators.rs:6:9
[INFO] [stdout]   |
[INFO] [stdout] 6 | pub use self::perlin::*;
[INFO] [stdout]   |         ^^^^^^^^^^^^
[INFO] [stdout]   = help: consider updating this dependency to resolve this error
[INFO] [stdout]   = help: if updating the dependency does not resolve the problem report the problem to the author of the relevant crate
[INFO] [stdout] note: `Perlin` could also refer to the struct defined here
[INFO] [stdout]  --> /opt/rustwide/cargo-home/registry/src/index.crates.io-1949cf8c6b5b557f/noise-0.7.0/src/noise_fns/generators/perlin_surflet.rs:9:1
[INFO] [stdout]   |
[INFO] [stdout] 9 | pub struct Perlin {
[INFO] [stdout]   | ^^^^^^^^^^^^^^^^^
[INFO] [stdout]   = warning: this was previously accepted by the compiler but is being phased out; it will become a hard error in a future release!
[INFO] [stdout]   = note: for more information, see issue #114095 <https://github.com/rust-lang/rust/issues/114095>
[INFO] [stdout]   = note: `#[warn(ambiguous_glob_imports)]` (part of `#[warn(future_incompatible)]`) on by default
[INFO] [stdout] 
[INFO] [stdout] 
[INFO] [stdout] warning: `Perlin` is ambiguous
[INFO] [stdout]   --> tenthousand/src/main.rs:85:22
[INFO] [stdout]    |
[INFO] [stdout] 85 |         let perlin = Perlin::new().set_seed(i as u32);
[INFO] [stdout]    |                      ^^^^^^ ambiguous name
[INFO] [stdout]    |
[INFO] [stdout]    = note: ambiguous because of multiple glob imports of a name in the same module
[INFO] [stdout] note: `Perlin` could refer to the struct defined here
[INFO] [stdout]   --> /opt/rustwide/cargo-home/registry/src/index.crates.io-1949cf8c6b5b557f/noise-0.7.0/src/noise_fns/generators.rs:6:9
[INFO] [stdout]    |
[INFO] [stdout]  6 | pub use self::perlin::*;
[INFO] [stdout]    |         ^^^^^^^^^^^^
[INFO] [stdout]    = help: consider updating this dependency to resolve this error
[INFO] [stdout]    = help: if updating the dependency does not resolve the problem report the problem to the author of the relevant crate
[INFO] [stdout] note: `Perlin` could also refer to the struct defined here
[INFO] [stdout]   --> /opt/rustwide/cargo-home/registry/src/index.crates.io-1949cf8c6b5b557f/noise-0.7.0/src/noise_fns/generators/perlin_surflet.rs:9:1
[INFO] [stdout]    |
[INFO] [stdout]  9 | pub struct Perlin {
[INFO] [stdout]    | ^^^^^^^^^^^^^^^^^
[INFO] [stdout]    = warning: this was previously accepted by the compiler but is being phased out; it will become a hard error in a future release!
[INFO] [stdout]    = note: for more information, see issue #114095 <https://github.com/rust-lang/rust/issues/114095>
[INFO] [stdout] 
[INFO] [stdout] 
[INFO] [stdout] warning: `Perlin` is ambiguous
[INFO] [stdout]    --> tenthousand/src/main.rs:135:62
[INFO] [stdout]     |
[INFO] [stdout] 135 | fn noise_shifted_triangle(tri: &geom::Tri<[f32; 2]>, noise: &Perlin) -> geom::Tri<[f32; 2]> {
[INFO] [stdout]     |                                                              ^^^^^^ ambiguous name
[INFO] [stdout]     |
[INFO] [stdout]     = note: ambiguous because of multiple glob imports of a name in the same module
[INFO] [stdout] note: `Perlin` could refer to the struct defined here
[INFO] [stdout]    --> /opt/rustwide/cargo-home/registry/src/index.crates.io-1949cf8c6b5b557f/noise-0.7.0/src/noise_fns/generators.rs:6:9
[INFO] [stdout]     |
[INFO] [stdout]   6 | pub use self::perlin::*;
[INFO] [stdout]     |         ^^^^^^^^^^^^
[INFO] [stdout]     = help: consider updating this dependency to resolve this error
[INFO] [stdout]     = help: if updating the dependency does not resolve the problem report the problem to the author of the relevant crate
[INFO] [stdout] note: `Perlin` could also refer to the struct defined here
[INFO] [stdout]    --> /opt/rustwide/cargo-home/registry/src/index.crates.io-1949cf8c6b5b557f/noise-0.7.0/src/noise_fns/generators/perlin_surflet.rs:9:1
[INFO] [stdout]     |
[INFO] [stdout]   9 | pub struct Perlin {
[INFO] [stdout]     | ^^^^^^^^^^^^^^^^^
[INFO] [stdout]     = warning: this was previously accepted by the compiler but is being phased out; it will become a hard error in a future release!
[INFO] [stdout]     = note: for more information, see issue #114095 <https://github.com/rust-lang/rust/issues/114095>
[INFO] [stdout] 
[INFO] [stdout] 
[INFO] [stdout] warning: fields `random_points` and `center_points` are never read
[INFO] [stdout]   --> mesh/src/main.rs:22:5
[INFO] [stdout]    |
[INFO] [stdout] 20 | struct Model {
[INFO] [stdout]    |        ----- fields in this struct
[INFO] [stdout] 21 |     polygons: Vec<Poly>,
[INFO] [stdout] 22 |     random_points: Vec<Point2>,
[INFO] [stdout]    |     ^^^^^^^^^^^^^
[INFO] [stdout] 23 |     center_points: Vec<Point2>,
[INFO] [stdout]    |     ^^^^^^^^^^^^^
[INFO] [stdout]    |
[INFO] [stdout]    = note: `#[warn(dead_code)]` (part of `#[warn(unused)]`) on by default
[INFO] [stdout] 
[INFO] [stdout] 
[INFO] [stdout] warning: type alias `MM` is never used
[INFO] [stdout]  --> cells/src/paper.rs:3:10
[INFO] [stdout]   |
[INFO] [stdout] 3 | pub type MM = i32; // millimeters
[INFO] [stdout]   |          ^^
[INFO] [stdout]   |
[INFO] [stdout]   = note: `#[warn(dead_code)]` (part of `#[warn(unused)]`) on by default
[INFO] [stdout] 
[INFO] [stdout] 
[INFO] [stdout] warning: constant `MM_PER_INCH` is never used
[INFO] [stdout]  --> cells/src/paper.rs:5:7
[INFO] [stdout]   |
[INFO] [stdout] 5 | const MM_PER_INCH: f64 = 25.4;
[INFO] [stdout]   |       ^^^^^^^^^^^
[INFO] [stdout] 
[INFO] [stdout] 
[INFO] [stdout] warning: struct `Paper` is never constructed
[INFO] [stdout]  --> cells/src/paper.rs:8:12
[INFO] [stdout]   |
[INFO] [stdout] 8 | pub struct Paper {
[INFO] [stdout]   |            ^^^^^
[INFO] [stdout] 
[INFO] [stdout] 
[INFO] [stdout] warning: enum `Orientation` is never used
[INFO] [stdout]   --> cells/src/paper.rs:14:10
[INFO] [stdout]    |
[INFO] [stdout] 14 | pub enum Orientation {
[INFO] [stdout]    |          ^^^^^^^^^^^
[INFO] [stdout] 
[INFO] [stdout] 
[INFO] [stdout] warning: enum `ISO216` is never used
[INFO] [stdout]   --> cells/src/paper.rs:19:10
[INFO] [stdout]    |
[INFO] [stdout] 19 | pub enum ISO216 {
[INFO] [stdout]    |          ^^^^^^
[INFO] [stdout] 
[INFO] [stdout] 
[INFO] [stdout] warning: enum `ISO216PaperLookupErr` is never used
[INFO] [stdout]   --> cells/src/paper.rs:39:10
[INFO] [stdout]    |
[INFO] [stdout] 39 | pub enum ISO216PaperLookupErr {
[INFO] [stdout]    |          ^^^^^^^^^^^^^^^^^^^^
[INFO] [stdout] 
[INFO] [stdout] 
[INFO] [stdout] warning: associated items `from_iso216` and `pixel_dimensions` are never used
[INFO] [stdout]   --> cells/src/paper.rs:45:12
[INFO] [stdout]    |
[INFO] [stdout] 44 | impl Paper {
[INFO] [stdout]    | ---------- associated items in this implementation
[INFO] [stdout] 45 |     pub fn from_iso216(
[INFO] [stdout]    |            ^^^^^^^^^^^
[INFO] [stdout] ...
[INFO] [stdout] 83 |     pub fn pixel_dimensions(&self, dpi: u16) -> (u32, u32) {
[INFO] [stdout]    |            ^^^^^^^^^^^^^^^^
[INFO] [stdout] 
[INFO] [stdout] 
[INFO] [stderr] warning: unused dependency `fills`
[INFO] [stderr]   --> tenthousand/Cargo.toml:14:1
[INFO] [stderr]    |
[INFO] [stderr] 14 | fills = { path = "../fills" }
[INFO] [stderr]    | ^^^^^^^^^^^^^^^^^^^^^^^^^^^^^
[INFO] [stderr]    |
[INFO] [stderr]    = note: `cargo::unused_dependencies` is set to `warn` by default
[INFO] [stderr] help: consider removing the dependency on `fills`
[INFO] [stderr] warning: `tenthousand` (manifest) generated 1 warning
[INFO] [stderr]     Finished `release` profile [optimized] target(s) in 6m 13s
[INFO] [stderr] warning: the following packages contain code that will be rejected by a future version of Rust: noise v0.7.0, tenthousand v0.1.0 (/opt/rustwide/workdir/tenthousand), wgpu-core v0.11.3
[INFO] [stderr] note: to see what the problems were, use the option `--future-incompat-report`, or run `cargo report future-incompatibilities --id 1`
[INFO] running `Command { std: "docker" "inspect" "3be093b03cb2064e2392de1a1658f6ff6bc634e4b4a140edcbc3fd4198d6d649", kill_on_drop: false }`
[INFO] running `Command { std: "docker" "exec" "-e" "SOURCE_DIR=/opt/rustwide/workdir" "-e" "CARGO_HOME=/opt/rustwide/cargo-home" "-e" "RUSTUP_HOME=/opt/rustwide/rustup-home" "-e" "CARGO_TARGET_DIR=/opt/rustwide/target" "-e" "CARGO_INCREMENTAL=0" "-e" "RUST_BACKTRACE=full" "-e" "RUSTFLAGS=--cap-lints=warn" "-e" "RUSTDOCFLAGS=--cap-lints=warn" "-w" "/opt/rustwide/workdir" "--user" "0:0" "3be093b03cb2064e2392de1a1658f6ff6bc634e4b4a140edcbc3fd4198d6d649" "/opt/rustwide/cargo-home/bin/cargo" "+1.100.0-beta.1" "test" "--frozen" "--no-run" "--message-format=json" "--release", kill_on_drop: false }`
[INFO] [stderr]    Compiling fills v0.1.0 (/opt/rustwide/workdir/fills)
[INFO] [stderr]    Compiling cells v0.1.0 (/opt/rustwide/workdir/cells)
[INFO] [stderr]    Compiling tenthousand v0.1.0 (/opt/rustwide/workdir/tenthousand)
[INFO] [stderr]    Compiling mesh v0.1.0 (/opt/rustwide/workdir/mesh)
[INFO] [stdout] warning: `Perlin` is ambiguous
[INFO] [stdout]  --> tenthousand/src/main.rs:2:30
[INFO] [stdout]   |
[INFO] [stdout] 2 | use nannou::noise::{NoiseFn, Perlin, Seedable};
[INFO] [stdout]   |                              ^^^^^^ ambiguous name
[INFO] [stdout]   |
[INFO] [stdout]   = note: ambiguous because of multiple glob imports of a name in the same module
[INFO] [stdout] note: `Perlin` could refer to the struct defined here
[INFO] [stdout]  --> /opt/rustwide/cargo-home/registry/src/index.crates.io-1949cf8c6b5b557f/noise-0.7.0/src/noise_fns/generators.rs:6:9
[INFO] [stdout]   |
[INFO] [stdout] 6 | pub use self::perlin::*;
[INFO] [stdout]   |         ^^^^^^^^^^^^
[INFO] [stdout]   = help: consider updating this dependency to resolve this error
[INFO] [stdout]   = help: if updating the dependency does not resolve the problem report the problem to the author of the relevant crate
[INFO] [stdout] note: `Perlin` could also refer to the struct defined here
[INFO] [stdout]  --> /opt/rustwide/cargo-home/registry/src/index.crates.io-1949cf8c6b5b557f/noise-0.7.0/src/noise_fns/generators/perlin_surflet.rs:9:1
[INFO] [stdout]   |
[INFO] [stdout] 9 | pub struct Perlin {
[INFO] [stdout]   | ^^^^^^^^^^^^^^^^^
[INFO] [stdout]   = warning: this was previously accepted by the compiler but is being phased out; it will become a hard error in a future release!
[INFO] [stdout]   = note: for more information, see issue #114095 <https://github.com/rust-lang/rust/issues/114095>
[INFO] [stdout]   = note: `#[warn(ambiguous_glob_imports)]` (part of `#[warn(future_incompatible)]`) on by default
[INFO] [stdout] 
[INFO] [stdout] 
[INFO] [stdout] warning: `Perlin` is ambiguous
[INFO] [stdout]   --> tenthousand/src/main.rs:85:22
[INFO] [stdout]    |
[INFO] [stdout] 85 |         let perlin = Perlin::new().set_seed(i as u32);
[INFO] [stdout]    |                      ^^^^^^ ambiguous name
[INFO] [stdout]    |
[INFO] [stdout]    = note: ambiguous because of multiple glob imports of a name in the same module
[INFO] [stdout] note: `Perlin` could refer to the struct defined here
[INFO] [stdout]   --> /opt/rustwide/cargo-home/registry/src/index.crates.io-1949cf8c6b5b557f/noise-0.7.0/src/noise_fns/generators.rs:6:9
[INFO] [stdout]    |
[INFO] [stdout]  6 | pub use self::perlin::*;
[INFO] [stdout]    |         ^^^^^^^^^^^^
[INFO] [stdout]    = help: consider updating this dependency to resolve this error
[INFO] [stdout]    = help: if updating the dependency does not resolve the problem report the problem to the author of the relevant crate
[INFO] [stdout] note: `Perlin` could also refer to the struct defined here
[INFO] [stdout]   --> /opt/rustwide/cargo-home/registry/src/index.crates.io-1949cf8c6b5b557f/noise-0.7.0/src/noise_fns/generators/perlin_surflet.rs:9:1
[INFO] [stdout]    |
[INFO] [stdout]  9 | pub struct Perlin {
[INFO] [stdout]    | ^^^^^^^^^^^^^^^^^
[INFO] [stdout]    = warning: this was previously accepted by the compiler but is being phased out; it will become a hard error in a future release!
[INFO] [stdout]    = note: for more information, see issue #114095 <https://github.com/rust-lang/rust/issues/114095>
[INFO] [stdout] 
[INFO] [stdout] 
[INFO] [stdout] warning: `Perlin` is ambiguous
[INFO] [stdout]    --> tenthousand/src/main.rs:135:62
[INFO] [stdout]     |
[INFO] [stdout] 135 | fn noise_shifted_triangle(tri: &geom::Tri<[f32; 2]>, noise: &Perlin) -> geom::Tri<[f32; 2]> {
[INFO] [stdout]     |                                                              ^^^^^^ ambiguous name
[INFO] [stdout]     |
[INFO] [stdout]     = note: ambiguous because of multiple glob imports of a name in the same module
[INFO] [stdout] note: `Perlin` could refer to the struct defined here
[INFO] [stdout]    --> /opt/rustwide/cargo-home/registry/src/index.crates.io-1949cf8c6b5b557f/noise-0.7.0/src/noise_fns/generators.rs:6:9
[INFO] [stdout]     |
[INFO] [stdout]   6 | pub use self::perlin::*;
[INFO] [stdout]     |         ^^^^^^^^^^^^
[INFO] [stdout]     = help: consider updating this dependency to resolve this error
[INFO] [stdout]     = help: if updating the dependency does not resolve the problem report the problem to the author of the relevant crate
[INFO] [stdout] note: `Perlin` could also refer to the struct defined here
[INFO] [stdout]    --> /opt/rustwide/cargo-home/registry/src/index.crates.io-1949cf8c6b5b557f/noise-0.7.0/src/noise_fns/generators/perlin_surflet.rs:9:1
[INFO] [stdout]     |
[INFO] [stdout]   9 | pub struct Perlin {
[INFO] [stdout]     | ^^^^^^^^^^^^^^^^^
[INFO] [stdout]     = warning: this was previously accepted by the compiler but is being phased out; it will become a hard error in a future release!
[INFO] [stdout]     = note: for more information, see issue #114095 <https://github.com/rust-lang/rust/issues/114095>
[INFO] [stdout] 
[INFO] [stdout] 
[INFO] [stdout] warning: fields `random_points` and `center_points` are never read
[INFO] [stdout]   --> mesh/src/main.rs:22:5
[INFO] [stdout]    |
[INFO] [stdout] 20 | struct Model {
[INFO] [stdout]    |        ----- fields in this struct
[INFO] [stdout] 21 |     polygons: Vec<Poly>,
[INFO] [stdout] 22 |     random_points: Vec<Point2>,
[INFO] [stdout]    |     ^^^^^^^^^^^^^
[INFO] [stdout] 23 |     center_points: Vec<Point2>,
[INFO] [stdout]    |     ^^^^^^^^^^^^^
[INFO] [stdout]    |
[INFO] [stdout]    = note: `#[warn(dead_code)]` (part of `#[warn(unused)]`) on by default
[INFO] [stdout] 
[INFO] [stdout] 
[INFO] [stdout] warning: field `size` is never read
[INFO] [stdout]  --> cells/src/paper.rs:9:5
[INFO] [stdout]   |
[INFO] [stdout] 8 | pub struct Paper {
[INFO] [stdout]   |            ----- field in this struct
[INFO] [stdout] 9 |     size: ISO216,
[INFO] [stdout]   |     ^^^^
[INFO] [stdout]   |
[INFO] [stdout]   = note: `#[warn(dead_code)]` (part of `#[warn(unused)]`) on by default
[INFO] [stdout] 
[INFO] [stdout] 
[INFO] [stdout] warning: variants `A5`, `A6`, `A7`, and `A8` are never constructed
[INFO] [stdout]   --> cells/src/paper.rs:25:5
[INFO] [stdout]    |
[INFO] [stdout] 19 | pub enum ISO216 {
[INFO] [stdout]    |          ------ variants in this enum
[INFO] [stdout] ...
[INFO] [stdout] 25 |     A5,
[INFO] [stdout]    |     ^^
[INFO] [stdout] 26 |     A6,
[INFO] [stdout]    |     ^^
[INFO] [stdout] 27 |     A7,
[INFO] [stdout]    |     ^^
[INFO] [stdout] 28 |     A8,
[INFO] [stdout]    |     ^^
[INFO] [stdout]    |
[INFO] [stdout]    = note: `ISO216` has a derived impl for the trait `Debug`, but this is intentionally ignored during dead code analysis
[INFO] [stdout] 
[INFO] [stdout] 
[INFO] [stderr] warning: unused dependency `fills`
[INFO] [stderr]   --> tenthousand/Cargo.toml:14:1
[INFO] [stderr]    |
[INFO] [stderr] 14 | fills = { path = "../fills" }
[INFO] [stderr]    | ^^^^^^^^^^^^^^^^^^^^^^^^^^^^^
[INFO] [stderr]    |
[INFO] [stderr]    = note: `cargo::unused_dependencies` is set to `warn` by default
[INFO] [stderr] help: consider removing the dependency on `fills`
[INFO] [stderr] warning: `tenthousand` (manifest) generated 1 warning
[INFO] [stderr]     Finished `release` profile [optimized] target(s) in 2.62s
[INFO] [stderr] warning: the following packages contain code that will be rejected by a future version of Rust: noise v0.7.0, tenthousand v0.1.0 (/opt/rustwide/workdir/tenthousand), wgpu-core v0.11.3
[INFO] [stderr] note: to see what the problems were, use the option `--future-incompat-report`, or run `cargo report future-incompatibilities --id 1`
[INFO] running `Command { std: "docker" "inspect" "3be093b03cb2064e2392de1a1658f6ff6bc634e4b4a140edcbc3fd4198d6d649", kill_on_drop: false }`
[INFO] running `Command { std: "docker" "exec" "-e" "SOURCE_DIR=/opt/rustwide/workdir" "-e" "CARGO_HOME=/opt/rustwide/cargo-home" "-e" "RUSTUP_HOME=/opt/rustwide/rustup-home" "-e" "CARGO_TARGET_DIR=/opt/rustwide/target" "-e" "CARGO_INCREMENTAL=0" "-e" "RUST_BACKTRACE=full" "-e" "RUSTFLAGS=--cap-lints=warn" "-e" "RUSTDOCFLAGS=--cap-lints=warn" "-w" "/opt/rustwide/workdir" "--user" "0:0" "3be093b03cb2064e2392de1a1658f6ff6bc634e4b4a140edcbc3fd4198d6d649" "/opt/rustwide/cargo-home/bin/cargo" "+1.100.0-beta.1" "test" "--frozen" "--release", kill_on_drop: false }`
[INFO] [stderr] warning: field `size` is never read
[INFO] [stderr]  --> cells/src/paper.rs:9:5
[INFO] [stderr]   |
[INFO] [stderr] 8 | pub struct Paper {
[INFO] [stderr]   |            ----- field in this struct
[INFO] [stderr] 9 |     size: ISO216,
[INFO] [stderr]   |     ^^^^
[INFO] [stderr]   |
[INFO] [stderr]   = note: `#[warn(dead_code)]` (part of `#[warn(unused)]`) on by default
[INFO] [stderr] 
[INFO] [stderr] warning: variants `A5`, `A6`, `A7`, and `A8` are never constructed
[INFO] [stderr]   --> cells/src/paper.rs:25:5
[INFO] [stderr]    |
[INFO] [stderr] 19 | pub enum ISO216 {
[INFO] [stderr]    |          ------ variants in this enum
[INFO] [stderr] ...
[INFO] [stderr] 25 |     A5,
[INFO] [stderr]    |     ^^
[INFO] [stderr] 26 |     A6,
[INFO] [stderr]    |     ^^
[INFO] [stderr] 27 |     A7,
[INFO] [stderr]    |     ^^
[INFO] [stderr] 28 |     A8,
[INFO] [stderr]    |     ^^
[INFO] [stderr]    |
[INFO] [stderr]    = note: `ISO216` has a derived impl for the trait `Debug`, but this is intentionally ignored during dead code analysis
[INFO] [stderr] 
[INFO] [stderr] warning: `Perlin` is ambiguous
[INFO] [stderr]  --> tenthousand/src/main.rs:2:30
[INFO] [stderr]   |
[INFO] [stderr] 2 | use nannou::noise::{NoiseFn, Perlin, Seedable};
[INFO] [stderr]   |                              ^^^^^^ ambiguous name
[INFO] [stderr]   |
[INFO] [stderr]   = note: ambiguous because of multiple glob imports of a name in the same module
[INFO] [stderr] note: `Perlin` could refer to the struct defined here
[INFO] [stderr]  --> /opt/rustwide/cargo-home/registry/src/index.crates.io-1949cf8c6b5b557f/noise-0.7.0/src/noise_fns/generators.rs:6:9
[INFO] [stderr]   |
[INFO] [stderr] 6 | pub use self::perlin::*;
[INFO] [stderr]   |         ^^^^^^^^^^^^
[INFO] [stderr]   = help: consider updating this dependency to resolve this error
[INFO] [stderr]   = help: if updating the dependency does not resolve the problem report the problem to the author of the relevant crate
[INFO] [stderr] note: `Perlin` could also refer to the struct defined here
[INFO] [stderr]  --> /opt/rustwide/cargo-home/registry/src/index.crates.io-1949cf8c6b5b557f/noise-0.7.0/src/noise_fns/generators/perlin_surflet.rs:9:1
[INFO] [stderr]   |
[INFO] [stderr] 9 | pub struct Perlin {
[INFO] [stderr]   | ^^^^^^^^^^^^^^^^^
[INFO] [stderr]   = warning: this was previously accepted by the compiler but is being phased out; it will become a hard error in a future release!
[INFO] [stderr]   = note: for more information, see issue #114095 <https://github.com/rust-lang/rust/issues/114095>
[INFO] [stderr]   = note: `#[warn(ambiguous_glob_imports)]` (part of `#[warn(future_incompatible)]`) on by default
[INFO] [stderr] 
[INFO] [stderr] warning: `Perlin` is ambiguous
[INFO] [stderr]   --> tenthousand/src/main.rs:85:22
[INFO] [stderr]    |
[INFO] [stderr] 85 |         let perlin = Perlin::new().set_seed(i as u32);
[INFO] [stderr]    |                      ^^^^^^ ambiguous name
[INFO] [stderr]    |
[INFO] [stderr]    = note: ambiguous because of multiple glob imports of a name in the same module
[INFO] [stderr] note: `Perlin` could refer to the struct defined here
[INFO] [stderr]   --> /opt/rustwide/cargo-home/registry/src/index.crates.io-1949cf8c6b5b557f/noise-0.7.0/src/noise_fns/generators.rs:6:9
[INFO] [stderr]    |
[INFO] [stderr]  6 | pub use self::perlin::*;
[INFO] [stderr]    |         ^^^^^^^^^^^^
[INFO] [stderr]    = help: consider updating this dependency to resolve this error
[INFO] [stderr]    = help: if updating the dependency does not resolve the problem report the problem to the author of the relevant crate
[INFO] [stderr] note: `Perlin` could also refer to the struct defined here
[INFO] [stderr]   --> /opt/rustwide/cargo-home/registry/src/index.crates.io-1949cf8c6b5b557f/noise-0.7.0/src/noise_fns/generators/perlin_surflet.rs:9:1
[INFO] [stderr]    |
[INFO] [stderr]  9 | pub struct Perlin {
[INFO] [stderr]    | ^^^^^^^^^^^^^^^^^
[INFO] [stderr]    = warning: this was previously accepted by the compiler but is being phased out; it will become a hard error in a future release!
[INFO] [stderr]    = note: for more information, see issue #114095 <https://github.com/rust-lang/rust/issues/114095>
[INFO] [stderr] 
[INFO] [stderr] warning: `Perlin` is ambiguous
[INFO] [stderr]    --> tenthousand/src/main.rs:135:62
[INFO] [stderr]     |
[INFO] [stderr] 135 | fn noise_shifted_triangle(tri: &geom::Tri<[f32; 2]>, noise: &Perlin) -> geom::Tri<[f32; 2]> {
[INFO] [stderr]     |                                                              ^^^^^^ ambiguous name
[INFO] [stderr]     |
[INFO] [stderr]     = note: ambiguous because of multiple glob imports of a name in the same module
[INFO] [stderr] note: `Perlin` could refer to the struct defined here
[INFO] [stderr]    --> /opt/rustwide/cargo-home/registry/src/index.crates.io-1949cf8c6b5b557f/noise-0.7.0/src/noise_fns/generators.rs:6:9
[INFO] [stderr]     |
[INFO] [stderr]   6 | pub use self::perlin::*;
[INFO] [stderr]     |         ^^^^^^^^^^^^
[INFO] [stderr]     = help: consider updating this dependency to resolve this error
[INFO] [stderr]     = help: if updating the dependency does not resolve the problem report the problem to the author of the relevant crate
[INFO] [stderr] note: `Perlin` could also refer to the struct defined here
[INFO] [stderr]    --> /opt/rustwide/cargo-home/registry/src/index.crates.io-1949cf8c6b5b557f/noise-0.7.0/src/noise_fns/generators/perlin_surflet.rs:9:1
[INFO] [stderr]     |
[INFO] [stderr]   9 | pub struct Perlin {
[INFO] [stderr]     | ^^^^^^^^^^^^^^^^^
[INFO] [stderr]     = warning: this was previously accepted by the compiler but is being phased out; it will become a hard error in a future release!
[INFO] [stderr]     = note: for more information, see issue #114095 <https://github.com/rust-lang/rust/issues/114095>
[INFO] [stderr] 
[INFO] [stderr] warning: `cells` (bin "cells" test) generated 2 warnings
[INFO] [stderr] warning: `tenthousand` (bin "tenthousand" test) generated 3 warnings
[INFO] [stderr] warning: fields `random_points` and `center_points` are never read
[INFO] [stderr]   --> mesh/src/main.rs:22:5
[INFO] [stderr]    |
[INFO] [stderr] 20 | struct Model {
[INFO] [stderr]    |        ----- fields in this struct
[INFO] [stderr] 21 |     polygons: Vec<Poly>,
[INFO] [stderr] 22 |     random_points: Vec<Point2>,
[INFO] [stderr]    |     ^^^^^^^^^^^^^
[INFO] [stderr] 23 |     center_points: Vec<Point2>,
[INFO] [stderr]    |     ^^^^^^^^^^^^^
[INFO] [stderr]    |
[INFO] [stderr]    = note: `#[warn(dead_code)]` (part of `#[warn(unused)]`) on by default
[INFO] [stderr] 
[INFO] [stderr] warning: `mesh` (bin "mesh" test) generated 1 warning
[INFO] [stderr] warning: unused dependency `fills`
[INFO] [stderr]   --> tenthousand/Cargo.toml:14:1
[INFO] [stderr]    |
[INFO] [stderr] 14 | fills = { path = "../fills" }
[INFO] [stderr]    | ^^^^^^^^^^^^^^^^^^^^^^^^^^^^^
[INFO] [stderr]    |
[INFO] [stderr]    = note: `cargo::unused_dependencies` is set to `warn` by default
[INFO] [stderr] help: consider removing the dependency on `fills`
[INFO] [stderr] warning: `tenthousand` (manifest) generated 1 warning
[INFO] [stderr]     Finished `release` profile [optimized] target(s) in 0.26s
[INFO] [stderr] warning: the following packages contain code that will be rejected by a future version of Rust: noise v0.7.0, tenthousand v0.1.0 (/opt/rustwide/workdir/tenthousand), wgpu-core v0.11.3
[INFO] [stderr] note: to see what the problems were, use the option `--future-incompat-report`, or run `cargo report future-incompatibilities --id 1`
[INFO] [stderr]      Running unittests src/main.rs (/opt/rustwide/target/release/build/cells/fcf9435d063eb7a5/out/cells-fcf9435d063eb7a5)
[INFO] [stdout] 
[INFO] [stdout] running 8 tests
[INFO] [stdout] test tests::take_cell ... ok
[INFO] [stdout] test tests::test_take_random_cells ... ok
[INFO] [stdout] test tests::find_adjacent_cells ... ok
[INFO] [stdout] test paper::tests::test_from_iso216 ... ok
[INFO] [stdout] test tests::check_available_cells ... ok
[INFO] [stdout] test tests::oob_adjacent_cells_from_origin ... ok
[INFO] [stdout] test tests::long_chain_cell_fetching ... FAILED
[INFO] [stdout] test paper::tests::test_dpi ... FAILED
[INFO] [stdout] 
[INFO] [stdout] failures:
[INFO] [stdout] 
[INFO] [stdout] ---- tests::long_chain_cell_fetching stdout ----
[INFO] [stdout] 
[INFO] [stdout] thread 'tests::long_chain_cell_fetching' (9940) panicked at cells/src/main.rs:603:13:
[INFO] [stdout] assertion `left == right` failed
[INFO] [stdout]   left: 1
[INFO] [stdout]  right: 5
[INFO] [stdout] stack backtrace:
[INFO] [stdout]    0:     0x58ec10936471 - <<std[617be2ca0a6fd877]::sys::backtrace::BacktraceLock>::print::DisplayBacktrace as core[a373ad73a504971]::fmt::Display>::fmt
[INFO] [stdout]    1:     0x58ec1094acaa - core[a373ad73a504971]::fmt::write
[INFO] [stdout]    2:     0x58ec1093a68c - <alloc[2e1b2a31b91974c5]::vec::Vec<u8> as core[a373ad73a504971]::io::write::Write>::write_fmt
[INFO] [stdout]    3:     0x58ec109128d6 - std[617be2ca0a6fd877]::panicking::default_hook::{closure#0}
[INFO] [stdout]    4:     0x58ec1092eb09 - std[617be2ca0a6fd877]::panicking::default_hook
[INFO] [stdout]    5:     0x58ec108c80d0 - test[aada8e7e76ba119b]::test_main_inner::{closure#0}
[INFO] [stdout]    6:     0x58ec1092ecc2 - std[617be2ca0a6fd877]::panicking::panic_with_hook
[INFO] [stdout]    7:     0x58ec10912982 - std[617be2ca0a6fd877]::panicking::panic_handler::{closure#0}
[INFO] [stdout]    8:     0x58ec1090b699 - std[617be2ca0a6fd877]::sys::backtrace::__rust_end_short_backtrace::<std[617be2ca0a6fd877]::panicking::panic_handler::{closure#0}, !>
[INFO] [stdout]    9:     0x58ec1091358d - __rustc[ea4f61d10b84890b]::rust_begin_unwind
[INFO] [stdout]   10:     0x58ec1094b3dc - core[a373ad73a504971]::panicking::panic_fmt
[INFO] [stdout]   11:     0x58ec1094b2f3 - core[a373ad73a504971]::panicking::assert_failed_inner
[INFO] [stdout]   12:     0x58ec10947968 - core[a373ad73a504971]::panicking::assert_failed::<usize, usize>
[INFO] [stderr] error: test failed, to rerun pass `-p cells --bin cells`
[INFO] [stdout]   13:     0x58ec108bb218 - <cells[40ec8621e76fa538]::tests::long_chain_cell_fetching::{closure#0} as core[a373ad73a504971]::ops::function::FnOnce<()>>::call_once
[INFO] [stdout]   14:     0x58ec108bb51b - test[aada8e7e76ba119b]::__rust_begin_short_backtrace::<core[a373ad73a504971]::result::Result<(), alloc[2e1b2a31b91974c5]::string::String>, fn() -> core[a373ad73a504971]::result::Result<(), alloc[2e1b2a31b91974c5]::string::String>>
[INFO] [stdout]   15:     0x58ec108c86f5 - test[aada8e7e76ba119b]::run_test::{closure#0}
[INFO] [stdout]   16:     0x58ec108c1fe4 - std[617be2ca0a6fd877]::sys::backtrace::__rust_begin_short_backtrace::<test[aada8e7e76ba119b]::run_test::{closure#1}, ()>
[INFO] [stdout]   17:     0x58ec108cb782 - <std[617be2ca0a6fd877]::thread::lifecycle::spawn_unchecked<test[aada8e7e76ba119b]::run_test::{closure#1}, ()>::{closure#1} as core[a373ad73a504971]::ops::function::FnOnce<()>>::call_once::{shim:vtable#0}
[INFO] [stdout]   18:     0x58ec10935ccf - <std[617be2ca0a6fd877]::sys::thread::unix::Thread>::new::thread_start
[INFO] [stdout]   19:     0x7b5563f4bdfa - <unknown>
[INFO] [stdout]   20:     0x7b5563fdf3d4 - clone
[INFO] [stdout]   21:                0x0 - <unknown>
[INFO] [stdout] 
[INFO] [stdout] ---- paper::tests::test_dpi stdout ----
[INFO] [stdout] 
[INFO] [stdout] thread 'paper::tests::test_dpi' (9936) panicked at cells/src/paper.rs:122:9:
[INFO] [stdout] assertion `left == right` failed
[INFO] [stdout]   left: 2480
[INFO] [stdout]  right: 2400
[INFO] [stdout] stack backtrace:
[INFO] [stdout]    0:     0x58ec10936471 - <<std[617be2ca0a6fd877]::sys::backtrace::BacktraceLock>::print::DisplayBacktrace as core[a373ad73a504971]::fmt::Display>::fmt
[INFO] [stdout]    1:     0x58ec1094acaa - core[a373ad73a504971]::fmt::write
[INFO] [stdout]    2:     0x58ec1093a68c - <alloc[2e1b2a31b91974c5]::vec::Vec<u8> as core[a373ad73a504971]::io::write::Write>::write_fmt
[INFO] [stdout]    3:     0x58ec109128d6 - std[617be2ca0a6fd877]::panicking::default_hook::{closure#0}
[INFO] [stdout]    4:     0x58ec1092eb09 - std[617be2ca0a6fd877]::panicking::default_hook
[INFO] [stdout]    5:     0x58ec108c80d0 - test[aada8e7e76ba119b]::test_main_inner::{closure#0}
[INFO] [stdout]    6:     0x58ec1092ecc2 - std[617be2ca0a6fd877]::panicking::panic_with_hook
[INFO] [stdout]    7:     0x58ec10912982 - std[617be2ca0a6fd877]::panicking::panic_handler::{closure#0}
[INFO] [stdout]    8:     0x58ec1090b699 - std[617be2ca0a6fd877]::sys::backtrace::__rust_end_short_backtrace::<std[617be2ca0a6fd877]::panicking::panic_handler::{closure#0}, !>
[INFO] [stdout]    9:     0x58ec1091358d - __rustc[ea4f61d10b84890b]::rust_begin_unwind
[INFO] [stdout]   10:     0x58ec1094b3dc - core[a373ad73a504971]::panicking::panic_fmt
[INFO] [stdout]   11:     0x58ec1094b2f3 - core[a373ad73a504971]::panicking::assert_failed_inner
[INFO] [stdout]   12:     0x58ec1090b26a - core[a373ad73a504971]::panicking::assert_failed::<u32, u32>
[INFO] [stdout]   13:     0x58ec108ba3d7 - <cells[40ec8621e76fa538]::paper::tests::test_dpi::{closure#0} as core[a373ad73a504971]::ops::function::FnOnce<()>>::call_once
[INFO] [stdout]   14:     0x58ec108bb51b - test[aada8e7e76ba119b]::__rust_begin_short_backtrace::<core[a373ad73a504971]::result::Result<(), alloc[2e1b2a31b91974c5]::string::String>, fn() -> core[a373ad73a504971]::result::Result<(), alloc[2e1b2a31b91974c5]::string::String>>
[INFO] [stdout]   15:     0x58ec108c86f5 - test[aada8e7e76ba119b]::run_test::{closure#0}
[INFO] [stdout]   16:     0x58ec108c1fe4 - std[617be2ca0a6fd877]::sys::backtrace::__rust_begin_short_backtrace::<test[aada8e7e76ba119b]::run_test::{closure#1}, ()>
[INFO] [stdout]   17:     0x58ec108cb782 - <std[617be2ca0a6fd877]::thread::lifecycle::spawn_unchecked<test[aada8e7e76ba119b]::run_test::{closure#1}, ()>::{closure#1} as core[a373ad73a504971]::ops::function::FnOnce<()>>::call_once::{shim:vtable#0}
[INFO] [stdout]   18:     0x58ec10935ccf - <std[617be2ca0a6fd877]::sys::thread::unix::Thread>::new::thread_start
[INFO] [stdout]   19:     0x7b5563f4bdfa - <unknown>
[INFO] [stdout]   20:     0x7b5563fdf3d4 - clone
[INFO] [stdout]   21:                0x0 - <unknown>
[INFO] [stdout] 
[INFO] [stdout] 
[INFO] [stdout] failures:
[INFO] [stdout]     paper::tests::test_dpi
[INFO] [stdout]     tests::long_chain_cell_fetching
[INFO] [stdout] 
[INFO] [stdout] test result: FAILED. 6 passed; 2 failed; 0 ignored; 0 measured; 0 filtered out; finished in 0.00s
[INFO] [stdout] 
[INFO] running `Command { std: "docker" "inspect" "3be093b03cb2064e2392de1a1658f6ff6bc634e4b4a140edcbc3fd4198d6d649", kill_on_drop: false }`
[INFO] running `Command { std: "docker" "rm" "-f" "3be093b03cb2064e2392de1a1658f6ff6bc634e4b4a140edcbc3fd4198d6d649", kill_on_drop: false }`
[INFO] [stdout] 3be093b03cb2064e2392de1a1658f6ff6bc634e4b4a140edcbc3fd4198d6d649
