[INFO] cloning repository https://github.com/frextrite/codecrafters-redis-rust
[INFO] running `Command { std: "git" "-c" "credential.helper=" "-c" "credential.helper=/workspace/cargo-home/bin/git-credential-null" "clone" "--bare" "https://github.com/frextrite/codecrafters-redis-rust" "/workspace/cache/git-repos/https%3A%2F%2Fgithub.com%2Ffrextrite%2Fcodecrafters-redis-rust", kill_on_drop: false }`
[INFO] [stderr] Cloning into bare repository '/workspace/cache/git-repos/https%3A%2F%2Fgithub.com%2Ffrextrite%2Fcodecrafters-redis-rust'...
[INFO] running `Command { std: "git" "rev-parse" "HEAD", kill_on_drop: false }`
[INFO] [stdout] 62dc844d44b84f852b508eb0d6b7c086fe977ee5
[INFO] testing frextrite/codecrafters-redis-rust against 1.99.0-beta.8+cargoflags=--release for beta-release-1.100-2
[INFO] running `Command { std: "git" "clone" "/workspace/cache/git-repos/https%3A%2F%2Fgithub.com%2Ffrextrite%2Fcodecrafters-redis-rust" "/workspace/builds/worker-0-tc1/source", kill_on_drop: false }`
[INFO] [stderr] Cloning into '/workspace/builds/worker-0-tc1/source'...
[INFO] [stderr] done.
[INFO] started tweaking git repo https://github.com/frextrite/codecrafters-redis-rust
[INFO] finished tweaking git repo https://github.com/frextrite/codecrafters-redis-rust
[INFO] tweaked toml for git repo https://github.com/frextrite/codecrafters-redis-rust written to /workspace/builds/worker-0-tc1/source/Cargo.toml
[INFO] validating manifest of git repo https://github.com/frextrite/codecrafters-redis-rust on toolchain 1.99.0-beta.8
[INFO] running `Command { std: CARGO_HOME="/workspace/cargo-home" RUSTUP_HOME="/workspace/rustup-home" "/workspace/cargo-home/bin/cargo" "+1.99.0-beta.8" "metadata" "--manifest-path" "Cargo.toml" "--no-deps", kill_on_drop: false }`
[INFO] crate git repo https://github.com/frextrite/codecrafters-redis-rust already has a lockfile, it will not be regenerated
[INFO] running `Command { std: CARGO_HOME="/workspace/cargo-home" RUSTUP_HOME="/workspace/rustup-home" "/workspace/cargo-home/bin/cargo" "+1.99.0-beta.8" "fetch" "--manifest-path" "Cargo.toml", kill_on_drop: false }`
[INFO] [stderr]  Downloading crates ...
[INFO] [stderr]   Downloaded signal-hook-registry v1.2.2
[INFO] [stderr]   Downloaded thiserror-impl v1.0.32
[INFO] [stderr]   Downloaded thiserror v1.0.32
[INFO] [stderr]   Downloaded anstream v0.6.13
[INFO] [stderr]   Downloaded clap_derive v4.5.3
[INFO] [stderr]   Downloaded proc-macro2 v1.0.79
[INFO] [stderr]   Downloaded anyhow v1.0.59
[INFO] [stderr]   Downloaded clap v4.5.3
[INFO] [stderr]   Downloaded syn v1.0.67
[INFO] [stderr]   Downloaded base64 v0.22.0
[INFO] [stderr]   Downloaded syn v2.0.53
[INFO] [stderr]   Downloaded libc v0.2.138
[INFO] [stderr]   Downloaded tokio v1.23.0
[INFO] running `Command { std: "docker" "create" "-v" "/var/lib/crater-agent-workspace/builds/worker-0-tc1/source:/opt/rustwide/workdir:ro,Z" "-v" "/var/lib/crater-agent-workspace/builds/worker-0-tc1/target:/opt/rustwide/target:rw,Z" "-v" "/var/lib/crater-agent-workspace/cargo-home:/opt/rustwide/cargo-home:ro,Z" "-v" "/var/lib/crater-agent-workspace/rustup-home:/opt/rustwide/rustup-home:ro,Z" "-m" "1610612736" "--network" "none" "ghcr.io/rust-lang/crates-build-env/linux@sha256:77db811e55d90add9212f6832c23229e3de5f1c1f9905e8cb07319ea15df73ac" "sleep" "infinity", kill_on_drop: false }`
[INFO] [stdout] ad1811cb89b27a24a6fb2aa600d4c589297f450d34c847700c83c2993cb003f6
[INFO] running `Command { std: "docker" "start" "ad1811cb89b27a24a6fb2aa600d4c589297f450d34c847700c83c2993cb003f6", kill_on_drop: false }`
[INFO] running `Command { std: "docker" "inspect" "ad1811cb89b27a24a6fb2aa600d4c589297f450d34c847700c83c2993cb003f6", kill_on_drop: false }`
[INFO] running `Command { std: "docker" "exec" "-e" "SOURCE_DIR=/opt/rustwide/workdir" "-e" "CARGO_HOME=/opt/rustwide/cargo-home" "-e" "RUSTUP_HOME=/opt/rustwide/rustup-home" "-e" "CARGO_TARGET_DIR=/opt/rustwide/target" "-w" "/opt/rustwide/workdir" "--user" "0:0" "ad1811cb89b27a24a6fb2aa600d4c589297f450d34c847700c83c2993cb003f6" "/opt/rustwide/cargo-home/bin/cargo" "+1.99.0-beta.8" "metadata" "--no-deps" "--format-version=1", kill_on_drop: false }`
[INFO] running `Command { std: "docker" "inspect" "ad1811cb89b27a24a6fb2aa600d4c589297f450d34c847700c83c2993cb003f6", kill_on_drop: false }`
[INFO] running `Command { std: "docker" "exec" "-e" "SOURCE_DIR=/opt/rustwide/workdir" "-e" "CARGO_HOME=/opt/rustwide/cargo-home" "-e" "RUSTUP_HOME=/opt/rustwide/rustup-home" "-e" "CARGO_TARGET_DIR=/opt/rustwide/target" "-e" "CARGO_INCREMENTAL=0" "-e" "RUST_BACKTRACE=full" "-e" "RUSTFLAGS=--cap-lints=warn" "-e" "RUSTDOCFLAGS=--cap-lints=warn" "-w" "/opt/rustwide/workdir" "--user" "0:0" "ad1811cb89b27a24a6fb2aa600d4c589297f450d34c847700c83c2993cb003f6" "/opt/rustwide/cargo-home/bin/cargo" "+1.99.0-beta.8" "build" "--frozen" "--message-format=json" "--release", kill_on_drop: false }`
[INFO] [stderr]    Compiling proc-macro2 v1.0.79
[INFO] [stderr]    Compiling unicode-ident v1.0.12
[INFO] [stderr]    Compiling libc v0.2.138
[INFO] [stderr]    Compiling autocfg v1.1.0
[INFO] [stderr]    Compiling syn v1.0.67
[INFO] [stderr]    Compiling unicode-xid v0.2.1
[INFO] [stderr]    Compiling parking_lot_core v0.9.5
[INFO] [stderr]    Compiling log v0.4.11
[INFO] [stderr]    Compiling utf8parse v0.2.1
[INFO] [stderr]    Compiling smallvec v1.10.0
[INFO] [stderr]    Compiling memchr v2.3.4
[INFO] [stderr]    Compiling cfg-if v1.0.0
[INFO] [stderr]    Compiling colorchoice v1.0.0
[INFO] [stderr]    Compiling anstyle v1.0.6
[INFO] [stderr]    Compiling anstyle-query v1.0.2
[INFO] [stderr]    Compiling scopeguard v1.1.0
[INFO] [stderr]    Compiling anstyle-parse v0.2.3
[INFO] [stderr]    Compiling cfg-if v0.1.10
[INFO] [stderr]    Compiling anyhow v1.0.59
[INFO] [stderr]    Compiling strsim v0.11.0
[INFO] [stderr]    Compiling clap_lex v0.7.0
[INFO] [stderr]    Compiling bytes v1.3.0
[INFO] [stderr]    Compiling pin-project-lite v0.2.9
[INFO] [stderr]    Compiling base64 v0.22.0
[INFO] [stderr]    Compiling lock_api v0.4.9
[INFO] [stderr]    Compiling tokio v1.23.0
[INFO] [stderr]    Compiling anstream v0.6.13
[INFO] [stderr]    Compiling clap_builder v4.5.2
[INFO] [stderr]    Compiling socket2 v0.4.7
[INFO] [stderr]    Compiling signal-hook-registry v1.2.2
[INFO] [stderr]    Compiling mio v0.8.5
[INFO] [stderr]    Compiling num_cpus v1.13.0
[INFO] [stderr]    Compiling quote v1.0.35
[INFO] [stderr]    Compiling parking_lot v0.12.1
[INFO] [stderr]    Compiling syn v2.0.53
[INFO] [stderr]    Compiling tokio-macros v1.8.2
[INFO] [stderr]    Compiling thiserror-impl v1.0.32
[INFO] [stderr]    Compiling clap_derive v4.5.3
[INFO] [stderr]    Compiling thiserror v1.0.32
[INFO] [stderr]    Compiling clap v4.5.3
[INFO] [stderr]    Compiling codecrafters_redis v0.1.0 (/opt/rustwide/workdir)
[INFO] [stderr]     Finished `release` profile [optimized] target(s) in 28.34s
[INFO] running `Command { std: "docker" "inspect" "ad1811cb89b27a24a6fb2aa600d4c589297f450d34c847700c83c2993cb003f6", kill_on_drop: false }`
[INFO] running `Command { std: "docker" "exec" "-e" "SOURCE_DIR=/opt/rustwide/workdir" "-e" "CARGO_HOME=/opt/rustwide/cargo-home" "-e" "RUSTUP_HOME=/opt/rustwide/rustup-home" "-e" "CARGO_TARGET_DIR=/opt/rustwide/target" "-e" "CARGO_INCREMENTAL=0" "-e" "RUST_BACKTRACE=full" "-e" "RUSTFLAGS=--cap-lints=warn" "-e" "RUSTDOCFLAGS=--cap-lints=warn" "-w" "/opt/rustwide/workdir" "--user" "0:0" "ad1811cb89b27a24a6fb2aa600d4c589297f450d34c847700c83c2993cb003f6" "/opt/rustwide/cargo-home/bin/cargo" "+1.99.0-beta.8" "test" "--frozen" "--no-run" "--message-format=json" "--release", kill_on_drop: false }`
[INFO] [stderr]    Compiling codecrafters_redis v0.1.0 (/opt/rustwide/workdir)
[INFO] [stderr]     Finished `release` profile [optimized] target(s) in 1.32s
[INFO] running `Command { std: "docker" "inspect" "ad1811cb89b27a24a6fb2aa600d4c589297f450d34c847700c83c2993cb003f6", kill_on_drop: false }`
[INFO] running `Command { std: "docker" "exec" "-e" "SOURCE_DIR=/opt/rustwide/workdir" "-e" "CARGO_HOME=/opt/rustwide/cargo-home" "-e" "RUSTUP_HOME=/opt/rustwide/rustup-home" "-e" "CARGO_TARGET_DIR=/opt/rustwide/target" "-e" "CARGO_INCREMENTAL=0" "-e" "RUST_BACKTRACE=full" "-e" "RUSTFLAGS=--cap-lints=warn" "-e" "RUSTDOCFLAGS=--cap-lints=warn" "-w" "/opt/rustwide/workdir" "--user" "0:0" "ad1811cb89b27a24a6fb2aa600d4c589297f450d34c847700c83c2993cb003f6" "/opt/rustwide/cargo-home/bin/cargo" "+1.99.0-beta.8" "test" "--frozen" "--release", kill_on_drop: false }`
[INFO] [stderr]     Finished `release` profile [optimized] target(s) in 0.09s
[INFO] [stderr]      Running unittests src/lib.rs (/opt/rustwide/target/release/deps/codecrafters_redis-2718f0a19d99d44d)
[INFO] [stdout] 
[INFO] [stdout] running 17 tests
[INFO] [stdout] test parser::command::tests::test_parse_echo ... ok
[INFO] [stdout] test parser::command::tests::test_parse_replconf_getack ... FAILED
[INFO] [stdout] test parser::command::tests::test_parse_info ... ok
[INFO] [stdout] test parser::command::tests::test_parse_ping ... ok
[INFO] [stdout] test parser::command::tests::test_parse_replconf_capa ... ok
[INFO] [stdout] test parser::command::tests::test_parse_replconf_invalid ... ok
[INFO] [stdout] test parser::command::tests::test_parse_multiple_commands ... ok
[INFO] [stdout] test parser::command::tests::test_parse_get ... ok
[INFO] [stdout] test parser::command::tests::test_parse_psync ... ok
[INFO] [stdout] test parser::command::tests::test_parse_replconf_ack ... ok
[INFO] [stdout] test parser::command::tests::test_parse_replconf_listening_port ... ok
[INFO] [stdout] test parser::resp::tests::array_of_array_parsing_works ... ok
[INFO] [stdout] test parser::resp::tests::array_parsing_works ... ok
[INFO] [stdout] test parser::resp::tests::bulk_string_parsing_works ... ok
[INFO] [stderr] error: test failed, to rerun pass `--lib`
[INFO] [stdout] test parser::resp::tests::simple_string_parsing_works ... ok
[INFO] [stdout] test parser::command::tests::test_parse_set ... ok
[INFO] [stdout] test parser::command::tests::test_parse_set_invalid_expiry ... ok
[INFO] [stdout] 
[INFO] [stdout] failures:
[INFO] [stdout] 
[INFO] [stdout] ---- parser::command::tests::test_parse_replconf_getack stdout ----
[INFO] [stdout] 
[INFO] [stdout] thread 'parser::command::tests::test_parse_replconf_getack' (1043) panicked at src/parser/command.rs:350:9:
[INFO] [stdout] assertion failed: result.is_err()
[INFO] [stdout] stack backtrace:
[INFO] [stdout]    0:     0x644b4301c1c1 - <<std[70759c8f55707aa4]::sys::backtrace::BacktraceLock>::print::DisplayBacktrace as core[df12db4294e9bfd3]::fmt::Display>::fmt
[INFO] [stdout]    1:     0x644b4303116a - core[df12db4294e9bfd3]::fmt::write
[INFO] [stdout]    2:     0x644b4302065c - <alloc[2182bb758b4b3781]::vec::Vec<u8> as core[df12db4294e9bfd3]::io::write::Write>::write_fmt
[INFO] [stdout]    3:     0x644b42ff87b6 - std[70759c8f55707aa4]::panicking::default_hook::{closure#0}
[INFO] [stdout]    4:     0x644b43014929 - std[70759c8f55707aa4]::panicking::default_hook
[INFO] [stdout]    5:     0x644b42fb0db0 - test[9d35eded1c95d3be]::test_main_inner::<test[9d35eded1c95d3be]::test_main_static::{closure#0}>::{closure#0}
[INFO] [stdout]    6:     0x644b43014ae2 - std[70759c8f55707aa4]::panicking::panic_with_hook
[INFO] [stdout]    7:     0x644b42ff8894 - std[70759c8f55707aa4]::panicking::panic_handler::{closure#0}
[INFO] [stdout]    8:     0x644b42ff15e9 - std[70759c8f55707aa4]::sys::backtrace::__rust_end_short_backtrace::<std[70759c8f55707aa4]::panicking::panic_handler::{closure#0}, !>
[INFO] [stdout]    9:     0x644b42ff945d - __rustc[8fa7c3cbc660c2b3]::rust_begin_unwind
[INFO] [stdout]   10:     0x644b4303189c - core[df12db4294e9bfd3]::panicking::panic_fmt
[INFO] [stdout]   11:     0x644b43031862 - core[df12db4294e9bfd3]::panicking::panic
[INFO] [stdout]   12:     0x644b42fa1983 - <codecrafters_redis[d92dd8e34a2dda1d]::parser::command::tests::test_parse_replconf_getack::{closure#0} as core[df12db4294e9bfd3]::ops::function::FnOnce<()>>::call_once
[INFO] [stdout]   13:     0x644b42fa409b - test[9d35eded1c95d3be]::__rust_begin_short_backtrace::<core[df12db4294e9bfd3]::result::Result<(), alloc[2182bb758b4b3781]::string::String>, fn() -> core[df12db4294e9bfd3]::result::Result<(), alloc[2182bb758b4b3781]::string::String>>
[INFO] [stdout]   14:     0x644b42fb1705 - test[9d35eded1c95d3be]::run_test::{closure#0}
[INFO] [stdout]   15:     0x644b42faafc4 - std[70759c8f55707aa4]::sys::backtrace::__rust_begin_short_backtrace::<test[9d35eded1c95d3be]::run_test::{closure#1}, ()>
[INFO] [stdout]   16:     0x644b42fb4862 - <std[70759c8f55707aa4]::thread::lifecycle::spawn_unchecked<test[9d35eded1c95d3be]::run_test::{closure#1}, ()>::{closure#1} as core[df12db4294e9bfd3]::ops::function::FnOnce<()>>::call_once::{shim:vtable#0}
[INFO] [stdout]   17:     0x644b4301ba99 - <std[70759c8f55707aa4]::sys::thread::unix::Thread>::new::thread_start
[INFO] [stdout]   18:     0x7724dda3bdfa - <unknown>
[INFO] [stdout]   19:     0x7724ddacf3d4 - clone
[INFO] [stdout]   20:                0x0 - <unknown>
[INFO] [stdout] 
[INFO] [stdout] 
[INFO] [stdout] failures:
[INFO] [stdout]     parser::command::tests::test_parse_replconf_getack
[INFO] [stdout] 
[INFO] [stdout] test result: FAILED. 16 passed; 1 failed; 0 ignored; 0 measured; 0 filtered out; finished in 0.01s
[INFO] [stdout] 
[INFO] running `Command { std: "docker" "inspect" "ad1811cb89b27a24a6fb2aa600d4c589297f450d34c847700c83c2993cb003f6", kill_on_drop: false }`
[INFO] running `Command { std: "docker" "rm" "-f" "ad1811cb89b27a24a6fb2aa600d4c589297f450d34c847700c83c2993cb003f6", kill_on_drop: false }`
[INFO] [stdout] ad1811cb89b27a24a6fb2aa600d4c589297f450d34c847700c83c2993cb003f6
