[INFO] cloning repository https://github.com/fresh88888888/rust-bmp
[INFO] running `Command { std: "git" "-c" "credential.helper=" "-c" "credential.helper=/workspace/cargo-home/bin/git-credential-null" "clone" "--bare" "https://github.com/fresh88888888/rust-bmp" "/workspace/cache/git-repos/https%3A%2F%2Fgithub.com%2Ffresh88888888%2Frust-bmp", kill_on_drop: false }`
[INFO] [stderr] Cloning into bare repository '/workspace/cache/git-repos/https%3A%2F%2Fgithub.com%2Ffresh88888888%2Frust-bmp'...
[INFO] running `Command { std: "git" "rev-parse" "HEAD", kill_on_drop: false }`
[INFO] [stdout] ba3fd0e9e7cf616169f214e29e92e5bfbcce3041
[INFO] testing fresh88888888/rust-bmp against 1.100.0-beta.1+cargoflags=--release for beta-release-1.100-2
[INFO] running `Command { std: "git" "clone" "/workspace/cache/git-repos/https%3A%2F%2Fgithub.com%2Ffresh88888888%2Frust-bmp" "/workspace/builds/worker-0-tc2/source", kill_on_drop: false }`
[INFO] [stderr] Cloning into '/workspace/builds/worker-0-tc2/source'...
[INFO] [stderr] done.
[INFO] started tweaking git repo https://github.com/fresh88888888/rust-bmp
[INFO] finished tweaking git repo https://github.com/fresh88888888/rust-bmp
[INFO] tweaked toml for git repo https://github.com/fresh88888888/rust-bmp written to /workspace/builds/worker-0-tc2/source/Cargo.toml
[INFO] validating manifest of git repo https://github.com/fresh88888888/rust-bmp on toolchain 1.100.0-beta.1
[INFO] running `Command { std: CARGO_HOME="/workspace/cargo-home" RUSTUP_HOME="/workspace/rustup-home" "/workspace/cargo-home/bin/cargo" "+1.100.0-beta.1" "metadata" "--manifest-path" "Cargo.toml" "--no-deps", kill_on_drop: false }`
[INFO] crate git repo https://github.com/fresh88888888/rust-bmp already has a lockfile, it will not be regenerated
[INFO] running `Command { std: CARGO_HOME="/workspace/cargo-home" RUSTUP_HOME="/workspace/rustup-home" "/workspace/cargo-home/bin/cargo" "+1.100.0-beta.1" "fetch" "--manifest-path" "Cargo.toml", kill_on_drop: false }`
[INFO] [stderr] warning: virtual workspace defaulting to `resolver = "1"` despite one or more workspace members being on edition 2021 which implies `resolver = "2"`
[INFO] [stderr]   |
[INFO] [stderr]   = note: to keep the current resolver, specify `workspace.resolver = "1"` in the workspace root's manifest
[INFO] [stderr]   = note: to use the edition 2021 resolver, specify `workspace.resolver = "2"` in the workspace root's manifest
[INFO] [stderr]   = note: for more details see https://doc.rust-lang.org/cargo/reference/resolver.html#resolver-versions
[INFO] [stderr] warning: four/Cargo.toml: file `/workspace/builds/worker-0-tc2/source/four/examples/main.rs` found to be present in multiple build targets:
[INFO] [stderr]   * `bin` target `clist`
[INFO] [stderr]   * `example` target `main`
[INFO] [stderr] warning: `four` (manifest) generated 1 warning
[INFO] running `Command { std: "docker" "create" "-v" "/var/lib/crater-agent-workspace/builds/worker-0-tc2/source:/opt/rustwide/workdir:ro,Z" "-v" "/var/lib/crater-agent-workspace/builds/worker-0-tc2/target:/opt/rustwide/target:rw,Z" "-v" "/var/lib/crater-agent-workspace/cargo-home:/opt/rustwide/cargo-home:ro,Z" "-v" "/var/lib/crater-agent-workspace/rustup-home:/opt/rustwide/rustup-home:ro,Z" "-m" "1610612736" "--network" "none" "ghcr.io/rust-lang/crates-build-env/linux@sha256:77db811e55d90add9212f6832c23229e3de5f1c1f9905e8cb07319ea15df73ac" "sleep" "infinity", kill_on_drop: false }`
[INFO] [stdout] 9fdddc037b0d8bfbb202561ecc21c01439b31d5b75ab55da8b0bd3f4ab24f40a
[INFO] running `Command { std: "docker" "start" "9fdddc037b0d8bfbb202561ecc21c01439b31d5b75ab55da8b0bd3f4ab24f40a", kill_on_drop: false }`
[INFO] running `Command { std: "docker" "inspect" "9fdddc037b0d8bfbb202561ecc21c01439b31d5b75ab55da8b0bd3f4ab24f40a", kill_on_drop: false }`
[INFO] running `Command { std: "docker" "exec" "-e" "SOURCE_DIR=/opt/rustwide/workdir" "-e" "CARGO_HOME=/opt/rustwide/cargo-home" "-e" "RUSTUP_HOME=/opt/rustwide/rustup-home" "-e" "CARGO_TARGET_DIR=/opt/rustwide/target" "-w" "/opt/rustwide/workdir" "--user" "0:0" "9fdddc037b0d8bfbb202561ecc21c01439b31d5b75ab55da8b0bd3f4ab24f40a" "/opt/rustwide/cargo-home/bin/cargo" "+1.100.0-beta.1" "metadata" "--no-deps" "--format-version=1", kill_on_drop: false }`
[INFO] running `Command { std: "docker" "inspect" "9fdddc037b0d8bfbb202561ecc21c01439b31d5b75ab55da8b0bd3f4ab24f40a", kill_on_drop: false }`
[INFO] running `Command { std: "docker" "exec" "-e" "SOURCE_DIR=/opt/rustwide/workdir" "-e" "CARGO_HOME=/opt/rustwide/cargo-home" "-e" "RUSTUP_HOME=/opt/rustwide/rustup-home" "-e" "CARGO_TARGET_DIR=/opt/rustwide/target" "-e" "CARGO_INCREMENTAL=0" "-e" "RUST_BACKTRACE=full" "-e" "RUSTFLAGS=--cap-lints=warn" "-e" "RUSTDOCFLAGS=--cap-lints=warn" "-w" "/opt/rustwide/workdir" "--user" "0:0" "9fdddc037b0d8bfbb202561ecc21c01439b31d5b75ab55da8b0bd3f4ab24f40a" "/opt/rustwide/cargo-home/bin/cargo" "+1.100.0-beta.1" "build" "--frozen" "--message-format=json" "--release", kill_on_drop: false }`
[INFO] [stderr] warning: virtual workspace defaulting to `resolver = "1"` despite one or more workspace members being on edition 2021 which implies `resolver = "2"`
[INFO] [stderr]   |
[INFO] [stderr]   = note: to keep the current resolver, specify `workspace.resolver = "1"` in the workspace root's manifest
[INFO] [stderr]   = note: to use the edition 2021 resolver, specify `workspace.resolver = "2"` in the workspace root's manifest
[INFO] [stderr]   = note: for more details see https://doc.rust-lang.org/cargo/reference/resolver.html#resolver-versions
[INFO] [stderr] warning: four/Cargo.toml: file `/opt/rustwide/workdir/four/examples/main.rs` found to be present in multiple build targets:
[INFO] [stderr]   * `bin` target `clist`
[INFO] [stderr]   * `example` target `main`
[INFO] [stderr] warning: `four` (manifest) generated 1 warning
[INFO] [stderr]    Compiling proc-macro2 v1.0.69
[INFO] [stderr]    Compiling utf8parse v0.2.1
[INFO] [stderr]    Compiling anstyle v1.0.4
[INFO] [stderr]    Compiling anstyle-query v1.0.0
[INFO] [stderr]    Compiling colorchoice v1.0.0
[INFO] [stderr]    Compiling heck v0.4.1
[INFO] [stderr]    Compiling strsim v0.10.0
[INFO] [stderr]    Compiling clap_lex v0.6.0
[INFO] [stderr]    Compiling anstyle-parse v0.2.2
[INFO] [stderr]    Compiling four v0.1.0 (/opt/rustwide/workdir/four)
[INFO] [stderr]    Compiling two v0.1.0 (/opt/rustwide/workdir/two)
[INFO] [stderr]    Compiling three v0.1.0 (/opt/rustwide/workdir/three)
[INFO] [stderr]    Compiling anstream v0.6.4
[INFO] [stdout] warning: hiding a lifetime that's elided elsewhere is confusing
[INFO] [stdout]    --> two/src/decoder.rs:271:21
[INFO] [stdout]     |
[INFO] [stdout] 271 | fn bit_index(bytes: &[u8], nbits: usize, size: usize) -> BitIndex {
[INFO] [stdout]     |                     ^^^^^ the lifetime is elided here    ^^^^^^^^ the same lifetime is hidden here
[INFO] [stdout]     |
[INFO] [stdout]     = help: the same lifetime is referred to in inconsistent ways, making the signature confusing
[INFO] [stdout] note: the lint level is defined here
[INFO] [stdout]    --> two/src/lib.rs:1:9
[INFO] [stdout]     |
[INFO] [stdout]   1 | #![deny(warnings)]
[INFO] [stdout]     |         ^^^^^^^^
[INFO] [stdout]     = note: `#[warn(mismatched_lifetime_syntaxes)]` implied by `#[warn(warnings)]`
[INFO] [stdout] help: use `'_` for type paths
[INFO] [stdout]     |
[INFO] [stdout] 271 | fn bit_index(bytes: &[u8], nbits: usize, size: usize) -> BitIndex<'_> {
[INFO] [stdout]     |                                                                  ++++
[INFO] [stdout] 
[INFO] [stdout] 
[INFO] [stderr]    Compiling clap_builder v4.4.9
[INFO] [stderr]    Compiling quote v1.0.33
[INFO] [stderr]    Compiling syn v2.0.39
[INFO] [stderr]    Compiling clap_derive v4.4.7
[INFO] [stderr]    Compiling clap v4.4.10
[INFO] [stderr]    Compiling one v0.1.0 (/opt/rustwide/workdir/one)
[INFO] [stderr]     Finished `release` profile [optimized] target(s) in 24.36s
[INFO] running `Command { std: "docker" "inspect" "9fdddc037b0d8bfbb202561ecc21c01439b31d5b75ab55da8b0bd3f4ab24f40a", kill_on_drop: false }`
[INFO] running `Command { std: "docker" "exec" "-e" "SOURCE_DIR=/opt/rustwide/workdir" "-e" "CARGO_HOME=/opt/rustwide/cargo-home" "-e" "RUSTUP_HOME=/opt/rustwide/rustup-home" "-e" "CARGO_TARGET_DIR=/opt/rustwide/target" "-e" "CARGO_INCREMENTAL=0" "-e" "RUST_BACKTRACE=full" "-e" "RUSTFLAGS=--cap-lints=warn" "-e" "RUSTDOCFLAGS=--cap-lints=warn" "-w" "/opt/rustwide/workdir" "--user" "0:0" "9fdddc037b0d8bfbb202561ecc21c01439b31d5b75ab55da8b0bd3f4ab24f40a" "/opt/rustwide/cargo-home/bin/cargo" "+1.100.0-beta.1" "test" "--frozen" "--no-run" "--message-format=json" "--release", kill_on_drop: false }`
[INFO] [stderr] warning: virtual workspace defaulting to `resolver = "1"` despite one or more workspace members being on edition 2021 which implies `resolver = "2"`
[INFO] [stderr]   |
[INFO] [stderr]   = note: to keep the current resolver, specify `workspace.resolver = "1"` in the workspace root's manifest
[INFO] [stderr]   = note: to use the edition 2021 resolver, specify `workspace.resolver = "2"` in the workspace root's manifest
[INFO] [stderr]   = note: for more details see https://doc.rust-lang.org/cargo/reference/resolver.html#resolver-versions
[INFO] [stderr] warning: four/Cargo.toml: file `/opt/rustwide/workdir/four/examples/main.rs` found to be present in multiple build targets:
[INFO] [stderr]   * `bin` target `clist`
[INFO] [stderr]   * `example` target `main`
[INFO] [stderr] warning: `four` (manifest) generated 1 warning
[INFO] [stdout] warning: hiding a lifetime that's elided elsewhere is confusing
[INFO] [stdout]    --> two/src/decoder.rs:271:21
[INFO] [stdout]     |
[INFO] [stdout] 271 | fn bit_index(bytes: &[u8], nbits: usize, size: usize) -> BitIndex {
[INFO] [stdout]     |                     ^^^^^ the lifetime is elided here    ^^^^^^^^ the same lifetime is hidden here
[INFO] [stdout]     |
[INFO] [stdout]     = help: the same lifetime is referred to in inconsistent ways, making the signature confusing
[INFO] [stdout] note: the lint level is defined here
[INFO] [stdout]    --> two/src/lib.rs:1:9
[INFO] [stdout]     |
[INFO] [stdout]   1 | #![deny(warnings)]
[INFO] [stdout]     |         ^^^^^^^^
[INFO] [stdout]     = note: `#[warn(mismatched_lifetime_syntaxes)]` implied by `#[warn(warnings)]`
[INFO] [stdout] help: use `'_` for type paths
[INFO] [stdout]     |
[INFO] [stdout] 271 | fn bit_index(bytes: &[u8], nbits: usize, size: usize) -> BitIndex<'_> {
[INFO] [stdout]     |                                                                  ++++
[INFO] [stdout] 
[INFO] [stdout] 
[INFO] [stderr]    Compiling four v0.1.0 (/opt/rustwide/workdir/four)
[INFO] [stderr]    Compiling two v0.1.0 (/opt/rustwide/workdir/two)
[INFO] [stderr]    Compiling three v0.1.0 (/opt/rustwide/workdir/three)
[INFO] [stderr]    Compiling one v0.1.0 (/opt/rustwide/workdir/one)
[INFO] [stdout] warning: hiding a lifetime that's elided elsewhere is confusing
[INFO] [stdout]    --> two/src/decoder.rs:271:21
[INFO] [stdout]     |
[INFO] [stdout] 271 | fn bit_index(bytes: &[u8], nbits: usize, size: usize) -> BitIndex {
[INFO] [stdout]     |                     ^^^^^ the lifetime is elided here    ^^^^^^^^ the same lifetime is hidden here
[INFO] [stdout]     |
[INFO] [stdout]     = help: the same lifetime is referred to in inconsistent ways, making the signature confusing
[INFO] [stdout] note: the lint level is defined here
[INFO] [stdout]    --> two/src/lib.rs:2:24
[INFO] [stdout]     |
[INFO] [stdout]   2 | #![cfg_attr(test, deny(warnings))]
[INFO] [stdout]     |                        ^^^^^^^^
[INFO] [stdout]     = note: `#[warn(mismatched_lifetime_syntaxes)]` implied by `#[warn(warnings)]`
[INFO] [stdout] help: use `'_` for type paths
[INFO] [stdout]     |
[INFO] [stdout] 271 | fn bit_index(bytes: &[u8], nbits: usize, size: usize) -> BitIndex<'_> {
[INFO] [stdout]     |                                                                  ++++
[INFO] [stdout] 
[INFO] [stdout] 
[INFO] [stderr]     Finished `release` profile [optimized] target(s) in 2.13s
[INFO] running `Command { std: "docker" "inspect" "9fdddc037b0d8bfbb202561ecc21c01439b31d5b75ab55da8b0bd3f4ab24f40a", kill_on_drop: false }`
[INFO] running `Command { std: "docker" "exec" "-e" "SOURCE_DIR=/opt/rustwide/workdir" "-e" "CARGO_HOME=/opt/rustwide/cargo-home" "-e" "RUSTUP_HOME=/opt/rustwide/rustup-home" "-e" "CARGO_TARGET_DIR=/opt/rustwide/target" "-e" "CARGO_INCREMENTAL=0" "-e" "RUST_BACKTRACE=full" "-e" "RUSTFLAGS=--cap-lints=warn" "-e" "RUSTDOCFLAGS=--cap-lints=warn" "-w" "/opt/rustwide/workdir" "--user" "0:0" "9fdddc037b0d8bfbb202561ecc21c01439b31d5b75ab55da8b0bd3f4ab24f40a" "/opt/rustwide/cargo-home/bin/cargo" "+1.100.0-beta.1" "test" "--frozen" "--release", kill_on_drop: false }`
[INFO] [stderr] warning: virtual workspace defaulting to `resolver = "1"` despite one or more workspace members being on edition 2021 which implies `resolver = "2"`
[INFO] [stderr]   |
[INFO] [stderr]   = note: to keep the current resolver, specify `workspace.resolver = "1"` in the workspace root's manifest
[INFO] [stderr]   = note: to use the edition 2021 resolver, specify `workspace.resolver = "2"` in the workspace root's manifest
[INFO] [stderr]   = note: for more details see https://doc.rust-lang.org/cargo/reference/resolver.html#resolver-versions
[INFO] [stderr] warning: four/Cargo.toml: file `/opt/rustwide/workdir/four/examples/main.rs` found to be present in multiple build targets:
[INFO] [stderr]   * `bin` target `clist`
[INFO] [stderr]   * `example` target `main`
[INFO] [stderr] warning: `four` (manifest) generated 1 warning
[INFO] [stderr] warning: hiding a lifetime that's elided elsewhere is confusing
[INFO] [stderr]    --> two/src/decoder.rs:271:21
[INFO] [stderr]     |
[INFO] [stderr] 271 | fn bit_index(bytes: &[u8], nbits: usize, size: usize) -> BitIndex {
[INFO] [stderr]     |                     ^^^^^ the lifetime is elided here    ^^^^^^^^ the same lifetime is hidden here
[INFO] [stderr]     |
[INFO] [stderr]     = help: the same lifetime is referred to in inconsistent ways, making the signature confusing
[INFO] [stderr] note: the lint level is defined here
[INFO] [stderr]    --> two/src/lib.rs:1:9
[INFO] [stderr]     |
[INFO] [stderr]   1 | #![deny(warnings)]
[INFO] [stderr]     |         ^^^^^^^^
[INFO] [stderr]     = note: `#[warn(mismatched_lifetime_syntaxes)]` implied by `#[warn(warnings)]`
[INFO] [stderr] help: use `'_` for type paths
[INFO] [stderr]     |
[INFO] [stderr] 271 | fn bit_index(bytes: &[u8], nbits: usize, size: usize) -> BitIndex<'_> {
[INFO] [stderr]     |                                                                  ++++
[INFO] [stderr] 
[INFO] [stderr] warning: `two` (lib) generated 1 warning (run `cargo fix --lib -p two` to apply 1 suggestion)
[INFO] [stderr] warning: hiding a lifetime that's elided elsewhere is confusing
[INFO] [stderr]    --> two/src/decoder.rs:271:21
[INFO] [stderr]     |
[INFO] [stderr] 271 | fn bit_index(bytes: &[u8], nbits: usize, size: usize) -> BitIndex {
[INFO] [stderr]     |                     ^^^^^ the lifetime is elided here    ^^^^^^^^ the same lifetime is hidden here
[INFO] [stderr]     |
[INFO] [stderr]     = help: the same lifetime is referred to in inconsistent ways, making the signature confusing
[INFO] [stderr] note: the lint level is defined here
[INFO] [stderr]    --> two/src/lib.rs:2:24
[INFO] [stderr]     |
[INFO] [stderr]   2 | #![cfg_attr(test, deny(warnings))]
[INFO] [stderr]     |                        ^^^^^^^^
[INFO] [stderr]     = note: `#[warn(mismatched_lifetime_syntaxes)]` implied by `#[warn(warnings)]`
[INFO] [stderr] help: use `'_` for type paths
[INFO] [stderr]     |
[INFO] [stderr] 271 | fn bit_index(bytes: &[u8], nbits: usize, size: usize) -> BitIndex<'_> {
[INFO] [stderr]     |                                                                  ++++
[INFO] [stderr] 
[INFO] [stderr] warning: `two` (lib test) generated 1 warning (run `cargo fix --lib -p two --tests` to apply 1 suggestion)
[INFO] [stderr]     Finished `release` profile [optimized] target(s) in 0.03s
[INFO] [stderr]      Running unittests src/lib.rs (/opt/rustwide/target/release/build/four/7587799e8ec1871d/out/four-7587799e8ec1871d)
[INFO] [stdout] 
[INFO] [stderr]      Running unittests examples/main.rs (/opt/rustwide/target/release/build/four/cc9120a9ab240acb/out/clist-cc9120a9ab240acb)
[INFO] [stdout] running 0 tests
[INFO] [stdout] 
[INFO] [stdout] test result: ok. 0 passed; 0 failed; 0 ignored; 0 measured; 0 filtered out; finished in 0.00s
[INFO] [stdout] 
[INFO] [stdout] 
[INFO] [stdout] running 0 tests
[INFO] [stdout] 
[INFO] [stdout] test result: ok. 0 passed; 0 failed; 0 ignored; 0 measured; 0 filtered out; finished in 0.00s
[INFO] [stdout] 
[INFO] [stdout] 
[INFO] [stderr]      Running unittests src/main.rs (/opt/rustwide/target/release/build/one/24ec0957a7a45175/out/one-24ec0957a7a45175)
[INFO] [stdout] running 0 tests
[INFO] [stdout] 
[INFO] [stdout] test result: ok. 0 passed; 0 failed; 0 ignored; 0 measured; 0 filtered out; finished in 0.00s
[INFO] [stdout] 
[INFO] [stderr]      Running unittests src/main.rs (/opt/rustwide/target/release/build/three/5a67bc98592d9de9/out/three-5a67bc98592d9de9)
[INFO] [stdout] 
[INFO] [stdout] running 0 tests
[INFO] [stdout] 
[INFO] [stdout] test result: ok. 0 passed; 0 failed; 0 ignored; 0 measured; 0 filtered out; finished in 0.00s
[INFO] [stdout] 
[INFO] [stderr]      Running unittests src/lib.rs (/opt/rustwide/target/release/build/two/9d961bf3abe10318/out/two-9d961bf3abe10318)
[INFO] [stdout] 
[INFO] [stdout] running 18 tests
[INFO] [stdout] test tests::can_read_bmp_image_from_file_specified_by_path ... ok
[INFO] [stdout] test tests::can_read_bmp_image_from_reader ... ok
[INFO] [stdout] test tests::can_read_entire_bmp_image ... ok
[INFO] [stdout] test tests::can_read_image_data ... ok
[INFO] [stdout] test tests::coordinates_iterator_gives_x_and_y_in_row_major_order ... ok
[INFO] [stdout] test tests::changing_pixels_does_not_push_image_data ... ok
[INFO] [stdout] test decoder::test_calculate_bit_index ... ok
[INFO] [stdout] test tests::read_write_1pbb_bmp_image ... ok
[INFO] [stdout] test tests::error_when_opening_unexisting_image ... ok
[INFO] [stdout] test tests::read_write_4pbb_bmp_image ... ok
[INFO] [stdout] test tests::read_write_8pbb_bmp_image ... ok
[INFO] [stdout] test tests::size_of_bmp_header_is_54_bytes ... ok
[INFO] [stdout] test tests::error_when_opening_image_with_wrong_bits_per_pixel ... ok
[INFO] [stdout] test tests::can_create_bmp_file ... ok
[INFO] [stdout] test tests::error_when_opening_image_with_wrong_magic_numbers ... ok
[INFO] [stdout] test tests::read_write_bmp_v5_image ... FAILED
[INFO] [stdout] test tests::read_write_bmp_v3_image ... FAILED
[INFO] [stdout] test tests::read_write_bmp_v4_image ... FAILED
[INFO] [stdout] 
[INFO] [stdout] failures:
[INFO] [stdout] 
[INFO] [stdout] ---- tests::read_write_bmp_v5_image stdout ----
[INFO] [stdout] 
[INFO] [stdout] thread 'tests::read_write_bmp_v5_image' (575) panicked at two/src/lib.rs:488:46:
[INFO] [stdout] called `Result::unwrap()` on an `Err` value: Os { code: 30, kind: ReadOnlyFilesystem, message: "Read-only file system" }
[INFO] [stdout] stack backtrace:
[INFO] [stdout]    0:     0x5fc8ba0b06b1 - <<std[617be2ca0a6fd877]::sys::backtrace::BacktraceLock>::print::DisplayBacktrace as core[a373ad73a504971]::fmt::Display>::fmt
[INFO] [stdout]    1:     0x5fc8ba0c4b1a - core[a373ad73a504971]::fmt::write
[INFO] [stdout]    2:     0x5fc8ba0b494c - <alloc[2e1b2a31b91974c5]::vec::Vec<u8> as core[a373ad73a504971]::io::write::Write>::write_fmt
[INFO] [stdout]    3:     0x5fc8ba08cb16 - std[617be2ca0a6fd877]::panicking::default_hook::{closure#0}
[INFO] [stdout]    4:     0x5fc8ba0a8d49 - std[617be2ca0a6fd877]::panicking::default_hook
[INFO] [stdout]    5:     0x5fc8ba0453f0 - test[aada8e7e76ba119b]::test_main_inner::{closure#0}
[INFO] [stdout]    6:     0x5fc8ba0a8f02 - std[617be2ca0a6fd877]::panicking::panic_with_hook
[INFO] [stdout]    7:     0x5fc8ba08cbc2 - std[617be2ca0a6fd877]::panicking::panic_handler::{closure#0}
[INFO] [stdout]    8:     0x5fc8ba0858d9 - std[617be2ca0a6fd877]::sys::backtrace::__rust_end_short_backtrace::<std[617be2ca0a6fd877]::panicking::panic_handler::{closure#0}, !>
[INFO] [stdout]    9:     0x5fc8ba08d7cd - __rustc[ea4f61d10b84890b]::rust_begin_unwind
[INFO] [stdout]   10:     0x5fc8ba0c524c - core[a373ad73a504971]::panicking::panic_fmt
[INFO] [stdout]   11:     0x5fc8ba0c5022 - core[a373ad73a504971]::result::unwrap_failed
[INFO] [stdout]   12:     0x5fc8ba035677 - <two[5d86dc4b2b53c666]::tests::read_write_bmp_v5_image::{closure#0} as core[a373ad73a504971]::ops::function::FnOnce<()>>::call_once
[INFO] [stdout]   13:     0x5fc8ba03883b - test[aada8e7e76ba119b]::__rust_begin_short_backtrace::<core[a373ad73a504971]::result::Result<(), alloc[2e1b2a31b91974c5]::string::String>, fn() -> core[a373ad73a504971]::result::Result<(), alloc[2e1b2a31b91974c5]::string::String>>
[INFO] [stdout]   14:     0x5fc8ba045a15 - test[aada8e7e76ba119b]::run_test::{closure#0}
[INFO] [stdout]   15:     0x5fc8ba03f304 - std[617be2ca0a6fd877]::sys::backtrace::__rust_begin_short_backtrace::<test[aada8e7e76ba119b]::run_test::{closure#1}, ()>
[INFO] [stdout]   16:     0x5fc8ba048aa2 - <std[617be2ca0a6fd877]::thread::lifecycle::spawn_unchecked<test[aada8e7e76ba119b]::run_test::{closure#1}, ()>::{closure#1} as core[a373ad73a504971]::ops::function::FnOnce<()>>::call_once::{shim:vtable#0}
[INFO] [stdout]   17:     0x5fc8ba0aff0f - <std[617be2ca0a6fd877]::sys::thread::unix::Thread>::new::thread_start
[INFO] [stdout]   18:     0x753861632dfa - <unknown>
[INFO] [stdout]   19:     0x7538616c63d4 - clone
[INFO] [stdout]   20:                0x0 - <unknown>
[INFO] [stdout] 
[INFO] [stdout] ---- tests::read_write_bmp_v3_image stdout ----
[INFO] [stdout] 
[INFO] [stdout] thread 'tests::read_write_bmp_v3_image' (573) panicked at two/src/lib.rs:476:48:
[INFO] [stdout] called `Result::unwrap()` on an `Err` value: Os { code: 30, kind: ReadOnlyFilesystem, message: "Read-only file system" }
[INFO] [stdout] stack backtrace:
[INFO] [stdout]    0:     0x5fc8ba0b06b1 - <<std[617be2ca0a6fd877]::sys::backtrace::BacktraceLock>::print::DisplayBacktrace as core[a373ad73a504971]::fmt::Display>::fmt
[INFO] [stdout]    1:     0x5fc8ba0c4b1a - core[a373ad73a504971]::fmt::write
[INFO] [stdout]    2:     0x5fc8ba0b494c - <alloc[2e1b2a31b91974c5]::vec::Vec<u8> as core[a373ad73a504971]::io::write::Write>::write_fmt
[INFO] [stdout]    3:     0x5fc8ba08cb16 - std[617be2ca0a6fd877]::panicking::default_hook::{closure#0}
[INFO] [stdout]    4:     0x5fc8ba0a8d49 - std[617be2ca0a6fd877]::panicking::default_hook
[INFO] [stdout]    5:     0x5fc8ba0453f0 - test[aada8e7e76ba119b]::test_main_inner::{closure#0}
[INFO] [stdout]    6:     0x5fc8ba0a8f02 - std[617be2ca0a6fd877]::panicking::panic_with_hook
[INFO] [stdout]    7:     0x5fc8ba08cbc2 - std[617be2ca0a6fd877]::panicking::panic_handler::{closure#0}
[INFO] [stdout]    8:     0x5fc8ba0858d9 - std[617be2ca0a6fd877]::sys::backtrace::__rust_end_short_backtrace::<std[617be2ca0a6fd877]::panicking::panic_handler::{closure#0}, !>
[INFO] [stdout]    9:     0x5fc8ba08d7cd - __rustc[ea4f61d10b84890b]::rust_begin_unwind
[INFO] [stdout]   10:     0x5fc8ba0c524c - core[a373ad73a504971]::panicking::panic_fmt
[INFO] [stdout]   11:     0x5fc8ba0c5022 - core[a373ad73a504971]::result::unwrap_failed
[INFO] [stdout]   12:     0x5fc8ba0352f7 - <two[5d86dc4b2b53c666]::tests::read_write_bmp_v3_image::{closure#0} as core[a373ad73a504971]::ops::function::FnOnce<()>>::call_once
[INFO] [stdout]   13:     0x5fc8ba03883b - test[aada8e7e76ba119b]::__rust_begin_short_backtrace::<core[a373ad73a504971]::result::Result<(), alloc[2e1b2a31b91974c5]::string::String>, fn() -> core[a373ad73a504971]::result::Result<(), alloc[2e1b2a31b91974c5]::string::String>>
[INFO] [stdout]   14:     0x5fc8ba045a15 - test[aada8e7e76ba119b]::run_test::{closure#0}
[INFO] [stdout]   15:     0x5fc8ba03f304 - std[617be2ca0a6fd877]::sys::backtrace::__rust_begin_short_backtrace::<test[aada8e7e76ba119b]::run_test::{closure#1}, ()>
[INFO] [stdout]   16:     0x5fc8ba048aa2 - <std[617be2ca0a6fd877]::thread::lifecycle::spawn_unchecked<test[aada8e7e76ba119b]::run_test::{closure#1}, ()>::{closure#1} as core[a373ad73a504971]::ops::function::FnOnce<()>>::call_once::{shim:vtable#0}
[INFO] [stdout]   17:     0x5fc8ba0aff0f - <std[617be2ca0a6fd877]::sys::thread::unix::Thread>::new::thread_start
[INFO] [stdout]   18:     0x753861632dfa - <unknown>
[INFO] [stdout]   19:     0x7538616c63d4 - clone
[INFO] [stdout]   20:                0x0 - <unknown>
[INFO] [stdout] 
[INFO] [stdout] ---- tests::read_write_bmp_v4_image stdout ----
[INFO] [stdout] 
[INFO] [stdout] thread 'tests::read_write_bmp_v4_image' (574) panicked at two/src/lib.rs:482:46:
[INFO] [stdout] called `Result::unwrap()` on an `Err` value: Os { code: 30, kind: ReadOnlyFilesystem, message: "Read-only file system" }
[INFO] [stdout] stack backtrace:
[INFO] [stdout]    0:     0x5fc8ba0b06b1 - <<std[617be2ca0a6fd877]::sys::backtrace::BacktraceLock>::print::DisplayBacktrace as core[a373ad73a504971]::fmt::Display>::fmt
[INFO] [stdout]    1:     0x5fc8ba0c4b1a - core[a373ad73a504971]::fmt::write
[INFO] [stdout]    2:     0x5fc8ba0b494c - <alloc[2e1b2a31b91974c5]::vec::Vec<u8> as core[a373ad73a504971]::io::write::Write>::write_fmt
[INFO] [stdout]    3:     0x5fc8ba08cb16 - std[617be2ca0a6fd877]::panicking::default_hook::{closure#0}
[INFO] [stdout]    4:     0x5fc8ba0a8d49 - std[617be2ca0a6fd877]::panicking::default_hook
[INFO] [stdout]    5:     0x5fc8ba0453f0 - test[aada8e7e76ba119b]::test_main_inner::{closure#0}
[INFO] [stdout]    6:     0x5fc8ba0a8f02 - std[617be2ca0a6fd877]::panicking::panic_with_hook
[INFO] [stdout]    7:     0x5fc8ba08cbc2 - std[617be2ca0a6fd877]::panicking::panic_handler::{closure#0}
[INFO] [stdout]    8:     0x5fc8ba0858d9 - std[617be2ca0a6fd877]::sys::backtrace::__rust_end_short_backtrace::<std[617be2ca0a6fd877]::panicking::panic_handler::{closure#0}, !>
[INFO] [stdout]    9:     0x5fc8ba08d7cd - __rustc[ea4f61d10b84890b]::rust_begin_unwind
[INFO] [stdout]   10:     0x5fc8ba0c524c - core[a373ad73a504971]::panicking::panic_fmt
[INFO] [stdout]   11:     0x5fc8ba0c5022 - core[a373ad73a504971]::result::unwrap_failed
[INFO] [stdout]   12:     0x5fc8ba0354b7 - <two[5d86dc4b2b53c666]::tests::read_write_bmp_v4_image::{closure#0} as core[a373ad73a504971]::ops::function::FnOnce<()>>::call_once
[INFO] [stdout]   13:     0x5fc8ba03883b - test[aada8e7e76ba119b]::__rust_begin_short_backtrace::<core[a373ad73a504971]::result::Result<(), alloc[2e1b2a31b91974c5]::string::String>, fn() -> core[a373ad73a504971]::result::Result<(), alloc[2e1b2a31b91974c5]::string::String>>
[INFO] [stdout]   14:     0x5fc8ba045a15 - test[aada8e7e76ba119b]::run_test::{closure#0}
[INFO] [stdout]   15:     0x5fc8ba03f304 - std[617be2ca0a6fd877]::sys::backtrace::__rust_begin_short_backtrace::<test[aada8e7e76ba119b]::run_test::{closure#1}, ()>
[INFO] [stdout]   16:     0x5fc8ba048aa2 - <std[617be2ca0a6fd877]::thread::lifecycle::spawn_unchecked<test[aada8e7e76ba119b]::run_test::{closure#1}, ()>::{closure#1} as core[a373ad73a504971]::ops::function::FnOnce<()>>::call_once::{shim:vtable#0}
[INFO] [stdout]   17:     0x5fc8ba0aff0f - <std[617be2ca0a6fd877]::sys::thread::unix::Thread>::new::thread_start
[INFO] [stdout]   18:     0x753861632dfa - <unknown>
[INFO] [stdout]   19:     0x7538616c63d4 - clone
[INFO] [stdout]   20:                0x0 - <unknown>
[INFO] [stdout] 
[INFO] [stdout] 
[INFO] [stdout] failures:
[INFO] [stdout]     tests::read_write_bmp_v3_image
[INFO] [stdout]     tests::read_write_bmp_v4_image
[INFO] [stdout]     tests::read_write_bmp_v5_image
[INFO] [stdout] 
[INFO] [stdout] test result: FAILED. 15 passed; 3 failed; 0 ignored; 0 measured; 0 filtered out; finished in 0.01s
[INFO] [stdout] 
[INFO] [stderr] error: test failed, to rerun pass `-p two --lib`
[INFO] running `Command { std: "docker" "inspect" "9fdddc037b0d8bfbb202561ecc21c01439b31d5b75ab55da8b0bd3f4ab24f40a", kill_on_drop: false }`
[INFO] running `Command { std: "docker" "rm" "-f" "9fdddc037b0d8bfbb202561ecc21c01439b31d5b75ab55da8b0bd3f4ab24f40a", kill_on_drop: false }`
[INFO] [stdout] 9fdddc037b0d8bfbb202561ecc21c01439b31d5b75ab55da8b0bd3f4ab24f40a
