[INFO] cloning repository https://github.com/freemkv/bdemu
[INFO] running `Command { std: "git" "-c" "credential.helper=" "-c" "credential.helper=/workspace/cargo-home/bin/git-credential-null" "clone" "--bare" "https://github.com/freemkv/bdemu" "/workspace/cache/git-repos/https%3A%2F%2Fgithub.com%2Ffreemkv%2Fbdemu", kill_on_drop: false }`
[INFO] [stderr] Cloning into bare repository '/workspace/cache/git-repos/https%3A%2F%2Fgithub.com%2Ffreemkv%2Fbdemu'...
[INFO] running `Command { std: "git" "rev-parse" "HEAD", kill_on_drop: false }`
[INFO] [stdout] b4fa5b178efae38da9062354871a6f6009febb92
[INFO] testing freemkv/bdemu against 1.99.0-beta.8+cargoflags=--release for beta-release-1.100-2
[INFO] running `Command { std: "git" "clone" "/workspace/cache/git-repos/https%3A%2F%2Fgithub.com%2Ffreemkv%2Fbdemu" "/workspace/builds/worker-2-tc1/source", kill_on_drop: false }`
[INFO] [stderr] Cloning into '/workspace/builds/worker-2-tc1/source'...
[INFO] [stderr] done.
[INFO] started tweaking git repo https://github.com/freemkv/bdemu
[INFO] finished tweaking git repo https://github.com/freemkv/bdemu
[INFO] tweaked toml for git repo https://github.com/freemkv/bdemu written to /workspace/builds/worker-2-tc1/source/Cargo.toml
[INFO] validating manifest of git repo https://github.com/freemkv/bdemu on toolchain 1.99.0-beta.8
[INFO] running `Command { std: CARGO_HOME="/workspace/cargo-home" RUSTUP_HOME="/workspace/rustup-home" "/workspace/cargo-home/bin/cargo" "+1.99.0-beta.8" "metadata" "--manifest-path" "Cargo.toml" "--no-deps", kill_on_drop: false }`
[INFO] crate git repo https://github.com/freemkv/bdemu already has a lockfile, it will not be regenerated
[INFO] running `Command { std: CARGO_HOME="/workspace/cargo-home" RUSTUP_HOME="/workspace/rustup-home" "/workspace/cargo-home/bin/cargo" "+1.99.0-beta.8" "fetch" "--manifest-path" "Cargo.toml", kill_on_drop: false }`
[INFO] [stderr]     Updating git repository `https://github.com/freemkv/freemkv-unlock`
[INFO] [stderr]     Updating git repository `https://github.com/freemkv/libfreemkv`
[INFO] [stderr]     Updating crates.io index
[INFO] [stderr]  Downloading crates ...
[INFO] [stderr]   Downloaded crypto-common v0.2.2
[INFO] [stderr]   Downloaded inout v0.2.3
[INFO] [stderr]   Downloaded sha1 v0.11.0
[INFO] [stderr]   Downloaded zip v8.6.0
[INFO] [stderr]   Downloaded block-buffer v0.12.1
[INFO] [stderr]   Downloaded cpubits v0.1.1
[INFO] [stderr]   Downloaded crossbeam-deque v0.8.8
[INFO] [stderr]   Downloaded digest v0.11.3
[INFO] [stderr]   Downloaded cipher v0.5.2
[INFO] [stderr]   Downloaded typed-path v0.12.3
[INFO] [stderr]   Downloaded crossbeam-epoch v0.9.21
[INFO] [stderr]   Downloaded either v1.19.0
[INFO] [stderr]   Downloaded zopfli v0.8.4
[INFO] [stderr]   Downloaded hybrid-array v0.4.15
[INFO] [stderr]   Downloaded roxmltree v0.21.1
[INFO] [stderr]   Downloaded sha2 v0.11.1
[INFO] [stderr]   Downloaded const-oid v0.10.2
[INFO] [stderr]   Downloaded rayon-core v1.13.0
[INFO] [stderr]   Downloaded num-bigint v0.5.1
[INFO] [stderr]   Downloaded aes v0.9.3
[INFO] [stderr]   Downloaded rayon v1.12.0
[INFO] [stderr]   Downloaded serde_json v1.0.154
[INFO] [stderr]   Downloaded pioneer-optical v0.12.4
[INFO] [stderr]   Downloaded libc v0.2.190
[INFO] [stderr]   Downloaded h8-asm v0.5.0
[INFO] running `Command { std: "docker" "create" "-v" "/var/lib/crater-agent-workspace/builds/worker-2-tc1/source:/opt/rustwide/workdir:ro,Z" "-v" "/var/lib/crater-agent-workspace/builds/worker-2-tc1/target:/opt/rustwide/target:rw,Z" "-v" "/var/lib/crater-agent-workspace/cargo-home:/opt/rustwide/cargo-home:ro,Z" "-v" "/var/lib/crater-agent-workspace/rustup-home:/opt/rustwide/rustup-home:ro,Z" "-m" "1610612736" "--network" "none" "ghcr.io/rust-lang/crates-build-env/linux@sha256:77db811e55d90add9212f6832c23229e3de5f1c1f9905e8cb07319ea15df73ac" "sleep" "infinity", kill_on_drop: false }`
[INFO] [stdout] e3636e70731e1abd7af3079b2bde9f44fad00c78679511587b98d835f628d51f
[INFO] running `Command { std: "docker" "start" "e3636e70731e1abd7af3079b2bde9f44fad00c78679511587b98d835f628d51f", kill_on_drop: false }`
[INFO] running `Command { std: "docker" "inspect" "e3636e70731e1abd7af3079b2bde9f44fad00c78679511587b98d835f628d51f", kill_on_drop: false }`
[INFO] running `Command { std: "docker" "exec" "-e" "SOURCE_DIR=/opt/rustwide/workdir" "-e" "CARGO_HOME=/opt/rustwide/cargo-home" "-e" "RUSTUP_HOME=/opt/rustwide/rustup-home" "-e" "CARGO_TARGET_DIR=/opt/rustwide/target" "-w" "/opt/rustwide/workdir" "--user" "0:0" "e3636e70731e1abd7af3079b2bde9f44fad00c78679511587b98d835f628d51f" "/opt/rustwide/cargo-home/bin/cargo" "+1.99.0-beta.8" "metadata" "--no-deps" "--format-version=1", kill_on_drop: false }`
[INFO] running `Command { std: "docker" "inspect" "e3636e70731e1abd7af3079b2bde9f44fad00c78679511587b98d835f628d51f", kill_on_drop: false }`
[INFO] running `Command { std: "docker" "exec" "-e" "SOURCE_DIR=/opt/rustwide/workdir" "-e" "CARGO_HOME=/opt/rustwide/cargo-home" "-e" "RUSTUP_HOME=/opt/rustwide/rustup-home" "-e" "CARGO_TARGET_DIR=/opt/rustwide/target" "-e" "CARGO_INCREMENTAL=0" "-e" "RUST_BACKTRACE=full" "-e" "RUSTFLAGS=--cap-lints=warn" "-e" "RUSTDOCFLAGS=--cap-lints=warn" "-w" "/opt/rustwide/workdir" "--user" "0:0" "e3636e70731e1abd7af3079b2bde9f44fad00c78679511587b98d835f628d51f" "/opt/rustwide/cargo-home/bin/cargo" "+1.99.0-beta.8" "build" "--frozen" "--message-format=json" "--release", kill_on_drop: false }`
[INFO] [stderr]    Compiling proc-macro2 v1.0.107
[INFO] [stderr]    Compiling unicode-ident v1.0.27
[INFO] [stderr]    Compiling quote v1.0.47
[INFO] [stderr]    Compiling cfg-if v1.0.5
[INFO] [stderr]    Compiling typenum v1.20.1
[INFO] [stderr]    Compiling crc32fast v1.5.2
[INFO] [stderr]    Compiling crossbeam-utils v0.8.23
[INFO] [stderr]    Compiling simd-adler32 v0.3.10
[INFO] [stderr]    Compiling serde_core v1.0.229
[INFO] [stderr]    Compiling libc v0.2.190
[INFO] [stderr]    Compiling autocfg v1.5.1
[INFO] [stderr]    Compiling cpufeatures v0.3.1
[INFO] [stderr]    Compiling crossbeam-epoch v0.9.21
[INFO] [stderr]    Compiling adler2 v2.0.1
[INFO] [stderr]    Compiling memchr v2.8.3
[INFO] [stderr]    Compiling serde v1.0.229
[INFO] [stderr]    Compiling zmij v1.0.23
[INFO] [stderr]    Compiling rand_core v0.10.1
[INFO] [stderr]    Compiling zlib-rs v0.6.8
[INFO] [stderr]    Compiling crossbeam-deque v0.8.8
[INFO] [stderr]    Compiling getrandom v0.4.3
[INFO] [stderr]    Compiling const-oid v0.10.2
[INFO] [stderr]    Compiling rayon-core v1.13.0
[INFO] [stderr]    Compiling miniz_oxide v0.9.1
[INFO] [stderr]    Compiling serde_json v1.0.154
[INFO] [stderr]    Compiling anyhow v1.0.104
[INFO] [stderr]    Compiling once_cell v1.21.4
[INFO] [stderr]    Compiling chacha20 v0.10.2
[INFO] [stderr]    Compiling itoa v1.0.18
[INFO] [stderr]    Compiling equivalent v1.0.3
[INFO] [stderr]    Compiling num-traits v0.2.19
[INFO] [stderr]    Compiling rustix v1.1.5
[INFO] [stderr]    Compiling log v0.4.34
[INFO] [stderr]    Compiling tracing-core v0.1.36
[INFO] [stderr]    Compiling bumpalo v3.20.3
[INFO] [stderr]    Compiling hashbrown v0.17.1
[INFO] [stderr]    Compiling h8-asm v0.5.0
[INFO] [stderr]    Compiling cpubits v0.1.1
[INFO] [stderr]    Compiling pin-project-lite v0.2.17
[INFO] [stderr]    Compiling typed-path v0.12.3
[INFO] [stderr]    Compiling either v1.19.0
[INFO] [stderr]    Compiling hybrid-array v0.4.15
[INFO] [stderr]    Compiling zopfli v0.8.4
[INFO] [stderr]    Compiling linux-raw-sys v0.12.1
[INFO] [stderr]    Compiling bitflags v2.13.2
[INFO] [stderr]    Compiling syn v2.0.119
[INFO] [stderr]    Compiling syn v3.0.9
[INFO] [stderr]    Compiling base64 v0.23.1
[INFO] [stderr]    Compiling libfreemkv v1.8.4 (https://github.com/freemkv/libfreemkv?tag=v1.8.4#2622b3fc)
[INFO] [stderr]    Compiling indexmap v2.14.2
[INFO] [stderr]    Compiling crypto-common v0.2.2
[INFO] [stderr]    Compiling block-buffer v0.12.1
[INFO] [stderr]    Compiling inout v0.2.3
[INFO] [stderr]    Compiling num-integer v0.1.47
[INFO] [stderr]    Compiling socket2 v0.6.5
[INFO] [stderr]    Compiling crossbeam-channel v0.5.17
[INFO] [stderr]    Compiling rand v0.10.3
[INFO] [stderr]    Compiling roxmltree v0.21.1
[INFO] [stderr]    Compiling num-bigint v0.5.1
[INFO] [stderr]    Compiling rayon v1.12.0
[INFO] [stderr]    Compiling digest v0.11.3
[INFO] [stderr]    Compiling cipher v0.5.2
[INFO] [stderr]    Compiling sha2 v0.11.1
[INFO] [stderr]    Compiling sha1 v0.11.0
[INFO] [stderr]    Compiling aes v0.9.3
[INFO] [stderr]    Compiling flate2 v1.1.10
[INFO] [stderr]    Compiling zip v8.6.0
[INFO] [stderr]    Compiling serde_derive v1.0.229
[INFO] [stderr]    Compiling zeroize_derive v1.5.0
[INFO] [stderr]    Compiling tracing-attributes v0.1.31
[INFO] [stderr]    Compiling zeroize v1.9.1
[INFO] [stderr]    Compiling tracing v0.1.44
[INFO] [stderr]    Compiling pioneer-optical v0.12.4
[INFO] [stderr]    Compiling freemkv-unlock v1.8.4 (https://github.com/freemkv/freemkv-unlock?tag=v1.8.4#5a09422c)
[INFO] [stderr]    Compiling bdemu v1.8.4 (/opt/rustwide/workdir)
[INFO] [stderr]     Finished `release` profile [optimized] target(s) in 2m 01s
[INFO] running `Command { std: "docker" "inspect" "e3636e70731e1abd7af3079b2bde9f44fad00c78679511587b98d835f628d51f", kill_on_drop: false }`
[INFO] running `Command { std: "docker" "exec" "-e" "SOURCE_DIR=/opt/rustwide/workdir" "-e" "CARGO_HOME=/opt/rustwide/cargo-home" "-e" "RUSTUP_HOME=/opt/rustwide/rustup-home" "-e" "CARGO_TARGET_DIR=/opt/rustwide/target" "-e" "CARGO_INCREMENTAL=0" "-e" "RUST_BACKTRACE=full" "-e" "RUSTFLAGS=--cap-lints=warn" "-e" "RUSTDOCFLAGS=--cap-lints=warn" "-w" "/opt/rustwide/workdir" "--user" "0:0" "e3636e70731e1abd7af3079b2bde9f44fad00c78679511587b98d835f628d51f" "/opt/rustwide/cargo-home/bin/cargo" "+1.99.0-beta.8" "test" "--frozen" "--no-run" "--message-format=json" "--release", kill_on_drop: false }`
[INFO] [stderr]    Compiling bdemu v1.8.4 (/opt/rustwide/workdir)
[INFO] [stderr]     Finished `release` profile [optimized] target(s) in 21.64s
[INFO] running `Command { std: "docker" "inspect" "e3636e70731e1abd7af3079b2bde9f44fad00c78679511587b98d835f628d51f", kill_on_drop: false }`
[INFO] running `Command { std: "docker" "exec" "-e" "SOURCE_DIR=/opt/rustwide/workdir" "-e" "CARGO_HOME=/opt/rustwide/cargo-home" "-e" "RUSTUP_HOME=/opt/rustwide/rustup-home" "-e" "CARGO_TARGET_DIR=/opt/rustwide/target" "-e" "CARGO_INCREMENTAL=0" "-e" "RUST_BACKTRACE=full" "-e" "RUSTFLAGS=--cap-lints=warn" "-e" "RUSTDOCFLAGS=--cap-lints=warn" "-w" "/opt/rustwide/workdir" "--user" "0:0" "e3636e70731e1abd7af3079b2bde9f44fad00c78679511587b98d835f628d51f" "/opt/rustwide/cargo-home/bin/cargo" "+1.99.0-beta.8" "test" "--frozen" "--release", kill_on_drop: false }`
[INFO] [stderr]     Finished `release` profile [optimized] target(s) in 0.14s
[INFO] [stderr]      Running unittests src/lib.rs (/opt/rustwide/target/release/deps/bdemu-ee409ff75dfcab47)
[INFO] [stdout] 
[INFO] [stdout] running 115 tests
[INFO] [stdout] test control::socket_name::tests::hostile_instance_ids_are_rejected ... ok
[INFO] [stdout] test control::socket_name::tests::insecure_tmp_fallback_is_refused ... ok
[INFO] [stdout] test control::tests::cmd_load_rejects_empty_name ... ok
[INFO] [stdout] test profile::tests::adjacent_non_overlapping_ranges_are_kept ... ok
[INFO] [stdout] test control::socket_name::tests::default_instance_keeps_the_historical_name ... ok
[INFO] [stdout] test profile::tests::contained_blob_name_accepts_plain_files_rejects_escapes ... ok
[INFO] [stdout] test control::tests::normal_command_still_parses ... ok
[INFO] [stdout] test profile::tests::huge_num_ranges_serves_nothing ... ok
[INFO] [stdout] test profile::tests::count_multiply_overflow_serves_nothing ... ok
[INFO] [stdout] test control::tests::disc_sector_count_covers_flat_truncation_and_sparse_sum ... ok
[INFO] [stdout] test control::socket_name::tests::instance_id_yields_a_distinct_socket ... ok
[INFO] [stdout] test control::tests::a_live_control_socket_is_never_stolen ... FAILED
[INFO] [stdout] test control::tests::list_discs_sanitises_hostile_directory_names ... FAILED
[INFO] [stdout] test control::tests::start_listener_disabled_when_path_already_has_a_live_peer ... FAILED
[INFO] [stdout] test profile::tests::load_disc_picks_up_disc_structure_files ... FAILED
[INFO] [stdout] test control::tests::start_listener_disabled_when_socket_path_unavailable ... ok
[INFO] [stdout] test control::tests::empty_connection_gets_no_response ... ok
[INFO] [stdout] test profile::tests::overlapping_ranges_serve_nothing ... ok
[INFO] [stdout] test profile::tests::oversized_blob_is_rejected ... FAILED
[INFO] [stdout] test profile::tests::parse_hex_handles_odd_length_and_non_hex_noise ... ok
[INFO] [stdout] test profile::tests::parse_u16_preserves_default_on_bad_input ... ok
[INFO] [stdout] test profile::tests::profile_loads_with_every_blob_missing ... FAILED
[INFO] [stdout] test profile::tests::read_bin_wrapper_logs_and_returns_empty_on_error ... FAILED
[INFO] [stdout] test profile::tests::safe_disc_dir_accepts_existing_plain_component ... FAILED
[INFO] [stdout] test control::tests::oversized_line_is_rejected_without_oom_or_panic ... ok
[INFO] [stdout] test control::tests::response_is_terminated_on_the_wire ... ok
[INFO] [stdout] test profile::tests::safe_disc_dir_rejects_missing_target_under_existing_base ... FAILED
[INFO] [stdout] test profile::tests::safe_disc_dir_rejects_traversal ... ok
[INFO] [stdout] test profile::tests::toml_loader_covers_malformed_entries_and_positive_blob_loads ... FAILED
[INFO] [stdout] test profile::tests::valid_bdsm_builds_in_bounds_map ... ok
[INFO] [stdout] test profile::tests::zero_count_ranges_are_dropped_not_left_to_mask_overlap ... ok
[INFO] [stdout] test profile::tests::toml_value_keeps_hash_inside_quotes ... ok
[INFO] [stdout] test profile::tests::truncated_range_body_serves_nothing ... ok
[INFO] [stdout] test profile::tests::zero_ranges_serves_nothing_not_the_header ... ok
[INFO] [stdout] test profile::tests::unreadable_blob_is_reported_while_absent_blob_is_silent ... FAILED
[INFO] [stdout] test sanitize::tests::ordinary_text_is_untouched ... ok
[INFO] [stdout] test sanitize::tests::escape_sequences_are_neutralised ... ok
[INFO] [stdout] test sanitize::tests::newlines_del_and_c1_are_neutralised ... ok
[INFO] [stdout] test sanitize::tests::trojan_source_bidi_override_is_neutralised ... ok
[INFO] [stdout] test profile::tests::load_rejects_unknown_format ... FAILED
[INFO] [stdout] test profile::tests::out_of_order_ranges_are_sorted_for_binary_search ... ok
[INFO] [stdout] test control::tests::load_then_eject_round_trip ... FAILED
[INFO] [stdout] test control::tests::a_stale_control_socket_is_reclaimed ... FAILED
[INFO] [stdout] test profile::tests::blob_filenames_cannot_escape_the_profile_directory ... FAILED
[INFO] [stdout] test control::tests::list_discs_marks_the_currently_loaded_disc ... FAILED
[INFO] [stdout] test profile::tests::json_invalid_feature_code_is_skipped_not_coerced_to_zero ... FAILED
[INFO] [stdout] test profile::tests::json_loader_covers_read_buffer_and_optional_blobs ... FAILED
[INFO] [stdout] test scsi::tests::lookup_sector_resolves_out_of_order_capture ... ok
[INFO] [stdout] test control::tests::dispatch_routes_every_verb_end_to_end ... ok
[INFO] [stdout] test scsi::tests::get_config_rt2_single_feature_absent_returns_header_only ... ok
[INFO] [stdout] test scsi::tests::get_config_rt1_returns_only_current_features ... ok
[INFO] [stdout] test scsi::tests::get_config_rt2_single_feature_present ... ok
[INFO] [stdout] test scsi::tests::get_event_new_media_is_edge_triggered ... ok
[INFO] [stdout] test scsi::tests::get_config_rt0_returns_all_features ... ok
[INFO] [stdout] test scsi::tests::get_event_status_no_disc_reports_no_media ... ok
[INFO] [stdout] test scsi::tests::get_event_status_async_unsupported ... ok
[INFO] [stdout] test scsi::tests::inquiry_standard_returns_profile_inquiry ... ok
[INFO] [stdout] test scsi::tests::inquiry_vpd_page_80_clamps_serial_over_255_bytes ... ok
[INFO] [stdout] test scsi::tests::inquiry_vpd_page_80_returns_serial ... ok
[INFO] [stdout] test scsi::tests::read10_captured_zero_sector_is_served_as_good ... ok
[INFO] [stdout] test scsi::tests::mode_sense_page_3f_all_pages ... ok
[INFO] [stdout] test scsi::tests::read10_flat_dump_past_end_is_check_condition ... ok
[INFO] [stdout] test scsi::tests::read10_full_sector_data_pattern_is_served_as_good ... ok
[INFO] [stdout] test scsi::tests::inquiry_vpd_unsupported_page_is_illegal_request ... ok
[INFO] [stdout] test scsi::tests::get_event_status_no_media_class_requested ... ok
[INFO] [stdout] test scsi::tests::mode_sense_page_2a_from_profile ... ok
[INFO] [stdout] test scsi::tests::read10_with_no_captured_sectors_is_check_condition_not_zeros ... ok
[INFO] [stdout] test scsi::tests::read10_partially_captured_span_fails ... ok
[INFO] [stdout] test scsi::tests::read12_lba_past_u32_max_is_a_miss_not_a_wrapped_hit ... ok
[INFO] [stdout] test scsi::tests::mode_sense_unsupported_page_is_illegal_request ... ok
[INFO] [stdout] test scsi::tests::prevent_allow_removal_is_good ... ok
[INFO] [stdout] test scsi::tests::read12_miss_and_hit_match_read10 ... ok
[INFO] [stdout] test scsi::tests::read10_hit_serves_captured_bytes ... ok
[INFO] [stdout] test scsi::tests::read10_overlapping_capture_serves_nothing_not_header ... ok
[INFO] [stdout] test scsi::tests::read_buffer_mode2_serves_profile_buffer ... ok
[INFO] [stdout] test scsi::tests::read_buffer_mode2_missing_buffer_is_illegal_request ... ok
[INFO] [stdout] test scsi::tests::read_buffer_mode3_returns_descriptor ... ok
[INFO] [stdout] test scsi::tests::read_buffer_mode6_is_deliberate_empty_good ... ok
[INFO] [stdout] test scsi::tests::read_disc_info_default_when_disc_present ... ok
[INFO] [stdout] test scsi::tests::read_disc_structure_absent_format_returns_empty_header ... ok
[INFO] [stdout] test scsi::tests::read_disc_info_not_ready_without_disc ... ok
[INFO] [stdout] test scsi::tests::read_toc_from_disc_when_captured ... ok
[INFO] [stdout] test scsi::tests::read_capacity_no_medium_is_not_ready ... ok
[INFO] [stdout] test scsi::tests::read_disc_structure_from_disc ... ok
[INFO] [stdout] test scsi::tests::read_miss_is_visible_to_request_sense ... ok
[INFO] [stdout] test scsi::tests::read_toc_default_when_disc_present ... ok
[INFO] [stdout] test scsi::tests::read_toc_not_ready_without_disc ... ok
[INFO] [stdout] test scsi::tests::report_key_rpc_state_default ... ok
[INFO] [stdout] test scsi::tests::read_buffer_unlock_writes_marker ... ok
[INFO] [stdout] test scsi::tests::report_key_unsupported_class_is_illegal_request ... ok
[INFO] [stdout] test scsi::tests::inquiry_vpd_page_00_lists_supported_pages ... ok
[INFO] [stdout] test scsi::tests::read10_outside_the_captured_map_is_check_condition ... ok
[INFO] [stdout] test scsi::tests::read10_short_sector_data_pattern_is_a_miss_not_zero_padded ... ok
[INFO] [stdout] test scsi::tests::read_capacity_from_disc ... ok
[INFO] [stdout] test scsi::tests::start_stop_unit_variants_are_good ... ok
[INFO] [stdout] test scsi::tests::request_sense_clears_after_reporting ... ok
[INFO] [stdout] test scsi::tests::read_capacity_default_when_no_capacity_captured ... ok
[INFO] [stdout] test scsi::tests::request_sense_reports_pending_media_change_ua ... ok
[INFO] [stdout] test scsi::tests::send_key_is_good ... ok
[INFO] [stdout] test scsi::tests::read_disc_structure_not_ready_without_disc ... ok
[INFO] [stdout] test scsi::tests::read_disc_info_from_disc_when_captured ... ok
[INFO] [stdout] test scsi::tests::set_cd_speed_is_good ... ok
[INFO] [stdout] test scsi::tests::test_unit_ready_good_with_disc ... ok
[INFO] [stdout] test scsi::tests::unlock_resp_len_clamps_hostile_dxfer_len ... ok
[INFO] [stdout] test sg::tests::oversized_response_is_truncated_to_the_host_buffer ... ok
[INFO] [stdout] test scsi::tests::unit_attention_survives_inquiry ... ok
[INFO] [stdout] test scsi::tests::write_buffer_is_good ... ok
[INFO] [stdout] test sg::tests::short_response_zeroes_the_untouched_tail ... ok
[INFO] [stdout] test scsi::tests::test_unit_ready_not_ready_without_disc ... ok
[INFO] [stdout] test scsi::tests::unhandled_opcode_is_illegal_request ... ok
[INFO] [stdout] test sg::tests::empty_transfer_reports_full_residual ... ok
[INFO] [stdout] test sg::tests::full_response_fills_the_buffer_exactly ... ok
[INFO] [stdout] test scsi::tests::mode_sense_page_2a_default ... ok
[INFO] [stdout] test scsi::tests::read10_subsector_dxfer_len_is_check_condition_not_zeros ... ok
[INFO] [stdout] test scsi::tests::read_buffer_unimplemented_mode_is_illegal_request ... ok
[INFO] [stdout] 
[INFO] [stdout] failures:
[INFO] [stdout] 
[INFO] [stdout] ---- control::tests::a_live_control_socket_is_never_stolen stdout ----
[INFO] [stdout] 
[INFO] [stdout] thread 'control::tests::a_live_control_socket_is_never_stolen' (1727) panicked at src/control_tests.rs:142:35:
[INFO] [stdout] create test scratch dir: Os { code: 30, kind: ReadOnlyFilesystem, message: "Read-only file system" }
[INFO] [stdout] stack backtrace:
[INFO] [stdout]    0:     0x5f9907910596 - <<std[70759c8f55707aa4]::sys::backtrace::BacktraceLock>::print::DisplayBacktrace as core[df12db4294e9bfd3]::fmt::Display>::fmt
[INFO] [stdout]    1:     0x5f99078b05ba - core[df12db4294e9bfd3]::fmt::write
[INFO] [stdout]    2:     0x5f9907915fac - <alloc[2182bb758b4b3781]::vec::Vec<u8> as core[df12db4294e9bfd3]::io::write::Write>::write_fmt
[INFO] [stdout]    3:     0x5f99078e6ca2 - std[70759c8f55707aa4]::panicking::default_hook::{closure#0}
[INFO] [stdout]    4:     0x5f9907907831 - std[70759c8f55707aa4]::panicking::default_hook
[INFO] [stdout]    5:     0x5f9907907a12 - std[70759c8f55707aa4]::panicking::panic_with_hook
[INFO] [stdout]    6:     0x5f99078e6d52 - std[70759c8f55707aa4]::panicking::panic_handler::{closure#0}
[INFO] [stdout]    7:     0x5f99078df7d9 - std[70759c8f55707aa4]::sys::backtrace::__rust_end_short_backtrace::<std[70759c8f55707aa4]::panicking::panic_handler::{closure#0}, !>
[INFO] [stdout]    8:     0x5f99078ebf9d - __rustc[8fa7c3cbc660c2b3]::rust_begin_unwind
[INFO] [stdout]    9:     0x5f99078b0cdc - core[df12db4294e9bfd3]::panicking::panic_fmt
[INFO] [stdout]   10:     0x5f99078b0ab2 - core[df12db4294e9bfd3]::result::unwrap_failed
[INFO] [stdout]   11:     0x5f9907890fe0 - bdemu[c8750e8d1ed5e43b]::control::tests::test_scratch_dir
[INFO] [stdout]   12:     0x5f99078a4fda - <bdemu[c8750e8d1ed5e43b]::control::tests::a_live_control_socket_is_never_stolen::{closure#0} as core[df12db4294e9bfd3]::ops::function::FnOnce<()>>::call_once
[INFO] [stdout]   13:     0x5f9907917e9b - test[9d35eded1c95d3be]::__rust_begin_short_backtrace::<core[df12db4294e9bfd3]::result::Result<(), alloc[2182bb758b4b3781]::string::String>, fn() -> core[df12db4294e9bfd3]::result::Result<(), alloc[2182bb758b4b3781]::string::String>>
[INFO] [stdout]   14:     0x5f9907925ff1 - test[9d35eded1c95d3be]::run_test::{closure#0}
[INFO] [stdout]   15:     0x5f990791f704 - std[70759c8f55707aa4]::sys::backtrace::__rust_begin_short_backtrace::<test[9d35eded1c95d3be]::run_test::{closure#1}, ()>
[INFO] [stdout]   16:     0x5f9907929e12 - <std[70759c8f55707aa4]::thread::lifecycle::spawn_unchecked<test[9d35eded1c95d3be]::run_test::{closure#1}, ()>::{closure#1} as core[df12db4294e9bfd3]::ops::function::FnOnce<()>>::call_once::{shim:vtable#0}
[INFO] [stdout]   17:     0x5f990790f3de - <std[70759c8f55707aa4]::sys::thread::unix::Thread>::new::thread_start
[INFO] [stdout]   18:     0x71fb77323dfa - <unknown>
[INFO] [stdout]   19:     0x71fb773b73d4 - clone
[INFO] [stdout]   20:                0x0 - <unknown>
[INFO] [stdout] 
[INFO] [stdout] ---- control::tests::list_discs_sanitises_hostile_directory_names stdout ----
[INFO] [stdout] 
[INFO] [stdout] thread 'control::tests::list_discs_sanitises_hostile_directory_names' (1734) panicked at src/control_tests.rs:142:35:
[INFO] [stdout] create test scratch dir: Os { code: 30, kind: ReadOnlyFilesystem, message: "Read-only file system" }
[INFO] [stdout] stack backtrace:
[INFO] [stdout]    0:     0x5f9907910596 - <<std[70759c8f55707aa4]::sys::backtrace::BacktraceLock>::print::DisplayBacktrace as core[df12db4294e9bfd3]::fmt::Display>::fmt
[INFO] [stdout]    1:     0x5f99078b05ba - core[df12db4294e9bfd3]::fmt::write
[INFO] [stdout]    2:     0x5f9907915fac - <alloc[2182bb758b4b3781]::vec::Vec<u8> as core[df12db4294e9bfd3]::io::write::Write>::write_fmt
[INFO] [stdout]    3:     0x5f99078e6ca2 - std[70759c8f55707aa4]::panicking::default_hook::{closure#0}
[INFO] [stdout]    4:     0x5f9907907831 - std[70759c8f55707aa4]::panicking::default_hook
[INFO] [stdout]    5:     0x5f9907907a12 - std[70759c8f55707aa4]::panicking::panic_with_hook
[INFO] [stdout]    6:     0x5f99078e6d52 - std[70759c8f55707aa4]::panicking::panic_handler::{closure#0}
[INFO] [stdout]    7:     0x5f99078df7d9 - std[70759c8f55707aa4]::sys::backtrace::__rust_end_short_backtrace::<std[70759c8f55707aa4]::panicking::panic_handler::{closure#0}, !>
[INFO] [stdout]    8:     0x5f99078ebf9d - __rustc[8fa7c3cbc660c2b3]::rust_begin_unwind
[INFO] [stdout]    9:     0x5f99078b0cdc - core[df12db4294e9bfd3]::panicking::panic_fmt
[INFO] [stdout]   10:     0x5f99078b0ab2 - core[df12db4294e9bfd3]::result::unwrap_failed
[INFO] [stdout]   11:     0x5f9907890fe0 - bdemu[c8750e8d1ed5e43b]::control::tests::test_scratch_dir
[INFO] [stdout]   12:     0x5f99078a605c - <bdemu[c8750e8d1ed5e43b]::control::tests::list_discs_sanitises_hostile_directory_names::{closure#0} as core[df12db4294e9bfd3]::ops::function::FnOnce<()>>::call_once
[INFO] [stdout]   13:     0x5f9907917e9b - test[9d35eded1c95d3be]::__rust_begin_short_backtrace::<core[df12db4294e9bfd3]::result::Result<(), alloc[2182bb758b4b3781]::string::String>, fn() -> core[df12db4294e9bfd3]::result::Result<(), alloc[2182bb758b4b3781]::string::String>>
[INFO] [stdout]   14:     0x5f9907925ff1 - test[9d35eded1c95d3be]::run_test::{closure#0}
[INFO] [stdout]   15:     0x5f990791f704 - std[70759c8f55707aa4]::sys::backtrace::__rust_begin_short_backtrace::<test[9d35eded1c95d3be]::run_test::{closure#1}, ()>
[INFO] [stdout]   16:     0x5f9907929e12 - <std[70759c8f55707aa4]::thread::lifecycle::spawn_unchecked<test[9d35eded1c95d3be]::run_test::{closure#1}, ()>::{closure#1} as core[df12db4294e9bfd3]::ops::function::FnOnce<()>>::call_once::{shim:vtable#0}
[INFO] [stdout]   17:     0x5f990790f3de - <std[70759c8f55707aa4]::sys::thread::unix::Thread>::new::thread_start
[INFO] [stdout]   18:     0x71fb77323dfa - <unknown>
[INFO] [stdout]   19:     0x71fb773b73d4 - clone
[INFO] [stdout]   20:                0x0 - <unknown>
[INFO] [stdout] 
[INFO] [stdout] ---- control::tests::start_listener_disabled_when_path_already_has_a_live_peer stdout ----
[INFO] [stdout] 
[INFO] [stdout] thread 'control::tests::start_listener_disabled_when_path_already_has_a_live_peer' (1739) panicked at src/control_tests.rs:142:35:
[INFO] [stdout] create test scratch dir: Os { code: 30, kind: ReadOnlyFilesystem, message: "Read-only file system" }
[INFO] [stdout] stack backtrace:
[INFO] [stdout]    0:     0x5f9907910596 - <<std[70759c8f55707aa4]::sys::backtrace::BacktraceLock>::print::DisplayBacktrace as core[df12db4294e9bfd3]::fmt::Display>::fmt
[INFO] [stdout]    1:     0x5f99078b05ba - core[df12db4294e9bfd3]::fmt::write
[INFO] [stdout]    2:     0x5f9907915fac - <alloc[2182bb758b4b3781]::vec::Vec<u8> as core[df12db4294e9bfd3]::io::write::Write>::write_fmt
[INFO] [stdout]    3:     0x5f99078e6ca2 - std[70759c8f55707aa4]::panicking::default_hook::{closure#0}
[INFO] [stdout]    4:     0x5f9907907831 - std[70759c8f55707aa4]::panicking::default_hook
[INFO] [stdout]    5:     0x5f9907907a12 - std[70759c8f55707aa4]::panicking::panic_with_hook
[INFO] [stdout]    6:     0x5f99078e6d52 - std[70759c8f55707aa4]::panicking::panic_handler::{closure#0}
[INFO] [stdout]    7:     0x5f99078df7d9 - std[70759c8f55707aa4]::sys::backtrace::__rust_end_short_backtrace::<std[70759c8f55707aa4]::panicking::panic_handler::{closure#0}, !>
[INFO] [stdout]    8:     0x5f99078ebf9d - __rustc[8fa7c3cbc660c2b3]::rust_begin_unwind
[INFO] [stdout]    9:     0x5f99078b0cdc - core[df12db4294e9bfd3]::panicking::panic_fmt
[INFO] [stdout]   10:     0x5f99078b0ab2 - core[df12db4294e9bfd3]::result::unwrap_failed
[INFO] [stdout]   11:     0x5f9907890fe0 - bdemu[c8750e8d1ed5e43b]::control::tests::test_scratch_dir
[INFO] [stdout]   12:     0x5f99078a6ef4 - <bdemu[c8750e8d1ed5e43b]::control::tests::start_listener_disabled_when_path_already_has_a_live_peer::{closure#0} as core[df12db4294e9bfd3]::ops::function::FnOnce<()>>::call_once
[INFO] [stdout]   13:     0x5f9907917e9b - test[9d35eded1c95d3be]::__rust_begin_short_backtrace::<core[df12db4294e9bfd3]::result::Result<(), alloc[2182bb758b4b3781]::string::String>, fn() -> core[df12db4294e9bfd3]::result::Result<(), alloc[2182bb758b4b3781]::string::String>>
[INFO] [stdout]   14:     0x5f9907925ff1 - test[9d35eded1c95d3be]::run_test::{closure#0}
[INFO] [stdout]   15:     0x5f990791f704 - std[70759c8f55707aa4]::sys::backtrace::__rust_begin_short_backtrace::<test[9d35eded1c95d3be]::run_test::{closure#1}, ()>
[INFO] [stdout]   16:     0x5f9907929e12 - <std[70759c8f55707aa4]::thread::lifecycle::spawn_unchecked<test[9d35eded1c95d3be]::run_test::{closure#1}, ()>::{closure#1} as core[df12db4294e9bfd3]::ops::function::FnOnce<()>>::call_once::{shim:vtable#0}
[INFO] [stdout]   17:     0x5f990790f3de - <std[70759c8f55707aa4]::sys::thread::unix::Thread>::new::thread_start
[INFO] [stdout]   18:     0x71fb77323dfa - <unknown>
[INFO] [stdout]   19:     0x71fb773b73d4 - clone
[INFO] [stdout]   20:                0x0 - <unknown>
[INFO] [stdout] 
[INFO] [stdout] ---- profile::tests::load_disc_picks_up_disc_structure_files stdout ----
[INFO] [stdout] 
[INFO] [stdout] thread 'profile::tests::load_disc_picks_up_disc_structure_files' (1754) panicked at src/profile_tests.rs:15:35:
[INFO] [stdout] create test scratch dir: Os { code: 30, kind: ReadOnlyFilesystem, message: "Read-only file system" }
[INFO] [stdout] stack backtrace:
[INFO] [stdout]    0:     0x5f9907910596 - <<std[70759c8f55707aa4]::sys::backtrace::BacktraceLock>::print::DisplayBacktrace as core[df12db4294e9bfd3]::fmt::Display>::fmt
[INFO] [stdout]    1:     0x5f99078b05ba - core[df12db4294e9bfd3]::fmt::write
[INFO] [stdout]    2:     0x5f9907915fac - <alloc[2182bb758b4b3781]::vec::Vec<u8> as core[df12db4294e9bfd3]::io::write::Write>::write_fmt
[INFO] [stdout]    3:     0x5f99078e6ca2 - std[70759c8f55707aa4]::panicking::default_hook::{closure#0}
[INFO] [stdout]    4:     0x5f9907907831 - std[70759c8f55707aa4]::panicking::default_hook
[INFO] [stdout]    5:     0x5f9907907a12 - std[70759c8f55707aa4]::panicking::panic_with_hook
[INFO] [stdout]    6:     0x5f99078e6d52 - std[70759c8f55707aa4]::panicking::panic_handler::{closure#0}
[INFO] [stdout]    7:     0x5f99078df7d9 - std[70759c8f55707aa4]::sys::backtrace::__rust_end_short_backtrace::<std[70759c8f55707aa4]::panicking::panic_handler::{closure#0}, !>
[INFO] [stdout]    8:     0x5f99078ebf9d - __rustc[8fa7c3cbc660c2b3]::rust_begin_unwind
[INFO] [stdout]    9:     0x5f99078b0cdc - core[df12db4294e9bfd3]::panicking::panic_fmt
[INFO] [stdout]   10:     0x5f99078b0ab2 - core[df12db4294e9bfd3]::result::unwrap_failed
[INFO] [stdout]   11:     0x5f99078927b0 - bdemu[c8750e8d1ed5e43b]::profile::tests::test_scratch_dir
[INFO] [stdout]   12:     0x5f99078a8c6a - <bdemu[c8750e8d1ed5e43b]::profile::tests::load_disc_picks_up_disc_structure_files::{closure#0} as core[df12db4294e9bfd3]::ops::function::FnOnce<()>>::call_once
[INFO] [stdout]   13:     0x5f9907917e9b - test[9d35eded1c95d3be]::__rust_begin_short_backtrace::<core[df12db4294e9bfd3]::result::Result<(), alloc[2182bb758b4b3781]::string::String>, fn() -> core[df12db4294e9bfd3]::result::Result<(), alloc[2182bb758b4b3781]::string::String>>
[INFO] [stdout]   14:     0x5f9907925ff1 - test[9d35eded1c95d3be]::run_test::{closure#0}
[INFO] [stdout]   15:     0x5f990791f704 - std[70759c8f55707aa4]::sys::backtrace::__rust_begin_short_backtrace::<test[9d35eded1c95d3be]::run_test::{closure#1}, ()>
[INFO] [stdout]   16:     0x5f9907929e12 - <std[70759c8f55707aa4]::thread::lifecycle::spawn_unchecked<test[9d35eded1c95d3be]::run_test::{closure#1}, ()>::{closure#1} as core[df12db4294e9bfd3]::ops::function::FnOnce<()>>::call_once::{shim:vtable#0}
[INFO] [stdout]   17:     0x5f990790f3de - <std[70759c8f55707aa4]::sys::thread::unix::Thread>::new::thread_start
[INFO] [stdout]   18:     0x71fb77323dfa - <unknown>
[INFO] [stdout]   19:     0x71fb773b73d4 - clone
[INFO] [stdout]   20:                0x0 - <unknown>
[INFO] [stdout] 
[INFO] [stdout] ---- profile::tests::oversized_blob_is_rejected stdout ----
[INFO] [stdout] 
[INFO] [stdout] thread 'profile::tests::oversized_blob_is_rejected' (1758) panicked at src/profile_tests.rs:15:35:
[INFO] [stdout] create test scratch dir: Os { code: 30, kind: ReadOnlyFilesystem, message: "Read-only file system" }
[INFO] [stdout] stack backtrace:
[INFO] [stdout]    0:     0x5f9907910596 - <<std[70759c8f55707aa4]::sys::backtrace::BacktraceLock>::print::DisplayBacktrace as core[df12db4294e9bfd3]::fmt::Display>::fmt
[INFO] [stdout]    1:     0x5f99078b05ba - core[df12db4294e9bfd3]::fmt::write
[INFO] [stdout]    2:     0x5f9907915fac - <alloc[2182bb758b4b3781]::vec::Vec<u8> as core[df12db4294e9bfd3]::io::write::Write>::write_fmt
[INFO] [stdout]    3:     0x5f99078e6ca2 - std[70759c8f55707aa4]::panicking::default_hook::{closure#0}
[INFO] [stdout]    4:     0x5f9907907831 - std[70759c8f55707aa4]::panicking::default_hook
[INFO] [stdout]    5:     0x5f9907907a12 - std[70759c8f55707aa4]::panicking::panic_with_hook
[INFO] [stdout]    6:     0x5f99078e6d52 - std[70759c8f55707aa4]::panicking::panic_handler::{closure#0}
[INFO] [stdout]    7:     0x5f99078df7d9 - std[70759c8f55707aa4]::sys::backtrace::__rust_end_short_backtrace::<std[70759c8f55707aa4]::panicking::panic_handler::{closure#0}, !>
[INFO] [stdout]    8:     0x5f99078ebf9d - __rustc[8fa7c3cbc660c2b3]::rust_begin_unwind
[INFO] [stdout]    9:     0x5f99078b0cdc - core[df12db4294e9bfd3]::panicking::panic_fmt
[INFO] [stdout]   10:     0x5f99078b0ab2 - core[df12db4294e9bfd3]::result::unwrap_failed
[INFO] [stdout]   11:     0x5f99078927b0 - bdemu[c8750e8d1ed5e43b]::profile::tests::test_scratch_dir
[INFO] [stdout]   12:     0x5f99078a7a4f - <bdemu[c8750e8d1ed5e43b]::profile::tests::oversized_blob_is_rejected::{closure#0} as core[df12db4294e9bfd3]::ops::function::FnOnce<()>>::call_once
[INFO] [stdout]   13:     0x5f9907917e9b - test[9d35eded1c95d3be]::__rust_begin_short_backtrace::<core[df12db4294e9bfd3]::result::Result<(), alloc[2182bb758b4b3781]::string::String>, fn() -> core[df12db4294e9bfd3]::result::Result<(), alloc[2182bb758b4b3781]::string::String>>
[INFO] [stdout]   14:     0x5f9907925ff1 - test[9d35eded1c95d3be]::run_test::{closure#0}
[INFO] [stdout]   15:     0x5f990791f704 - std[70759c8f55707aa4]::sys::backtrace::__rust_begin_short_backtrace::<test[9d35eded1c95d3be]::run_test::{closure#1}, ()>
[INFO] [stdout]   16:     0x5f9907929e12 - <std[70759c8f55707aa4]::thread::lifecycle::spawn_unchecked<test[9d35eded1c95d3be]::run_test::{closure#1}, ()>::{closure#1} as core[df12db4294e9bfd3]::ops::function::FnOnce<()>>::call_once::{shim:vtable#0}
[INFO] [stdout]   17:     0x5f990790f3de - <std[70759c8f55707aa4]::sys::thread::unix::Thread>::new::thread_start
[INFO] [stdout]   18:     0x71fb77323dfa - <unknown>
[INFO] [stdout]   19:     0x71fb773b73d4 - clone
[INFO] [stdout]   20:                0x0 - <unknown>
[INFO] [stdout] 
[INFO] [stdout] ---- profile::tests::profile_loads_with_every_blob_missing stdout ----
[INFO] [stdout] 
[INFO] [stdout] thread 'profile::tests::profile_loads_with_every_blob_missing' (1761) panicked at src/profile_tests.rs:15:35:
[INFO] [stdout] create test scratch dir: Os { code: 30, kind: ReadOnlyFilesystem, message: "Read-only file system" }
[INFO] [stdout] stack backtrace:
[INFO] [stdout]    0:     0x5f9907910596 - <<std[70759c8f55707aa4]::sys::backtrace::BacktraceLock>::print::DisplayBacktrace as core[df12db4294e9bfd3]::fmt::Display>::fmt
[INFO] [stdout]    1:     0x5f99078b05ba - core[df12db4294e9bfd3]::fmt::write
[INFO] [stdout]    2:     0x5f9907915fac - <alloc[2182bb758b4b3781]::vec::Vec<u8> as core[df12db4294e9bfd3]::io::write::Write>::write_fmt
[INFO] [stdout]    3:     0x5f99078e6ca2 - std[70759c8f55707aa4]::panicking::default_hook::{closure#0}
[INFO] [stdout]    4:     0x5f9907907831 - std[70759c8f55707aa4]::panicking::default_hook
[INFO] [stdout]    5:     0x5f9907907a12 - std[70759c8f55707aa4]::panicking::panic_with_hook
[INFO] [stdout]    6:     0x5f99078e6d52 - std[70759c8f55707aa4]::panicking::panic_handler::{closure#0}
[INFO] [stdout]    7:     0x5f99078df7d9 - std[70759c8f55707aa4]::sys::backtrace::__rust_end_short_backtrace::<std[70759c8f55707aa4]::panicking::panic_handler::{closure#0}, !>
[INFO] [stdout]    8:     0x5f99078ebf9d - __rustc[8fa7c3cbc660c2b3]::rust_begin_unwind
[INFO] [stdout]    9:     0x5f99078b0cdc - core[df12db4294e9bfd3]::panicking::panic_fmt
[INFO] [stdout]   10:     0x5f99078b0ab2 - core[df12db4294e9bfd3]::result::unwrap_failed
[INFO] [stdout]   11:     0x5f99078927b0 - bdemu[c8750e8d1ed5e43b]::profile::tests::test_scratch_dir
[INFO] [stdout]   12:     0x5f99078a8879 - <bdemu[c8750e8d1ed5e43b]::profile::tests::profile_loads_with_every_blob_missing::{closure#0} as core[df12db4294e9bfd3]::ops::function::FnOnce<()>>::call_once
[INFO] [stdout]   13:     0x5f9907917e9b - test[9d35eded1c95d3be]::__rust_begin_short_backtrace::<core[df12db4294e9bfd3]::result::Result<(), alloc[2182bb758b4b3781]::string::String>, fn() -> core[df12db4294e9bfd3]::result::Result<(), alloc[2182bb758b4b3781]::string::String>>
[INFO] [stdout]   14:     0x5f9907925ff1 - test[9d35eded1c95d3be]::run_test::{closure#0}
[INFO] [stdout]   15:     0x5f990791f704 - std[70759c8f55707aa4]::sys::backtrace::__rust_begin_short_backtrace::<test[9d35eded1c95d3be]::run_test::{closure#1}, ()>
[INFO] [stdout]   16:     0x5f9907929e12 - <std[70759c8f55707aa4]::thread::lifecycle::spawn_unchecked<test[9d35eded1c95d3be]::run_test::{closure#1}, ()>::{closure#1} as core[df12db4294e9bfd3]::ops::function::FnOnce<()>>::call_once::{shim:vtable#0}
[INFO] [stdout]   17:     0x5f990790f3de - <std[70759c8f55707aa4]::sys::thread::unix::Thread>::new::thread_start
[INFO] [stdout]   18:     0x71fb77323dfa - <unknown>
[INFO] [stdout]   19:     0x71fb773b73d4 - clone
[INFO] [stdout]   20:                0x0 - <unknown>
[INFO] [stdout] 
[INFO] [stdout] ---- profile::tests::read_bin_wrapper_logs_and_returns_empty_on_error stdout ----
[INFO] [stdout] 
[INFO] [stdout] thread 'profile::tests::read_bin_wrapper_logs_and_returns_empty_on_error' (1762) panicked at src/profile_tests.rs:15:35:
[INFO] [stdout] create test scratch dir: Os { code: 30, kind: ReadOnlyFilesystem, message: "Read-only file system" }
[INFO] [stdout] stack backtrace:
[INFO] [stdout]    0:     0x5f9907910596 - <<std[70759c8f55707aa4]::sys::backtrace::BacktraceLock>::print::DisplayBacktrace as core[df12db4294e9bfd3]::fmt::Display>::fmt
[INFO] [stdout]    1:     0x5f99078b05ba - core[df12db4294e9bfd3]::fmt::write
[INFO] [stdout]    2:     0x5f9907915fac - <alloc[2182bb758b4b3781]::vec::Vec<u8> as core[df12db4294e9bfd3]::io::write::Write>::write_fmt
[INFO] [stdout]    3:     0x5f99078e6ca2 - std[70759c8f55707aa4]::panicking::default_hook::{closure#0}
[INFO] [stdout]    4:     0x5f9907907831 - std[70759c8f55707aa4]::panicking::default_hook
[INFO] [stdout]    5:     0x5f9907907a12 - std[70759c8f55707aa4]::panicking::panic_with_hook
[INFO] [stdout]    6:     0x5f99078e6d52 - std[70759c8f55707aa4]::panicking::panic_handler::{closure#0}
[INFO] [stdout]    7:     0x5f99078df7d9 - std[70759c8f55707aa4]::sys::backtrace::__rust_end_short_backtrace::<std[70759c8f55707aa4]::panicking::panic_handler::{closure#0}, !>
[INFO] [stdout]    8:     0x5f99078ebf9d - __rustc[8fa7c3cbc660c2b3]::rust_begin_unwind
[INFO] [stdout]    9:     0x5f99078b0cdc - core[df12db4294e9bfd3]::panicking::panic_fmt
[INFO] [stdout]   10:     0x5f99078b0ab2 - core[df12db4294e9bfd3]::result::unwrap_failed
[INFO] [stdout]   11:     0x5f99078927b0 - bdemu[c8750e8d1ed5e43b]::profile::tests::test_scratch_dir
[INFO] [stdout]   12:     0x5f99078a9819 - <bdemu[c8750e8d1ed5e43b]::profile::tests::read_bin_wrapper_logs_and_returns_empty_on_error::{closure#0} as core[df12db4294e9bfd3]::ops::function::FnOnce<()>>::call_once
[INFO] [stdout]   13:     0x5f9907917e9b - test[9d35eded1c95d3be]::__rust_begin_short_backtrace::<core[df12db4294e9bfd3]::result::Result<(), alloc[2182bb758b4b3781]::string::String>, fn() -> core[df12db4294e9bfd3]::result::Result<(), alloc[2182bb758b4b3781]::string::String>>
[INFO] [stdout]   14:     0x5f9907925ff1 - test[9d35eded1c95d3be]::run_test::{closure#0}
[INFO] [stdout]   15:     0x5f990791f704 - std[70759c8f55707aa4]::sys::backtrace::__rust_begin_short_backtrace::<test[9d35eded1c95d3be]::run_test::{closure#1}, ()>
[INFO] [stdout]   16:     0x5f9907929e12 - <std[70759c8f55707aa4]::thread::lifecycle::spawn_unchecked<test[9d35eded1c95d3be]::run_test::{closure#1}, ()>::{closure#1} as core[df12db4294e9bfd3]::ops::function::FnOnce<()>>::call_once::{shim:vtable#0}
[INFO] [stdout]   17:     0x5f990790f3de - <std[70759c8f55707aa4]::sys::thread::unix::Thread>::new::thread_start
[INFO] [stdout]   18:     0x71fb77323dfa - <unknown>
[INFO] [stdout]   19:     0x71fb773b73d4 - clone
[INFO] [stdout]   20:                0x0 - <unknown>
[INFO] [stdout] 
[INFO] [stdout] ---- profile::tests::safe_disc_dir_accepts_existing_plain_component stdout ----
[INFO] [stdout] 
[INFO] [stdout] thread 'profile::tests::safe_disc_dir_accepts_existing_plain_component' (1763) panicked at src/profile_tests.rs:15:35:
[INFO] [stdout] create test scratch dir: Os { code: 30, kind: ReadOnlyFilesystem, message: "Read-only file system" }
[INFO] [stdout] stack backtrace:
[INFO] [stdout]    0:     0x5f9907910596 - <<std[70759c8f55707aa4]::sys::backtrace::BacktraceLock>::print::DisplayBacktrace as core[df12db4294e9bfd3]::fmt::Display>::fmt
[INFO] [stdout]    1:     0x5f99078b05ba - core[df12db4294e9bfd3]::fmt::write
[INFO] [stdout]    2:     0x5f9907915fac - <alloc[2182bb758b4b3781]::vec::Vec<u8> as core[df12db4294e9bfd3]::io::write::Write>::write_fmt
[INFO] [stdout]    3:     0x5f99078e6ca2 - std[70759c8f55707aa4]::panicking::default_hook::{closure#0}
[INFO] [stdout]    4:     0x5f9907907831 - std[70759c8f55707aa4]::panicking::default_hook
[INFO] [stdout]    5:     0x5f9907907a12 - std[70759c8f55707aa4]::panicking::panic_with_hook
[INFO] [stdout]    6:     0x5f99078e6d52 - std[70759c8f55707aa4]::panicking::panic_handler::{closure#0}
[INFO] [stdout]    7:     0x5f99078df7d9 - std[70759c8f55707aa4]::sys::backtrace::__rust_end_short_backtrace::<std[70759c8f55707aa4]::panicking::panic_handler::{closure#0}, !>
[INFO] [stdout]    8:     0x5f99078ebf9d - __rustc[8fa7c3cbc660c2b3]::rust_begin_unwind
[INFO] [stdout]    9:     0x5f99078b0cdc - core[df12db4294e9bfd3]::panicking::panic_fmt
[INFO] [stdout]   10:     0x5f99078b0ab2 - core[df12db4294e9bfd3]::result::unwrap_failed
[INFO] [stdout]   11:     0x5f99078927b0 - bdemu[c8750e8d1ed5e43b]::profile::tests::test_scratch_dir
[INFO] [stdout]   12:     0x5f99078a94d3 - <bdemu[c8750e8d1ed5e43b]::profile::tests::safe_disc_dir_accepts_existing_plain_component::{closure#0} as core[df12db4294e9bfd3]::ops::function::FnOnce<()>>::call_once
[INFO] [stdout]   13:     0x5f9907917e9b - test[9d35eded1c95d3be]::__rust_begin_short_backtrace::<core[df12db4294e9bfd3]::result::Result<(), alloc[2182bb758b4b3781]::string::String>, fn() -> core[df12db4294e9bfd3]::result::Result<(), alloc[2182bb758b4b3781]::string::String>>
[INFO] [stdout]   14:     0x5f9907925ff1 - test[9d35eded1c95d3be]::run_test::{closure#0}
[INFO] [stdout]   15:     0x5f990791f704 - std[70759c8f55707aa4]::sys::backtrace::__rust_begin_short_backtrace::<test[9d35eded1c95d3be]::run_test::{closure#1}, ()>
[INFO] [stdout]   16:     0x5f9907929e12 - <std[70759c8f55707aa4]::thread::lifecycle::spawn_unchecked<test[9d35eded1c95d3be]::run_test::{closure#1}, ()>::{closure#1} as core[df12db4294e9bfd3]::ops::function::FnOnce<()>>::call_once::{shim:vtable#0}
[INFO] [stdout]   17:     0x5f990790f3de - <std[70759c8f55707aa4]::sys::thread::unix::Thread>::new::thread_start
[INFO] [stdout]   18:     0x71fb77323dfa - <unknown>
[INFO] [stdout]   19:     0x71fb773b73d4 - clone
[INFO] [stdout]   20:                0x0 - <unknown>
[INFO] [stdout] 
[INFO] [stdout] ---- profile::tests::safe_disc_dir_rejects_missing_target_under_existing_base stdout ----
[INFO] [stdout] 
[INFO] [stdout] thread 'profile::tests::safe_disc_dir_rejects_missing_target_under_existing_base' (1766) panicked at src/profile_tests.rs:15:35:
[INFO] [stdout] create test scratch dir: Os { code: 30, kind: ReadOnlyFilesystem, message: "Read-only file system" }
[INFO] [stdout] stack backtrace:
[INFO] [stdout]    0:     0x5f9907910596 - <<std[70759c8f55707aa4]::sys::backtrace::BacktraceLock>::print::DisplayBacktrace as core[df12db4294e9bfd3]::fmt::Display>::fmt
[INFO] [stdout]    1:     0x5f99078b05ba - core[df12db4294e9bfd3]::fmt::write
[INFO] [stdout]    2:     0x5f9907915fac - <alloc[2182bb758b4b3781]::vec::Vec<u8> as core[df12db4294e9bfd3]::io::write::Write>::write_fmt
[INFO] [stdout]    3:     0x5f99078e6ca2 - std[70759c8f55707aa4]::panicking::default_hook::{closure#0}
[INFO] [stdout]    4:     0x5f9907907831 - std[70759c8f55707aa4]::panicking::default_hook
[INFO] [stdout]    5:     0x5f9907907a12 - std[70759c8f55707aa4]::panicking::panic_with_hook
[INFO] [stdout]    6:     0x5f99078e6d52 - std[70759c8f55707aa4]::panicking::panic_handler::{closure#0}
[INFO] [stdout]    7:     0x5f99078df7d9 - std[70759c8f55707aa4]::sys::backtrace::__rust_end_short_backtrace::<std[70759c8f55707aa4]::panicking::panic_handler::{closure#0}, !>
[INFO] [stdout]    8:     0x5f99078ebf9d - __rustc[8fa7c3cbc660c2b3]::rust_begin_unwind
[INFO] [stdout]    9:     0x5f99078b0cdc - core[df12db4294e9bfd3]::panicking::panic_fmt
[INFO] [stdout]   10:     0x5f99078b0ab2 - core[df12db4294e9bfd3]::result::unwrap_failed
[INFO] [stdout]   11:     0x5f99078927b0 - bdemu[c8750e8d1ed5e43b]::profile::tests::test_scratch_dir
[INFO] [stdout]   12:     0x5f99078ab717 - <bdemu[c8750e8d1ed5e43b]::profile::tests::safe_disc_dir_rejects_missing_target_under_existing_base::{closure#0} as core[df12db4294e9bfd3]::ops::function::FnOnce<()>>::call_once
[INFO] [stdout]   13:     0x5f9907917e9b - test[9d35eded1c95d3be]::__rust_begin_short_backtrace::<core[df12db4294e9bfd3]::result::Result<(), alloc[2182bb758b4b3781]::string::String>, fn() -> core[df12db4294e9bfd3]::result::Result<(), alloc[2182bb758b4b3781]::string::String>>
[INFO] [stdout]   14:     0x5f9907925ff1 - test[9d35eded1c95d3be]::run_test::{closure#0}
[INFO] [stdout]   15:     0x5f990791f704 - std[70759c8f55707aa4]::sys::backtrace::__rust_begin_short_backtrace::<test[9d35eded1c95d3be]::run_test::{closure#1}, ()>
[INFO] [stdout]   16:     0x5f9907929e12 - <std[70759c8f55707aa4]::thread::lifecycle::spawn_unchecked<test[9d35eded1c95d3be]::run_test::{closure#1}, ()>::{closure#1} as core[df12db4294e9bfd3]::ops::function::FnOnce<()>>::call_once::{shim:vtable#0}
[INFO] [stdout]   17:     0x5f990790f3de - <std[70759c8f55707aa4]::sys::thread::unix::Thread>::new::thread_start
[INFO] [stdout]   18:     0x71fb77323dfa - <unknown>
[INFO] [stdout]   19:     0x71fb773b73d4 - clone
[INFO] [stdout]   20:                0x0 - <unknown>
[INFO] [stdout] 
[INFO] [stdout] ---- profile::tests::toml_loader_covers_malformed_entries_and_positive_blob_loads stdout ----
[INFO] [stdout] 
[INFO] [stdout] thread 'profile::tests::toml_loader_covers_malformed_entries_and_positive_blob_loads' (1768) panicked at src/profile_tests.rs:15:35:
[INFO] [stdout] create test scratch dir: Os { code: 30, kind: ReadOnlyFilesystem, message: "Read-only file system" }
[INFO] [stdout] stack backtrace:
[INFO] [stdout]    0:     0x5f9907910596 - <<std[70759c8f55707aa4]::sys::backtrace::BacktraceLock>::print::DisplayBacktrace as core[df12db4294e9bfd3]::fmt::Display>::fmt
[INFO] [stdout]    1:     0x5f99078b05ba - core[df12db4294e9bfd3]::fmt::write
[INFO] [stdout]    2:     0x5f9907915fac - <alloc[2182bb758b4b3781]::vec::Vec<u8> as core[df12db4294e9bfd3]::io::write::Write>::write_fmt
[INFO] [stdout]    3:     0x5f99078e6ca2 - std[70759c8f55707aa4]::panicking::default_hook::{closure#0}
[INFO] [stdout]    4:     0x5f9907907831 - std[70759c8f55707aa4]::panicking::default_hook
[INFO] [stdout]    5:     0x5f9907907a12 - std[70759c8f55707aa4]::panicking::panic_with_hook
[INFO] [stdout]    6:     0x5f99078e6d52 - std[70759c8f55707aa4]::panicking::panic_handler::{closure#0}
[INFO] [stdout]    7:     0x5f99078df7d9 - std[70759c8f55707aa4]::sys::backtrace::__rust_end_short_backtrace::<std[70759c8f55707aa4]::panicking::panic_handler::{closure#0}, !>
[INFO] [stdout]    8:     0x5f99078ebf9d - __rustc[8fa7c3cbc660c2b3]::rust_begin_unwind
[INFO] [stdout]    9:     0x5f99078b0cdc - core[df12db4294e9bfd3]::panicking::panic_fmt
[INFO] [stdout]   10:     0x5f99078b0ab2 - core[df12db4294e9bfd3]::result::unwrap_failed
[INFO] [stdout]   11:     0x5f99078927b0 - bdemu[c8750e8d1ed5e43b]::profile::tests::test_scratch_dir
[INFO] [stdout]   12:     0x5f99078ab87a - <bdemu[c8750e8d1ed5e43b]::profile::tests::toml_loader_covers_malformed_entries_and_positive_blob_loads::{closure#0} as core[df12db4294e9bfd3]::ops::function::FnOnce<()>>::call_once
[INFO] [stdout]   13:     0x5f9907917e9b - test[9d35eded1c95d3be]::__rust_begin_short_backtrace::<core[df12db4294e9bfd3]::result::Result<(), alloc[2182bb758b4b3781]::string::String>, fn() -> core[df12db4294e9bfd3]::result::Result<(), alloc[2182bb758b4b3781]::string::String>>
[INFO] [stdout]   14:     0x5f9907925ff1 - test[9d35eded1c95d3be]::run_test::{closure#0}
[INFO] [stdout]   15:     0x5f990791f704 - std[70759c8f55707aa4]::sys::backtrace::__rust_begin_short_backtrace::<test[9d35eded1c95d3be]::run_test::{closure#1}, ()>
[INFO] [stdout]   16:     0x5f9907929e12 - <std[70759c8f55707aa4]::thread::lifecycle::spawn_unchecked<test[9d35eded1c95d3be]::run_test::{closure#1}, ()>::{closure#1} as core[df12db4294e9bfd3]::ops::function::FnOnce<()>>::call_once::{shim:vtable#0}
[INFO] [stdout]   17:     0x5f990790f3de - <std[70759c8f55707aa4]::sys::thread::unix::Thread>::new::thread_start
[INFO] [stdout]   18:     0x71fb77323dfa - <unknown>
[INFO] [stdout]   19:     0x71fb773b73d4 - clone
[INFO] [stdout]   20:                0x0 - <unknown>
[INFO] [stdout] 
[INFO] [stdout] ---- profile::tests::unreadable_blob_is_reported_while_absent_blob_is_silent stdout ----
[INFO] [stdout] 
[INFO] [stdout] thread 'profile::tests::unreadable_blob_is_reported_while_absent_blob_is_silent' (1771) panicked at src/profile_tests.rs:15:35:
[INFO] [stdout] create test scratch dir: Os { code: 30, kind: ReadOnlyFilesystem, message: "Read-only file system" }
[INFO] [stdout] stack backtrace:
[INFO] [stdout]    0:     0x5f9907910596 - <<std[70759c8f55707aa4]::sys::backtrace::BacktraceLock>::print::DisplayBacktrace as core[df12db4294e9bfd3]::fmt::Display>::fmt
[INFO] [stdout]    1:     0x5f99078b05ba - core[df12db4294e9bfd3]::fmt::write
[INFO] [stdout]    2:     0x5f9907915fac - <alloc[2182bb758b4b3781]::vec::Vec<u8> as core[df12db4294e9bfd3]::io::write::Write>::write_fmt
[INFO] [stdout]    3:     0x5f99078e6ca2 - std[70759c8f55707aa4]::panicking::default_hook::{closure#0}
[INFO] [stdout]    4:     0x5f9907907831 - std[70759c8f55707aa4]::panicking::default_hook
[INFO] [stdout]    5:     0x5f9907907a12 - std[70759c8f55707aa4]::panicking::panic_with_hook
[INFO] [stdout]    6:     0x5f99078e6d52 - std[70759c8f55707aa4]::panicking::panic_handler::{closure#0}
[INFO] [stdout]    7:     0x5f99078df7d9 - std[70759c8f55707aa4]::sys::backtrace::__rust_end_short_backtrace::<std[70759c8f55707aa4]::panicking::panic_handler::{closure#0}, !>
[INFO] [stdout]    8:     0x5f99078ebf9d - __rustc[8fa7c3cbc660c2b3]::rust_begin_unwind
[INFO] [stdout]    9:     0x5f99078b0cdc - core[df12db4294e9bfd3]::panicking::panic_fmt
[INFO] [stdout]   10:     0x5f99078b0ab2 - core[df12db4294e9bfd3]::result::unwrap_failed
[INFO] [stdout]   11:     0x5f99078927b0 - bdemu[c8750e8d1ed5e43b]::profile::tests::test_scratch_dir
[INFO] [stdout]   12:     0x5f99078aa9da - <bdemu[c8750e8d1ed5e43b]::profile::tests::unreadable_blob_is_reported_while_absent_blob_is_silent::{closure#0} as core[df12db4294e9bfd3]::ops::function::FnOnce<()>>::call_once
[INFO] [stdout]   13:     0x5f9907917e9b - test[9d35eded1c95d3be]::__rust_begin_short_backtrace::<core[df12db4294e9bfd3]::result::Result<(), alloc[2182bb758b4b3781]::string::String>, fn() -> core[df12db4294e9bfd3]::result::Result<(), alloc[2182bb758b4b3781]::string::String>>
[INFO] [stdout]   14:     0x5f9907925ff1 - test[9d35eded1c95d3be]::run_test::{closure#0}
[INFO] [stdout]   15:     0x5f990791f704 - std[70759c8f55707aa4]::sys::backtrace::__rust_begin_short_backtrace::<test[9d35eded1c95d3be]::run_test::{closure#1}, ()>
[INFO] [stdout]   16:     0x5f9907929e12 - <std[70759c8f55707aa4]::thread::lifecycle::spawn_unchecked<test[9d35eded1c95d3be]::run_test::{closure#1}, ()>::{closure#1} as core[df12db4294e9bfd3]::ops::function::FnOnce<()>>::call_once::{shim:vtable#0}
[INFO] [stdout]   17:     0x5f990790f3de - <std[70759c8f55707aa4]::sys::thread::unix::Thread>::new::thread_start
[INFO] [stdout]   18:     0x71fb77323dfa - <unknown>
[INFO] [stdout]   19:     0x71fb773b73d4 - clone
[INFO] [stdout]   20:                0x0 - <unknown>
[INFO] [stdout] 
[INFO] [stdout] ---- profile::tests::load_rejects_unknown_format stdout ----
[INFO] [stdout] 
[INFO] [stdout] thread 'profile::tests::load_rejects_unknown_format' (1755) panicked at src/profile_tests.rs:15:35:
[INFO] [stdout] create test scratch dir: Os { code: 30, kind: ReadOnlyFilesystem, message: "Read-only file system" }
[INFO] [stdout] stack backtrace:
[INFO] [stdout]    0:     0x5f9907910596 - <<std[70759c8f55707aa4]::sys::backtrace::BacktraceLock>::print::DisplayBacktrace as core[df12db4294e9bfd3]::fmt::Display>::fmt
[INFO] [stdout]    1:     0x5f99078b05ba - core[df12db4294e9bfd3]::fmt::write
[INFO] [stdout]    2:     0x5f9907915fac - <alloc[2182bb758b4b3781]::vec::Vec<u8> as core[df12db4294e9bfd3]::io::write::Write>::write_fmt
[INFO] [stdout]    3:     0x5f99078e6ca2 - std[70759c8f55707aa4]::panicking::default_hook::{closure#0}
[INFO] [stdout]    4:     0x5f9907907831 - std[70759c8f55707aa4]::panicking::default_hook
[INFO] [stdout]    5:     0x5f9907907a12 - std[70759c8f55707aa4]::panicking::panic_with_hook
[INFO] [stdout]    6:     0x5f99078e6d52 - std[70759c8f55707aa4]::panicking::panic_handler::{closure#0}
[INFO] [stdout]    7:     0x5f99078df7d9 - std[70759c8f55707aa4]::sys::backtrace::__rust_end_short_backtrace::<std[70759c8f55707aa4]::panicking::panic_handler::{closure#0}, !>
[INFO] [stdout]    8:     0x5f99078ebf9d - __rustc[8fa7c3cbc660c2b3]::rust_begin_unwind
[INFO] [stdout]    9:     0x5f99078b0cdc - core[df12db4294e9bfd3]::panicking::panic_fmt
[INFO] [stdout]   10:     0x5f99078b0ab2 - core[df12db4294e9bfd3]::result::unwrap_failed
[INFO] [stdout]   11:     0x5f99078927b0 - bdemu[c8750e8d1ed5e43b]::profile::tests::test_scratch_dir
[INFO] [stdout]   12:     0x5f99078a7f29 - <bdemu[c8750e8d1ed5e43b]::profile::tests::load_rejects_unknown_format::{closure#0} as core[df12db4294e9bfd3]::ops::function::FnOnce<()>>::call_once
[INFO] [stdout]   13:     0x5f9907917e9b - test[9d35eded1c95d3be]::__rust_begin_short_backtrace::<core[df12db4294e9bfd3]::result::Result<(), alloc[2182bb758b4b3781]::string::String>, fn() -> core[df12db4294e9bfd3]::result::Result<(), alloc[2182bb758b4b3781]::string::String>>
[INFO] [stdout]   14:     0x5f9907925ff1 - test[9d35eded1c95d3be]::run_test::{closure#0}
[INFO] [stdout]   15:     0x5f990791f704 - std[70759c8f55707aa4]::sys::backtrace::__rust_begin_short_backtrace::<test[9d35eded1c95d3be]::run_test::{closure#1}, ()>
[INFO] [stdout]   16:     0x5f9907929e12 - <std[70759c8f55707aa4]::thread::lifecycle::spawn_unchecked<test[9d35eded1c95d3be]::run_test::{closure#1}, ()>::{closure#1} as core[df12db4294e9bfd3]::ops::function::FnOnce<()>>::call_once::{shim:vtable#0}
[INFO] [stdout]   17:     0x5f990790f3de - <std[70759c8f55707aa4]::sys::thread::unix::Thread>::new::thread_start
[INFO] [stdout]   18:     0x71fb77323dfa - <unknown>
[INFO] [stdout]   19:     0x71fb773b73d4 - clone
[INFO] [stdout]   20:                0x0 - <unknown>
[INFO] [stdout] 
[INFO] [stdout] ---- control::tests::load_then_eject_round_trip stdout ----
[INFO] [stdout] 
[INFO] [stdout] thread 'control::tests::load_then_eject_round_trip' (1735) panicked at src/control_tests.rs:142:35:
[INFO] [stdout] create test scratch dir: Os { code: 30, kind: ReadOnlyFilesystem, message: "Read-only file system" }
[INFO] [stdout] stack backtrace:
[INFO] [stdout]    0:     0x5f9907910596 - <<std[70759c8f55707aa4]::sys::backtrace::BacktraceLock>::print::DisplayBacktrace as core[df12db4294e9bfd3]::fmt::Display>::fmt
[INFO] [stdout]    1:     0x5f99078b05ba - core[df12db4294e9bfd3]::fmt::write
[INFO] [stdout]    2:     0x5f9907915fac - <alloc[2182bb758b4b3781]::vec::Vec<u8> as core[df12db4294e9bfd3]::io::write::Write>::write_fmt
[INFO] [stdout]    3:     0x5f99078e6ca2 - std[70759c8f55707aa4]::panicking::default_hook::{closure#0}
[INFO] [stdout]    4:     0x5f9907907831 - std[70759c8f55707aa4]::panicking::default_hook
[INFO] [stdout]    5:     0x5f9907907a12 - std[70759c8f55707aa4]::panicking::panic_with_hook
[INFO] [stdout]    6:     0x5f99078e6d52 - std[70759c8f55707aa4]::panicking::panic_handler::{closure#0}
[INFO] [stdout]    7:     0x5f99078df7d9 - std[70759c8f55707aa4]::sys::backtrace::__rust_end_short_backtrace::<std[70759c8f55707aa4]::panicking::panic_handler::{closure#0}, !>
[INFO] [stdout]    8:     0x5f99078ebf9d - __rustc[8fa7c3cbc660c2b3]::rust_begin_unwind
[INFO] [stdout]    9:     0x5f99078b0cdc - core[df12db4294e9bfd3]::panicking::panic_fmt
[INFO] [stdout]   10:     0x5f99078b0ab2 - core[df12db4294e9bfd3]::result::unwrap_failed
[INFO] [stdout]   11:     0x5f9907890fe0 - bdemu[c8750e8d1ed5e43b]::control::tests::test_scratch_dir
[INFO] [stdout]   12:     0x5f99078a3224 - <bdemu[c8750e8d1ed5e43b]::control::tests::load_then_eject_round_trip::{closure#0} as core[df12db4294e9bfd3]::ops::function::FnOnce<()>>::call_once
[INFO] [stdout]   13:     0x5f9907917e9b - test[9d35eded1c95d3be]::__rust_begin_short_backtrace::<core[df12db4294e9bfd3]::result::Result<(), alloc[2182bb758b4b3781]::string::String>, fn() -> core[df12db4294e9bfd3]::result::Result<(), alloc[2182bb758b4b3781]::string::String>>
[INFO] [stdout]   14:     0x5f9907925ff1 - test[9d35eded1c95d3be]::run_test::{closure#0}
[INFO] [stdout]   15:     0x5f990791f704 - std[70759c8f55707aa4]::sys::backtrace::__rust_begin_short_backtrace::<test[9d35eded1c95d3be]::run_test::{closure#1}, ()>
[INFO] [stdout]   16:     0x5f9907929e12 - <std[70759c8f55707aa4]::thread::lifecycle::spawn_unchecked<test[9d35eded1c95d3be]::run_test::{closure#1}, ()>::{closure#1} as core[df12db4294e9bfd3]::ops::function::FnOnce<()>>::call_once::{shim:vtable#0}
[INFO] [stdout]   17:     0x5f990790f3de - <std[70759c8f55707aa4]::sys::thread::unix::Thread>::new::thread_start
[INFO] [stdout]   18:     0x71fb77323dfa - <unknown>
[INFO] [stdout]   19:     0x71fb773b73d4 - clone
[INFO] [stdout]   20:                0x0 - <unknown>
[INFO] [stdout] 
[INFO] [stdout] ---- control::tests::a_stale_control_socket_is_reclaimed stdout ----
[INFO] [stdout] 
[INFO] [stdout] thread 'control::tests::a_stale_control_socket_is_reclaimed' (1728) panicked at src/control_tests.rs:142:35:
[INFO] [stdout] create test scratch dir: Os { code: 30, kind: ReadOnlyFilesystem, message: "Read-only file system" }
[INFO] [stdout] stack backtrace:
[INFO] [stdout]    0:     0x5f9907910596 - <<std[70759c8f55707aa4]::sys::backtrace::BacktraceLock>::print::DisplayBacktrace as core[df12db4294e9bfd3]::fmt::Display>::fmt
[INFO] [stdout]    1:     0x5f99078b05ba - core[df12db4294e9bfd3]::fmt::write
[INFO] [stdout]    2:     0x5f9907915fac - <alloc[2182bb758b4b3781]::vec::Vec<u8> as core[df12db4294e9bfd3]::io::write::Write>::write_fmt
[INFO] [stdout]    3:     0x5f99078e6ca2 - std[70759c8f55707aa4]::panicking::default_hook::{closure#0}
[INFO] [stdout]    4:     0x5f9907907831 - std[70759c8f55707aa4]::panicking::default_hook
[INFO] [stdout]    5:     0x5f9907907a12 - std[70759c8f55707aa4]::panicking::panic_with_hook
[INFO] [stdout]    6:     0x5f99078e6d52 - std[70759c8f55707aa4]::panicking::panic_handler::{closure#0}
[INFO] [stdout]    7:     0x5f99078df7d9 - std[70759c8f55707aa4]::sys::backtrace::__rust_end_short_backtrace::<std[70759c8f55707aa4]::panicking::panic_handler::{closure#0}, !>
[INFO] [stdout]    8:     0x5f99078ebf9d - __rustc[8fa7c3cbc660c2b3]::rust_begin_unwind
[INFO] [stdout]    9:     0x5f99078b0cdc - core[df12db4294e9bfd3]::panicking::panic_fmt
[INFO] [stdout]   10:     0x5f99078b0ab2 - core[df12db4294e9bfd3]::result::unwrap_failed
[INFO] [stdout]   11:     0x5f9907890fe0 - bdemu[c8750e8d1ed5e43b]::control::tests::test_scratch_dir
[INFO] [stdout]   12:     0x5f99078a4c69 - <bdemu[c8750e8d1ed5e43b]::control::tests::a_stale_control_socket_is_reclaimed::{closure#0} as core[df12db4294e9bfd3]::ops::function::FnOnce<()>>::call_once
[INFO] [stdout]   13:     0x5f9907917e9b - test[9d35eded1c95d3be]::__rust_begin_short_backtrace::<core[df12db4294e9bfd3]::result::Result<(), alloc[2182bb758b4b3781]::string::String>, fn() -> core[df12db4294e9bfd3]::result::Result<(), alloc[2182bb758b4b3781]::string::String>>
[INFO] [stdout]   14:     0x5f9907925ff1 - test[9d35eded1c95d3be]::run_test::{closure#0}
[INFO] [stdout]   15:     0x5f990791f704 - std[70759c8f55707aa4]::sys::backtrace::__rust_begin_short_backtrace::<test[9d35eded1c95d3be]::run_test::{closure#1}, ()>
[INFO] [stdout]   16:     0x5f9907929e12 - <std[70759c8f55707aa4]::thread::lifecycle::spawn_unchecked<test[9d35eded1c95d3be]::run_test::{closure#1}, ()>::{closure#1} as core[df12db4294e9bfd3]::ops::function::FnOnce<()>>::call_once::{shim:vtable#0}
[INFO] [stdout]   17:     0x5f990790f3de - <std[70759c8f55707aa4]::sys::thread::unix::Thread>::new::thread_start
[INFO] [stdout]   18:     0x71fb77323dfa - <unknown>
[INFO] [stdout]   19:     0x71fb773b73d4 - clone
[INFO] [stdout]   20:                0x0 - <unknown>
[INFO] [stdout] 
[INFO] [stdout] ---- profile::tests::blob_filenames_cannot_escape_the_profile_directory stdout ----
[INFO] [stdout] 
[INFO] [stdout] thread 'profile::tests::blob_filenames_cannot_escape_the_profile_directory' (1744) panicked at src/profile_tests.rs:15:35:
[INFO] [stdout] create test scratch dir: Os { code: 30, kind: ReadOnlyFilesystem, message: "Read-only file system" }
[INFO] [stdout] stack backtrace:
[INFO] [stdout]    0:     0x5f9907910596 - <<std[70759c8f55707aa4]::sys::backtrace::BacktraceLock>::print::DisplayBacktrace as core[df12db4294e9bfd3]::fmt::Display>::fmt
[INFO] [stdout]    1:     0x5f99078b05ba - core[df12db4294e9bfd3]::fmt::write
[INFO] [stdout]    2:     0x5f9907915fac - <alloc[2182bb758b4b3781]::vec::Vec<u8> as core[df12db4294e9bfd3]::io::write::Write>::write_fmt
[INFO] [stdout]    3:     0x5f99078e6ca2 - std[70759c8f55707aa4]::panicking::default_hook::{closure#0}
[INFO] [stdout]    4:     0x5f9907907831 - std[70759c8f55707aa4]::panicking::default_hook
[INFO] [stdout]    5:     0x5f9907907a12 - std[70759c8f55707aa4]::panicking::panic_with_hook
[INFO] [stdout]    6:     0x5f99078e6d52 - std[70759c8f55707aa4]::panicking::panic_handler::{closure#0}
[INFO] [stdout]    7:     0x5f99078df7d9 - std[70759c8f55707aa4]::sys::backtrace::__rust_end_short_backtrace::<std[70759c8f55707aa4]::panicking::panic_handler::{closure#0}, !>
[INFO] [stdout]    8:     0x5f99078ebf9d - __rustc[8fa7c3cbc660c2b3]::rust_begin_unwind
[INFO] [stdout]    9:     0x5f99078b0cdc - core[df12db4294e9bfd3]::panicking::panic_fmt
[INFO] [stdout]   10:     0x5f99078b0ab2 - core[df12db4294e9bfd3]::result::unwrap_failed
[INFO] [stdout]   11:     0x5f99078927b0 - bdemu[c8750e8d1ed5e43b]::profile::tests::test_scratch_dir
[INFO] [stdout]   12:     0x5f99078aa32b - <bdemu[c8750e8d1ed5e43b]::profile::tests::blob_filenames_cannot_escape_the_profile_directory::{closure#0} as core[df12db4294e9bfd3]::ops::function::FnOnce<()>>::call_once
[INFO] [stdout]   13:     0x5f9907917e9b - test[9d35eded1c95d3be]::__rust_begin_short_backtrace::<core[df12db4294e9bfd3]::result::Result<(), alloc[2182bb758b4b3781]::string::String>, fn() -> core[df12db4294e9bfd3]::result::Result<(), alloc[2182bb758b4b3781]::string::String>>
[INFO] [stdout]   14:     0x5f9907925ff1 - test[9d35eded1c95d3be]::run_test::{closure#0}
[INFO] [stdout]   15:     0x5f990791f704 - std[70759c8f55707aa4]::sys::backtrace::__rust_begin_short_backtrace::<test[9d35eded1c95d3be]::run_test::{closure#1}, ()>
[INFO] [stdout]   16:     0x5f9907929e12 - <std[70759c8f55707aa4]::thread::lifecycle::spawn_unchecked<test[9d35eded1c95d3be]::run_test::{closure#1}, ()>::{closure#1} as core[df12db4294e9bfd3]::ops::function::FnOnce<()>>::call_once::{shim:vtable#0}
[INFO] [stdout]   17:     0x5f990790f3de - <std[70759c8f55707aa4]::sys::thread::unix::Thread>::new::thread_start
[INFO] [stdout]   18:     0x71fb77323dfa - <unknown>
[INFO] [stdout]   19:     0x71fb773b73d4 - clone
[INFO] [stdout]   20:                0x0 - <unknown>
[INFO] [stdout] 
[INFO] [stdout] ---- control::tests::list_discs_marks_the_currently_loaded_disc stdout ----
[INFO] [stdout] 
[INFO] [stdout] thread 'control::tests::list_discs_marks_the_currently_loaded_disc' (1733) panicked at src/control_tests.rs:142:35:
[INFO] [stdout] create test scratch dir: Os { code: 30, kind: ReadOnlyFilesystem, message: "Read-only file system" }
[INFO] [stdout] stack backtrace:
[INFO] [stdout]    0:     0x5f9907910596 - <<std[70759c8f55707aa4]::sys::backtrace::BacktraceLock>::print::DisplayBacktrace as core[df12db4294e9bfd3]::fmt::Display>::fmt
[INFO] [stdout]    1:     0x5f99078b05ba - core[df12db4294e9bfd3]::fmt::write
[INFO] [stdout]    2:     0x5f9907915fac - <alloc[2182bb758b4b3781]::vec::Vec<u8> as core[df12db4294e9bfd3]::io::write::Write>::write_fmt
[INFO] [stdout]    3:     0x5f99078e6ca2 - std[70759c8f55707aa4]::panicking::default_hook::{closure#0}
[INFO] [stdout]    4:     0x5f9907907831 - std[70759c8f55707aa4]::panicking::default_hook
[INFO] [stdout]    5:     0x5f9907907a12 - std[70759c8f55707aa4]::panicking::panic_with_hook
[INFO] [stdout]    6:     0x5f99078e6d52 - std[70759c8f55707aa4]::panicking::panic_handler::{closure#0}
[INFO] [stdout]    7:     0x5f99078df7d9 - std[70759c8f55707aa4]::sys::backtrace::__rust_end_short_backtrace::<std[70759c8f55707aa4]::panicking::panic_handler::{closure#0}, !>
[INFO] [stdout]    8:     0x5f99078ebf9d - __rustc[8fa7c3cbc660c2b3]::rust_begin_unwind
[INFO] [stdout]    9:     0x5f99078b0cdc - core[df12db4294e9bfd3]::panicking::panic_fmt
[INFO] [stdout]   10:     0x5f99078b0ab2 - core[df12db4294e9bfd3]::result::unwrap_failed
[INFO] [stdout]   11:     0x5f9907890fe0 - bdemu[c8750e8d1ed5e43b]::control::tests::test_scratch_dir
[INFO] [stdout]   12:     0x5f99078a57fc - <bdemu[c8750e8d1ed5e43b]::control::tests::list_discs_marks_the_currently_loaded_disc::{closure#0} as core[df12db4294e9bfd3]::ops::function::FnOnce<()>>::call_once
[INFO] [stdout]   13:     0x5f9907917e9b - test[9d35eded1c95d3be]::__rust_begin_short_backtrace::<core[df12db4294e9bfd3]::result::Result<(), alloc[2182bb758b4b3781]::string::String>, fn() -> core[df12db4294e9bfd3]::result::Result<(), alloc[2182bb758b4b3781]::string::String>>
[INFO] [stdout]   14:     0x5f9907925ff1 - test[9d35eded1c95d3be]::run_test::{closure#0}
[INFO] [stdout]   15:     0x5f990791f704 - std[70759c8f55707aa4]::sys::backtrace::__rust_begin_short_backtrace::<test[9d35eded1c95d3be]::run_test::{closure#1}, ()>
[INFO] [stdout]   16:     0x5f9907929e12 - <std[70759c8f55707aa4]::thread::lifecycle::spawn_unchecked<test[9d35eded1c95d3be]::run_test::{closure#1}, ()>::{closure#1} as core[df12db4294e9bfd3]::ops::function::FnOnce<()>>::call_once::{shim:vtable#0}
[INFO] [stdout]   17:     0x5f990790f3de - <std[70759c8f55707aa4]::sys::thread::unix::Thread>::new::thread_start
[INFO] [stdout]   18:     0x71fb77323dfa - <unknown>
[INFO] [stdout]   19:     0x71fb773b73d4 - clone
[INFO] [stdout]   20:                0x0 - <unknown>
[INFO] [stdout] 
[INFO] [stdout] ---- profile::tests::json_invalid_feature_code_is_skipped_not_coerced_to_zero stdout ----
[INFO] [stdout] 
[INFO] [stdout] thread 'profile::tests::json_invalid_feature_code_is_skipped_not_coerced_to_zero' (1748) panicked at src/profile_tests.rs:15:35:
[INFO] [stdout] create test scratch dir: Os { code: 30, kind: ReadOnlyFilesystem, message: "Read-only file system" }
[INFO] [stdout] stack backtrace:
[INFO] [stdout]    0:     0x5f9907910596 - <<std[70759c8f55707aa4]::sys::backtrace::BacktraceLock>::print::DisplayBacktrace as core[df12db4294e9bfd3]::fmt::Display>::fmt
[INFO] [stdout]    1:     0x5f99078b05ba - core[df12db4294e9bfd3]::fmt::write
[INFO] [stdout]    2:     0x5f9907915fac - <alloc[2182bb758b4b3781]::vec::Vec<u8> as core[df12db4294e9bfd3]::io::write::Write>::write_fmt
[INFO] [stdout]    3:     0x5f99078e6ca2 - std[70759c8f55707aa4]::panicking::default_hook::{closure#0}
[INFO] [stdout]    4:     0x5f9907907831 - std[70759c8f55707aa4]::panicking::default_hook
[INFO] [stdout]    5:     0x5f9907907a12 - std[70759c8f55707aa4]::panicking::panic_with_hook
[INFO] [stdout]    6:     0x5f99078e6d52 - std[70759c8f55707aa4]::panicking::panic_handler::{closure#0}
[INFO] [stdout]    7:     0x5f99078df7d9 - std[70759c8f55707aa4]::sys::backtrace::__rust_end_short_backtrace::<std[70759c8f55707aa4]::panicking::panic_handler::{closure#0}, !>
[INFO] [stdout]    8:     0x5f99078ebf9d - __rustc[8fa7c3cbc660c2b3]::rust_begin_unwind
[INFO] [stdout]    9:     0x5f99078b0cdc - core[df12db4294e9bfd3]::panicking::panic_fmt
[INFO] [stdout]   10:     0x5f99078b0ab2 - core[df12db4294e9bfd3]::result::unwrap_failed
[INFO] [stdout]   11:     0x5f99078927b0 - bdemu[c8750e8d1ed5e43b]::profile::tests::test_scratch_dir
[INFO] [stdout]   12:     0x5f99078ab06f - <bdemu[c8750e8d1ed5e43b]::profile::tests::json_invalid_feature_code_is_skipped_not_coerced_to_zero::{closure#0} as core[df12db4294e9bfd3]::ops::function::FnOnce<()>>::call_once
[INFO] [stdout]   13:     0x5f9907917e9b - test[9d35eded1c95d3be]::__rust_begin_short_backtrace::<core[df12db4294e9bfd3]::result::Result<(), alloc[2182bb758b4b3781]::string::String>, fn() -> core[df12db4294e9bfd3]::result::Result<(), alloc[2182bb758b4b3781]::string::String>>
[INFO] [stdout]   14:     0x5f9907925ff1 - test[9d35eded1c95d3be]::run_test::{closure#0}
[INFO] [stdout]   15:     0x5f990791f704 - std[70759c8f55707aa4]::sys::backtrace::__rust_begin_short_backtrace::<test[9d35eded1c95d3be]::run_test::{closure#1}, ()>
[INFO] [stdout]   16:     0x5f9907929e12 - <std[70759c8f55707aa4]::thread::lifecycle::spawn_unchecked<test[9d35eded1c95d3be]::run_test::{closure#1}, ()>::{closure#1} as core[df12db4294e9bfd3]::ops::function::FnOnce<()>>::call_once::{shim:vtable#0}
[INFO] [stdout]   17:     0x5f990790f3de - <std[70759c8f55707aa4]::sys::thread::unix::Thread>::new::thread_start
[INFO] [stdout]   18:     0x71fb77323dfa - <unknown>
[INFO] [stdout]   19:     0x71fb773b73d4 - clone
[INFO] [stdout]   20:                0x0 - <unknown>
[INFO] [stdout] 
[INFO] [stdout] ---- profile::tests::json_loader_covers_read_buffer_and_optional_blobs stdout ----
[INFO] [stdout] 
[INFO] [stdout] thread 'profile::tests::json_loader_covers_read_buffer_and_optional_blobs' (1749) panicked at src/profile_tests.rs:15:35:
[INFO] [stdout] create test scratch dir: Os { code: 30, kind: ReadOnlyFilesystem, message: "Read-only file system" }
[INFO] [stdout] stack backtrace:
[INFO] [stdout]    0:     0x5f9907910596 - <<std[70759c8f55707aa4]::sys::backtrace::BacktraceLock>::print::DisplayBacktrace as core[df12db4294e9bfd3]::fmt::Display>::fmt
[INFO] [stdout]    1:     0x5f99078b05ba - core[df12db4294e9bfd3]::fmt::write
[INFO] [stdout]    2:     0x5f9907915fac - <alloc[2182bb758b4b3781]::vec::Vec<u8> as core[df12db4294e9bfd3]::io::write::Write>::write_fmt
[INFO] [stdout]    3:     0x5f99078e6ca2 - std[70759c8f55707aa4]::panicking::default_hook::{closure#0}
[INFO] [stdout]    4:     0x5f9907907831 - std[70759c8f55707aa4]::panicking::default_hook
[INFO] [stdout]    5:     0x5f9907907a12 - std[70759c8f55707aa4]::panicking::panic_with_hook
[INFO] [stdout]    6:     0x5f99078e6d52 - std[70759c8f55707aa4]::panicking::panic_handler::{closure#0}
[INFO] [stdout]    7:     0x5f99078df7d9 - std[70759c8f55707aa4]::sys::backtrace::__rust_end_short_backtrace::<std[70759c8f55707aa4]::panicking::panic_handler::{closure#0}, !>
[INFO] [stdout]    8:     0x5f99078ebf9d - __rustc[8fa7c3cbc660c2b3]::rust_begin_unwind
[INFO] [stdout]    9:     0x5f99078b0cdc - core[df12db4294e9bfd3]::panicking::panic_fmt
[INFO] [stdout]   10:     0x5f99078b0ab2 - core[df12db4294e9bfd3]::result::unwrap_failed
[INFO] [stdout]   11:     0x5f99078927b0 - bdemu[c8750e8d1ed5e43b]::profile::tests::test_scratch_dir
[INFO] [stdout]   12:     0x5f99078a9aad - <bdemu[c8750e8d1ed5e43b]::profile::tests::json_loader_covers_read_buffer_and_optional_blobs::{closure#0} as core[df12db4294e9bfd3]::ops::function::FnOnce<()>>::call_once
[INFO] [stdout]   13:     0x5f9907917e9b - test[9d35eded1c95d3be]::__rust_begin_short_backtrace::<core[df12db4294e9bfd3]::result::Result<(), alloc[2182bb758b4b3781]::string::String>, fn() -> core[df12db4294e9bfd3]::result::Result<(), alloc[2182bb758b4b3781]::string::String>>
[INFO] [stdout]   14:     0x5f9907925ff1 - test[9d35eded1c95d3be]::run_test::{closure#0}
[INFO] [stdout]   15:     0x5f990791f704 - std[70759c8f55707aa4]::sys::backtrace::__rust_begin_short_backtrace::<test[9d35eded1c95d3be]::run_test::{closure#1}, ()>
[INFO] [stdout]   16:     0x5f9907929e12 - <std[70759c8f55707aa4]::thread::lifecycle::spawn_unchecked<test[9d35eded1c95d3be]::run_test::{closure#1}, ()>::{closure#1} as core[df12db4294e9bfd3]::ops::function::FnOnce<()>>::call_once::{shim:vtable#0}
[INFO] [stdout]   17:     0x5f990790f3de - <std[70759c8f55707aa4]::sys::thread::unix::Thread>::new::thread_start
[INFO] [stdout]   18:     0x71fb77323dfa - <unknown>
[INFO] [stdout]   19:     0x71fb773b73d4 - clone
[INFO] [stdout]   20:                0x0 - <unknown>
[INFO] [stdout] 
[INFO] [stdout] 
[INFO] [stdout] failures:
[INFO] [stdout]     control::tests::a_live_control_socket_is_never_stolen
[INFO] [stdout]     control::tests::a_stale_control_socket_is_reclaimed
[INFO] [stdout]     control::tests::list_discs_marks_the_currently_loaded_disc
[INFO] [stdout]     control::tests::list_discs_sanitises_hostile_directory_names
[INFO] [stdout]     control::tests::load_then_eject_round_trip
[INFO] [stdout]     control::tests::start_listener_disabled_when_path_already_has_a_live_peer
[INFO] [stdout]     profile::tests::blob_filenames_cannot_escape_the_profile_directory
[INFO] [stdout]     profile::tests::json_invalid_feature_code_is_skipped_not_coerced_to_zero
[INFO] [stdout]     profile::tests::json_loader_covers_read_buffer_and_optional_blobs
[INFO] [stdout]     profile::tests::load_disc_picks_up_disc_structure_files
[INFO] [stdout]     profile::tests::load_rejects_unknown_format
[INFO] [stdout]     profile::tests::oversized_blob_is_rejected
[INFO] [stdout]     profile::tests::profile_loads_with_every_blob_missing
[INFO] [stdout]     profile::tests::read_bin_wrapper_logs_and_returns_empty_on_error
[INFO] [stdout]     profile::tests::safe_disc_dir_accepts_existing_plain_component
[INFO] [stdout]     profile::tests::safe_disc_dir_rejects_missing_target_under_existing_base
[INFO] [stdout]     profile::tests::toml_loader_covers_malformed_entries_and_positive_blob_loads
[INFO] [stdout]     profile::tests::unreadable_blob_is_reported_while_absent_blob_is_silent
[INFO] [stdout] 
[INFO] [stdout] test result: FAILED. 97 passed; 18 failed; 0 ignored; 0 measured; 0 filtered out; finished in 0.24s
[INFO] [stdout] 
[INFO] [stderr] error: test failed, to rerun pass `--lib`
[INFO] running `Command { std: "docker" "inspect" "e3636e70731e1abd7af3079b2bde9f44fad00c78679511587b98d835f628d51f", kill_on_drop: false }`
[INFO] running `Command { std: "docker" "rm" "-f" "e3636e70731e1abd7af3079b2bde9f44fad00c78679511587b98d835f628d51f", kill_on_drop: false }`
[INFO] [stdout] e3636e70731e1abd7af3079b2bde9f44fad00c78679511587b98d835f628d51f
