[INFO] cloning repository https://github.com/freelon/advent-of-rust-2024
[INFO] running `Command { std: "git" "-c" "credential.helper=" "-c" "credential.helper=/workspace/cargo-home/bin/git-credential-null" "clone" "--bare" "https://github.com/freelon/advent-of-rust-2024" "/workspace/cache/git-repos/https%3A%2F%2Fgithub.com%2Ffreelon%2Fadvent-of-rust-2024", kill_on_drop: false }`
[INFO] [stderr] Cloning into bare repository '/workspace/cache/git-repos/https%3A%2F%2Fgithub.com%2Ffreelon%2Fadvent-of-rust-2024'...
[INFO] running `Command { std: "git" "rev-parse" "HEAD", kill_on_drop: false }`
[INFO] [stdout] 85de6b153930f12adc4582e121b4ff7a96e5562d
[INFO] testing freelon/advent-of-rust-2024 against 1.99.0-beta.8+cargoflags=--release for beta-release-1.100-2
[INFO] running `Command { std: "git" "clone" "/workspace/cache/git-repos/https%3A%2F%2Fgithub.com%2Ffreelon%2Fadvent-of-rust-2024" "/workspace/builds/worker-5-tc1/source", kill_on_drop: false }`
[INFO] [stderr] Cloning into '/workspace/builds/worker-5-tc1/source'...
[INFO] [stderr] done.
[INFO] started tweaking git repo https://github.com/freelon/advent-of-rust-2024
[INFO] finished tweaking git repo https://github.com/freelon/advent-of-rust-2024
[INFO] tweaked toml for git repo https://github.com/freelon/advent-of-rust-2024 written to /workspace/builds/worker-5-tc1/source/Cargo.toml
[INFO] validating manifest of git repo https://github.com/freelon/advent-of-rust-2024 on toolchain 1.99.0-beta.8
[INFO] running `Command { std: CARGO_HOME="/workspace/cargo-home" RUSTUP_HOME="/workspace/rustup-home" "/workspace/cargo-home/bin/cargo" "+1.99.0-beta.8" "metadata" "--manifest-path" "Cargo.toml" "--no-deps", kill_on_drop: false }`
[INFO] crate git repo https://github.com/freelon/advent-of-rust-2024 already has a lockfile, it will not be regenerated
[INFO] running `Command { std: CARGO_HOME="/workspace/cargo-home" RUSTUP_HOME="/workspace/rustup-home" "/workspace/cargo-home/bin/cargo" "+1.99.0-beta.8" "fetch" "--manifest-path" "Cargo.toml", kill_on_drop: false }`
[INFO] running `Command { std: "docker" "create" "-v" "/var/lib/crater-agent-workspace/builds/worker-5-tc1/source:/opt/rustwide/workdir:ro,Z" "-v" "/var/lib/crater-agent-workspace/builds/worker-5-tc1/target:/opt/rustwide/target:rw,Z" "-v" "/var/lib/crater-agent-workspace/cargo-home:/opt/rustwide/cargo-home:ro,Z" "-v" "/var/lib/crater-agent-workspace/rustup-home:/opt/rustwide/rustup-home:ro,Z" "-m" "1610612736" "--network" "none" "ghcr.io/rust-lang/crates-build-env/linux@sha256:77db811e55d90add9212f6832c23229e3de5f1c1f9905e8cb07319ea15df73ac" "sleep" "infinity", kill_on_drop: false }`
[INFO] [stdout] ba6427dbe7cd70b343c5d1596aa98a8240221ca3e918dee0b4a2ba331688f6e6
[INFO] running `Command { std: "docker" "start" "ba6427dbe7cd70b343c5d1596aa98a8240221ca3e918dee0b4a2ba331688f6e6", kill_on_drop: false }`
[INFO] running `Command { std: "docker" "inspect" "ba6427dbe7cd70b343c5d1596aa98a8240221ca3e918dee0b4a2ba331688f6e6", kill_on_drop: false }`
[INFO] running `Command { std: "docker" "exec" "-e" "SOURCE_DIR=/opt/rustwide/workdir" "-e" "CARGO_HOME=/opt/rustwide/cargo-home" "-e" "RUSTUP_HOME=/opt/rustwide/rustup-home" "-e" "CARGO_TARGET_DIR=/opt/rustwide/target" "-w" "/opt/rustwide/workdir" "--user" "0:0" "ba6427dbe7cd70b343c5d1596aa98a8240221ca3e918dee0b4a2ba331688f6e6" "/opt/rustwide/cargo-home/bin/cargo" "+1.99.0-beta.8" "metadata" "--no-deps" "--format-version=1", kill_on_drop: false }`
[INFO] running `Command { std: "docker" "inspect" "ba6427dbe7cd70b343c5d1596aa98a8240221ca3e918dee0b4a2ba331688f6e6", kill_on_drop: false }`
[INFO] running `Command { std: "docker" "exec" "-e" "SOURCE_DIR=/opt/rustwide/workdir" "-e" "CARGO_HOME=/opt/rustwide/cargo-home" "-e" "RUSTUP_HOME=/opt/rustwide/rustup-home" "-e" "CARGO_TARGET_DIR=/opt/rustwide/target" "-e" "CARGO_INCREMENTAL=0" "-e" "RUST_BACKTRACE=full" "-e" "RUSTFLAGS=--cap-lints=warn" "-e" "RUSTDOCFLAGS=--cap-lints=warn" "-w" "/opt/rustwide/workdir" "--user" "0:0" "ba6427dbe7cd70b343c5d1596aa98a8240221ca3e918dee0b4a2ba331688f6e6" "/opt/rustwide/cargo-home/bin/cargo" "+1.99.0-beta.8" "build" "--frozen" "--message-format=json" "--release", kill_on_drop: false }`
[INFO] [stderr]    Compiling memchr v2.7.4
[INFO] [stderr]    Compiling regex-syntax v0.8.5
[INFO] [stderr]    Compiling either v1.13.0
[INFO] [stderr]    Compiling itertools v0.13.0
[INFO] [stderr]    Compiling aho-corasick v1.1.3
[INFO] [stderr]    Compiling regex-automata v0.4.9
[INFO] [stderr]    Compiling regex v1.11.1
[INFO] [stderr]    Compiling advent-of-rust-2024 v0.1.0 (/opt/rustwide/workdir)
[INFO] [stderr]     Finished `release` profile [optimized] target(s) in 45.83s
[INFO] running `Command { std: "docker" "inspect" "ba6427dbe7cd70b343c5d1596aa98a8240221ca3e918dee0b4a2ba331688f6e6", kill_on_drop: false }`
[INFO] running `Command { std: "docker" "exec" "-e" "SOURCE_DIR=/opt/rustwide/workdir" "-e" "CARGO_HOME=/opt/rustwide/cargo-home" "-e" "RUSTUP_HOME=/opt/rustwide/rustup-home" "-e" "CARGO_TARGET_DIR=/opt/rustwide/target" "-e" "CARGO_INCREMENTAL=0" "-e" "RUST_BACKTRACE=full" "-e" "RUSTFLAGS=--cap-lints=warn" "-e" "RUSTDOCFLAGS=--cap-lints=warn" "-w" "/opt/rustwide/workdir" "--user" "0:0" "ba6427dbe7cd70b343c5d1596aa98a8240221ca3e918dee0b4a2ba331688f6e6" "/opt/rustwide/cargo-home/bin/cargo" "+1.99.0-beta.8" "test" "--frozen" "--no-run" "--message-format=json" "--release", kill_on_drop: false }`
[INFO] [stderr]    Compiling advent-of-rust-2024 v0.1.0 (/opt/rustwide/workdir)
[INFO] [stderr]     Finished `release` profile [optimized] target(s) in 11.54s
[INFO] running `Command { std: "docker" "inspect" "ba6427dbe7cd70b343c5d1596aa98a8240221ca3e918dee0b4a2ba331688f6e6", kill_on_drop: false }`
[INFO] running `Command { std: "docker" "exec" "-e" "SOURCE_DIR=/opt/rustwide/workdir" "-e" "CARGO_HOME=/opt/rustwide/cargo-home" "-e" "RUSTUP_HOME=/opt/rustwide/rustup-home" "-e" "CARGO_TARGET_DIR=/opt/rustwide/target" "-e" "CARGO_INCREMENTAL=0" "-e" "RUST_BACKTRACE=full" "-e" "RUSTFLAGS=--cap-lints=warn" "-e" "RUSTDOCFLAGS=--cap-lints=warn" "-w" "/opt/rustwide/workdir" "--user" "0:0" "ba6427dbe7cd70b343c5d1596aa98a8240221ca3e918dee0b4a2ba331688f6e6" "/opt/rustwide/cargo-home/bin/cargo" "+1.99.0-beta.8" "test" "--frozen" "--release", kill_on_drop: false }`
[INFO] [stderr]     Finished `release` profile [optimized] target(s) in 0.03s
[INFO] [stderr]      Running unittests src/lib.rs (/opt/rustwide/target/release/deps/advent_of_rust_2024-66b0b7b268b25c87)
[INFO] [stdout] 
[INFO] [stdout] running 63 tests
[INFO] [stdout] test day01::test::test1 ... ok
[INFO] [stdout] test day02::test::part1 ... ok
[INFO] [stdout] test day04::test::test1 ... ok
[INFO] [stdout] test day01::test::test2 ... ok
[INFO] [stdout] test day03::test::test2 ... ok
[INFO] [stdout] test day05::test::test2 ... ok
[INFO] [stdout] test day07::test::test1 ... ok
[INFO] [stdout] test day06::test::test2 ... ok
[INFO] [stdout] test day04::test::test2 ... ok
[INFO] [stdout] test day05::test::test1 ... ok
[INFO] [stdout] test day07::test::test2 ... ok
[INFO] [stdout] test day03::test::test1 ... ok
[INFO] [stdout] test day06::test::test1 ... ok
[INFO] [stdout] test day09::test::test2 ... ok
[INFO] [stdout] test day10::test::test1a ... ok
[INFO] [stdout] test day10::test::test1 ... ok
[INFO] [stdout] test day07::test::test_concat ... ok
[INFO] [stdout] test day08::test::test2 ... ok
[INFO] [stdout] test day08::test::test1 ... ok
[INFO] [stdout] test day10::test::test1b ... ok
[INFO] [stdout] test day09::test::test1 ... ok
[INFO] [stdout] test day12::test::sides_one ... ok
[INFO] [stdout] test day10::test::test2 ... ok
[INFO] [stdout] test day12::test::sides_plus ... ok
[INFO] [stdout] test day12::test::test1 ... ok
[INFO] [stdout] test day12::test::test2 ... ok
[INFO] [stdout] test day13::test::test2 ... ok
[INFO] [stdout] test day13::test::test1 ... ok
[INFO] [stdout] test day14::test::test1 ... ok
[INFO] [stdout] test day15::test::test1 ... ok
[INFO] [stdout] test day16::test::test1 ... ok
[INFO] [stdout] test day16::test::test2 ... ok
[INFO] [stdout] test day15::test::test2 ... ok
[INFO] [stdout] test day17::test::test1 ... ok
[INFO] [stdout] test day18::test::test2 ... ok
[INFO] [stdout] test day17::test::test2 ... ok
[INFO] [stdout] test day18::test::test1 ... ok
[INFO] [stdout] test day21::test::shortest_2nd ... ok
[INFO] [stdout] test day19::test::test1 ... ok
[INFO] [stdout] test day21::test::example1_mini ... ok
[INFO] [stdout] test day21::test::example1 ... ok
[INFO] [stdout] test day21::test::shortest_human ... ok
[INFO] [stdout] test day19::test::solver ... ok
[INFO] [stdout] test day19::test::test2 ... ok
[INFO] [stdout] test day21::test::test2 ... FAILED
[INFO] [stdout] test day22::test::test1 ... ok
[INFO] [stdout] test day23::test::test1 ... ok
[INFO] [stdout] test day23::test::test2 ... ok
[INFO] [stdout] test utils::grid::test::entries ... ok
[INFO] [stdout] test utils::grid::test::from_str ... ok
[INFO] [stdout] test utils::grid::test::mutate_by_index ... ok
[INFO] [stdout] test utils::grid::test::mutate_option ... ok
[INFO] [stdout] test utils::grid::test::option_out_of_bounds ... ok
[INFO] [stdout] test utils::grid::test::option_success ... ok
[INFO] [stdout] test utils::grid::test::init_and_read ... ok
[INFO] [stdout] test day11::test::test1 ... ok
[INFO] [stdout] test utils::grid::test::out_of_bounds_panics1 - should panic ... ok
[INFO] [stdout] test day24::test::test1 ... ok
[INFO] [stdout] test utils::grid::test::out_of_bounds_panics2 - should panic ... ok
[INFO] [stdout] test day25::test::test1 ... ok
[INFO] [stdout] test utils::grid::test::value_mapping ... ok
[INFO] [stdout] test day22::test::test2 ... ok
[INFO] [stdout] test day21::test::shortest_1st ... ok
[INFO] [stderr] error: test failed, to rerun pass `--lib`
[INFO] [stdout] 
[INFO] [stdout] failures:
[INFO] [stdout] 
[INFO] [stdout] ---- day21::test::test2 stdout ----
[INFO] [stdout] 
[INFO] [stdout] thread 'day21::test::test2' (453) panicked at src/day21.rs:297:9:
[INFO] [stdout] assertion `left == right` failed
[INFO] [stdout]   left: 154115708116294
[INFO] [stdout]  right: 0
[INFO] [stdout] stack backtrace:
[INFO] [stdout]    0:     0x63d1586644f1 - <<std[70759c8f55707aa4]::sys::backtrace::BacktraceLock>::print::DisplayBacktrace as core[df12db4294e9bfd3]::fmt::Display>::fmt
[INFO] [stdout]    1:     0x63d158679e2a - core[df12db4294e9bfd3]::fmt::write
[INFO] [stdout]    2:     0x63d15866898c - <alloc[2182bb758b4b3781]::vec::Vec<u8> as core[df12db4294e9bfd3]::io::write::Write>::write_fmt
[INFO] [stdout]    3:     0x63d158640ae6 - std[70759c8f55707aa4]::panicking::default_hook::{closure#0}
[INFO] [stdout]    4:     0x63d15865cc59 - std[70759c8f55707aa4]::panicking::default_hook
[INFO] [stdout]    5:     0x63d158538030 - test[9d35eded1c95d3be]::test_main_inner::<test[9d35eded1c95d3be]::test_main_static::{closure#0}>::{closure#0}
[INFO] [stdout]    6:     0x63d15865ce12 - std[70759c8f55707aa4]::panicking::panic_with_hook
[INFO] [stdout]    7:     0x63d158640b92 - std[70759c8f55707aa4]::panicking::panic_handler::{closure#0}
[INFO] [stdout]    8:     0x63d158639919 - std[70759c8f55707aa4]::sys::backtrace::__rust_end_short_backtrace::<std[70759c8f55707aa4]::panicking::panic_handler::{closure#0}, !>
[INFO] [stdout]    9:     0x63d15864178d - __rustc[8fa7c3cbc660c2b3]::rust_begin_unwind
[INFO] [stdout]   10:     0x63d15867a60c - core[df12db4294e9bfd3]::panicking::panic_fmt
[INFO] [stdout]   11:     0x63d15867a523 - core[df12db4294e9bfd3]::panicking::assert_failed_inner
[INFO] [stdout]   12:     0x63d15850ed0e - core[df12db4294e9bfd3]::panicking::assert_failed::<i64, i64>
[INFO] [stdout]   13:     0x63d158506f47 - advent_of_rust_2024[625c7c7b2304e2f3]::day21::test::test2
[INFO] [stdout]   14:     0x63d15851e6c9 - <advent_of_rust_2024[625c7c7b2304e2f3]::day21::test::test2::{closure#0} as core[df12db4294e9bfd3]::ops::function::FnOnce<()>>::call_once
[INFO] [stdout]   15:     0x63d15852b31b - test[9d35eded1c95d3be]::__rust_begin_short_backtrace::<core[df12db4294e9bfd3]::result::Result<(), alloc[2182bb758b4b3781]::string::String>, fn() -> core[df12db4294e9bfd3]::result::Result<(), alloc[2182bb758b4b3781]::string::String>>
[INFO] [stdout]   16:     0x63d158538985 - test[9d35eded1c95d3be]::run_test::{closure#0}
[INFO] [stdout]   17:     0x63d158532244 - std[70759c8f55707aa4]::sys::backtrace::__rust_begin_short_backtrace::<test[9d35eded1c95d3be]::run_test::{closure#1}, ()>
[INFO] [stdout]   18:     0x63d15853bae2 - <std[70759c8f55707aa4]::thread::lifecycle::spawn_unchecked<test[9d35eded1c95d3be]::run_test::{closure#1}, ()>::{closure#1} as core[df12db4294e9bfd3]::ops::function::FnOnce<()>>::call_once::{shim:vtable#0}
[INFO] [stdout]   19:     0x63d158663dc9 - <std[70759c8f55707aa4]::sys::thread::unix::Thread>::new::thread_start
[INFO] [stdout]   20:     0x746cd1a83dfa - <unknown>
[INFO] [stdout]   21:     0x746cd1b173d4 - clone
[INFO] [stdout]   22:                0x0 - <unknown>
[INFO] [stdout] 
[INFO] [stdout] 
[INFO] [stdout] failures:
[INFO] [stdout]     day21::test::test2
[INFO] [stdout] 
[INFO] [stdout] test result: FAILED. 62 passed; 1 failed; 0 ignored; 0 measured; 0 filtered out; finished in 0.03s
[INFO] [stdout] 
[INFO] running `Command { std: "docker" "inspect" "ba6427dbe7cd70b343c5d1596aa98a8240221ca3e918dee0b4a2ba331688f6e6", kill_on_drop: false }`
[INFO] running `Command { std: "docker" "rm" "-f" "ba6427dbe7cd70b343c5d1596aa98a8240221ca3e918dee0b4a2ba331688f6e6", kill_on_drop: false }`
[INFO] [stdout] ba6427dbe7cd70b343c5d1596aa98a8240221ca3e918dee0b4a2ba331688f6e6
