[INFO] cloning repository https://github.com/free-audio/clap-validator
[INFO] running `Command { std: "git" "-c" "credential.helper=" "-c" "credential.helper=/workspace/cargo-home/bin/git-credential-null" "clone" "--bare" "https://github.com/free-audio/clap-validator" "/workspace/cache/git-repos/https%3A%2F%2Fgithub.com%2Ffree-audio%2Fclap-validator", kill_on_drop: false }`
[INFO] [stderr] Cloning into bare repository '/workspace/cache/git-repos/https%3A%2F%2Fgithub.com%2Ffree-audio%2Fclap-validator'...
[INFO] running `Command { std: "git" "rev-parse" "HEAD", kill_on_drop: false }`
[INFO] [stdout] b2f1d9b79b1d264a5747f46707d72b1aa40a02ef
[INFO] testing free-audio/clap-validator against 1.99.0-beta.8+cargoflags=--release for beta-release-1.100-2
[INFO] running `Command { std: "git" "clone" "/workspace/cache/git-repos/https%3A%2F%2Fgithub.com%2Ffree-audio%2Fclap-validator" "/workspace/builds/worker-7-tc1/source", kill_on_drop: false }`
[INFO] [stderr] Cloning into '/workspace/builds/worker-7-tc1/source'...
[INFO] [stderr] done.
[INFO] started tweaking git repo https://github.com/free-audio/clap-validator
[INFO] finished tweaking git repo https://github.com/free-audio/clap-validator
[INFO] tweaked toml for git repo https://github.com/free-audio/clap-validator written to /workspace/builds/worker-7-tc1/source/Cargo.toml
[INFO] validating manifest of git repo https://github.com/free-audio/clap-validator on toolchain 1.99.0-beta.8
[INFO] running `Command { std: CARGO_HOME="/workspace/cargo-home" RUSTUP_HOME="/workspace/rustup-home" "/workspace/cargo-home/bin/cargo" "+1.99.0-beta.8" "metadata" "--manifest-path" "Cargo.toml" "--no-deps", kill_on_drop: false }`
[INFO] crate git repo https://github.com/free-audio/clap-validator already has a lockfile, it will not be regenerated
[INFO] running `Command { std: CARGO_HOME="/workspace/cargo-home" RUSTUP_HOME="/workspace/rustup-home" "/workspace/cargo-home/bin/cargo" "+1.99.0-beta.8" "fetch" "--manifest-path" "Cargo.toml", kill_on_drop: false }`
[INFO] [stderr]     Updating crates.io index
[INFO] [stderr]     Updating git repository `https://github.com/prokopyl/clack`
[INFO] [stderr]  Downloading crates ...
[INFO] [stderr]   Downloaded clap-sys v0.5.0
[INFO] [stderr]   Downloaded tempfile v3.7.0
[INFO] [stderr]   Downloaded fastrand v2.0.0
[INFO] [stderr]   Downloaded rand_core v0.10.0
[INFO] [stderr]   Downloaded clap v4.5.58
[INFO] [stderr]   Downloaded regex-lite v0.1.8
[INFO] [stderr]   Downloaded rand v0.10.0
[INFO] [stderr]   Downloaded rustix v0.38.6
[INFO] [stderr]   Downloaded clap_builder v4.5.58
[INFO] [stderr]   Downloaded libc v0.2.183
[INFO] [stderr]   Downloaded linux-raw-sys v0.4.5
[INFO] running `Command { std: "docker" "create" "-v" "/var/lib/crater-agent-workspace/builds/worker-7-tc1/source:/opt/rustwide/workdir:ro,Z" "-v" "/var/lib/crater-agent-workspace/builds/worker-7-tc1/target:/opt/rustwide/target:rw,Z" "-v" "/var/lib/crater-agent-workspace/cargo-home:/opt/rustwide/cargo-home:ro,Z" "-v" "/var/lib/crater-agent-workspace/rustup-home:/opt/rustwide/rustup-home:ro,Z" "-m" "1610612736" "--network" "none" "ghcr.io/rust-lang/crates-build-env/linux@sha256:77db811e55d90add9212f6832c23229e3de5f1c1f9905e8cb07319ea15df73ac" "sleep" "infinity", kill_on_drop: false }`
[INFO] [stdout] c09d09fdbe097260676a486e93e960138eb5761d974b69828328d4945c687607
[INFO] running `Command { std: "docker" "start" "c09d09fdbe097260676a486e93e960138eb5761d974b69828328d4945c687607", kill_on_drop: false }`
[INFO] running `Command { std: "docker" "inspect" "c09d09fdbe097260676a486e93e960138eb5761d974b69828328d4945c687607", kill_on_drop: false }`
[INFO] running `Command { std: "docker" "exec" "-e" "SOURCE_DIR=/opt/rustwide/workdir" "-e" "CARGO_HOME=/opt/rustwide/cargo-home" "-e" "RUSTUP_HOME=/opt/rustwide/rustup-home" "-e" "CARGO_TARGET_DIR=/opt/rustwide/target" "-w" "/opt/rustwide/workdir" "--user" "0:0" "c09d09fdbe097260676a486e93e960138eb5761d974b69828328d4945c687607" "/opt/rustwide/cargo-home/bin/cargo" "+1.99.0-beta.8" "metadata" "--no-deps" "--format-version=1", kill_on_drop: false }`
[INFO] running `Command { std: "docker" "inspect" "c09d09fdbe097260676a486e93e960138eb5761d974b69828328d4945c687607", kill_on_drop: false }`
[INFO] running `Command { std: "docker" "exec" "-e" "SOURCE_DIR=/opt/rustwide/workdir" "-e" "CARGO_HOME=/opt/rustwide/cargo-home" "-e" "RUSTUP_HOME=/opt/rustwide/rustup-home" "-e" "CARGO_TARGET_DIR=/opt/rustwide/target" "-e" "CARGO_INCREMENTAL=0" "-e" "RUST_BACKTRACE=full" "-e" "RUSTFLAGS=--cap-lints=warn" "-e" "RUSTDOCFLAGS=--cap-lints=warn" "-w" "/opt/rustwide/workdir" "--user" "0:0" "c09d09fdbe097260676a486e93e960138eb5761d974b69828328d4945c687607" "/opt/rustwide/cargo-home/bin/cargo" "+1.99.0-beta.8" "build" "--frozen" "--message-format=json" "--release", kill_on_drop: false }`
[INFO] [stderr]    Compiling proc-macro2 v1.0.103
[INFO] [stderr]    Compiling quote v1.0.42
[INFO] [stderr]    Compiling unicode-ident v1.0.11
[INFO] [stderr]    Compiling serde_core v1.0.228
[INFO] [stderr]    Compiling bitflags v2.10.0
[INFO] [stderr]    Compiling rustix v1.1.3
[INFO] [stderr]    Compiling linux-raw-sys v0.11.0
[INFO] [stderr]    Compiling serde v1.0.228
[INFO] [stderr]    Compiling rustix v0.38.6
[INFO] [stderr]    Compiling libc v0.2.183
[INFO] [stderr]    Compiling anstyle-parse v0.2.1
[INFO] [stderr]    Compiling anstyle v1.0.13
[INFO] [stderr]    Compiling clap_lex v1.0.0
[INFO] [stderr]    Compiling serde_json v1.0.145
[INFO] [stderr]    Compiling anyhow v1.0.100
[INFO] [stderr]    Compiling linux-raw-sys v0.4.5
[INFO] [stderr]    Compiling crossbeam-utils v0.8.21
[INFO] [stderr]    Compiling unicode-linebreak v0.1.5
[INFO] [stderr]    Compiling fastrand v2.0.0
[INFO] [stderr]    Compiling smawk v0.3.2
[INFO] [stderr]    Compiling unicode-width v0.2.2
[INFO] [stderr]    Compiling anstream v0.6.21
[INFO] [stderr]    Compiling rand_core v0.10.0
[INFO] [stderr]    Compiling walkdir v2.3.3
[INFO] [stderr]    Compiling libloading v0.9.0
[INFO] [stderr]    Compiling log v0.4.29
[INFO] [stderr]    Compiling rand v0.10.0
[INFO] [stderr]    Compiling regex-lite v0.1.8
[INFO] [stderr]    Compiling clap-sys v0.5.0
[INFO] [stderr]    Compiling rustc-hash v2.1.1
[INFO] [stderr]    Compiling strum v0.28.0
[INFO] [stderr]    Compiling either v1.16.0
[INFO] [stderr]    Compiling syn v2.0.111
[INFO] [stderr]    Compiling terminal_size v0.4.3
[INFO] [stderr]    Compiling wait-timeout v0.2.1
[INFO] [stderr]    Compiling clap_builder v4.5.58
[INFO] [stderr]    Compiling textwrap v0.16.2
[INFO] [stderr]    Compiling tempfile v3.7.0
[INFO] [stderr]    Compiling serde_derive v1.0.228
[INFO] [stderr]    Compiling clap_derive v4.5.55
[INFO] [stderr]    Compiling strum_macros v0.28.0
[INFO] [stderr]    Compiling clap v4.5.58
[INFO] [stderr]    Compiling deranged v0.3.11
[INFO] [stderr]    Compiling basic-toml v0.1.10
[INFO] [stderr]    Compiling time v0.3.36
[INFO] [stderr]    Compiling clap-validator v0.4.1 (/opt/rustwide/workdir)
[INFO] [stdout] warning: use of deprecated constant `std::f64::NAN`: replaced by the `NAN` associated constant on `f64`
[INFO] [stdout]    --> src/tests/rng.rs:417:40
[INFO] [stdout]     |
[INFO] [stdout] 417 |                         velocity: f64::NAN,
[INFO] [stdout]     |                                        ^^^
[INFO] [stdout]     |
[INFO] [stdout]     = note: `#[warn(deprecated)]` on by default
[INFO] [stdout] 
[INFO] [stdout] 
[INFO] [stderr]     Finished `release` profile [optimized] target(s) in 52.99s
[INFO] running `Command { std: "docker" "inspect" "c09d09fdbe097260676a486e93e960138eb5761d974b69828328d4945c687607", kill_on_drop: false }`
[INFO] running `Command { std: "docker" "exec" "-e" "SOURCE_DIR=/opt/rustwide/workdir" "-e" "CARGO_HOME=/opt/rustwide/cargo-home" "-e" "RUSTUP_HOME=/opt/rustwide/rustup-home" "-e" "CARGO_TARGET_DIR=/opt/rustwide/target" "-e" "CARGO_INCREMENTAL=0" "-e" "RUST_BACKTRACE=full" "-e" "RUSTFLAGS=--cap-lints=warn" "-e" "RUSTDOCFLAGS=--cap-lints=warn" "-w" "/opt/rustwide/workdir" "--user" "0:0" "c09d09fdbe097260676a486e93e960138eb5761d974b69828328d4945c687607" "/opt/rustwide/cargo-home/bin/cargo" "+1.99.0-beta.8" "test" "--frozen" "--no-run" "--message-format=json" "--release", kill_on_drop: false }`
[INFO] [stderr]    Compiling clap-validator v0.4.1 (/opt/rustwide/workdir)
[INFO] [stdout] warning: use of deprecated constant `std::f64::NAN`: replaced by the `NAN` associated constant on `f64`
[INFO] [stdout]    --> src/tests/rng.rs:417:40
[INFO] [stdout]     |
[INFO] [stdout] 417 |                         velocity: f64::NAN,
[INFO] [stdout]     |                                        ^^^
[INFO] [stdout]     |
[INFO] [stdout]     = note: `#[warn(deprecated)]` on by default
[INFO] [stdout] 
[INFO] [stdout] 
[INFO] [stdout] warning: use of deprecated constant `std::f64::NAN`: replaced by the `NAN` associated constant on `f64`
[INFO] [stdout]    --> src/tests/rng.rs:417:40
[INFO] [stdout]     |
[INFO] [stdout] 417 |                         velocity: f64::NAN,
[INFO] [stdout]     |                                        ^^^
[INFO] [stdout]     |
[INFO] [stdout]     = note: `#[warn(deprecated)]` on by default
[INFO] [stdout] 
[INFO] [stdout] 
[INFO] [stderr]     Finished `release` profile [optimized] target(s) in 3.94s
[INFO] running `Command { std: "docker" "inspect" "c09d09fdbe097260676a486e93e960138eb5761d974b69828328d4945c687607", kill_on_drop: false }`
[INFO] running `Command { std: "docker" "exec" "-e" "SOURCE_DIR=/opt/rustwide/workdir" "-e" "CARGO_HOME=/opt/rustwide/cargo-home" "-e" "RUSTUP_HOME=/opt/rustwide/rustup-home" "-e" "CARGO_TARGET_DIR=/opt/rustwide/target" "-e" "CARGO_INCREMENTAL=0" "-e" "RUST_BACKTRACE=full" "-e" "RUSTFLAGS=--cap-lints=warn" "-e" "RUSTDOCFLAGS=--cap-lints=warn" "-w" "/opt/rustwide/workdir" "--user" "0:0" "c09d09fdbe097260676a486e93e960138eb5761d974b69828328d4945c687607" "/opt/rustwide/cargo-home/bin/cargo" "+1.99.0-beta.8" "test" "--frozen" "--release", kill_on_drop: false }`
[INFO] [stderr] warning: use of deprecated constant `std::f64::NAN`: replaced by the `NAN` associated constant on `f64`
[INFO] [stderr]    --> src/tests/rng.rs:417:40
[INFO] [stderr]     |
[INFO] [stderr] 417 |                         velocity: f64::NAN,
[INFO] [stderr]     |                                        ^^^
[INFO] [stderr]     |
[INFO] [stderr]     = note: `#[warn(deprecated)]` on by default
[INFO] [stderr] 
[INFO] [stderr] warning: `clap-validator` (bin "clap-validator") generated 1 warning
[INFO] [stderr] warning: `clap-validator` (bin "clap-validator" test) generated 1 warning (1 duplicate)
[INFO] [stderr]     Finished `release` profile [optimized] target(s) in 0.13s
[INFO] [stderr]      Running unittests src/main.rs (/opt/rustwide/target/release/deps/clap_validator-81c18f2f26c34737)
[INFO] [stdout] 
[INFO] [stdout] running 0 tests
[INFO] [stdout] 
[INFO] [stdout] test result: ok. 0 passed; 0 failed; 0 ignored; 0 measured; 0 filtered out; finished in 0.00s
[INFO] [stdout] 
[INFO] [stderr]      Running tests/validate.rs (/opt/rustwide/target/release/deps/validate-e3f3474862f0ec9b)
[INFO] [stdout] 
[INFO] [stdout] running 4 tests
[INFO] [stderr]    Compiling bitflags v2.10.0
[INFO] [stderr]    Compiling clap-sys v0.5.0
[INFO] [stderr]     Blocking waiting for file lock on build directory
[INFO] [stderr]     Blocking waiting for file lock on build directory
[INFO] [stderr]     Blocking waiting for file lock on build directory
[INFO] [stderr]    Compiling clack-common v0.1.0 (https://github.com/prokopyl/clack?rev=3f9b32dc47eeb5a500a9f589e84ee3eb20b44ae6#3f9b32dc)
[INFO] [stderr]    Compiling clack-plugin v0.1.0 (https://github.com/prokopyl/clack?rev=3f9b32dc47eeb5a500a9f589e84ee3eb20b44ae6#3f9b32dc)
[INFO] [stderr]    Compiling clack-extensions v0.1.0 (https://github.com/prokopyl/clack?rev=3f9b32dc47eeb5a500a9f589e84ee3eb20b44ae6#3f9b32dc)
[INFO] [stderr]    Compiling clack-effect v0.1.0 (/opt/rustwide/workdir/tests/clack-effect)
[INFO] [stderr]     Finished `dev` profile [unoptimized + debuginfo] target(s) in 3.00s
[INFO] [stderr]    Compiling clack-synth v0.1.0 (/opt/rustwide/workdir/tests/clack-synth)
[INFO] [stderr] warning: use of deprecated constant `std::f32::NAN`: replaced by the `NAN` associated constant on `f32`
[INFO] [stderr]    --> tests/clack-synth/src/lib.rs:140:37
[INFO] [stderr]     |
[INFO] [stderr] 140 |             output_buffer.fill(f32::NAN);
[INFO] [stderr]     |                                     ^^^
[INFO] [stderr]     |
[INFO] [stderr]     = note: `#[warn(deprecated)]` on by default
[INFO] [stderr] 
[INFO] [stderr]     Blocking waiting for file lock on build directory
[INFO] [stderr] warning: `clack-synth` (lib) generated 1 warning
[INFO] [stderr]     Finished `dev` profile [unoptimized + debuginfo] target(s) in 3.60s
[INFO] [stderr] warning: use of deprecated constant `std::f32::NAN`: replaced by the `NAN` associated constant on `f32`
[INFO] [stderr]    --> tests/clack-synth/src/lib.rs:140:37
[INFO] [stderr]     |
[INFO] [stderr] 140 |             output_buffer.fill(f32::NAN);
[INFO] [stderr]     |                                     ^^^
[INFO] [stderr]     |
[INFO] [stderr]     = note: `#[warn(deprecated)]` on by default
[INFO] [stderr] 
[INFO] [stderr] warning: `clack-synth` (lib) generated 1 warning
[INFO] [stderr]     Finished `dev` profile [unoptimized + debuginfo] target(s) in 3.60s
[INFO] [stderr]     Finished `dev` profile [unoptimized + debuginfo] target(s) in 3.61s
[INFO] [stderr]    Compiling proc-macro2 v1.0.103
[INFO] [stderr]    Compiling unicode-ident v1.0.11
[INFO] [stderr]    Compiling quote v1.0.42
[INFO] [stderr]    Compiling serde_core v1.0.228
[INFO] [stderr]    Compiling bitflags v2.10.0
[INFO] [stderr]    Compiling rustix v1.1.3
[INFO] [stderr]    Compiling linux-raw-sys v0.11.0
[INFO] [stderr]    Compiling serde v1.0.228
[INFO] [stderr]    Compiling utf8parse v0.2.2
[INFO] [stderr]    Compiling memchr v2.5.0
[INFO] [stderr]    Compiling anstyle v1.0.13
[INFO] [stderr]    Compiling is_terminal_polyfill v1.70.2
[INFO] [stderr]    Compiling heck v0.5.0
[INFO] [stderr]    Compiling colorchoice v1.0.0
[INFO] [stderr]    Compiling anstyle-query v1.0.0
[INFO] [stderr]    Compiling libc v0.2.183
[INFO] [stderr]     Blocking waiting for file lock on build directory
[INFO] [stderr]     Blocking waiting for file lock on build directory
[INFO] [stderr]     Blocking waiting for file lock on build directory
[INFO] [stderr]    Compiling anstyle-parse v0.2.1
[INFO] [stderr]    Compiling rustix v0.38.6
[INFO] [stderr]    Compiling powerfmt v0.2.0
[INFO] [stderr]    Compiling serde_json v1.0.145
[INFO] [stderr]    Compiling linux-raw-sys v0.4.5
[INFO] [stderr]    Compiling cfg-if v1.0.0
[INFO] [stderr]    Compiling strsim v0.11.1
[INFO] [stderr]    Compiling crossbeam-utils v0.8.21
[INFO] [stderr]    Compiling anyhow v1.0.100
[INFO] [stderr]    Compiling anstream v0.6.21
[INFO] [stderr]    Compiling clap_lex v1.0.0
[INFO] [stderr]    Compiling num-conv v0.1.0
[INFO] [stderr]    Compiling unicode-linebreak v0.1.5
[INFO] [stderr]    Compiling same-file v1.0.6
[INFO] [stderr]    Compiling itoa v1.0.9
[INFO] [stderr]    Compiling smawk v0.3.2
[INFO] [stderr]    Compiling unicode-width v0.2.2
[INFO] [stderr]    Compiling rand_core v0.10.0
[INFO] [stderr]    Compiling ryu v1.0.15
[INFO] [stderr]    Compiling fastrand v2.0.0
[INFO] [stderr]    Compiling time-core v0.1.2
[INFO] [stderr]    Compiling walkdir v2.3.3
[INFO] [stderr]    Compiling libloading v0.9.0
[INFO] [stderr]    Compiling yansi v1.0.1
[INFO] [stderr]    Compiling rand v0.10.0
[INFO] [stderr]    Compiling rustc-hash v2.1.1
[INFO] [stderr]    Compiling strum v0.28.0
[INFO] [stderr]    Compiling either v1.16.0
[INFO] [stderr]    Compiling log v0.4.29
[INFO] [stderr]    Compiling regex-lite v0.1.8
[INFO] [stderr]    Compiling syn v2.0.111
[INFO] [stderr]    Compiling terminal_size v0.4.3
[INFO] [stderr]    Compiling clap_builder v4.5.58
[INFO] [stderr]    Compiling textwrap v0.16.2
[INFO] [stderr]    Compiling wait-timeout v0.2.1
[INFO] [stderr]    Compiling tempfile v3.7.0
[INFO] [stderr]    Compiling serde_derive v1.0.228
[INFO] [stderr]    Compiling clap_derive v4.5.55
[INFO] [stderr]    Compiling strum_macros v0.28.0
[INFO] [stderr]    Compiling clap v4.5.58
[INFO] [stderr]    Compiling deranged v0.3.11
[INFO] [stderr]    Compiling basic-toml v0.1.10
[INFO] [stderr]    Compiling time v0.3.36
[INFO] [stderr]    Compiling clap-validator v0.4.1 (/opt/rustwide/workdir)
[INFO] [stderr] warning: use of deprecated constant `std::f64::NAN`: replaced by the `NAN` associated constant on `f64`
[INFO] [stderr]    --> src/tests/rng.rs:417:40
[INFO] [stderr]     |
[INFO] [stderr] 417 |                         velocity: f64::NAN,
[INFO] [stderr]     |                                        ^^^
[INFO] [stderr]     |
[INFO] [stderr]     = note: `#[warn(deprecated)]` on by default
[INFO] [stderr] 
[INFO] [stderr] warning: `clap-validator` (bin "clap-validator") generated 1 warning
[INFO] [stderr]     Finished `dev` profile [unoptimized + debuginfo] target(s) in 33.62s
[INFO] [stderr]      Running `/opt/rustwide/target/debug/clap-validator fuzz -d 10s target/debug/libclack_effect.so`
[INFO] [stderr] [1;31mError:[0m Could not load the plugin library: dlopen failed: /opt/rustwide/workdir/target/debug/libclack_effect.so: cannot open shared object file: No such file or directory
[INFO] [stdout] test fuzz_clack_effect ... FAILED
[INFO] [stderr] warning: use of deprecated constant `std::f64::NAN`: replaced by the `NAN` associated constant on `f64`
[INFO] [stderr]    --> src/tests/rng.rs:417:40
[INFO] [stderr]     |
[INFO] [stderr] 417 |                         velocity: f64::NAN,
[INFO] [stderr]     |                                        ^^^
[INFO] [stderr]     |
[INFO] [stderr]     = note: `#[warn(deprecated)]` on by default
[INFO] [stderr] 
[INFO] [stderr] warning: `clap-validator` (bin "clap-validator") generated 1 warning
[INFO] [stderr]     Finished `dev` profile [unoptimized + debuginfo] target(s) in 33.03s
[INFO] [stderr]      Running `/opt/rustwide/target/debug/clap-validator validate --only-failed target/debug/libclack_effect.so`
[INFO] [stderr] warning: use of deprecated constant `std::f64::NAN`: replaced by the `NAN` associated constant on `f64`
[INFO] [stderr]    --> src/tests/rng.rs:417:40
[INFO] [stderr]     |
[INFO] [stderr] 417 |                         velocity: f64::NAN,
[INFO] [stderr]     |                                        ^^^
[INFO] [stderr]     |
[INFO] [stderr]     = note: `#[warn(deprecated)]` on by default
[INFO] [stderr] 
[INFO] [stderr] warning: `clap-validator` (bin "clap-validator") generated 1 warning
[INFO] [stderr]     Finished `dev` profile [unoptimized + debuginfo] target(s) in 33.06s
[INFO] [stderr]      Running `/opt/rustwide/target/debug/clap-validator validate --only-failed target/debug/libclack_synth.so`
[INFO] [stderr] [warning: use of deprecated constant `std::f64::NAN`: replaced by the `NAN` associated constant on `f64`
[INFO] [stderr]    --> src/tests/rng.rs:417:40
[INFO] [stderr]     1;31mError:[0m Could not run the validator: Could not load the plugin library: dlopen failed: /opt/rustwide/workdir/target/debug/libclack_effect.so: cannot open shared object file: No such file or directory
[INFO] [stderr] |
[INFO] [stderr] 417 |                         velocity: f64::NAN,
[INFO] [stderr]     |                                        ^^^
[INFO] [stderr]     |
[INFO] [stderr]     = note: `#[warn(deprecated)]` on by default
[INFO] [stderr] 
[INFO] [stderr] warning: `clap-validator` (bin "clap-validator") generated 1 warning
[INFO] [stderr]     Finished `dev` profile [unoptimized + debuginfo] target(s) in 33.09s
[INFO] [stdout] test validate_clack_effect ... FAILED
[INFO] [stdout] test validate_clack_synth ... FAILED
[INFO] [stderr] [1;31mError:[0m Could not run the validator: Could not load the plugin library: dlopen failed: /opt/rustwide/workdir/target/debug/libclack_synth.so: cannot open shared object file: No such file or directory
[INFO] [stderr]      Running `/opt/rustwide/target/debug/clap-validator fuzz -d 10s target/debug/libclack_synth.so`
[INFO] [stderr] [1;31mError:[0m Could not load the plugin library: dlopen failed: /opt/rustwide/workdir/target/debug/libclack_synth.so: cannot open shared object file: No such file or directory
[INFO] [stdout] test fuzz_clack_synth ... FAILED
[INFO] [stdout] 
[INFO] [stdout] failures:
[INFO] [stdout] 
[INFO] [stdout] ---- fuzz_clack_effect stdout ----
[INFO] [stdout] 
[INFO] [stdout] thread 'fuzz_clack_effect' (1150) panicked at tests/validate.rs:131:13:
[INFO] [stdout] Fuzzing failed for 'clack-effect'
[INFO] [stdout] stack backtrace:
[INFO] [stdout]    0:     0x56046e0a1711 - <<std[70759c8f55707aa4]::sys::backtrace::BacktraceLock>::print::DisplayBacktrace as core[df12db4294e9bfd3]::fmt::Display>::fmt
[INFO] [stdout]    1:     0x56046e0b58ea - core[df12db4294e9bfd3]::fmt::write
[INFO] [stdout]    2:     0x56046e0a5bac - <alloc[2182bb758b4b3781]::vec::Vec<u8> as core[df12db4294e9bfd3]::io::write::Write>::write_fmt
[INFO] [stdout]    3:     0x56046e07dc06 - std[70759c8f55707aa4]::panicking::default_hook::{closure#0}
[INFO] [stdout]    4:     0x56046e099e79 - std[70759c8f55707aa4]::panicking::default_hook
[INFO] [stdout]    5:     0x56046e036200 - test[9d35eded1c95d3be]::test_main_inner::<test[9d35eded1c95d3be]::test_main_static::{closure#0}>::{closure#0}
[INFO] [stdout]    6:     0x56046e09a032 - std[70759c8f55707aa4]::panicking::panic_with_hook
[INFO] [stdout]    7:     0x56046e07dcb2 - std[70759c8f55707aa4]::panicking::panic_handler::{closure#0}
[INFO] [stdout]    8:     0x56046e076a39 - std[70759c8f55707aa4]::sys::backtrace::__rust_end_short_backtrace::<std[70759c8f55707aa4]::panicking::panic_handler::{closure#0}, !>
[INFO] [stdout]    9:     0x56046e07e8ad - __rustc[8fa7c3cbc660c2b3]::rust_begin_unwind
[INFO] [stdout]   10:     0x56046e0b601c - core[df12db4294e9bfd3]::panicking::panic_fmt
[INFO] [stdout]   11:     0x56046e028bf0 - validate[1ee129595196cfa]::validate
[INFO] [stdout]   12:     0x56046e02941a - <validate[1ee129595196cfa]::fuzz_clack_effect::{closure#0} as core[df12db4294e9bfd3]::ops::function::FnOnce<()>>::call_once
[INFO] [stdout]   13:     0x56046e0294eb - test[9d35eded1c95d3be]::__rust_begin_short_backtrace::<core[df12db4294e9bfd3]::result::Result<(), alloc[2182bb758b4b3781]::string::String>, fn() -> core[df12db4294e9bfd3]::result::Result<(), alloc[2182bb758b4b3781]::string::String>>
[INFO] [stdout]   14:     0x56046e036b55 - test[9d35eded1c95d3be]::run_test::{closure#0}
[INFO] [stdout]   15:     0x56046e030414 - std[70759c8f55707aa4]::sys::backtrace::__rust_begin_short_backtrace::<test[9d35eded1c95d3be]::run_test::{closure#1}, ()>
[INFO] [stdout]   16:     0x56046e039cb2 - <std[70759c8f55707aa4]::thread::lifecycle::spawn_unchecked<test[9d35eded1c95d3be]::run_test::{closure#1}, ()>::{closure#1} as core[df12db4294e9bfd3]::ops::function::FnOnce<()>>::call_once::{shim:vtable#0}
[INFO] [stdout]   17:     0x56046e0a0fe9 - <std[70759c8f55707aa4]::sys::thread::unix::Thread>::new::thread_start
[INFO] [stdout]   18:     0x7d6ea5c3ddfa - <unknown>
[INFO] [stdout]   19:     0x7d6ea5cd13d4 - clone
[INFO] [stdout]   20:                0x0 - <unknown>
[INFO] [stdout] 
[INFO] [stdout] ---- validate_clack_effect stdout ----
[INFO] [stdout] 
[INFO] [stdout] thread 'validate_clack_effect' (1152) panicked at tests/validate.rs:110:17:
[INFO] [stdout] Validation failed for 'clack-effect'
[INFO] [stdout] stack backtrace:
[INFO] [stdout]    0:     0x56046e0a1711 - <<std[70759c8f55707aa4]::sys::backtrace::BacktraceLock>::print::DisplayBacktrace as core[df12db4294e9bfd3]::fmt::Display>::fmt
[INFO] [stdout]    1:     0x56046e0b58ea - core[df12db4294e9bfd3]::fmt::write
[INFO] [stdout]    2:     0x56046e0a5bac - <alloc[2182bb758b4b3781]::vec::Vec<u8> as core[df12db4294e9bfd3]::io::write::Write>::write_fmt
[INFO] [stdout]    3:     0x56046e07dc06 - std[70759c8f55707aa4]::panicking::default_hook::{closure#0}
[INFO] [stdout]    4:     0x56046e099e79 - std[70759c8f55707aa4]::panicking::default_hook
[INFO] [stdout]    5:     0x56046e036200 - test[9d35eded1c95d3be]::test_main_inner::<test[9d35eded1c95d3be]::test_main_static::{closure#0}>::{closure#0}
[INFO] [stdout]    6:     0x56046e09a032 - std[70759c8f55707aa4]::panicking::panic_with_hook
[INFO] [stdout]    7:     0x56046e07dcb2 - std[70759c8f55707aa4]::panicking::panic_handler::{closure#0}
[INFO] [stdout]    8:     0x56046e076a39 - std[70759c8f55707aa4]::sys::backtrace::__rust_end_short_backtrace::<std[70759c8f55707aa4]::panicking::panic_handler::{closure#0}, !>
[INFO] [stdout]    9:     0x56046e07e8ad - __rustc[8fa7c3cbc660c2b3]::rust_begin_unwind
[INFO] [stdout]   10:     0x56046e0b601c - core[df12db4294e9bfd3]::panicking::panic_fmt
[INFO] [stdout]   11:     0x56046e028ef4 - validate[1ee129595196cfa]::validate
[INFO] [stdout]   12:     0x56046e029477 - <validate[1ee129595196cfa]::validate_clack_effect::{closure#0} as core[df12db4294e9bfd3]::ops::function::FnOnce<()>>::call_once
[INFO] [stdout]   13:     0x56046e0294eb - test[9d35eded1c95d3be]::__rust_begin_short_backtrace::<core[df12db4294e9bfd3]::result::Result<(), alloc[2182bb758b4b3781]::string::String>, fn() -> core[df12db4294e9bfd3]::result::Result<(), alloc[2182bb758b4b3781]::string::String>>
[INFO] [stdout]   14:     0x56046e036b55 - test[9d35eded1c95d3be]::run_test::{closure#0}
[INFO] [stdout]   15:     0x56046e030414 - std[70759c8f55707aa4]::sys::backtrace::__rust_begin_short_backtrace::<test[9d35eded1c95d3be]::run_test::{closure#1}, ()>
[INFO] [stdout]   16:     0x56046e039cb2 - <std[70759c8f55707aa4]::thread::lifecycle::spawn_unchecked<test[9d35eded1c95d3be]::run_test::{closure#1}, ()>::{closure#1} as core[df12db4294e9bfd3]::ops::function::FnOnce<()>>::call_once::{shim:vtable#0}
[INFO] [stdout]   17:     0x56046e0a0fe9 - <std[70759c8f55707aa4]::sys::thread::unix::Thread>::new::thread_start
[INFO] [stdout]   18:     0x7d6ea5c3ddfa - <unknown>
[INFO] [stdout]   19:     0x7d6ea5cd13d4 - clone
[INFO] [stdout]   20:                0x0 - <unknown>
[INFO] [stdout] 
[INFO] [stdout] ---- validate_clack_synth stdout ----
[INFO] [stdout] 
[INFO] [stdout] thread 'validate_clack_synth' (1153) panicked at tests/validate.rs:110:17:
[INFO] [stdout] Validation failed for 'clack-synth'
[INFO] [stdout] stack backtrace:
[INFO] [stdout]    0:     0x56046e0a1711 - <<std[70759c8f55707aa4]::sys::backtrace::BacktraceLock>::print::DisplayBacktrace as core[df12db4294e9bfd3]::fmt::Display>::fmt
[INFO] [stdout]    1:     0x56046e0b58ea - core[df12db4294e9bfd3]::fmt::write
[INFO] [stdout]    2:     0x56046e0a5bac - <alloc[2182bb758b4b3781]::vec::Vec<u8> as core[df12db4294e9bfd3]::io::write::Write>::write_fmt
[INFO] [stdout]    3:     0x56046e07dc06 - std[70759c8f55707aa4]::panicking::default_hook::{closure#0}
[INFO] [stdout]    4:     0x56046e099e79 - std[70759c8f55707aa4]::panicking::default_hook
[INFO] [stdout]    5:     0x56046e036200 - test[9d35eded1c95d3be]::test_main_inner::<test[9d35eded1c95d3be]::test_main_static::{closure#0}>::{closure#0}
[INFO] [stdout]    6:     0x56046e09a032 - std[70759c8f55707aa4]::panicking::panic_with_hook
[INFO] [stdout]    7:     0x56046e07dcb2 - std[70759c8f55707aa4]::panicking::panic_handler::{closure#0}
[INFO] [stdout]    8:     0x56046e076a39 - std[70759c8f55707aa4]::sys::backtrace::__rust_end_short_backtrace::<std[70759c8f55707aa4]::panicking::panic_handler::{closure#0}, !>
[INFO] [stdout]    9:     0x56046e07e8ad - __rustc[8fa7c3cbc660c2b3]::rust_begin_unwind
[INFO] [stdout]   10:     0x56046e0b601c - core[df12db4294e9bfd3]::panicking::panic_fmt
[INFO] [stdout]   11:     0x56046e028ef4 - validate[1ee129595196cfa]::validate
[INFO] [stdout]   12:     0x56046e029447 - <validate[1ee129595196cfa]::validate_clack_synth::{closure#0} as core[df12db4294e9bfd3]::ops::function::FnOnce<()>>::call_once
[INFO] [stdout]   13:     0x56046e0294eb - test[9d35eded1c95d3be]::__rust_begin_short_backtrace::<core[df12db4294e9bfd3]::result::Result<(), alloc[2182bb758b4b3781]::string::String>, fn() -> core[df12db4294e9bfd3]::result::Result<(), alloc[2182bb758b4b3781]::string::String>>
[INFO] [stdout]   14:     0x56046e036b55 - test[9d35eded1c95d3be]::run_test::{closure#0}
[INFO] [stdout]   15:     0x56046e030414 - std[70759c8f55707aa4]::sys::backtrace::__rust_begin_short_backtrace::<test[9d35eded1c95d3be]::run_test::{closure#1}, ()>
[INFO] [stdout]   16:     0x56046e039cb2 - <std[70759c8f55707aa4]::thread::lifecycle::spawn_unchecked<test[9d35eded1c95d3be]::run_test::{closure#1}, ()>::{closure#1} as core[df12db4294e9bfd3]::ops::function::FnOnce<()>>::call_once::{shim:vtable#0}
[INFO] [stdout]   17:     0x56046e0a0fe9 - <std[70759c8f55707aa4]::sys::thread::unix::Thread>::new::thread_start
[INFO] [stdout]   18:     0x7d6ea5c3ddfa - <unknown>
[INFO] [stdout]   19:     0x7d6ea5cd13d4 - clone
[INFO] [stdout]   20:                0x0 - <unknown>
[INFO] [stdout] 
[INFO] [stdout] ---- fuzz_clack_synth stdout ----
[INFO] [stdout] 
[INFO] [stdout] thread 'fuzz_clack_synth' (1151) panicked at tests/validate.rs:131:13:
[INFO] [stdout] Fuzzing failed for 'clack-synth'
[INFO] [stdout] stack backtrace:
[INFO] [stdout]    0:     0x56046e0a1711 - <<std[70759c8f55707aa4]::sys::backtrace::BacktraceLock>::print::DisplayBacktrace as core[df12db4294e9bfd3]::fmt::Display>::fmt
[INFO] [stdout]    1:     0x56046e0b58ea - core[df12db4294e9bfd3]::fmt::write
[INFO] [stdout]    2:     0x56046e0a5bac - <alloc[2182bb758b4b3781]::vec::Vec<u8> as core[df12db4294e9bfd3]::io::write::Write>::write_fmt
[INFO] [stdout]    3:     0x56046e07dc06 - std[70759c8f55707aa4]::panicking::default_hook::{closure#0}
[INFO] [stdout]    4:     0x56046e099e79 - std[70759c8f55707aa4]::panicking::default_hook
[INFO] [stdout]    5:     0x56046e036200 - test[9d35eded1c95d3be]::test_main_inner::<test[9d35eded1c95d3be]::test_main_static::{closure#0}>::{closure#0}
[INFO] [stdout]    6:     0x56046e09a032 - std[70759c8f55707aa4]::panicking::panic_with_hook
[INFO] [stdout]    7:     0x56046e07dcb2 - std[70759c8f55707aa4]::panicking::panic_handler::{closure#0}
[INFO] [stdout]    8:     0x56046e076a39 - std[70759c8f55707aa4]::sys::backtrace::__rust_end_short_backtrace::<std[70759c8f55707aa4]::panicking::panic_handler::{closure#0}, !>
[INFO] [stdout]    9:     0x56046e07e8ad - __rustc[8fa7c3cbc660c2b3]::rust_begin_unwind
[INFO] [stdout]   10:     0x56046e0b601c - core[df12db4294e9bfd3]::panicking::panic_fmt
[INFO] [stdout]   11:     0x56046e028bf0 - validate[1ee129595196cfa]::validate
[INFO] [stdout]   12:     0x56046e0293ea - <validate[1ee129595196cfa]::fuzz_clack_synth::{closure#0} as core[df12db4294e9bfd3]::ops::function::FnOnce<()>>::call_once
[INFO] [stdout]   13:     0x56046e0294eb - test[9d35eded1c95d3be]::__rust_begin_short_backtrace::<core[df12db4294e9bfd3]::result::Result<(), alloc[2182bb758b4b3781]::string::String>, fn() -> core[df12db4294e9bfd3]::result::Result<(), alloc[2182bb758b4b3781]::string::String>>
[INFO] [stdout]   14:     0x56046e036b55 - test[9d35eded1c95d3be]::run_test::{closure#0}
[INFO] [stdout]   15:     0x56046e030414 - std[70759c8f55707aa4]::sys::backtrace::__rust_begin_short_backtrace::<test[9d35eded1c95d3be]::run_test::{closure#1}, ()>
[INFO] [stdout]   16:     0x56046e039cb2 - <std[70759c8f55707aa4]::thread::lifecycle::spawn_unchecked<test[9d35eded1c95d3be]::run_test::{closure#1}, ()>::{closure#1} as core[df12db4294e9bfd3]::ops::function::FnOnce<()>>::call_once::{shim:vtable#0}
[INFO] [stdout]   17:     0x56046e0a0fe9 - <std[70759c8f55707aa4]::sys::thread::unix::Thread>::new::thread_start
[INFO] [stdout]   18:     0x7d6ea5c3ddfa - <unknown>
[INFO] [stdout]   19:     0x7d6ea5cd13d4 - clone
[INFO] [stdout]   20:                0x0 - <unknown>
[INFO] [stdout] 
[INFO] [stdout] 
[INFO] [stdout] failures:
[INFO] [stdout]     fuzz_clack_effect
[INFO] [stdout]     fuzz_clack_synth
[INFO] [stdout]     validate_clack_effect
[INFO] [stdout]     validate_clack_synth
[INFO] [stdout] 
[INFO] [stdout] test result: FAILED. 0 passed; 4 failed; 0 ignored; 0 measured; 0 filtered out; finished in 36.77s
[INFO] [stdout] 
[INFO] [stderr] error: test failed, to rerun pass `--test validate`
[INFO] running `Command { std: "docker" "inspect" "c09d09fdbe097260676a486e93e960138eb5761d974b69828328d4945c687607", kill_on_drop: false }`
[INFO] running `Command { std: "docker" "rm" "-f" "c09d09fdbe097260676a486e93e960138eb5761d974b69828328d4945c687607", kill_on_drop: false }`
[INFO] [stdout] c09d09fdbe097260676a486e93e960138eb5761d974b69828328d4945c687607
