[INFO] cloning repository https://github.com/framefinery/framefinery-engine
[INFO] running `Command { std: "git" "-c" "credential.helper=" "-c" "credential.helper=/workspace/cargo-home/bin/git-credential-null" "clone" "--bare" "https://github.com/framefinery/framefinery-engine" "/workspace/cache/git-repos/https%3A%2F%2Fgithub.com%2Fframefinery%2Fframefinery-engine", kill_on_drop: false }`
[INFO] [stderr] Cloning into bare repository '/workspace/cache/git-repos/https%3A%2F%2Fgithub.com%2Fframefinery%2Fframefinery-engine'...
[INFO] running `Command { std: "git" "rev-parse" "HEAD", kill_on_drop: false }`
[INFO] [stdout] 429d310bc0fdd5d1f2968183ca03925a6c65c67c
[INFO] testing framefinery/framefinery-engine against 1.99.0-beta.8+cargoflags=--release for beta-release-1.100-2
[INFO] running `Command { std: "git" "clone" "/workspace/cache/git-repos/https%3A%2F%2Fgithub.com%2Fframefinery%2Fframefinery-engine" "/workspace/builds/worker-6-tc1/source", kill_on_drop: false }`
[INFO] [stderr] Cloning into '/workspace/builds/worker-6-tc1/source'...
[INFO] [stderr] done.
[INFO] started tweaking git repo https://github.com/framefinery/framefinery-engine
[INFO] finished tweaking git repo https://github.com/framefinery/framefinery-engine
[INFO] tweaked toml for git repo https://github.com/framefinery/framefinery-engine written to /workspace/builds/worker-6-tc1/source/Cargo.toml
[INFO] validating manifest of git repo https://github.com/framefinery/framefinery-engine on toolchain 1.99.0-beta.8
[INFO] running `Command { std: CARGO_HOME="/workspace/cargo-home" RUSTUP_HOME="/workspace/rustup-home" "/workspace/cargo-home/bin/cargo" "+1.99.0-beta.8" "metadata" "--manifest-path" "Cargo.toml" "--no-deps", kill_on_drop: false }`
[INFO] crate git repo https://github.com/framefinery/framefinery-engine already has a lockfile, it will not be regenerated
[INFO] running `Command { std: CARGO_HOME="/workspace/cargo-home" RUSTUP_HOME="/workspace/rustup-home" "/workspace/cargo-home/bin/cargo" "+1.99.0-beta.8" "fetch" "--manifest-path" "Cargo.toml", kill_on_drop: false }`
[INFO] running `Command { std: "docker" "create" "-v" "/var/lib/crater-agent-workspace/builds/worker-6-tc1/source:/opt/rustwide/workdir:ro,Z" "-v" "/var/lib/crater-agent-workspace/builds/worker-6-tc1/target:/opt/rustwide/target:rw,Z" "-v" "/var/lib/crater-agent-workspace/cargo-home:/opt/rustwide/cargo-home:ro,Z" "-v" "/var/lib/crater-agent-workspace/rustup-home:/opt/rustwide/rustup-home:ro,Z" "-m" "1610612736" "--network" "none" "ghcr.io/rust-lang/crates-build-env/linux@sha256:77db811e55d90add9212f6832c23229e3de5f1c1f9905e8cb07319ea15df73ac" "sleep" "infinity", kill_on_drop: false }`
[INFO] [stdout] f4eefb0d43d8757885199db63355889c9b6d296fea6a1e162414ad0fc4987948
[INFO] running `Command { std: "docker" "start" "f4eefb0d43d8757885199db63355889c9b6d296fea6a1e162414ad0fc4987948", kill_on_drop: false }`
[INFO] running `Command { std: "docker" "inspect" "f4eefb0d43d8757885199db63355889c9b6d296fea6a1e162414ad0fc4987948", kill_on_drop: false }`
[INFO] running `Command { std: "docker" "exec" "-e" "SOURCE_DIR=/opt/rustwide/workdir" "-e" "CARGO_HOME=/opt/rustwide/cargo-home" "-e" "RUSTUP_HOME=/opt/rustwide/rustup-home" "-e" "CARGO_TARGET_DIR=/opt/rustwide/target" "-w" "/opt/rustwide/workdir" "--user" "0:0" "f4eefb0d43d8757885199db63355889c9b6d296fea6a1e162414ad0fc4987948" "/opt/rustwide/cargo-home/bin/cargo" "+1.99.0-beta.8" "metadata" "--no-deps" "--format-version=1", kill_on_drop: false }`
[INFO] running `Command { std: "docker" "inspect" "f4eefb0d43d8757885199db63355889c9b6d296fea6a1e162414ad0fc4987948", kill_on_drop: false }`
[INFO] running `Command { std: "docker" "exec" "-e" "SOURCE_DIR=/opt/rustwide/workdir" "-e" "CARGO_HOME=/opt/rustwide/cargo-home" "-e" "RUSTUP_HOME=/opt/rustwide/rustup-home" "-e" "CARGO_TARGET_DIR=/opt/rustwide/target" "-e" "CARGO_INCREMENTAL=0" "-e" "RUST_BACKTRACE=full" "-e" "RUSTFLAGS=--cap-lints=warn" "-e" "RUSTDOCFLAGS=--cap-lints=warn" "-w" "/opt/rustwide/workdir" "--user" "0:0" "f4eefb0d43d8757885199db63355889c9b6d296fea6a1e162414ad0fc4987948" "/opt/rustwide/cargo-home/bin/cargo" "+1.99.0-beta.8" "build" "--frozen" "--message-format=json" "--release", kill_on_drop: false }`
[INFO] [stderr]    Compiling framefinery-api v0.0.3 (/opt/rustwide/workdir/crates/framefinery-api)
[INFO] [stderr]    Compiling framefinery-codecs v0.0.3 (/opt/rustwide/workdir/crates/framefinery-codecs)
[INFO] [stderr]    Compiling framefinery v0.0.3 (/opt/rustwide/workdir/crates/framefinery-cli)
[INFO] [stderr]     Finished `release` profile [optimized] target(s) in 27.93s
[INFO] running `Command { std: "docker" "inspect" "f4eefb0d43d8757885199db63355889c9b6d296fea6a1e162414ad0fc4987948", kill_on_drop: false }`
[INFO] running `Command { std: "docker" "exec" "-e" "SOURCE_DIR=/opt/rustwide/workdir" "-e" "CARGO_HOME=/opt/rustwide/cargo-home" "-e" "RUSTUP_HOME=/opt/rustwide/rustup-home" "-e" "CARGO_TARGET_DIR=/opt/rustwide/target" "-e" "CARGO_INCREMENTAL=0" "-e" "RUST_BACKTRACE=full" "-e" "RUSTFLAGS=--cap-lints=warn" "-e" "RUSTDOCFLAGS=--cap-lints=warn" "-w" "/opt/rustwide/workdir" "--user" "0:0" "f4eefb0d43d8757885199db63355889c9b6d296fea6a1e162414ad0fc4987948" "/opt/rustwide/cargo-home/bin/cargo" "+1.99.0-beta.8" "test" "--frozen" "--no-run" "--message-format=json" "--release", kill_on_drop: false }`
[INFO] [stderr]    Compiling proc-macro2 v1.0.107
[INFO] [stderr]    Compiling quote v1.0.47
[INFO] [stderr]    Compiling serde_core v1.0.229
[INFO] [stderr]    Compiling crossbeam-utils v0.8.22
[INFO] [stderr]    Compiling crossbeam-epoch v0.9.20
[INFO] [stderr]    Compiling zerocopy v0.8.55
[INFO] [stderr]    Compiling serde v1.0.229
[INFO] [stderr]    Compiling crossbeam-deque v0.8.7
[INFO] [stderr]    Compiling zmij v1.0.23
[INFO] [stderr]    Compiling either v1.17.0
[INFO] [stderr]    Compiling serde_json v1.0.151
[INFO] [stderr]    Compiling libc v0.2.189
[INFO] [stderr]    Compiling num-traits v0.2.19
[INFO] [stderr]    Compiling rayon-core v1.13.0
[INFO] [stderr]    Compiling ciborium-io v0.2.2
[INFO] [stderr]    Compiling plotters-backend v0.3.7
[INFO] [stderr]    Compiling clap_lex v1.1.0
[INFO] [stderr]    Compiling memchr v2.8.3
[INFO] [stderr]    Compiling regex-syntax v0.8.11
[INFO] [stderr]    Compiling cast v0.3.0
[INFO] [stderr]    Compiling clap_builder v4.6.2
[INFO] [stderr]    Compiling walkdir v2.5.0
[INFO] [stderr]    Compiling anes v0.1.6
[INFO] [stderr]    Compiling oorandom v11.1.5
[INFO] [stderr]    Compiling framefinery v0.0.3 (/opt/rustwide/workdir/crates/framefinery-cli)
[INFO] [stderr]    Compiling itertools v0.10.5
[INFO] [stderr]    Compiling framefinery-api v0.0.3 (/opt/rustwide/workdir/crates/framefinery-api)
[INFO] [stderr]    Compiling plotters-svg v0.3.7
[INFO] [stderr]    Compiling syn v2.0.119
[INFO] [stderr]    Compiling syn v3.0.3
[INFO] [stderr]    Compiling plotters v0.3.7
[INFO] [stderr]    Compiling is-terminal v0.4.17
[INFO] [stderr]    Compiling regex-automata v0.4.16
[INFO] [stderr]    Compiling criterion-plot v0.5.0
[INFO] [stderr]    Compiling rayon v1.12.0
[INFO] [stderr]    Compiling clap v4.6.4
[INFO] [stderr]    Compiling serde_derive v1.0.229
[INFO] [stderr]    Compiling regex v1.13.1
[INFO] [stderr]    Compiling zerocopy-derive v0.8.55
[INFO] [stderr]    Compiling tinytemplate v1.2.1
[INFO] [stderr]    Compiling half v2.7.1
[INFO] [stderr]    Compiling ciborium-ll v0.2.2
[INFO] [stderr]    Compiling ciborium v0.2.2
[INFO] [stderr]    Compiling criterion v0.5.1
[INFO] [stderr]    Compiling framefinery-codecs v0.0.3 (/opt/rustwide/workdir/crates/framefinery-codecs)
[INFO] [stdout] warning: variable does not need to be mutable
[INFO] [stdout]    --> crates/framefinery-codecs/src/vvc/residual/quant/tests.rs:354:10
[INFO] [stdout]     |
[INFO] [stdout] 354 |     let (mut first_quantized, first_reconstruction) = encode_once(&mut scratch);
[INFO] [stdout]     |          ----^^^^^^^^^^^^^^^
[INFO] [stdout]     |          |
[INFO] [stdout]     |          help: remove this `mut`
[INFO] [stdout]     |
[INFO] [stdout]     = note: `#[warn(unused_mut)]` (part of `#[warn(unused)]`) on by default
[INFO] [stdout] 
[INFO] [stdout] 
[INFO] [stdout] warning: variable does not need to be mutable
[INFO] [stdout]    --> crates/framefinery-codecs/src/vvc/residual/quant/tests.rs:357:10
[INFO] [stdout]     |
[INFO] [stdout] 357 |     let (mut second_quantized, second_reconstruction) = encode_once(&mut scratch);
[INFO] [stdout]     |          ----^^^^^^^^^^^^^^^^
[INFO] [stdout]     |          |
[INFO] [stdout]     |          help: remove this `mut`
[INFO] [stdout] 
[INFO] [stdout] 
[INFO] [stderr]     Finished `release` profile [optimized] target(s) in 1m 33s
[INFO] running `Command { std: "docker" "inspect" "f4eefb0d43d8757885199db63355889c9b6d296fea6a1e162414ad0fc4987948", kill_on_drop: false }`
[INFO] running `Command { std: "docker" "exec" "-e" "SOURCE_DIR=/opt/rustwide/workdir" "-e" "CARGO_HOME=/opt/rustwide/cargo-home" "-e" "RUSTUP_HOME=/opt/rustwide/rustup-home" "-e" "CARGO_TARGET_DIR=/opt/rustwide/target" "-e" "CARGO_INCREMENTAL=0" "-e" "RUST_BACKTRACE=full" "-e" "RUSTFLAGS=--cap-lints=warn" "-e" "RUSTDOCFLAGS=--cap-lints=warn" "-w" "/opt/rustwide/workdir" "--user" "0:0" "f4eefb0d43d8757885199db63355889c9b6d296fea6a1e162414ad0fc4987948" "/opt/rustwide/cargo-home/bin/cargo" "+1.99.0-beta.8" "test" "--frozen" "--release", kill_on_drop: false }`
[INFO] [stderr] warning: variable does not need to be mutable
[INFO] [stderr]    --> crates/framefinery-codecs/src/vvc/residual/quant/tests.rs:354:10
[INFO] [stderr]     |
[INFO] [stderr] 354 |     let (mut first_quantized, first_reconstruction) = encode_once(&mut scratch);
[INFO] [stderr]     |          ----^^^^^^^^^^^^^^^
[INFO] [stderr]     |          |
[INFO] [stderr]     |          help: remove this `mut`
[INFO] [stderr]     |
[INFO] [stderr]     = note: `#[warn(unused_mut)]` (part of `#[warn(unused)]`) on by default
[INFO] [stderr] 
[INFO] [stderr] warning: variable does not need to be mutable
[INFO] [stderr]    --> crates/framefinery-codecs/src/vvc/residual/quant/tests.rs:357:10
[INFO] [stderr]     |
[INFO] [stderr] 357 |     let (mut second_quantized, second_reconstruction) = encode_once(&mut scratch);
[INFO] [stderr]     |          ----^^^^^^^^^^^^^^^^
[INFO] [stderr]     |          |
[INFO] [stderr]     |          help: remove this `mut`
[INFO] [stderr] 
[INFO] [stderr] warning: `framefinery-codecs` (lib test) generated 2 warnings (run `cargo fix --lib -p framefinery-codecs --tests` to apply 2 suggestions)
[INFO] [stderr]     Finished `release` profile [optimized] target(s) in 0.08s
[INFO] [stderr]      Running unittests src/lib.rs (/opt/rustwide/target/release/deps/framefinery-e59966bd72770629)
[INFO] [stdout] 
[INFO] [stdout] running 52 tests
[INFO] [stdout] test args::tests::infers_dimensions_and_fps_from_input_filename_without_format ... ok
[INFO] [stdout] test args::tests::infers_high_bit_depth_format_from_input_filename ... ok
[INFO] [stdout] test args::tests::parses_encode_no_progress_option ... ok
[INFO] [stdout] test args::tests::defaults_bare_yuv_filename_to_yuv420p8 ... ok
[INFO] [stdout] test args::tests::rejects_encode_endpoint_without_path ... ok
[INFO] [stdout] test args::tests::parses_optional_help_topics ... ok
[INFO] [stdout] test args::tests::parses_encode_qp_setting ... ok
[INFO] [stdout] test args::tests::rejects_encode_without_encoder_endpoint ... ok
[INFO] [stdout] test args::tests::accepts_encode_without_video_spec ... ok
[INFO] [stdout] test args::tests::parses_encode_command ... ok
[INFO] [stdout] test args::tests::infers_ctc_style_fps_from_input_filename ... ok
[INFO] [stdout] test args::tests::help_is_owned_by_parser_options ... ok
[INFO] [stdout] test args::tests::infers_dimensions_fps_and_format_from_input_filename ... ok
[INFO] [stdout] test args::tests::explicit_input_options_override_filename_metadata ... ok
[INFO] [stdout] test args::tests::encode_requires_core_io_arguments ... ok
[INFO] [stdout] test args::tests::accepts_encode_starting_with_source_filter ... ok
[INFO] [stdout] test args::tests::accepts_numeric_planar_bit_depths_in_video_spec ... ok
[INFO] [stdout] test args::tests::parses_encode_psnr_option ... ok
[INFO] [stdout] test args::tests::rejects_malformed_video_spec ... ok
[INFO] [stdout] test command::tests::encode_job_accepts_pattern_source_followed_by_identity_filter ... ok
[INFO] [stdout] test args::tests::rejects_multiple_encode_inputs ... ok
[INFO] [stdout] test command::tests::encode_job_accepts_identity_filter_with_file_input ... FAILED
[INFO] [stdout] test command::tests::encode_job_accepts_lossless_gbrp8_for_av2_and_vvc_paths ... FAILED
[INFO] [stdout] test command::tests::encode_job_accepts_crop_filter_and_updates_geometry ... FAILED
[INFO] [stdout] test command::tests::encode_job_accepts_lossless_yuv420_for_vvc_path ... FAILED
[INFO] [stdout] test command::tests::encode_job_accepts_lossy_yuv422_high_depth_for_vvc_path ... FAILED
[INFO] [stdout] test args::tests::rejects_removed_compatibility_options ... ok
[INFO] [stdout] test command::tests::encode_job_accepts_non_lossless_rgb24_for_av2_path ... FAILED
[INFO] [stdout] test args::tests::rejects_unknown_help_topics ... ok
[INFO] [stdout] test command::tests::encode_job_accepts_lossless_rgb24_for_av2_path ... FAILED
[INFO] [stdout] test command::tests::encode_job_accepts_lossless_yuv420_for_av2_path ... FAILED
[INFO] [stdout] test command::tests::encode_job_accepts_lossless_yuv422_for_vvc_path ... FAILED
[INFO] [stdout] test command::tests::encode_job_clamps_requested_frames_to_available_file_frames ... FAILED
[INFO] [stdout] test command::tests::encode_job_accepts_lossless_yuv422_for_av2_without_bit_depth_fallback ... FAILED
[INFO] [stdout] test command::tests::encode_job_accepts_scale_filter_and_updates_geometry ... FAILED
[INFO] [stdout] test command::tests::encode_job_accepts_rgb24_for_vvc_path_via_common_repack ... FAILED
[INFO] [stdout] test command::tests::encode_job_accepts_qp_setting ... FAILED
[INFO] [stdout] test command::tests::encode_job_allows_explicit_video_to_override_y4m_header ... FAILED
[INFO] [stdout] test command::tests::frame_psnr_uses_high_bit_depth_peak_sample ... ok
[INFO] [stdout] test command::tests::encode_job_rejects_partial_frame_when_frames_omitted ... FAILED
[INFO] [stdout] test command::tests::encode_job_requires_frames_for_pattern_source ... ok
[INFO] [stdout] test command::tests::encode_job_rejects_lossless_without_bit_depth_fallback ... FAILED
[INFO] [stdout] test command::tests::encode_job_infers_file_frames_from_eof_when_frames_omitted ... FAILED
[INFO] [stdout] test command::tests::encode_job_leaves_codec_setting_conflicts_to_encoder ... FAILED
[INFO] [stdout] test command::tests::open_job_reader_hides_unselected_file_suffix ... FAILED
[INFO] [stdout] test command::tests::frame_psnr_reports_yuv422p8 ... ok
[INFO] [stdout] test command::tests::encode_job_uses_y4m_metadata_before_filename_metadata ... FAILED
[INFO] [stdout] test command::tests::encode_job_infers_y4m_metadata_and_frames_from_header ... FAILED
[INFO] [stdout] test command::tests::encode_job_preserves_high_bit_depth_yuv420_for_vvc_path ... FAILED
[INFO] [stdout] test command::tests::encode_job_preserves_high_bit_depth_yuv444_for_vvc_path ... FAILED
[INFO] [stdout] test command::tests::encode_job_preserves_high_bit_depth_yuv444_for_av2_path ... FAILED
[INFO] [stdout] test command::tests::encode_job_preserves_high_bit_depth_yuv420_for_av2_path ... FAILED
[INFO] [stdout] 
[INFO] [stdout] failures:
[INFO] [stdout] 
[INFO] [stdout] ---- command::tests::encode_job_accepts_identity_filter_with_file_input stdout ----
[INFO] [stdout] 
[INFO] [stdout] thread 'command::tests::encode_job_accepts_identity_filter_with_file_input' (1640) panicked at crates/framefinery-cli/src/command.rs:1625:34:
[INFO] [stdout] create test output directory: Os { code: 30, kind: ReadOnlyFilesystem, message: "Read-only file system" }
[INFO] [stdout] stack backtrace:
[INFO] [stdout]    0:     0x64a404591d41 - <<std[70759c8f55707aa4]::sys::backtrace::BacktraceLock>::print::DisplayBacktrace as core[df12db4294e9bfd3]::fmt::Display>::fmt
[INFO] [stdout]    1:     0x64a4045a688a - core[df12db4294e9bfd3]::fmt::write
[INFO] [stdout]    2:     0x64a4045961fc - <alloc[2182bb758b4b3781]::vec::Vec<u8> as core[df12db4294e9bfd3]::io::write::Write>::write_fmt
[INFO] [stdout]    3:     0x64a40456d6e6 - std[70759c8f55707aa4]::panicking::default_hook::{closure#0}
[INFO] [stdout]    4:     0x64a40458a3c9 - std[70759c8f55707aa4]::panicking::default_hook
[INFO] [stdout]    5:     0x64a404519100 - test[9d35eded1c95d3be]::test_main_inner::<test[9d35eded1c95d3be]::test_main_static::{closure#0}>::{closure#0}
[INFO] [stdout]    6:     0x64a40458a582 - std[70759c8f55707aa4]::panicking::panic_with_hook
[INFO] [stdout]    7:     0x64a40456d792 - std[70759c8f55707aa4]::panicking::panic_handler::{closure#0}
[INFO] [stdout]    8:     0x64a4045663f9 - std[70759c8f55707aa4]::sys::backtrace::__rust_end_short_backtrace::<std[70759c8f55707aa4]::panicking::panic_handler::{closure#0}, !>
[INFO] [stdout]    9:     0x64a40456e38d - __rustc[8fa7c3cbc660c2b3]::rust_begin_unwind
[INFO] [stdout]   10:     0x64a4045a6fbc - core[df12db4294e9bfd3]::panicking::panic_fmt
[INFO] [stdout]   11:     0x64a4045a6d92 - core[df12db4294e9bfd3]::result::unwrap_failed
[INFO] [stdout]   12:     0x64a4044dcf61 - framefinery[ed387d72817fafc9]::command::tests::temp_input_path
[INFO] [stdout]   13:     0x64a4044e19ce - framefinery[ed387d72817fafc9]::command::tests::encode_job_accepts_identity_filter_with_file_input
[INFO] [stdout]   14:     0x64a404507449 - <framefinery[ed387d72817fafc9]::command::tests::encode_job_accepts_identity_filter_with_file_input::{closure#0} as core[df12db4294e9bfd3]::ops::function::FnOnce<()>>::call_once
[INFO] [stdout]   15:     0x64a40450c3eb - test[9d35eded1c95d3be]::__rust_begin_short_backtrace::<core[df12db4294e9bfd3]::result::Result<(), alloc[2182bb758b4b3781]::string::String>, fn() -> core[df12db4294e9bfd3]::result::Result<(), alloc[2182bb758b4b3781]::string::String>>
[INFO] [stdout]   16:     0x64a404519a55 - test[9d35eded1c95d3be]::run_test::{closure#0}
[INFO] [stdout]   17:     0x64a404513314 - std[70759c8f55707aa4]::sys::backtrace::__rust_begin_short_backtrace::<test[9d35eded1c95d3be]::run_test::{closure#1}, ()>
[INFO] [stdout]   18:     0x64a40451cbb2 - <std[70759c8f55707aa4]::thread::lifecycle::spawn_unchecked<test[9d35eded1c95d3be]::run_test::{closure#1}, ()>::{closure#1} as core[df12db4294e9bfd3]::ops::function::FnOnce<()>>::call_once::{shim:vtable#0}
[INFO] [stdout]   19:     0x64a404591619 - <std[70759c8f55707aa4]::sys::thread::unix::Thread>::new::thread_start
[INFO] [stdout]   20:     0x77963a021dfa - <unknown>
[INFO] [stdout]   21:     0x77963a0b53d4 - clone
[INFO] [stdout]   22:                0x0 - <unknown>
[INFO] [stdout] 
[INFO] [stdout] ---- command::tests::encode_job_accepts_lossless_gbrp8_for_av2_and_vvc_paths stdout ----
[INFO] [stdout] 
[INFO] [stdout] thread 'command::tests::encode_job_accepts_lossless_gbrp8_for_av2_and_vvc_paths' (1641) panicked at crates/framefinery-cli/src/command.rs:1625:34:
[INFO] [stdout] create test output directory: Os { code: 30, kind: ReadOnlyFilesystem, message: "Read-only file system" }
[INFO] [stdout] stack backtrace:
[INFO] [stdout]    0:     0x64a404591d41 - <<std[70759c8f55707aa4]::sys::backtrace::BacktraceLock>::print::DisplayBacktrace as core[df12db4294e9bfd3]::fmt::Display>::fmt
[INFO] [stdout]    1:     0x64a4045a688a - core[df12db4294e9bfd3]::fmt::write
[INFO] [stdout]    2:     0x64a4045961fc - <alloc[2182bb758b4b3781]::vec::Vec<u8> as core[df12db4294e9bfd3]::io::write::Write>::write_fmt
[INFO] [stdout]    3:     0x64a40456d6e6 - std[70759c8f55707aa4]::panicking::default_hook::{closure#0}
[INFO] [stdout]    4:     0x64a40458a3c9 - std[70759c8f55707aa4]::panicking::default_hook
[INFO] [stdout]    5:     0x64a404519100 - test[9d35eded1c95d3be]::test_main_inner::<test[9d35eded1c95d3be]::test_main_static::{closure#0}>::{closure#0}
[INFO] [stdout]    6:     0x64a40458a582 - std[70759c8f55707aa4]::panicking::panic_with_hook
[INFO] [stdout]    7:     0x64a40456d792 - std[70759c8f55707aa4]::panicking::panic_handler::{closure#0}
[INFO] [stdout]    8:     0x64a4045663f9 - std[70759c8f55707aa4]::sys::backtrace::__rust_end_short_backtrace::<std[70759c8f55707aa4]::panicking::panic_handler::{closure#0}, !>
[INFO] [stdout]    9:     0x64a40456e38d - __rustc[8fa7c3cbc660c2b3]::rust_begin_unwind
[INFO] [stdout]   10:     0x64a4045a6fbc - core[df12db4294e9bfd3]::panicking::panic_fmt
[INFO] [stdout]   11:     0x64a4045a6d92 - core[df12db4294e9bfd3]::result::unwrap_failed
[INFO] [stdout]   12:     0x64a4044dcf61 - framefinery[ed387d72817fafc9]::command::tests::temp_input_path
[INFO] [stdout]   13:     0x64a4044e7e7d - framefinery[ed387d72817fafc9]::command::tests::encode_job_accepts_lossless_gbrp8_for_av2_and_vvc_paths
[INFO] [stdout]   14:     0x64a404507569 - <framefinery[ed387d72817fafc9]::command::tests::encode_job_accepts_lossless_gbrp8_for_av2_and_vvc_paths::{closure#0} as core[df12db4294e9bfd3]::ops::function::FnOnce<()>>::call_once
[INFO] [stdout]   15:     0x64a40450c3eb - test[9d35eded1c95d3be]::__rust_begin_short_backtrace::<core[df12db4294e9bfd3]::result::Result<(), alloc[2182bb758b4b3781]::string::String>, fn() -> core[df12db4294e9bfd3]::result::Result<(), alloc[2182bb758b4b3781]::string::String>>
[INFO] [stdout]   16:     0x64a404519a55 - test[9d35eded1c95d3be]::run_test::{closure#0}
[INFO] [stdout]   17:     0x64a404513314 - std[70759c8f55707aa4]::sys::backtrace::__rust_begin_short_backtrace::<test[9d35eded1c95d3be]::run_test::{closure#1}, ()>
[INFO] [stdout]   18:     0x64a40451cbb2 - <std[70759c8f55707aa4]::thread::lifecycle::spawn_unchecked<test[9d35eded1c95d3be]::run_test::{closure#1}, ()>::{closure#1} as core[df12db4294e9bfd3]::ops::function::FnOnce<()>>::call_once::{shim:vtable#0}
[INFO] [stdout]   19:     0x64a404591619 - <std[70759c8f55707aa4]::sys::thread::unix::Thread>::new::thread_start
[INFO] [stdout]   20:     0x77963a021dfa - <unknown>
[INFO] [stdout]   21:     0x77963a0b53d4 - clone
[INFO] [stdout]   22:                0x0 - <unknown>
[INFO] [stdout] 
[INFO] [stdout] ---- command::tests::encode_job_accepts_crop_filter_and_updates_geometry stdout ----
[INFO] [stdout] 
[INFO] [stdout] thread 'command::tests::encode_job_accepts_crop_filter_and_updates_geometry' (1639) panicked at crates/framefinery-cli/src/command.rs:1625:34:
[INFO] [stdout] create test output directory: Os { code: 30, kind: ReadOnlyFilesystem, message: "Read-only file system" }
[INFO] [stdout] stack backtrace:
[INFO] [stdout]    0:     0x64a404591d41 - <<std[70759c8f55707aa4]::sys::backtrace::BacktraceLock>::print::DisplayBacktrace as core[df12db4294e9bfd3]::fmt::Display>::fmt
[INFO] [stdout]    1:     0x64a4045a688a - core[df12db4294e9bfd3]::fmt::write
[INFO] [stdout]    2:     0x64a4045961fc - <alloc[2182bb758b4b3781]::vec::Vec<u8> as core[df12db4294e9bfd3]::io::write::Write>::write_fmt
[INFO] [stdout]    3:     0x64a40456d6e6 - std[70759c8f55707aa4]::panicking::default_hook::{closure#0}
[INFO] [stdout]    4:     0x64a40458a3c9 - std[70759c8f55707aa4]::panicking::default_hook
[INFO] [stdout]    5:     0x64a404519100 - test[9d35eded1c95d3be]::test_main_inner::<test[9d35eded1c95d3be]::test_main_static::{closure#0}>::{closure#0}
[INFO] [stdout]    6:     0x64a40458a582 - std[70759c8f55707aa4]::panicking::panic_with_hook
[INFO] [stdout]    7:     0x64a40456d792 - std[70759c8f55707aa4]::panicking::panic_handler::{closure#0}
[INFO] [stdout]    8:     0x64a4045663f9 - std[70759c8f55707aa4]::sys::backtrace::__rust_end_short_backtrace::<std[70759c8f55707aa4]::panicking::panic_handler::{closure#0}, !>
[INFO] [stdout]    9:     0x64a40456e38d - __rustc[8fa7c3cbc660c2b3]::rust_begin_unwind
[INFO] [stdout]   10:     0x64a4045a6fbc - core[df12db4294e9bfd3]::panicking::panic_fmt
[INFO] [stdout]   11:     0x64a4045a6d92 - core[df12db4294e9bfd3]::result::unwrap_failed
[INFO] [stdout]   12:     0x64a4044dcf61 - framefinery[ed387d72817fafc9]::command::tests::temp_input_path
[INFO] [stdout]   13:     0x64a4044e3011 - framefinery[ed387d72817fafc9]::command::tests::encode_job_accepts_crop_filter_and_updates_geometry
[INFO] [stdout]   14:     0x64a404507489 - <framefinery[ed387d72817fafc9]::command::tests::encode_job_accepts_crop_filter_and_updates_geometry::{closure#0} as core[df12db4294e9bfd3]::ops::function::FnOnce<()>>::call_once
[INFO] [stdout]   15:     0x64a40450c3eb - test[9d35eded1c95d3be]::__rust_begin_short_backtrace::<core[df12db4294e9bfd3]::result::Result<(), alloc[2182bb758b4b3781]::string::String>, fn() -> core[df12db4294e9bfd3]::result::Result<(), alloc[2182bb758b4b3781]::string::String>>
[INFO] [stdout]   16:     0x64a404519a55 - test[9d35eded1c95d3be]::run_test::{closure#0}
[INFO] [stdout]   17:     0x64a404513314 - std[70759c8f55707aa4]::sys::backtrace::__rust_begin_short_backtrace::<test[9d35eded1c95d3be]::run_test::{closure#1}, ()>
[INFO] [stdout]   18:     0x64a40451cbb2 - <std[70759c8f55707aa4]::thread::lifecycle::spawn_unchecked<test[9d35eded1c95d3be]::run_test::{closure#1}, ()>::{closure#1} as core[df12db4294e9bfd3]::ops::function::FnOnce<()>>::call_once::{shim:vtable#0}
[INFO] [stdout]   19:     0x64a404591619 - <std[70759c8f55707aa4]::sys::thread::unix::Thread>::new::thread_start
[INFO] [stdout]   20:     0x77963a021dfa - <unknown>
[INFO] [stdout]   21:     0x77963a0b53d4 - clone
[INFO] [stdout]   22:                0x0 - <unknown>
[INFO] [stdout] 
[INFO] [stdout] ---- command::tests::encode_job_accepts_lossless_yuv420_for_vvc_path stdout ----
[INFO] [stdout] 
[INFO] [stdout] thread 'command::tests::encode_job_accepts_lossless_yuv420_for_vvc_path' (1644) panicked at crates/framefinery-cli/src/command.rs:1625:34:
[INFO] [stdout] create test output directory: Os { code: 30, kind: ReadOnlyFilesystem, message: "Read-only file system" }
[INFO] [stdout] stack backtrace:
[INFO] [stdout]    0:     0x64a404591d41 - <<std[70759c8f55707aa4]::sys::backtrace::BacktraceLock>::print::DisplayBacktrace as core[df12db4294e9bfd3]::fmt::Display>::fmt
[INFO] [stdout]    1:     0x64a4045a688a - core[df12db4294e9bfd3]::fmt::write
[INFO] [stdout]    2:     0x64a4045961fc - <alloc[2182bb758b4b3781]::vec::Vec<u8> as core[df12db4294e9bfd3]::io::write::Write>::write_fmt
[INFO] [stdout]    3:     0x64a40456d6e6 - std[70759c8f55707aa4]::panicking::default_hook::{closure#0}
[INFO] [stdout]    4:     0x64a40458a3c9 - std[70759c8f55707aa4]::panicking::default_hook
[INFO] [stdout]    5:     0x64a404519100 - test[9d35eded1c95d3be]::test_main_inner::<test[9d35eded1c95d3be]::test_main_static::{closure#0}>::{closure#0}
[INFO] [stdout]    6:     0x64a40458a582 - std[70759c8f55707aa4]::panicking::panic_with_hook
[INFO] [stdout]    7:     0x64a40456d792 - std[70759c8f55707aa4]::panicking::panic_handler::{closure#0}
[INFO] [stdout]    8:     0x64a4045663f9 - std[70759c8f55707aa4]::sys::backtrace::__rust_end_short_backtrace::<std[70759c8f55707aa4]::panicking::panic_handler::{closure#0}, !>
[INFO] [stdout]    9:     0x64a40456e38d - __rustc[8fa7c3cbc660c2b3]::rust_begin_unwind
[INFO] [stdout]   10:     0x64a4045a6fbc - core[df12db4294e9bfd3]::panicking::panic_fmt
[INFO] [stdout]   11:     0x64a4045a6d92 - core[df12db4294e9bfd3]::result::unwrap_failed
[INFO] [stdout]   12:     0x64a4044dcf61 - framefinery[ed387d72817fafc9]::command::tests::temp_input_path
[INFO] [stdout]   13:     0x64a4044e063a - framefinery[ed387d72817fafc9]::command::tests::encode_job_accepts_lossless_yuv420_for_vvc_path
[INFO] [stdout]   14:     0x64a404507409 - <framefinery[ed387d72817fafc9]::command::tests::encode_job_accepts_lossless_yuv420_for_vvc_path::{closure#0} as core[df12db4294e9bfd3]::ops::function::FnOnce<()>>::call_once
[INFO] [stdout]   15:     0x64a40450c3eb - test[9d35eded1c95d3be]::__rust_begin_short_backtrace::<core[df12db4294e9bfd3]::result::Result<(), alloc[2182bb758b4b3781]::string::String>, fn() -> core[df12db4294e9bfd3]::result::Result<(), alloc[2182bb758b4b3781]::string::String>>
[INFO] [stdout]   16:     0x64a404519a55 - test[9d35eded1c95d3be]::run_test::{closure#0}
[INFO] [stdout]   17:     0x64a404513314 - std[70759c8f55707aa4]::sys::backtrace::__rust_begin_short_backtrace::<test[9d35eded1c95d3be]::run_test::{closure#1}, ()>
[INFO] [stdout]   18:     0x64a40451cbb2 - <std[70759c8f55707aa4]::thread::lifecycle::spawn_unchecked<test[9d35eded1c95d3be]::run_test::{closure#1}, ()>::{closure#1} as core[df12db4294e9bfd3]::ops::function::FnOnce<()>>::call_once::{shim:vtable#0}
[INFO] [stdout]   19:     0x64a404591619 - <std[70759c8f55707aa4]::sys::thread::unix::Thread>::new::thread_start
[INFO] [stdout]   20:     0x77963a021dfa - <unknown>
[INFO] [stdout]   21:     0x77963a0b53d4 - clone
[INFO] [stdout]   22:                0x0 - <unknown>
[INFO] [stdout] 
[INFO] [stdout] ---- command::tests::encode_job_accepts_lossy_yuv422_high_depth_for_vvc_path stdout ----
[INFO] [stdout] 
[INFO] [stdout] thread 'command::tests::encode_job_accepts_lossy_yuv422_high_depth_for_vvc_path' (1647) panicked at crates/framefinery-cli/src/command.rs:1625:34:
[INFO] [stdout] create test output directory: Os { code: 30, kind: ReadOnlyFilesystem, message: "Read-only file system" }
[INFO] [stdout] stack backtrace:
[INFO] [stdout]    0:     0x64a404591d41 - <<std[70759c8f55707aa4]::sys::backtrace::BacktraceLock>::print::DisplayBacktrace as core[df12db4294e9bfd3]::fmt::Display>::fmt
[INFO] [stdout]    1:     0x64a4045a688a - core[df12db4294e9bfd3]::fmt::write
[INFO] [stdout]    2:     0x64a4045961fc - <alloc[2182bb758b4b3781]::vec::Vec<u8> as core[df12db4294e9bfd3]::io::write::Write>::write_fmt
[INFO] [stdout]    3:     0x64a40456d6e6 - std[70759c8f55707aa4]::panicking::default_hook::{closure#0}
[INFO] [stdout]    4:     0x64a40458a3c9 - std[70759c8f55707aa4]::panicking::default_hook
[INFO] [stdout]    5:     0x64a404519100 - test[9d35eded1c95d3be]::test_main_inner::<test[9d35eded1c95d3be]::test_main_static::{closure#0}>::{closure#0}
[INFO] [stdout]    6:     0x64a40458a582 - std[70759c8f55707aa4]::panicking::panic_with_hook
[INFO] [stdout]    7:     0x64a40456d792 - std[70759c8f55707aa4]::panicking::panic_handler::{closure#0}
[INFO] [stdout]    8:     0x64a4045663f9 - std[70759c8f55707aa4]::sys::backtrace::__rust_end_short_backtrace::<std[70759c8f55707aa4]::panicking::panic_handler::{closure#0}, !>
[INFO] [stdout]    9:     0x64a40456e38d - __rustc[8fa7c3cbc660c2b3]::rust_begin_unwind
[INFO] [stdout]   10:     0x64a4045a6fbc - core[df12db4294e9bfd3]::panicking::panic_fmt
[INFO] [stdout]   11:     0x64a4045a6d92 - core[df12db4294e9bfd3]::result::unwrap_failed
[INFO] [stdout]   12:     0x64a4044dcf61 - framefinery[ed387d72817fafc9]::command::tests::temp_input_path
[INFO] [stdout]   13:     0x64a4044e8d1a - framefinery[ed387d72817fafc9]::command::tests::encode_job_accepts_lossy_yuv422_high_depth_for_vvc_path
[INFO] [stdout]   14:     0x64a404507589 - <framefinery[ed387d72817fafc9]::command::tests::encode_job_accepts_lossy_yuv422_high_depth_for_vvc_path::{closure#0} as core[df12db4294e9bfd3]::ops::function::FnOnce<()>>::call_once
[INFO] [stdout]   15:     0x64a40450c3eb - test[9d35eded1c95d3be]::__rust_begin_short_backtrace::<core[df12db4294e9bfd3]::result::Result<(), alloc[2182bb758b4b3781]::string::String>, fn() -> core[df12db4294e9bfd3]::result::Result<(), alloc[2182bb758b4b3781]::string::String>>
[INFO] [stdout]   16:     0x64a404519a55 - test[9d35eded1c95d3be]::run_test::{closure#0}
[INFO] [stdout]   17:     0x64a404513314 - std[70759c8f55707aa4]::sys::backtrace::__rust_begin_short_backtrace::<test[9d35eded1c95d3be]::run_test::{closure#1}, ()>
[INFO] [stdout]   18:     0x64a40451cbb2 - <std[70759c8f55707aa4]::thread::lifecycle::spawn_unchecked<test[9d35eded1c95d3be]::run_test::{closure#1}, ()>::{closure#1} as core[df12db4294e9bfd3]::ops::function::FnOnce<()>>::call_once::{shim:vtable#0}
[INFO] [stdout]   19:     0x64a404591619 - <std[70759c8f55707aa4]::sys::thread::unix::Thread>::new::thread_start
[INFO] [stdout]   20:     0x77963a021dfa - <unknown>
[INFO] [stdout]   21:     0x77963a0b53d4 - clone
[INFO] [stdout]   22:                0x0 - <unknown>
[INFO] [stdout] 
[INFO] [stdout] ---- command::tests::encode_job_accepts_non_lossless_rgb24_for_av2_path stdout ----
[INFO] [stdout] 
[INFO] [stdout] thread 'command::tests::encode_job_accepts_non_lossless_rgb24_for_av2_path' (1648) panicked at crates/framefinery-cli/src/command.rs:1625:34:
[INFO] [stdout] create test output directory: Os { code: 30, kind: ReadOnlyFilesystem, message: "Read-only file system" }
[INFO] [stdout] stack backtrace:
[INFO] [stdout]    0:     0x64a404591d41 - <<std[70759c8f55707aa4]::sys::backtrace::BacktraceLock>::print::DisplayBacktrace as core[df12db4294e9bfd3]::fmt::Display>::fmt
[INFO] [stdout]    1:     0x64a4045a688a - core[df12db4294e9bfd3]::fmt::write
[INFO] [stdout]    2:     0x64a4045961fc - <alloc[2182bb758b4b3781]::vec::Vec<u8> as core[df12db4294e9bfd3]::io::write::Write>::write_fmt
[INFO] [stdout]    3:     0x64a40456d6e6 - std[70759c8f55707aa4]::panicking::default_hook::{closure#0}
[INFO] [stdout]    4:     0x64a40458a3c9 - std[70759c8f55707aa4]::panicking::default_hook
[INFO] [stdout]    5:     0x64a404519100 - test[9d35eded1c95d3be]::test_main_inner::<test[9d35eded1c95d3be]::test_main_static::{closure#0}>::{closure#0}
[INFO] [stdout]    6:     0x64a40458a582 - std[70759c8f55707aa4]::panicking::panic_with_hook
[INFO] [stdout]    7:     0x64a40456d792 - std[70759c8f55707aa4]::panicking::panic_handler::{closure#0}
[INFO] [stdout]    8:     0x64a4045663f9 - std[70759c8f55707aa4]::sys::backtrace::__rust_end_short_backtrace::<std[70759c8f55707aa4]::panicking::panic_handler::{closure#0}, !>
[INFO] [stdout]    9:     0x64a40456e38d - __rustc[8fa7c3cbc660c2b3]::rust_begin_unwind
[INFO] [stdout]   10:     0x64a4045a6fbc - core[df12db4294e9bfd3]::panicking::panic_fmt
[INFO] [stdout]   11:     0x64a4045a6d92 - core[df12db4294e9bfd3]::result::unwrap_failed
[INFO] [stdout]   12:     0x64a4044dcf61 - framefinery[ed387d72817fafc9]::command::tests::temp_input_path
[INFO] [stdout]   13:     0x64a4044e260e - framefinery[ed387d72817fafc9]::command::tests::encode_job_accepts_non_lossless_rgb24_for_av2_path
[INFO] [stdout]   14:     0x64a404507469 - <framefinery[ed387d72817fafc9]::command::tests::encode_job_accepts_non_lossless_rgb24_for_av2_path::{closure#0} as core[df12db4294e9bfd3]::ops::function::FnOnce<()>>::call_once
[INFO] [stdout]   15:     0x64a40450c3eb - test[9d35eded1c95d3be]::__rust_begin_short_backtrace::<core[df12db4294e9bfd3]::result::Result<(), alloc[2182bb758b4b3781]::string::String>, fn() -> core[df12db4294e9bfd3]::result::Result<(), alloc[2182bb758b4b3781]::string::String>>
[INFO] [stdout]   16:     0x64a404519a55 - test[9d35eded1c95d3be]::run_test::{closure#0}
[INFO] [stdout]   17:     0x64a404513314 - std[70759c8f55707aa4]::sys::backtrace::__rust_begin_short_backtrace::<test[9d35eded1c95d3be]::run_test::{closure#1}, ()>
[INFO] [stdout]   18:     0x64a40451cbb2 - <std[70759c8f55707aa4]::thread::lifecycle::spawn_unchecked<test[9d35eded1c95d3be]::run_test::{closure#1}, ()>::{closure#1} as core[df12db4294e9bfd3]::ops::function::FnOnce<()>>::call_once::{shim:vtable#0}
[INFO] [stdout]   19:     0x64a404591619 - <std[70759c8f55707aa4]::sys::thread::unix::Thread>::new::thread_start
[INFO] [stdout]   20:     0x77963a021dfa - <unknown>
[INFO] [stdout]   21:     0x77963a0b53d4 - clone
[INFO] [stdout]   22:                0x0 - <unknown>
[INFO] [stdout] 
[INFO] [stdout] ---- command::tests::encode_job_accepts_lossless_rgb24_for_av2_path stdout ----
[INFO] [stdout] 
[INFO] [stdout] thread 'command::tests::encode_job_accepts_lossless_rgb24_for_av2_path' (1642) panicked at crates/framefinery-cli/src/command.rs:1625:34:
[INFO] [stdout] create test output directory: Os { code: 30, kind: ReadOnlyFilesystem, message: "Read-only file system" }
[INFO] [stdout] stack backtrace:
[INFO] [stdout]    0:     0x64a404591d41 - <<std[70759c8f55707aa4]::sys::backtrace::BacktraceLock>::print::DisplayBacktrace as core[df12db4294e9bfd3]::fmt::Display>::fmt
[INFO] [stdout]    1:     0x64a4045a688a - core[df12db4294e9bfd3]::fmt::write
[INFO] [stdout]    2:     0x64a4045961fc - <alloc[2182bb758b4b3781]::vec::Vec<u8> as core[df12db4294e9bfd3]::io::write::Write>::write_fmt
[INFO] [stdout]    3:     0x64a40456d6e6 - std[70759c8f55707aa4]::panicking::default_hook::{closure#0}
[INFO] [stdout]    4:     0x64a40458a3c9 - std[70759c8f55707aa4]::panicking::default_hook
[INFO] [stdout]    5:     0x64a404519100 - test[9d35eded1c95d3be]::test_main_inner::<test[9d35eded1c95d3be]::test_main_static::{closure#0}>::{closure#0}
[INFO] [stdout]    6:     0x64a40458a582 - std[70759c8f55707aa4]::panicking::panic_with_hook
[INFO] [stdout]    7:     0x64a40456d792 - std[70759c8f55707aa4]::panicking::panic_handler::{closure#0}
[INFO] [stdout]    8:     0x64a4045663f9 - std[70759c8f55707aa4]::sys::backtrace::__rust_end_short_backtrace::<std[70759c8f55707aa4]::panicking::panic_handler::{closure#0}, !>
[INFO] [stdout]    9:     0x64a40456e38d - __rustc[8fa7c3cbc660c2b3]::rust_begin_unwind
[INFO] [stdout]   10:     0x64a4045a6fbc - core[df12db4294e9bfd3]::panicking::panic_fmt
[INFO] [stdout]   11:     0x64a4045a6d92 - core[df12db4294e9bfd3]::result::unwrap_failed
[INFO] [stdout]   12:     0x64a4044dcf61 - framefinery[ed387d72817fafc9]::command::tests::temp_input_path
[INFO] [stdout]   13:     0x64a4044def5e - framefinery[ed387d72817fafc9]::command::tests::encode_job_accepts_lossless_rgb24_for_av2_path
[INFO] [stdout]   14:     0x64a4045073c9 - <framefinery[ed387d72817fafc9]::command::tests::encode_job_accepts_lossless_rgb24_for_av2_path::{closure#0} as core[df12db4294e9bfd3]::ops::function::FnOnce<()>>::call_once
[INFO] [stdout]   15:     0x64a40450c3eb - test[9d35eded1c95d3be]::__rust_begin_short_backtrace::<core[df12db4294e9bfd3]::result::Result<(), alloc[2182bb758b4b3781]::string::String>, fn() -> core[df12db4294e9bfd3]::result::Result<(), alloc[2182bb758b4b3781]::string::String>>
[INFO] [stdout]   16:     0x64a404519a55 - test[9d35eded1c95d3be]::run_test::{closure#0}
[INFO] [stdout]   17:     0x64a404513314 - std[70759c8f55707aa4]::sys::backtrace::__rust_begin_short_backtrace::<test[9d35eded1c95d3be]::run_test::{closure#1}, ()>
[INFO] [stdout]   18:     0x64a40451cbb2 - <std[70759c8f55707aa4]::thread::lifecycle::spawn_unchecked<test[9d35eded1c95d3be]::run_test::{closure#1}, ()>::{closure#1} as core[df12db4294e9bfd3]::ops::function::FnOnce<()>>::call_once::{shim:vtable#0}
[INFO] [stdout]   19:     0x64a404591619 - <std[70759c8f55707aa4]::sys::thread::unix::Thread>::new::thread_start
[INFO] [stdout]   20:     0x77963a021dfa - <unknown>
[INFO] [stdout]   21:     0x77963a0b53d4 - clone
[INFO] [stdout]   22:                0x0 - <unknown>
[INFO] [stdout] 
[INFO] [stdout] ---- command::tests::encode_job_accepts_lossless_yuv420_for_av2_path stdout ----
[INFO] [stdout] 
[INFO] [stdout] thread 'command::tests::encode_job_accepts_lossless_yuv420_for_av2_path' (1643) panicked at crates/framefinery-cli/src/command.rs:1625:34:
[INFO] [stdout] create test output directory: Os { code: 30, kind: ReadOnlyFilesystem, message: "Read-only file system" }
[INFO] [stdout] stack backtrace:
[INFO] [stdout]    0:     0x64a404591d41 - <<std[70759c8f55707aa4]::sys::backtrace::BacktraceLock>::print::DisplayBacktrace as core[df12db4294e9bfd3]::fmt::Display>::fmt
[INFO] [stdout]    1:     0x64a4045a688a - core[df12db4294e9bfd3]::fmt::write
[INFO] [stdout]    2:     0x64a4045961fc - <alloc[2182bb758b4b3781]::vec::Vec<u8> as core[df12db4294e9bfd3]::io::write::Write>::write_fmt
[INFO] [stdout]    3:     0x64a40456d6e6 - std[70759c8f55707aa4]::panicking::default_hook::{closure#0}
[INFO] [stdout]    4:     0x64a40458a3c9 - std[70759c8f55707aa4]::panicking::default_hook
[INFO] [stdout]    5:     0x64a404519100 - test[9d35eded1c95d3be]::test_main_inner::<test[9d35eded1c95d3be]::test_main_static::{closure#0}>::{closure#0}
[INFO] [stdout]    6:     0x64a40458a582 - std[70759c8f55707aa4]::panicking::panic_with_hook
[INFO] [stdout]    7:     0x64a40456d792 - std[70759c8f55707aa4]::panicking::panic_handler::{closure#0}
[INFO] [stdout]    8:     0x64a4045663f9 - std[70759c8f55707aa4]::sys::backtrace::__rust_end_short_backtrace::<std[70759c8f55707aa4]::panicking::panic_handler::{closure#0}, !>
[INFO] [stdout]    9:     0x64a40456e38d - __rustc[8fa7c3cbc660c2b3]::rust_begin_unwind
[INFO] [stdout]   10:     0x64a4045a6fbc - core[df12db4294e9bfd3]::panicking::panic_fmt
[INFO] [stdout]   11:     0x64a4045a6d92 - core[df12db4294e9bfd3]::result::unwrap_failed
[INFO] [stdout]   12:     0x64a4044dcf61 - framefinery[ed387d72817fafc9]::command::tests::temp_input_path
[INFO] [stdout]   13:     0x64a4044dfc4a - framefinery[ed387d72817fafc9]::command::tests::encode_job_accepts_lossless_yuv420_for_av2_path
[INFO] [stdout]   14:     0x64a4045073e9 - <framefinery[ed387d72817fafc9]::command::tests::encode_job_accepts_lossless_yuv420_for_av2_path::{closure#0} as core[df12db4294e9bfd3]::ops::function::FnOnce<()>>::call_once
[INFO] [stdout]   15:     0x64a40450c3eb - test[9d35eded1c95d3be]::__rust_begin_short_backtrace::<core[df12db4294e9bfd3]::result::Result<(), alloc[2182bb758b4b3781]::string::String>, fn() -> core[df12db4294e9bfd3]::result::Result<(), alloc[2182bb758b4b3781]::string::String>>
[INFO] [stdout]   16:     0x64a404519a55 - test[9d35eded1c95d3be]::run_test::{closure#0}
[INFO] [stdout]   17:     0x64a404513314 - std[70759c8f55707aa4]::sys::backtrace::__rust_begin_short_backtrace::<test[9d35eded1c95d3be]::run_test::{closure#1}, ()>
[INFO] [stdout]   18:     0x64a40451cbb2 - <std[70759c8f55707aa4]::thread::lifecycle::spawn_unchecked<test[9d35eded1c95d3be]::run_test::{closure#1}, ()>::{closure#1} as core[df12db4294e9bfd3]::ops::function::FnOnce<()>>::call_once::{shim:vtable#0}
[INFO] [stdout]   19:     0x64a404591619 - <std[70759c8f55707aa4]::sys::thread::unix::Thread>::new::thread_start
[INFO] [stdout]   20:     0x77963a021dfa - <unknown>
[INFO] [stdout]   21:     0x77963a0b53d4 - clone
[INFO] [stdout]   22:                0x0 - <unknown>
[INFO] [stdout] 
[INFO] [stdout] ---- command::tests::encode_job_accepts_lossless_yuv422_for_vvc_path stdout ----
[INFO] [stdout] 
[INFO] [stdout] thread 'command::tests::encode_job_accepts_lossless_yuv422_for_vvc_path' (1646) panicked at crates/framefinery-cli/src/command.rs:1625:34:
[INFO] [stdout] create test output directory: Os { code: 30, kind: ReadOnlyFilesystem, message: "Read-only file system" }
[INFO] [stdout] stack backtrace:
[INFO] [stdout]    0:     0x64a404591d41 - <<std[70759c8f55707aa4]::sys::backtrace::BacktraceLock>::print::DisplayBacktrace as core[df12db4294e9bfd3]::fmt::Display>::fmt
[INFO] [stdout]    1:     0x64a4045a688a - core[df12db4294e9bfd3]::fmt::write
[INFO] [stdout]    2:     0x64a4045961fc - <alloc[2182bb758b4b3781]::vec::Vec<u8> as core[df12db4294e9bfd3]::io::write::Write>::write_fmt
[INFO] [stdout]    3:     0x64a40456d6e6 - std[70759c8f55707aa4]::panicking::default_hook::{closure#0}
[INFO] [stdout]    4:     0x64a40458a3c9 - std[70759c8f55707aa4]::panicking::default_hook
[INFO] [stdout]    5:     0x64a404519100 - test[9d35eded1c95d3be]::test_main_inner::<test[9d35eded1c95d3be]::test_main_static::{closure#0}>::{closure#0}
[INFO] [stdout]    6:     0x64a40458a582 - std[70759c8f55707aa4]::panicking::panic_with_hook
[INFO] [stdout]    7:     0x64a40456d792 - std[70759c8f55707aa4]::panicking::panic_handler::{closure#0}
[INFO] [stdout]    8:     0x64a4045663f9 - std[70759c8f55707aa4]::sys::backtrace::__rust_end_short_backtrace::<std[70759c8f55707aa4]::panicking::panic_handler::{closure#0}, !>
[INFO] [stdout]    9:     0x64a40456e38d - __rustc[8fa7c3cbc660c2b3]::rust_begin_unwind
[INFO] [stdout]   10:     0x64a4045a6fbc - core[df12db4294e9bfd3]::panicking::panic_fmt
[INFO] [stdout]   11:     0x64a4045a6d92 - core[df12db4294e9bfd3]::result::unwrap_failed
[INFO] [stdout]   12:     0x64a4044dcf61 - framefinery[ed387d72817fafc9]::command::tests::temp_input_path
[INFO] [stdout]   13:     0x64a4044e102a - framefinery[ed387d72817fafc9]::command::tests::encode_job_accepts_lossless_yuv422_for_vvc_path
[INFO] [stdout]   14:     0x64a404507429 - <framefinery[ed387d72817fafc9]::command::tests::encode_job_accepts_lossless_yuv422_for_vvc_path::{closure#0} as core[df12db4294e9bfd3]::ops::function::FnOnce<()>>::call_once
[INFO] [stdout]   15:     0x64a40450c3eb - test[9d35eded1c95d3be]::__rust_begin_short_backtrace::<core[df12db4294e9bfd3]::result::Result<(), alloc[2182bb758b4b3781]::string::String>, fn() -> core[df12db4294e9bfd3]::result::Result<(), alloc[2182bb758b4b3781]::string::String>>
[INFO] [stdout]   16:     0x64a404519a55 - test[9d35eded1c95d3be]::run_test::{closure#0}
[INFO] [stdout]   17:     0x64a404513314 - std[70759c8f55707aa4]::sys::backtrace::__rust_begin_short_backtrace::<test[9d35eded1c95d3be]::run_test::{closure#1}, ()>
[INFO] [stdout]   18:     0x64a40451cbb2 - <std[70759c8f55707aa4]::thread::lifecycle::spawn_unchecked<test[9d35eded1c95d3be]::run_test::{closure#1}, ()>::{closure#1} as core[df12db4294e9bfd3]::ops::function::FnOnce<()>>::call_once::{shim:vtable#0}
[INFO] [stdout]   19:     0x64a404591619 - <std[70759c8f55707aa4]::sys::thread::unix::Thread>::new::thread_start
[INFO] [stdout]   20:     0x77963a021dfa - <unknown>
[INFO] [stdout]   21:     0x77963a0b53d4 - clone
[INFO] [stdout]   22:                0x0 - <unknown>
[INFO] [stdout] 
[INFO] [stdout] ---- command::tests::encode_job_clamps_requested_frames_to_available_file_frames stdout ----
[INFO] [stdout] 
[INFO] [stdout] thread 'command::tests::encode_job_clamps_requested_frames_to_available_file_frames' (1654) panicked at crates/framefinery-cli/src/command.rs:1625:34:
[INFO] [stdout] create test output directory: Os { code: 30, kind: ReadOnlyFilesystem, message: "Read-only file system" }
[INFO] [stdout] stack backtrace:
[INFO] [stdout]    0:     0x64a404591d41 - <<std[70759c8f55707aa4]::sys::backtrace::BacktraceLock>::print::DisplayBacktrace as core[df12db4294e9bfd3]::fmt::Display>::fmt
[INFO] [stdout]    1:     0x64a4045a688a - core[df12db4294e9bfd3]::fmt::write
[INFO] [stdout]    2:     0x64a4045961fc - <alloc[2182bb758b4b3781]::vec::Vec<u8> as core[df12db4294e9bfd3]::io::write::Write>::write_fmt
[INFO] [stdout]    3:     0x64a40456d6e6 - std[70759c8f55707aa4]::panicking::default_hook::{closure#0}
[INFO] [stdout]    4:     0x64a40458a3c9 - std[70759c8f55707aa4]::panicking::default_hook
[INFO] [stdout]    5:     0x64a404519100 - test[9d35eded1c95d3be]::test_main_inner::<test[9d35eded1c95d3be]::test_main_static::{closure#0}>::{closure#0}
[INFO] [stdout]    6:     0x64a40458a582 - std[70759c8f55707aa4]::panicking::panic_with_hook
[INFO] [stdout]    7:     0x64a40456d792 - std[70759c8f55707aa4]::panicking::panic_handler::{closure#0}
[INFO] [stdout]    8:     0x64a4045663f9 - std[70759c8f55707aa4]::sys::backtrace::__rust_end_short_backtrace::<std[70759c8f55707aa4]::panicking::panic_handler::{closure#0}, !>
[INFO] [stdout]    9:     0x64a40456e38d - __rustc[8fa7c3cbc660c2b3]::rust_begin_unwind
[INFO] [stdout]   10:     0x64a4045a6fbc - core[df12db4294e9bfd3]::panicking::panic_fmt
[INFO] [stdout]   11:     0x64a4045a6d92 - core[df12db4294e9bfd3]::result::unwrap_failed
[INFO] [stdout]   12:     0x64a4044dcf61 - framefinery[ed387d72817fafc9]::command::tests::temp_input_path
[INFO] [stdout]   13:     0x64a4044ee44e - framefinery[ed387d72817fafc9]::command::tests::encode_job_clamps_requested_frames_to_available_file_frames
[INFO] [stdout]   14:     0x64a404507689 - <framefinery[ed387d72817fafc9]::command::tests::encode_job_clamps_requested_frames_to_available_file_frames::{closure#0} as core[df12db4294e9bfd3]::ops::function::FnOnce<()>>::call_once
[INFO] [stdout]   15:     0x64a40450c3eb - test[9d35eded1c95d3be]::__rust_begin_short_backtrace::<core[df12db4294e9bfd3]::result::Result<(), alloc[2182bb758b4b3781]::string::String>, fn() -> core[df12db4294e9bfd3]::result::Result<(), alloc[2182bb758b4b3781]::string::String>>
[INFO] [stdout]   16:     0x64a404519a55 - test[9d35eded1c95d3be]::run_test::{closure#0}
[INFO] [stdout]   17:     0x64a404513314 - std[70759c8f55707aa4]::sys::backtrace::__rust_begin_short_backtrace::<test[9d35eded1c95d3be]::run_test::{closure#1}, ()>
[INFO] [stdout]   18:     0x64a40451cbb2 - <std[70759c8f55707aa4]::thread::lifecycle::spawn_unchecked<test[9d35eded1c95d3be]::run_test::{closure#1}, ()>::{closure#1} as core[df12db4294e9bfd3]::ops::function::FnOnce<()>>::call_once::{shim:vtable#0}
[INFO] [stdout]   19:     0x64a404591619 - <std[70759c8f55707aa4]::sys::thread::unix::Thread>::new::thread_start
[INFO] [stdout]   20:     0x77963a021dfa - <unknown>
[INFO] [stdout]   21:     0x77963a0b53d4 - clone
[INFO] [stdout]   22:                0x0 - <unknown>
[INFO] [stdout] 
[INFO] [stdout] ---- command::tests::encode_job_accepts_lossless_yuv422_for_av2_without_bit_depth_fallback stdout ----
[INFO] [stdout] 
[INFO] [stdout] thread 'command::tests::encode_job_accepts_lossless_yuv422_for_av2_without_bit_depth_fallback' (1645) panicked at crates/framefinery-cli/src/command.rs:1625:34:
[INFO] [stdout] create test output directory: Os { code: 30, kind: ReadOnlyFilesystem, message: "Read-only file system" }
[INFO] [stdout] stack backtrace:
[INFO] [stdout]    0:     0x64a404591d41 - <<std[70759c8f55707aa4]::sys::backtrace::BacktraceLock>::print::DisplayBacktrace as core[df12db4294e9bfd3]::fmt::Display>::fmt
[INFO] [stdout]    1:     0x64a4045a688a - core[df12db4294e9bfd3]::fmt::write
[INFO] [stdout]    2:     0x64a4045961fc - <alloc[2182bb758b4b3781]::vec::Vec<u8> as core[df12db4294e9bfd3]::io::write::Write>::write_fmt
[INFO] [stdout]    3:     0x64a40456d6e6 - std[70759c8f55707aa4]::panicking::default_hook::{closure#0}
[INFO] [stdout]    4:     0x64a40458a3c9 - std[70759c8f55707aa4]::panicking::default_hook
[INFO] [stdout]    5:     0x64a404519100 - test[9d35eded1c95d3be]::test_main_inner::<test[9d35eded1c95d3be]::test_main_static::{closure#0}>::{closure#0}
[INFO] [stdout]    6:     0x64a40458a582 - std[70759c8f55707aa4]::panicking::panic_with_hook
[INFO] [stdout]    7:     0x64a40456d792 - std[70759c8f55707aa4]::panicking::panic_handler::{closure#0}
[INFO] [stdout]    8:     0x64a4045663f9 - std[70759c8f55707aa4]::sys::backtrace::__rust_end_short_backtrace::<std[70759c8f55707aa4]::panicking::panic_handler::{closure#0}, !>
[INFO] [stdout]    9:     0x64a40456e38d - __rustc[8fa7c3cbc660c2b3]::rust_begin_unwind
[INFO] [stdout]   10:     0x64a4045a6fbc - core[df12db4294e9bfd3]::panicking::panic_fmt
[INFO] [stdout]   11:     0x64a4045a6d92 - core[df12db4294e9bfd3]::result::unwrap_failed
[INFO] [stdout]   12:     0x64a4044dcf61 - framefinery[ed387d72817fafc9]::command::tests::temp_input_path
[INFO] [stdout]   13:     0x64a4044ef3fa - framefinery[ed387d72817fafc9]::command::tests::encode_job_accepts_lossless_yuv422_for_av2_without_bit_depth_fallback
[INFO] [stdout]   14:     0x64a4045076c9 - <framefinery[ed387d72817fafc9]::command::tests::encode_job_accepts_lossless_yuv422_for_av2_without_bit_depth_fallback::{closure#0} as core[df12db4294e9bfd3]::ops::function::FnOnce<()>>::call_once
[INFO] [stdout]   15:     0x64a40450c3eb - test[9d35eded1c95d3be]::__rust_begin_short_backtrace::<core[df12db4294e9bfd3]::result::Result<(), alloc[2182bb758b4b3781]::string::String>, fn() -> core[df12db4294e9bfd3]::result::Result<(), alloc[2182bb758b4b3781]::string::String>>
[INFO] [stdout]   16:     0x64a404519a55 - test[9d35eded1c95d3be]::run_test::{closure#0}
[INFO] [stdout]   17:     0x64a404513314 - std[70759c8f55707aa4]::sys::backtrace::__rust_begin_short_backtrace::<test[9d35eded1c95d3be]::run_test::{closure#1}, ()>
[INFO] [stdout]   18:     0x64a40451cbb2 - <std[70759c8f55707aa4]::thread::lifecycle::spawn_unchecked<test[9d35eded1c95d3be]::run_test::{closure#1}, ()>::{closure#1} as core[df12db4294e9bfd3]::ops::function::FnOnce<()>>::call_once::{shim:vtable#0}
[INFO] [stdout]   19:     0x64a404591619 - <std[70759c8f55707aa4]::sys::thread::unix::Thread>::new::thread_start
[INFO] [stdout]   20:     0x77963a021dfa - <unknown>
[INFO] [stdout]   21:     0x77963a0b53d4 - clone
[INFO] [stdout]   22:                0x0 - <unknown>
[INFO] [stdout] 
[INFO] [stdout] ---- command::tests::encode_job_accepts_scale_filter_and_updates_geometry stdout ----
[INFO] [stdout] 
[INFO] [stdout] thread 'command::tests::encode_job_accepts_scale_filter_and_updates_geometry' (1652) panicked at crates/framefinery-cli/src/command.rs:1625:34:
[INFO] [stdout] create test output directory: Os { code: 30, kind: ReadOnlyFilesystem, message: "Read-only file system" }
[INFO] [stdout] stack backtrace:
[INFO] [stdout]    0:     0x64a404591d41 - <<std[70759c8f55707aa4]::sys::backtrace::BacktraceLock>::print::DisplayBacktrace as core[df12db4294e9bfd3]::fmt::Display>::fmt
[INFO] [stdout]    1:     0x64a4045a688a - core[df12db4294e9bfd3]::fmt::write
[INFO] [stdout]    2:     0x64a4045961fc - <alloc[2182bb758b4b3781]::vec::Vec<u8> as core[df12db4294e9bfd3]::io::write::Write>::write_fmt
[INFO] [stdout]    3:     0x64a40456d6e6 - std[70759c8f55707aa4]::panicking::default_hook::{closure#0}
[INFO] [stdout]    4:     0x64a40458a3c9 - std[70759c8f55707aa4]::panicking::default_hook
[INFO] [stdout]    5:     0x64a404519100 - test[9d35eded1c95d3be]::test_main_inner::<test[9d35eded1c95d3be]::test_main_static::{closure#0}>::{closure#0}
[INFO] [stderr] error: test failed, to rerun pass `-p framefinery --lib`
[INFO] [stdout]    6:     0x64a40458a582 - std[70759c8f55707aa4]::panicking::panic_with_hook
[INFO] [stdout]    7:     0x64a40456d792 - std[70759c8f55707aa4]::panicking::panic_handler::{closure#0}
[INFO] [stdout]    8:     0x64a4045663f9 - std[70759c8f55707aa4]::sys::backtrace::__rust_end_short_backtrace::<std[70759c8f55707aa4]::panicking::panic_handler::{closure#0}, !>
[INFO] [stdout]    9:     0x64a40456e38d - __rustc[8fa7c3cbc660c2b3]::rust_begin_unwind
[INFO] [stdout]   10:     0x64a4045a6fbc - core[df12db4294e9bfd3]::panicking::panic_fmt
[INFO] [stdout]   11:     0x64a4045a6d92 - core[df12db4294e9bfd3]::result::unwrap_failed
[INFO] [stdout]   12:     0x64a4044dcf61 - framefinery[ed387d72817fafc9]::command::tests::temp_input_path
[INFO] [stdout]   13:     0x64a4044e443e - framefinery[ed387d72817fafc9]::command::tests::encode_job_accepts_scale_filter_and_updates_geometry
[INFO] [stdout]   14:     0x64a4045074a9 - <framefinery[ed387d72817fafc9]::command::tests::encode_job_accepts_scale_filter_and_updates_geometry::{closure#0} as core[df12db4294e9bfd3]::ops::function::FnOnce<()>>::call_once
[INFO] [stdout]   15:     0x64a40450c3eb - test[9d35eded1c95d3be]::__rust_begin_short_backtrace::<core[df12db4294e9bfd3]::result::Result<(), alloc[2182bb758b4b3781]::string::String>, fn() -> core[df12db4294e9bfd3]::result::Result<(), alloc[2182bb758b4b3781]::string::String>>
[INFO] [stdout]   16:     0x64a404519a55 - test[9d35eded1c95d3be]::run_test::{closure#0}
[INFO] [stdout]   17:     0x64a404513314 - std[70759c8f55707aa4]::sys::backtrace::__rust_begin_short_backtrace::<test[9d35eded1c95d3be]::run_test::{closure#1}, ()>
[INFO] [stdout]   18:     0x64a40451cbb2 - <std[70759c8f55707aa4]::thread::lifecycle::spawn_unchecked<test[9d35eded1c95d3be]::run_test::{closure#1}, ()>::{closure#1} as core[df12db4294e9bfd3]::ops::function::FnOnce<()>>::call_once::{shim:vtable#0}
[INFO] [stdout]   19:     0x64a404591619 - <std[70759c8f55707aa4]::sys::thread::unix::Thread>::new::thread_start
[INFO] [stdout]   20:     0x77963a021dfa - <unknown>
[INFO] [stdout]   21:     0x77963a0b53d4 - clone
[INFO] [stdout]   22:                0x0 - <unknown>
[INFO] [stdout] 
[INFO] [stdout] ---- command::tests::encode_job_accepts_rgb24_for_vvc_path_via_common_repack stdout ----
[INFO] [stdout] 
[INFO] [stdout] thread 'command::tests::encode_job_accepts_rgb24_for_vvc_path_via_common_repack' (1651) panicked at crates/framefinery-cli/src/command.rs:1625:34:
[INFO] [stdout] create test output directory: Os { code: 30, kind: ReadOnlyFilesystem, message: "Read-only file system" }
[INFO] [stdout] stack backtrace:
[INFO] [stdout]    0:     0x64a404591d41 - <<std[70759c8f55707aa4]::sys::backtrace::BacktraceLock>::print::DisplayBacktrace as core[df12db4294e9bfd3]::fmt::Display>::fmt
[INFO] [stdout]    1:     0x64a4045a688a - core[df12db4294e9bfd3]::fmt::write
[INFO] [stdout]    2:     0x64a4045961fc - <alloc[2182bb758b4b3781]::vec::Vec<u8> as core[df12db4294e9bfd3]::io::write::Write>::write_fmt
[INFO] [stdout]    3:     0x64a40456d6e6 - std[70759c8f55707aa4]::panicking::default_hook::{closure#0}
[INFO] [stdout]    4:     0x64a40458a3c9 - std[70759c8f55707aa4]::panicking::default_hook
[INFO] [stdout]    5:     0x64a404519100 - test[9d35eded1c95d3be]::test_main_inner::<test[9d35eded1c95d3be]::test_main_static::{closure#0}>::{closure#0}
[INFO] [stdout]    6:     0x64a40458a582 - std[70759c8f55707aa4]::panicking::panic_with_hook
[INFO] [stdout]    7:     0x64a40456d792 - std[70759c8f55707aa4]::panicking::panic_handler::{closure#0}
[INFO] [stdout]    8:     0x64a4045663f9 - std[70759c8f55707aa4]::sys::backtrace::__rust_end_short_backtrace::<std[70759c8f55707aa4]::panicking::panic_handler::{closure#0}, !>
[INFO] [stdout]    9:     0x64a40456e38d - __rustc[8fa7c3cbc660c2b3]::rust_begin_unwind
[INFO] [stdout]   10:     0x64a4045a6fbc - core[df12db4294e9bfd3]::panicking::panic_fmt
[INFO] [stdout]   11:     0x64a4045a6d92 - core[df12db4294e9bfd3]::result::unwrap_failed
[INFO] [stdout]   12:     0x64a4044dcf61 - framefinery[ed387d72817fafc9]::command::tests::temp_input_path
[INFO] [stdout]   13:     0x64a4044e958e - framefinery[ed387d72817fafc9]::command::tests::encode_job_accepts_rgb24_for_vvc_path_via_common_repack
[INFO] [stdout]   14:     0x64a4045075a9 - <framefinery[ed387d72817fafc9]::command::tests::encode_job_accepts_rgb24_for_vvc_path_via_common_repack::{closure#0} as core[df12db4294e9bfd3]::ops::function::FnOnce<()>>::call_once
[INFO] [stdout]   15:     0x64a40450c3eb - test[9d35eded1c95d3be]::__rust_begin_short_backtrace::<core[df12db4294e9bfd3]::result::Result<(), alloc[2182bb758b4b3781]::string::String>, fn() -> core[df12db4294e9bfd3]::result::Result<(), alloc[2182bb758b4b3781]::string::String>>
[INFO] [stdout]   16:     0x64a404519a55 - test[9d35eded1c95d3be]::run_test::{closure#0}
[INFO] [stdout]   17:     0x64a404513314 - std[70759c8f55707aa4]::sys::backtrace::__rust_begin_short_backtrace::<test[9d35eded1c95d3be]::run_test::{closure#1}, ()>
[INFO] [stdout]   18:     0x64a40451cbb2 - <std[70759c8f55707aa4]::thread::lifecycle::spawn_unchecked<test[9d35eded1c95d3be]::run_test::{closure#1}, ()>::{closure#1} as core[df12db4294e9bfd3]::ops::function::FnOnce<()>>::call_once::{shim:vtable#0}
[INFO] [stdout]   19:     0x64a404591619 - <std[70759c8f55707aa4]::sys::thread::unix::Thread>::new::thread_start
[INFO] [stdout]   20:     0x77963a021dfa - <unknown>
[INFO] [stdout]   21:     0x77963a0b53d4 - clone
[INFO] [stdout]   22:                0x0 - <unknown>
[INFO] [stdout] 
[INFO] [stdout] ---- command::tests::encode_job_accepts_qp_setting stdout ----
[INFO] [stdout] 
[INFO] [stdout] thread 'command::tests::encode_job_accepts_qp_setting' (1650) panicked at crates/framefinery-cli/src/command.rs:1625:34:
[INFO] [stdout] create test output directory: Os { code: 30, kind: ReadOnlyFilesystem, message: "Read-only file system" }
[INFO] [stdout] stack backtrace:
[INFO] [stdout]    0:     0x64a404591d41 - <<std[70759c8f55707aa4]::sys::backtrace::BacktraceLock>::print::DisplayBacktrace as core[df12db4294e9bfd3]::fmt::Display>::fmt
[INFO] [stdout]    1:     0x64a4045a688a - core[df12db4294e9bfd3]::fmt::write
[INFO] [stdout]    2:     0x64a4045961fc - <alloc[2182bb758b4b3781]::vec::Vec<u8> as core[df12db4294e9bfd3]::io::write::Write>::write_fmt
[INFO] [stdout]    3:     0x64a40456d6e6 - std[70759c8f55707aa4]::panicking::default_hook::{closure#0}
[INFO] [stdout]    4:     0x64a40458a3c9 - std[70759c8f55707aa4]::panicking::default_hook
[INFO] [stdout]    5:     0x64a404519100 - test[9d35eded1c95d3be]::test_main_inner::<test[9d35eded1c95d3be]::test_main_static::{closure#0}>::{closure#0}
[INFO] [stdout]    6:     0x64a40458a582 - std[70759c8f55707aa4]::panicking::panic_with_hook
[INFO] [stdout]    7:     0x64a40456d792 - std[70759c8f55707aa4]::panicking::panic_handler::{closure#0}
[INFO] [stdout]    8:     0x64a4045663f9 - std[70759c8f55707aa4]::sys::backtrace::__rust_end_short_backtrace::<std[70759c8f55707aa4]::panicking::panic_handler::{closure#0}, !>
[INFO] [stdout]    9:     0x64a40456e38d - __rustc[8fa7c3cbc660c2b3]::rust_begin_unwind
[INFO] [stdout]   10:     0x64a4045a6fbc - core[df12db4294e9bfd3]::panicking::panic_fmt
[INFO] [stdout]   11:     0x64a4045a6d92 - core[df12db4294e9bfd3]::result::unwrap_failed
[INFO] [stdout]   12:     0x64a4044dcf61 - framefinery[ed387d72817fafc9]::command::tests::temp_input_path
[INFO] [stdout]   13:     0x64a4044dd84e - framefinery[ed387d72817fafc9]::command::tests::encode_job_accepts_qp_setting
[INFO] [stdout]   14:     0x64a404507349 - <framefinery[ed387d72817fafc9]::command::tests::encode_job_accepts_qp_setting::{closure#0} as core[df12db4294e9bfd3]::ops::function::FnOnce<()>>::call_once
[INFO] [stdout]   15:     0x64a40450c3eb - test[9d35eded1c95d3be]::__rust_begin_short_backtrace::<core[df12db4294e9bfd3]::result::Result<(), alloc[2182bb758b4b3781]::string::String>, fn() -> core[df12db4294e9bfd3]::result::Result<(), alloc[2182bb758b4b3781]::string::String>>
[INFO] [stdout]   16:     0x64a404519a55 - test[9d35eded1c95d3be]::run_test::{closure#0}
[INFO] [stdout]   17:     0x64a404513314 - std[70759c8f55707aa4]::sys::backtrace::__rust_begin_short_backtrace::<test[9d35eded1c95d3be]::run_test::{closure#1}, ()>
[INFO] [stdout]   18:     0x64a40451cbb2 - <std[70759c8f55707aa4]::thread::lifecycle::spawn_unchecked<test[9d35eded1c95d3be]::run_test::{closure#1}, ()>::{closure#1} as core[df12db4294e9bfd3]::ops::function::FnOnce<()>>::call_once::{shim:vtable#0}
[INFO] [stdout]   19:     0x64a404591619 - <std[70759c8f55707aa4]::sys::thread::unix::Thread>::new::thread_start
[INFO] [stdout]   20:     0x77963a021dfa - <unknown>
[INFO] [stdout]   21:     0x77963a0b53d4 - clone
[INFO] [stdout]   22:                0x0 - <unknown>
[INFO] [stdout] 
[INFO] [stdout] ---- command::tests::encode_job_allows_explicit_video_to_override_y4m_header stdout ----
[INFO] [stdout] 
[INFO] [stdout] thread 'command::tests::encode_job_allows_explicit_video_to_override_y4m_header' (1653) panicked at crates/framefinery-cli/src/command.rs:1625:34:
[INFO] [stdout] create test output directory: Os { code: 30, kind: ReadOnlyFilesystem, message: "Read-only file system" }
[INFO] [stdout] stack backtrace:
[INFO] [stdout]    0:     0x64a404591d41 - <<std[70759c8f55707aa4]::sys::backtrace::BacktraceLock>::print::DisplayBacktrace as core[df12db4294e9bfd3]::fmt::Display>::fmt
[INFO] [stdout]    1:     0x64a4045a688a - core[df12db4294e9bfd3]::fmt::write
[INFO] [stdout]    2:     0x64a4045961fc - <alloc[2182bb758b4b3781]::vec::Vec<u8> as core[df12db4294e9bfd3]::io::write::Write>::write_fmt
[INFO] [stdout]    3:     0x64a40456d6e6 - std[70759c8f55707aa4]::panicking::default_hook::{closure#0}
[INFO] [stdout]    4:     0x64a40458a3c9 - std[70759c8f55707aa4]::panicking::default_hook
[INFO] [stdout]    5:     0x64a404519100 - test[9d35eded1c95d3be]::test_main_inner::<test[9d35eded1c95d3be]::test_main_static::{closure#0}>::{closure#0}
[INFO] [stdout]    6:     0x64a40458a582 - std[70759c8f55707aa4]::panicking::panic_with_hook
[INFO] [stdout]    7:     0x64a40456d792 - std[70759c8f55707aa4]::panicking::panic_handler::{closure#0}
[INFO] [stdout]    8:     0x64a4045663f9 - std[70759c8f55707aa4]::sys::backtrace::__rust_end_short_backtrace::<std[70759c8f55707aa4]::panicking::panic_handler::{closure#0}, !>
[INFO] [stdout]    9:     0x64a40456e38d - __rustc[8fa7c3cbc660c2b3]::rust_begin_unwind
[INFO] [stdout]   10:     0x64a4045a6fbc - core[df12db4294e9bfd3]::panicking::panic_fmt
[INFO] [stdout]   11:     0x64a4045a6d92 - core[df12db4294e9bfd3]::result::unwrap_failed
[INFO] [stdout]   12:     0x64a4044dcf61 - framefinery[ed387d72817fafc9]::command::tests::temp_input_path
[INFO] [stdout]   13:     0x64a4044ea32e - framefinery[ed387d72817fafc9]::command::tests::encode_job_allows_explicit_video_to_override_y4m_header
[INFO] [stdout]   14:     0x64a4045075c9 - <framefinery[ed387d72817fafc9]::command::tests::encode_job_allows_explicit_video_to_override_y4m_header::{closure#0} as core[df12db4294e9bfd3]::ops::function::FnOnce<()>>::call_once
[INFO] [stdout]   15:     0x64a40450c3eb - test[9d35eded1c95d3be]::__rust_begin_short_backtrace::<core[df12db4294e9bfd3]::result::Result<(), alloc[2182bb758b4b3781]::string::String>, fn() -> core[df12db4294e9bfd3]::result::Result<(), alloc[2182bb758b4b3781]::string::String>>
[INFO] [stdout]   16:     0x64a404519a55 - test[9d35eded1c95d3be]::run_test::{closure#0}
[INFO] [stdout]   17:     0x64a404513314 - std[70759c8f55707aa4]::sys::backtrace::__rust_begin_short_backtrace::<test[9d35eded1c95d3be]::run_test::{closure#1}, ()>
[INFO] [stdout]   18:     0x64a40451cbb2 - <std[70759c8f55707aa4]::thread::lifecycle::spawn_unchecked<test[9d35eded1c95d3be]::run_test::{closure#1}, ()>::{closure#1} as core[df12db4294e9bfd3]::ops::function::FnOnce<()>>::call_once::{shim:vtable#0}
[INFO] [stdout]   19:     0x64a404591619 - <std[70759c8f55707aa4]::sys::thread::unix::Thread>::new::thread_start
[INFO] [stdout]   20:     0x77963a021dfa - <unknown>
[INFO] [stdout]   21:     0x77963a0b53d4 - clone
[INFO] [stdout]   22:                0x0 - <unknown>
[INFO] [stdout] 
[INFO] [stdout] ---- command::tests::encode_job_rejects_partial_frame_when_frames_omitted stdout ----
[INFO] [stdout] 
[INFO] [stdout] thread 'command::tests::encode_job_rejects_partial_frame_when_frames_omitted' (1663) panicked at crates/framefinery-cli/src/command.rs:1625:34:
[INFO] [stdout] create test output directory: Os { code: 30, kind: ReadOnlyFilesystem, message: "Read-only file system" }
[INFO] [stdout] stack backtrace:
[INFO] [stdout]    0:     0x64a404591d41 - <<std[70759c8f55707aa4]::sys::backtrace::BacktraceLock>::print::DisplayBacktrace as core[df12db4294e9bfd3]::fmt::Display>::fmt
[INFO] [stdout]    1:     0x64a4045a688a - core[df12db4294e9bfd3]::fmt::write
[INFO] [stdout]    2:     0x64a4045961fc - <alloc[2182bb758b4b3781]::vec::Vec<u8> as core[df12db4294e9bfd3]::io::write::Write>::write_fmt
[INFO] [stdout]    3:     0x64a40456d6e6 - std[70759c8f55707aa4]::panicking::default_hook::{closure#0}
[INFO] [stdout]    4:     0x64a40458a3c9 - std[70759c8f55707aa4]::panicking::default_hook
[INFO] [stdout]    5:     0x64a404519100 - test[9d35eded1c95d3be]::test_main_inner::<test[9d35eded1c95d3be]::test_main_static::{closure#0}>::{closure#0}
[INFO] [stdout]    6:     0x64a40458a582 - std[70759c8f55707aa4]::panicking::panic_with_hook
[INFO] [stdout]    7:     0x64a40456d792 - std[70759c8f55707aa4]::panicking::panic_handler::{closure#0}
[INFO] [stdout]    8:     0x64a4045663f9 - std[70759c8f55707aa4]::sys::backtrace::__rust_end_short_backtrace::<std[70759c8f55707aa4]::panicking::panic_handler::{closure#0}, !>
[INFO] [stdout]    9:     0x64a40456e38d - __rustc[8fa7c3cbc660c2b3]::rust_begin_unwind
[INFO] [stdout]   10:     0x64a4045a6fbc - core[df12db4294e9bfd3]::panicking::panic_fmt
[INFO] [stdout]   11:     0x64a4045a6d92 - core[df12db4294e9bfd3]::result::unwrap_failed
[INFO] [stdout]   12:     0x64a4044dcf61 - framefinery[ed387d72817fafc9]::command::tests::temp_input_path
[INFO] [stdout]   13:     0x64a4044e583e - framefinery[ed387d72817fafc9]::command::tests::encode_job_rejects_partial_frame_when_frames_omitted
[INFO] [stdout]   14:     0x64a4045074e9 - <framefinery[ed387d72817fafc9]::command::tests::encode_job_rejects_partial_frame_when_frames_omitted::{closure#0} as core[df12db4294e9bfd3]::ops::function::FnOnce<()>>::call_once
[INFO] [stdout]   15:     0x64a40450c3eb - test[9d35eded1c95d3be]::__rust_begin_short_backtrace::<core[df12db4294e9bfd3]::result::Result<(), alloc[2182bb758b4b3781]::string::String>, fn() -> core[df12db4294e9bfd3]::result::Result<(), alloc[2182bb758b4b3781]::string::String>>
[INFO] [stdout]   16:     0x64a404519a55 - test[9d35eded1c95d3be]::run_test::{closure#0}
[INFO] [stdout]   17:     0x64a404513314 - std[70759c8f55707aa4]::sys::backtrace::__rust_begin_short_backtrace::<test[9d35eded1c95d3be]::run_test::{closure#1}, ()>
[INFO] [stdout]   18:     0x64a40451cbb2 - <std[70759c8f55707aa4]::thread::lifecycle::spawn_unchecked<test[9d35eded1c95d3be]::run_test::{closure#1}, ()>::{closure#1} as core[df12db4294e9bfd3]::ops::function::FnOnce<()>>::call_once::{shim:vtable#0}
[INFO] [stdout]   19:     0x64a404591619 - <std[70759c8f55707aa4]::sys::thread::unix::Thread>::new::thread_start
[INFO] [stdout]   20:     0x77963a021dfa - <unknown>
[INFO] [stdout]   21:     0x77963a0b53d4 - clone
[INFO] [stdout]   22:                0x0 - <unknown>
[INFO] [stdout] 
[INFO] [stdout] ---- command::tests::encode_job_rejects_lossless_without_bit_depth_fallback stdout ----
[INFO] [stdout] 
[INFO] [stdout] thread 'command::tests::encode_job_rejects_lossless_without_bit_depth_fallback' (1662) panicked at crates/framefinery-cli/src/command.rs:1625:34:
[INFO] [stdout] create test output directory: Os { code: 30, kind: ReadOnlyFilesystem, message: "Read-only file system" }
[INFO] [stdout] stack backtrace:
[INFO] [stdout]    0:     0x64a404591d41 - <<std[70759c8f55707aa4]::sys::backtrace::BacktraceLock>::print::DisplayBacktrace as core[df12db4294e9bfd3]::fmt::Display>::fmt
[INFO] [stdout]    1:     0x64a4045a688a - core[df12db4294e9bfd3]::fmt::write
[INFO] [stdout]    2:     0x64a4045961fc - <alloc[2182bb758b4b3781]::vec::Vec<u8> as core[df12db4294e9bfd3]::io::write::Write>::write_fmt
[INFO] [stdout]    3:     0x64a40456d6e6 - std[70759c8f55707aa4]::panicking::default_hook::{closure#0}
[INFO] [stdout]    4:     0x64a40458a3c9 - std[70759c8f55707aa4]::panicking::default_hook
[INFO] [stdout]    5:     0x64a404519100 - test[9d35eded1c95d3be]::test_main_inner::<test[9d35eded1c95d3be]::test_main_static::{closure#0}>::{closure#0}
[INFO] [stdout]    6:     0x64a40458a582 - std[70759c8f55707aa4]::panicking::panic_with_hook
[INFO] [stdout]    7:     0x64a40456d792 - std[70759c8f55707aa4]::panicking::panic_handler::{closure#0}
[INFO] [stdout]    8:     0x64a4045663f9 - std[70759c8f55707aa4]::sys::backtrace::__rust_end_short_backtrace::<std[70759c8f55707aa4]::panicking::panic_handler::{closure#0}, !>
[INFO] [stdout]    9:     0x64a40456e38d - __rustc[8fa7c3cbc660c2b3]::rust_begin_unwind
[INFO] [stdout]   10:     0x64a4045a6fbc - core[df12db4294e9bfd3]::panicking::panic_fmt
[INFO] [stdout]   11:     0x64a4045a6d92 - core[df12db4294e9bfd3]::result::unwrap_failed
[INFO] [stdout]   12:     0x64a4044dcf61 - framefinery[ed387d72817fafc9]::command::tests::temp_input_path
[INFO] [stdout]   13:     0x64a4044e7420 - framefinery[ed387d72817fafc9]::command::tests::encode_job_rejects_lossless_without_bit_depth_fallback
[INFO] [stdout]   14:     0x64a404507549 - <framefinery[ed387d72817fafc9]::command::tests::encode_job_rejects_lossless_without_bit_depth_fallback::{closure#0} as core[df12db4294e9bfd3]::ops::function::FnOnce<()>>::call_once
[INFO] [stdout]   15:     0x64a40450c3eb - test[9d35eded1c95d3be]::__rust_begin_short_backtrace::<core[df12db4294e9bfd3]::result::Result<(), alloc[2182bb758b4b3781]::string::String>, fn() -> core[df12db4294e9bfd3]::result::Result<(), alloc[2182bb758b4b3781]::string::String>>
[INFO] [stdout]   16:     0x64a404519a55 - test[9d35eded1c95d3be]::run_test::{closure#0}
[INFO] [stdout]   17:     0x64a404513314 - std[70759c8f55707aa4]::sys::backtrace::__rust_begin_short_backtrace::<test[9d35eded1c95d3be]::run_test::{closure#1}, ()>
[INFO] [stdout]   18:     0x64a40451cbb2 - <std[70759c8f55707aa4]::thread::lifecycle::spawn_unchecked<test[9d35eded1c95d3be]::run_test::{closure#1}, ()>::{closure#1} as core[df12db4294e9bfd3]::ops::function::FnOnce<()>>::call_once::{shim:vtable#0}
[INFO] [stdout]   19:     0x64a404591619 - <std[70759c8f55707aa4]::sys::thread::unix::Thread>::new::thread_start
[INFO] [stdout]   20:     0x77963a021dfa - <unknown>
[INFO] [stdout]   21:     0x77963a0b53d4 - clone
[INFO] [stdout]   22:                0x0 - <unknown>
[INFO] [stdout] 
[INFO] [stdout] ---- command::tests::encode_job_infers_file_frames_from_eof_when_frames_omitted stdout ----
[INFO] [stdout] 
[INFO] [stdout] thread 'command::tests::encode_job_infers_file_frames_from_eof_when_frames_omitted' (1655) panicked at crates/framefinery-cli/src/command.rs:1625:34:
[INFO] [stdout] create test output directory: Os { code: 30, kind: ReadOnlyFilesystem, message: "Read-only file system" }
[INFO] [stdout] stack backtrace:
[INFO] [stdout]    0:     0x64a404591d41 - <<std[70759c8f55707aa4]::sys::backtrace::BacktraceLock>::print::DisplayBacktrace as core[df12db4294e9bfd3]::fmt::Display>::fmt
[INFO] [stdout]    1:     0x64a4045a688a - core[df12db4294e9bfd3]::fmt::write
[INFO] [stdout]    2:     0x64a4045961fc - <alloc[2182bb758b4b3781]::vec::Vec<u8> as core[df12db4294e9bfd3]::io::write::Write>::write_fmt
[INFO] [stdout]    3:     0x64a40456d6e6 - std[70759c8f55707aa4]::panicking::default_hook::{closure#0}
[INFO] [stdout]    4:     0x64a40458a3c9 - std[70759c8f55707aa4]::panicking::default_hook
[INFO] [stdout]    5:     0x64a404519100 - test[9d35eded1c95d3be]::test_main_inner::<test[9d35eded1c95d3be]::test_main_static::{closure#0}>::{closure#0}
[INFO] [stdout]    6:     0x64a40458a582 - std[70759c8f55707aa4]::panicking::panic_with_hook
[INFO] [stdout]    7:     0x64a40456d792 - std[70759c8f55707aa4]::panicking::panic_handler::{closure#0}
[INFO] [stdout]    8:     0x64a4045663f9 - std[70759c8f55707aa4]::sys::backtrace::__rust_end_short_backtrace::<std[70759c8f55707aa4]::panicking::panic_handler::{closure#0}, !>
[INFO] [stdout]    9:     0x64a40456e38d - __rustc[8fa7c3cbc660c2b3]::rust_begin_unwind
[INFO] [stdout]   10:     0x64a4045a6fbc - core[df12db4294e9bfd3]::panicking::panic_fmt
[INFO] [stdout]   11:     0x64a4045a6d92 - core[df12db4294e9bfd3]::result::unwrap_failed
[INFO] [stdout]   12:     0x64a4044dcf61 - framefinery[ed387d72817fafc9]::command::tests::temp_input_path
[INFO] [stdout]   13:     0x64a4044edd2e - framefinery[ed387d72817fafc9]::command::tests::encode_job_infers_file_frames_from_eof_when_frames_omitted
[INFO] [stdout]   14:     0x64a404507669 - <framefinery[ed387d72817fafc9]::command::tests::encode_job_infers_file_frames_from_eof_when_frames_omitted::{closure#0} as core[df12db4294e9bfd3]::ops::function::FnOnce<()>>::call_once
[INFO] [stdout]   15:     0x64a40450c3eb - test[9d35eded1c95d3be]::__rust_begin_short_backtrace::<core[df12db4294e9bfd3]::result::Result<(), alloc[2182bb758b4b3781]::string::String>, fn() -> core[df12db4294e9bfd3]::result::Result<(), alloc[2182bb758b4b3781]::string::String>>
[INFO] [stdout]   16:     0x64a404519a55 - test[9d35eded1c95d3be]::run_test::{closure#0}
[INFO] [stdout]   17:     0x64a404513314 - std[70759c8f55707aa4]::sys::backtrace::__rust_begin_short_backtrace::<test[9d35eded1c95d3be]::run_test::{closure#1}, ()>
[INFO] [stdout]   18:     0x64a40451cbb2 - <std[70759c8f55707aa4]::thread::lifecycle::spawn_unchecked<test[9d35eded1c95d3be]::run_test::{closure#1}, ()>::{closure#1} as core[df12db4294e9bfd3]::ops::function::FnOnce<()>>::call_once::{shim:vtable#0}
[INFO] [stdout]   19:     0x64a404591619 - <std[70759c8f55707aa4]::sys::thread::unix::Thread>::new::thread_start
[INFO] [stdout]   20:     0x77963a021dfa - <unknown>
[INFO] [stdout]   21:     0x77963a0b53d4 - clone
[INFO] [stdout]   22:                0x0 - <unknown>
[INFO] [stdout] 
[INFO] [stdout] ---- command::tests::encode_job_leaves_codec_setting_conflicts_to_encoder stdout ----
[INFO] [stdout] 
[INFO] [stdout] thread 'command::tests::encode_job_leaves_codec_setting_conflicts_to_encoder' (1657) panicked at crates/framefinery-cli/src/command.rs:1625:34:
[INFO] [stdout] create test output directory: Os { code: 30, kind: ReadOnlyFilesystem, message: "Read-only file system" }
[INFO] [stdout] stack backtrace:
[INFO] [stdout]    0:     0x64a404591d41 - <<std[70759c8f55707aa4]::sys::backtrace::BacktraceLock>::print::DisplayBacktrace as core[df12db4294e9bfd3]::fmt::Display>::fmt
[INFO] [stdout]    1:     0x64a4045a688a - core[df12db4294e9bfd3]::fmt::write
[INFO] [stdout]    2:     0x64a4045961fc - <alloc[2182bb758b4b3781]::vec::Vec<u8> as core[df12db4294e9bfd3]::io::write::Write>::write_fmt
[INFO] [stdout]    3:     0x64a40456d6e6 - std[70759c8f55707aa4]::panicking::default_hook::{closure#0}
[INFO] [stdout]    4:     0x64a40458a3c9 - std[70759c8f55707aa4]::panicking::default_hook
[INFO] [stdout]    5:     0x64a404519100 - test[9d35eded1c95d3be]::test_main_inner::<test[9d35eded1c95d3be]::test_main_static::{closure#0}>::{closure#0}
[INFO] [stdout]    6:     0x64a40458a582 - std[70759c8f55707aa4]::panicking::panic_with_hook
[INFO] [stdout]    7:     0x64a40456d792 - std[70759c8f55707aa4]::panicking::panic_handler::{closure#0}
[INFO] [stdout]    8:     0x64a4045663f9 - std[70759c8f55707aa4]::sys::backtrace::__rust_end_short_backtrace::<std[70759c8f55707aa4]::panicking::panic_handler::{closure#0}, !>
[INFO] [stdout]    9:     0x64a40456e38d - __rustc[8fa7c3cbc660c2b3]::rust_begin_unwind
[INFO] [stdout]   10:     0x64a4045a6fbc - core[df12db4294e9bfd3]::panicking::panic_fmt
[INFO] [stdout]   11:     0x64a4045a6d92 - core[df12db4294e9bfd3]::result::unwrap_failed
[INFO] [stdout]   12:     0x64a4044dcf61 - framefinery[ed387d72817fafc9]::command::tests::temp_input_path
[INFO] [stdout]   13:     0x64a4044e4fae - framefinery[ed387d72817fafc9]::command::tests::encode_job_leaves_codec_setting_conflicts_to_encoder
[INFO] [stdout]   14:     0x64a4045074c9 - <framefinery[ed387d72817fafc9]::command::tests::encode_job_leaves_codec_setting_conflicts_to_encoder::{closure#0} as core[df12db4294e9bfd3]::ops::function::FnOnce<()>>::call_once
[INFO] [stdout]   15:     0x64a40450c3eb - test[9d35eded1c95d3be]::__rust_begin_short_backtrace::<core[df12db4294e9bfd3]::result::Result<(), alloc[2182bb758b4b3781]::string::String>, fn() -> core[df12db4294e9bfd3]::result::Result<(), alloc[2182bb758b4b3781]::string::String>>
[INFO] [stdout]   16:     0x64a404519a55 - test[9d35eded1c95d3be]::run_test::{closure#0}
[INFO] [stdout]   17:     0x64a404513314 - std[70759c8f55707aa4]::sys::backtrace::__rust_begin_short_backtrace::<test[9d35eded1c95d3be]::run_test::{closure#1}, ()>
[INFO] [stdout]   18:     0x64a40451cbb2 - <std[70759c8f55707aa4]::thread::lifecycle::spawn_unchecked<test[9d35eded1c95d3be]::run_test::{closure#1}, ()>::{closure#1} as core[df12db4294e9bfd3]::ops::function::FnOnce<()>>::call_once::{shim:vtable#0}
[INFO] [stdout]   19:     0x64a404591619 - <std[70759c8f55707aa4]::sys::thread::unix::Thread>::new::thread_start
[INFO] [stdout]   20:     0x77963a021dfa - <unknown>
[INFO] [stdout]   21:     0x77963a0b53d4 - clone
[INFO] [stdout]   22:                0x0 - <unknown>
[INFO] [stdout] 
[INFO] [stdout] ---- command::tests::open_job_reader_hides_unselected_file_suffix stdout ----
[INFO] [stdout] 
[INFO] [stdout] thread 'command::tests::open_job_reader_hides_unselected_file_suffix' (1668) panicked at crates/framefinery-cli/src/command.rs:1625:34:
[INFO] [stdout] create test output directory: Os { code: 30, kind: ReadOnlyFilesystem, message: "Read-only file system" }
[INFO] [stdout] stack backtrace:
[INFO] [stdout]    0:     0x64a404591d41 - <<std[70759c8f55707aa4]::sys::backtrace::BacktraceLock>::print::DisplayBacktrace as core[df12db4294e9bfd3]::fmt::Display>::fmt
[INFO] [stdout]    1:     0x64a4045a688a - core[df12db4294e9bfd3]::fmt::write
[INFO] [stdout]    2:     0x64a4045961fc - <alloc[2182bb758b4b3781]::vec::Vec<u8> as core[df12db4294e9bfd3]::io::write::Write>::write_fmt
[INFO] [stdout]    3:     0x64a40456d6e6 - std[70759c8f55707aa4]::panicking::default_hook::{closure#0}
[INFO] [stdout]    4:     0x64a40458a3c9 - std[70759c8f55707aa4]::panicking::default_hook
[INFO] [stdout]    5:     0x64a404519100 - test[9d35eded1c95d3be]::test_main_inner::<test[9d35eded1c95d3be]::test_main_static::{closure#0}>::{closure#0}
[INFO] [stdout]    6:     0x64a40458a582 - std[70759c8f55707aa4]::panicking::panic_with_hook
[INFO] [stdout]    7:     0x64a40456d792 - std[70759c8f55707aa4]::panicking::panic_handler::{closure#0}
[INFO] [stdout]    8:     0x64a4045663f9 - std[70759c8f55707aa4]::sys::backtrace::__rust_end_short_backtrace::<std[70759c8f55707aa4]::panicking::panic_handler::{closure#0}, !>
[INFO] [stdout]    9:     0x64a40456e38d - __rustc[8fa7c3cbc660c2b3]::rust_begin_unwind
[INFO] [stdout]   10:     0x64a4045a6fbc - core[df12db4294e9bfd3]::panicking::panic_fmt
[INFO] [stdout]   11:     0x64a4045a6d92 - core[df12db4294e9bfd3]::result::unwrap_failed
[INFO] [stdout]   12:     0x64a4044dcf61 - framefinery[ed387d72817fafc9]::command::tests::temp_input_path
[INFO] [stdout]   13:     0x64a4044de47e - framefinery[ed387d72817fafc9]::command::tests::open_job_reader_hides_unselected_file_suffix
[INFO] [stdout]   14:     0x64a404507389 - <framefinery[ed387d72817fafc9]::command::tests::open_job_reader_hides_unselected_file_suffix::{closure#0} as core[df12db4294e9bfd3]::ops::function::FnOnce<()>>::call_once
[INFO] [stdout]   15:     0x64a40450c3eb - test[9d35eded1c95d3be]::__rust_begin_short_backtrace::<core[df12db4294e9bfd3]::result::Result<(), alloc[2182bb758b4b3781]::string::String>, fn() -> core[df12db4294e9bfd3]::result::Result<(), alloc[2182bb758b4b3781]::string::String>>
[INFO] [stdout]   16:     0x64a404519a55 - test[9d35eded1c95d3be]::run_test::{closure#0}
[INFO] [stdout]   17:     0x64a404513314 - std[70759c8f55707aa4]::sys::backtrace::__rust_begin_short_backtrace::<test[9d35eded1c95d3be]::run_test::{closure#1}, ()>
[INFO] [stdout]   18:     0x64a40451cbb2 - <std[70759c8f55707aa4]::thread::lifecycle::spawn_unchecked<test[9d35eded1c95d3be]::run_test::{closure#1}, ()>::{closure#1} as core[df12db4294e9bfd3]::ops::function::FnOnce<()>>::call_once::{shim:vtable#0}
[INFO] [stdout]   19:     0x64a404591619 - <std[70759c8f55707aa4]::sys::thread::unix::Thread>::new::thread_start
[INFO] [stdout]   20:     0x77963a021dfa - <unknown>
[INFO] [stdout]   21:     0x77963a0b53d4 - clone
[INFO] [stdout]   22:                0x0 - <unknown>
[INFO] [stdout] 
[INFO] [stdout] ---- command::tests::encode_job_uses_y4m_metadata_before_filename_metadata stdout ----
[INFO] [stdout] 
[INFO] [stdout] thread 'command::tests::encode_job_uses_y4m_metadata_before_filename_metadata' (1665) panicked at crates/framefinery-cli/src/command.rs:1625:34:
[INFO] [stdout] create test output directory: Os { code: 30, kind: ReadOnlyFilesystem, message: "Read-only file system" }
[INFO] [stdout] stack backtrace:
[INFO] [stdout]    0:     0x64a404591d41 - <<std[70759c8f55707aa4]::sys::backtrace::BacktraceLock>::print::DisplayBacktrace as core[df12db4294e9bfd3]::fmt::Display>::fmt
[INFO] [stdout]    1:     0x64a4045a688a - core[df12db4294e9bfd3]::fmt::write
[INFO] [stdout]    2:     0x64a4045961fc - <alloc[2182bb758b4b3781]::vec::Vec<u8> as core[df12db4294e9bfd3]::io::write::Write>::write_fmt
[INFO] [stdout]    3:     0x64a40456d6e6 - std[70759c8f55707aa4]::panicking::default_hook::{closure#0}
[INFO] [stdout]    4:     0x64a40458a3c9 - std[70759c8f55707aa4]::panicking::default_hook
[INFO] [stdout]    5:     0x64a404519100 - test[9d35eded1c95d3be]::test_main_inner::<test[9d35eded1c95d3be]::test_main_static::{closure#0}>::{closure#0}
[INFO] [stdout]    6:     0x64a40458a582 - std[70759c8f55707aa4]::panicking::panic_with_hook
[INFO] [stdout]    7:     0x64a40456d792 - std[70759c8f55707aa4]::panicking::panic_handler::{closure#0}
[INFO] [stdout]    8:     0x64a4045663f9 - std[70759c8f55707aa4]::sys::backtrace::__rust_end_short_backtrace::<std[70759c8f55707aa4]::panicking::panic_handler::{closure#0}, !>
[INFO] [stdout]    9:     0x64a40456e38d - __rustc[8fa7c3cbc660c2b3]::rust_begin_unwind
[INFO] [stdout]   10:     0x64a4045a6fbc - core[df12db4294e9bfd3]::panicking::panic_fmt
[INFO] [stdout]   11:     0x64a4045a6d92 - core[df12db4294e9bfd3]::result::unwrap_failed
[INFO] [stdout]   12:     0x64a4044dcf61 - framefinery[ed387d72817fafc9]::command::tests::temp_input_path
[INFO] [stdout]   13:     0x64a4044e6b9e - framefinery[ed387d72817fafc9]::command::tests::encode_job_uses_y4m_metadata_before_filename_metadata
[INFO] [stdout]   14:     0x64a404507529 - <framefinery[ed387d72817fafc9]::command::tests::encode_job_uses_y4m_metadata_before_filename_metadata::{closure#0} as core[df12db4294e9bfd3]::ops::function::FnOnce<()>>::call_once
[INFO] [stdout]   15:     0x64a40450c3eb - test[9d35eded1c95d3be]::__rust_begin_short_backtrace::<core[df12db4294e9bfd3]::result::Result<(), alloc[2182bb758b4b3781]::string::String>, fn() -> core[df12db4294e9bfd3]::result::Result<(), alloc[2182bb758b4b3781]::string::String>>
[INFO] [stdout]   16:     0x64a404519a55 - test[9d35eded1c95d3be]::run_test::{closure#0}
[INFO] [stdout]   17:     0x64a404513314 - std[70759c8f55707aa4]::sys::backtrace::__rust_begin_short_backtrace::<test[9d35eded1c95d3be]::run_test::{closure#1}, ()>
[INFO] [stdout]   18:     0x64a40451cbb2 - <std[70759c8f55707aa4]::thread::lifecycle::spawn_unchecked<test[9d35eded1c95d3be]::run_test::{closure#1}, ()>::{closure#1} as core[df12db4294e9bfd3]::ops::function::FnOnce<()>>::call_once::{shim:vtable#0}
[INFO] [stdout]   19:     0x64a404591619 - <std[70759c8f55707aa4]::sys::thread::unix::Thread>::new::thread_start
[INFO] [stdout]   20:     0x77963a021dfa - <unknown>
[INFO] [stdout]   21:     0x77963a0b53d4 - clone
[INFO] [stdout]   22:                0x0 - <unknown>
[INFO] [stdout] 
[INFO] [stdout] ---- command::tests::encode_job_infers_y4m_metadata_and_frames_from_header stdout ----
[INFO] [stdout] 
[INFO] [stdout] thread 'command::tests::encode_job_infers_y4m_metadata_and_frames_from_header' (1656) panicked at crates/framefinery-cli/src/command.rs:1625:34:
[INFO] [stdout] create test output directory: Os { code: 30, kind: ReadOnlyFilesystem, message: "Read-only file system" }
[INFO] [stdout] stack backtrace:
[INFO] [stdout]    0:     0x64a404591d41 - <<std[70759c8f55707aa4]::sys::backtrace::BacktraceLock>::print::DisplayBacktrace as core[df12db4294e9bfd3]::fmt::Display>::fmt
[INFO] [stdout]    1:     0x64a4045a688a - core[df12db4294e9bfd3]::fmt::write
[INFO] [stdout]    2:     0x64a4045961fc - <alloc[2182bb758b4b3781]::vec::Vec<u8> as core[df12db4294e9bfd3]::io::write::Write>::write_fmt
[INFO] [stdout]    3:     0x64a40456d6e6 - std[70759c8f55707aa4]::panicking::default_hook::{closure#0}
[INFO] [stdout]    4:     0x64a40458a3c9 - std[70759c8f55707aa4]::panicking::default_hook
[INFO] [stdout]    5:     0x64a404519100 - test[9d35eded1c95d3be]::test_main_inner::<test[9d35eded1c95d3be]::test_main_static::{closure#0}>::{closure#0}
[INFO] [stdout]    6:     0x64a40458a582 - std[70759c8f55707aa4]::panicking::panic_with_hook
[INFO] [stdout]    7:     0x64a40456d792 - std[70759c8f55707aa4]::panicking::panic_handler::{closure#0}
[INFO] [stdout]    8:     0x64a4045663f9 - std[70759c8f55707aa4]::sys::backtrace::__rust_end_short_backtrace::<std[70759c8f55707aa4]::panicking::panic_handler::{closure#0}, !>
[INFO] [stdout]    9:     0x64a40456e38d - __rustc[8fa7c3cbc660c2b3]::rust_begin_unwind
[INFO] [stdout]   10:     0x64a4045a6fbc - core[df12db4294e9bfd3]::panicking::panic_fmt
[INFO] [stdout]   11:     0x64a4045a6d92 - core[df12db4294e9bfd3]::result::unwrap_failed
[INFO] [stdout]   12:     0x64a4044dcf61 - framefinery[ed387d72817fafc9]::command::tests::temp_input_path
[INFO] [stdout]   13:     0x64a4044e5f8e - framefinery[ed387d72817fafc9]::command::tests::encode_job_infers_y4m_metadata_and_frames_from_header
[INFO] [stdout]   14:     0x64a404507509 - <framefinery[ed387d72817fafc9]::command::tests::encode_job_infers_y4m_metadata_and_frames_from_header::{closure#0} as core[df12db4294e9bfd3]::ops::function::FnOnce<()>>::call_once
[INFO] [stdout]   15:     0x64a40450c3eb - test[9d35eded1c95d3be]::__rust_begin_short_backtrace::<core[df12db4294e9bfd3]::result::Result<(), alloc[2182bb758b4b3781]::string::String>, fn() -> core[df12db4294e9bfd3]::result::Result<(), alloc[2182bb758b4b3781]::string::String>>
[INFO] [stdout]   16:     0x64a404519a55 - test[9d35eded1c95d3be]::run_test::{closure#0}
[INFO] [stdout]   17:     0x64a404513314 - std[70759c8f55707aa4]::sys::backtrace::__rust_begin_short_backtrace::<test[9d35eded1c95d3be]::run_test::{closure#1}, ()>
[INFO] [stdout]   18:     0x64a40451cbb2 - <std[70759c8f55707aa4]::thread::lifecycle::spawn_unchecked<test[9d35eded1c95d3be]::run_test::{closure#1}, ()>::{closure#1} as core[df12db4294e9bfd3]::ops::function::FnOnce<()>>::call_once::{shim:vtable#0}
[INFO] [stdout]   19:     0x64a404591619 - <std[70759c8f55707aa4]::sys::thread::unix::Thread>::new::thread_start
[INFO] [stdout]   20:     0x77963a021dfa - <unknown>
[INFO] [stdout]   21:     0x77963a0b53d4 - clone
[INFO] [stdout]   22:                0x0 - <unknown>
[INFO] [stdout] 
[INFO] [stdout] ---- command::tests::encode_job_preserves_high_bit_depth_yuv420_for_vvc_path stdout ----
[INFO] [stdout] 
[INFO] [stdout] thread 'command::tests::encode_job_preserves_high_bit_depth_yuv420_for_vvc_path' (1659) panicked at crates/framefinery-cli/src/command.rs:1625:34:
[INFO] [stdout] create test output directory: Os { code: 30, kind: ReadOnlyFilesystem, message: "Read-only file system" }
[INFO] [stdout] stack backtrace:
[INFO] [stdout]    0:     0x64a404591d41 - <<std[70759c8f55707aa4]::sys::backtrace::BacktraceLock>::print::DisplayBacktrace as core[df12db4294e9bfd3]::fmt::Display>::fmt
[INFO] [stdout]    1:     0x64a4045a688a - core[df12db4294e9bfd3]::fmt::write
[INFO] [stdout]    2:     0x64a4045961fc - <alloc[2182bb758b4b3781]::vec::Vec<u8> as core[df12db4294e9bfd3]::io::write::Write>::write_fmt
[INFO] [stdout]    3:     0x64a40456d6e6 - std[70759c8f55707aa4]::panicking::default_hook::{closure#0}
[INFO] [stdout]    4:     0x64a40458a3c9 - std[70759c8f55707aa4]::panicking::default_hook
[INFO] [stdout]    5:     0x64a404519100 - test[9d35eded1c95d3be]::test_main_inner::<test[9d35eded1c95d3be]::test_main_static::{closure#0}>::{closure#0}
[INFO] [stdout]    6:     0x64a40458a582 - std[70759c8f55707aa4]::panicking::panic_with_hook
[INFO] [stdout]    7:     0x64a40456d792 - std[70759c8f55707aa4]::panicking::panic_handler::{closure#0}
[INFO] [stdout]    8:     0x64a4045663f9 - std[70759c8f55707aa4]::sys::backtrace::__rust_end_short_backtrace::<std[70759c8f55707aa4]::panicking::panic_handler::{closure#0}, !>
[INFO] [stdout]    9:     0x64a40456e38d - __rustc[8fa7c3cbc660c2b3]::rust_begin_unwind
[INFO] [stdout]   10:     0x64a4045a6fbc - core[df12db4294e9bfd3]::panicking::panic_fmt
[INFO] [stdout]   11:     0x64a4045a6d92 - core[df12db4294e9bfd3]::result::unwrap_failed
[INFO] [stdout]   12:     0x64a4044dcf61 - framefinery[ed387d72817fafc9]::command::tests::temp_input_path
[INFO] [stdout]   13:     0x64a4044eb9c6 - framefinery[ed387d72817fafc9]::command::tests::encode_job_preserves_high_bit_depth_yuv420_for_vvc_path
[INFO] [stdout]   14:     0x64a404507609 - <framefinery[ed387d72817fafc9]::command::tests::encode_job_preserves_high_bit_depth_yuv420_for_vvc_path::{closure#0} as core[df12db4294e9bfd3]::ops::function::FnOnce<()>>::call_once
[INFO] [stdout]   15:     0x64a40450c3eb - test[9d35eded1c95d3be]::__rust_begin_short_backtrace::<core[df12db4294e9bfd3]::result::Result<(), alloc[2182bb758b4b3781]::string::String>, fn() -> core[df12db4294e9bfd3]::result::Result<(), alloc[2182bb758b4b3781]::string::String>>
[INFO] [stdout]   16:     0x64a404519a55 - test[9d35eded1c95d3be]::run_test::{closure#0}
[INFO] [stdout]   17:     0x64a404513314 - std[70759c8f55707aa4]::sys::backtrace::__rust_begin_short_backtrace::<test[9d35eded1c95d3be]::run_test::{closure#1}, ()>
[INFO] [stdout]   18:     0x64a40451cbb2 - <std[70759c8f55707aa4]::thread::lifecycle::spawn_unchecked<test[9d35eded1c95d3be]::run_test::{closure#1}, ()>::{closure#1} as core[df12db4294e9bfd3]::ops::function::FnOnce<()>>::call_once::{shim:vtable#0}
[INFO] [stdout]   19:     0x64a404591619 - <std[70759c8f55707aa4]::sys::thread::unix::Thread>::new::thread_start
[INFO] [stdout]   20:     0x77963a021dfa - <unknown>
[INFO] [stdout]   21:     0x77963a0b53d4 - clone
[INFO] [stdout]   22:                0x0 - <unknown>
[INFO] [stdout] 
[INFO] [stdout] ---- command::tests::encode_job_preserves_high_bit_depth_yuv444_for_vvc_path stdout ----
[INFO] [stdout] 
[INFO] [stdout] thread 'command::tests::encode_job_preserves_high_bit_depth_yuv444_for_vvc_path' (1661) panicked at crates/framefinery-cli/src/command.rs:1625:34:
[INFO] [stdout] create test output directory: Os { code: 30, kind: ReadOnlyFilesystem, message: "Read-only file system" }
[INFO] [stdout] stack backtrace:
[INFO] [stdout]    0:     0x64a404591d41 - <<std[70759c8f55707aa4]::sys::backtrace::BacktraceLock>::print::DisplayBacktrace as core[df12db4294e9bfd3]::fmt::Display>::fmt
[INFO] [stdout]    1:     0x64a4045a688a - core[df12db4294e9bfd3]::fmt::write
[INFO] [stdout]    2:     0x64a4045961fc - <alloc[2182bb758b4b3781]::vec::Vec<u8> as core[df12db4294e9bfd3]::io::write::Write>::write_fmt
[INFO] [stdout]    3:     0x64a40456d6e6 - std[70759c8f55707aa4]::panicking::default_hook::{closure#0}
[INFO] [stdout]    4:     0x64a40458a3c9 - std[70759c8f55707aa4]::panicking::default_hook
[INFO] [stdout]    5:     0x64a404519100 - test[9d35eded1c95d3be]::test_main_inner::<test[9d35eded1c95d3be]::test_main_static::{closure#0}>::{closure#0}
[INFO] [stdout]    6:     0x64a40458a582 - std[70759c8f55707aa4]::panicking::panic_with_hook
[INFO] [stdout]    7:     0x64a40456d792 - std[70759c8f55707aa4]::panicking::panic_handler::{closure#0}
[INFO] [stdout]    8:     0x64a4045663f9 - std[70759c8f55707aa4]::sys::backtrace::__rust_end_short_backtrace::<std[70759c8f55707aa4]::panicking::panic_handler::{closure#0}, !>
[INFO] [stdout]    9:     0x64a40456e38d - __rustc[8fa7c3cbc660c2b3]::rust_begin_unwind
[INFO] [stdout]   10:     0x64a4045a6fbc - core[df12db4294e9bfd3]::panicking::panic_fmt
[INFO] [stdout]   11:     0x64a4045a6d92 - core[df12db4294e9bfd3]::result::unwrap_failed
[INFO] [stdout]   12:     0x64a4044dcf61 - framefinery[ed387d72817fafc9]::command::tests::temp_input_path
[INFO] [stdout]   13:     0x64a4044ed1b6 - framefinery[ed387d72817fafc9]::command::tests::encode_job_preserves_high_bit_depth_yuv444_for_vvc_path
[INFO] [stdout]   14:     0x64a404507649 - <framefinery[ed387d72817fafc9]::command::tests::encode_job_preserves_high_bit_depth_yuv444_for_vvc_path::{closure#0} as core[df12db4294e9bfd3]::ops::function::FnOnce<()>>::call_once
[INFO] [stdout]   15:     0x64a40450c3eb - test[9d35eded1c95d3be]::__rust_begin_short_backtrace::<core[df12db4294e9bfd3]::result::Result<(), alloc[2182bb758b4b3781]::string::String>, fn() -> core[df12db4294e9bfd3]::result::Result<(), alloc[2182bb758b4b3781]::string::String>>
[INFO] [stdout]   16:     0x64a404519a55 - test[9d35eded1c95d3be]::run_test::{closure#0}
[INFO] [stdout]   17:     0x64a404513314 - std[70759c8f55707aa4]::sys::backtrace::__rust_begin_short_backtrace::<test[9d35eded1c95d3be]::run_test::{closure#1}, ()>
[INFO] [stdout]   18:     0x64a40451cbb2 - <std[70759c8f55707aa4]::thread::lifecycle::spawn_unchecked<test[9d35eded1c95d3be]::run_test::{closure#1}, ()>::{closure#1} as core[df12db4294e9bfd3]::ops::function::FnOnce<()>>::call_once::{shim:vtable#0}
[INFO] [stdout]   19:     0x64a404591619 - <std[70759c8f55707aa4]::sys::thread::unix::Thread>::new::thread_start
[INFO] [stdout]   20:     0x77963a021dfa - <unknown>
[INFO] [stdout]   21:     0x77963a0b53d4 - clone
[INFO] [stdout]   22:                0x0 - <unknown>
[INFO] [stdout] 
[INFO] [stdout] ---- command::tests::encode_job_preserves_high_bit_depth_yuv444_for_av2_path stdout ----
[INFO] [stdout] 
[INFO] [stdout] thread 'command::tests::encode_job_preserves_high_bit_depth_yuv444_for_av2_path' (1660) panicked at crates/framefinery-cli/src/command.rs:1625:34:
[INFO] [stdout] create test output directory: Os { code: 30, kind: ReadOnlyFilesystem, message: "Read-only file system" }
[INFO] [stdout] stack backtrace:
[INFO] [stdout]    0:     0x64a404591d41 - <<std[70759c8f55707aa4]::sys::backtrace::BacktraceLock>::print::DisplayBacktrace as core[df12db4294e9bfd3]::fmt::Display>::fmt
[INFO] [stdout]    1:     0x64a4045a688a - core[df12db4294e9bfd3]::fmt::write
[INFO] [stdout]    2:     0x64a4045961fc - <alloc[2182bb758b4b3781]::vec::Vec<u8> as core[df12db4294e9bfd3]::io::write::Write>::write_fmt
[INFO] [stdout]    3:     0x64a40456d6e6 - std[70759c8f55707aa4]::panicking::default_hook::{closure#0}
[INFO] [stdout]    4:     0x64a40458a3c9 - std[70759c8f55707aa4]::panicking::default_hook
[INFO] [stdout]    5:     0x64a404519100 - test[9d35eded1c95d3be]::test_main_inner::<test[9d35eded1c95d3be]::test_main_static::{closure#0}>::{closure#0}
[INFO] [stdout]    6:     0x64a40458a582 - std[70759c8f55707aa4]::panicking::panic_with_hook
[INFO] [stdout]    7:     0x64a40456d792 - std[70759c8f55707aa4]::panicking::panic_handler::{closure#0}
[INFO] [stdout]    8:     0x64a4045663f9 - std[70759c8f55707aa4]::sys::backtrace::__rust_end_short_backtrace::<std[70759c8f55707aa4]::panicking::panic_handler::{closure#0}, !>
[INFO] [stdout]    9:     0x64a40456e38d - __rustc[8fa7c3cbc660c2b3]::rust_begin_unwind
[INFO] [stdout]   10:     0x64a4045a6fbc - core[df12db4294e9bfd3]::panicking::panic_fmt
[INFO] [stdout]   11:     0x64a4045a6d92 - core[df12db4294e9bfd3]::result::unwrap_failed
[INFO] [stdout]   12:     0x64a4044dcf61 - framefinery[ed387d72817fafc9]::command::tests::temp_input_path
[INFO] [stdout]   13:     0x64a4044ec5c6 - framefinery[ed387d72817fafc9]::command::tests::encode_job_preserves_high_bit_depth_yuv444_for_av2_path
[INFO] [stdout]   14:     0x64a404507629 - <framefinery[ed387d72817fafc9]::command::tests::encode_job_preserves_high_bit_depth_yuv444_for_av2_path::{closure#0} as core[df12db4294e9bfd3]::ops::function::FnOnce<()>>::call_once
[INFO] [stdout]   15:     0x64a40450c3eb - test[9d35eded1c95d3be]::__rust_begin_short_backtrace::<core[df12db4294e9bfd3]::result::Result<(), alloc[2182bb758b4b3781]::string::String>, fn() -> core[df12db4294e9bfd3]::result::Result<(), alloc[2182bb758b4b3781]::string::String>>
[INFO] [stdout]   16:     0x64a404519a55 - test[9d35eded1c95d3be]::run_test::{closure#0}
[INFO] [stdout]   17:     0x64a404513314 - std[70759c8f55707aa4]::sys::backtrace::__rust_begin_short_backtrace::<test[9d35eded1c95d3be]::run_test::{closure#1}, ()>
[INFO] [stdout]   18:     0x64a40451cbb2 - <std[70759c8f55707aa4]::thread::lifecycle::spawn_unchecked<test[9d35eded1c95d3be]::run_test::{closure#1}, ()>::{closure#1} as core[df12db4294e9bfd3]::ops::function::FnOnce<()>>::call_once::{shim:vtable#0}
[INFO] [stdout]   19:     0x64a404591619 - <std[70759c8f55707aa4]::sys::thread::unix::Thread>::new::thread_start
[INFO] [stdout]   20:     0x77963a021dfa - <unknown>
[INFO] [stdout]   21:     0x77963a0b53d4 - clone
[INFO] [stdout]   22:                0x0 - <unknown>
[INFO] [stdout] 
[INFO] [stdout] ---- command::tests::encode_job_preserves_high_bit_depth_yuv420_for_av2_path stdout ----
[INFO] [stdout] 
[INFO] [stdout] thread 'command::tests::encode_job_preserves_high_bit_depth_yuv420_for_av2_path' (1658) panicked at crates/framefinery-cli/src/command.rs:1625:34:
[INFO] [stdout] create test output directory: Os { code: 30, kind: ReadOnlyFilesystem, message: "Read-only file system" }
[INFO] [stdout] stack backtrace:
[INFO] [stdout]    0:     0x64a404591d41 - <<std[70759c8f55707aa4]::sys::backtrace::BacktraceLock>::print::DisplayBacktrace as core[df12db4294e9bfd3]::fmt::Display>::fmt
[INFO] [stdout]    1:     0x64a4045a688a - core[df12db4294e9bfd3]::fmt::write
[INFO] [stdout]    2:     0x64a4045961fc - <alloc[2182bb758b4b3781]::vec::Vec<u8> as core[df12db4294e9bfd3]::io::write::Write>::write_fmt
[INFO] [stdout]    3:     0x64a40456d6e6 - std[70759c8f55707aa4]::panicking::default_hook::{closure#0}
[INFO] [stdout]    4:     0x64a40458a3c9 - std[70759c8f55707aa4]::panicking::default_hook
[INFO] [stdout]    5:     0x64a404519100 - test[9d35eded1c95d3be]::test_main_inner::<test[9d35eded1c95d3be]::test_main_static::{closure#0}>::{closure#0}
[INFO] [stdout]    6:     0x64a40458a582 - std[70759c8f55707aa4]::panicking::panic_with_hook
[INFO] [stdout]    7:     0x64a40456d792 - std[70759c8f55707aa4]::panicking::panic_handler::{closure#0}
[INFO] [stdout]    8:     0x64a4045663f9 - std[70759c8f55707aa4]::sys::backtrace::__rust_end_short_backtrace::<std[70759c8f55707aa4]::panicking::panic_handler::{closure#0}, !>
[INFO] [stdout]    9:     0x64a40456e38d - __rustc[8fa7c3cbc660c2b3]::rust_begin_unwind
[INFO] [stdout]   10:     0x64a4045a6fbc - core[df12db4294e9bfd3]::panicking::panic_fmt
[INFO] [stdout]   11:     0x64a4045a6d92 - core[df12db4294e9bfd3]::result::unwrap_failed
[INFO] [stdout]   12:     0x64a4044dcf61 - framefinery[ed387d72817fafc9]::command::tests::temp_input_path
[INFO] [stdout]   13:     0x64a4044eade6 - framefinery[ed387d72817fafc9]::command::tests::encode_job_preserves_high_bit_depth_yuv420_for_av2_path
[INFO] [stdout]   14:     0x64a4045075e9 - <framefinery[ed387d72817fafc9]::command::tests::encode_job_preserves_high_bit_depth_yuv420_for_av2_path::{closure#0} as core[df12db4294e9bfd3]::ops::function::FnOnce<()>>::call_once
[INFO] [stdout]   15:     0x64a40450c3eb - test[9d35eded1c95d3be]::__rust_begin_short_backtrace::<core[df12db4294e9bfd3]::result::Result<(), alloc[2182bb758b4b3781]::string::String>, fn() -> core[df12db4294e9bfd3]::result::Result<(), alloc[2182bb758b4b3781]::string::String>>
[INFO] [stdout]   16:     0x64a404519a55 - test[9d35eded1c95d3be]::run_test::{closure#0}
[INFO] [stdout]   17:     0x64a404513314 - std[70759c8f55707aa4]::sys::backtrace::__rust_begin_short_backtrace::<test[9d35eded1c95d3be]::run_test::{closure#1}, ()>
[INFO] [stdout]   18:     0x64a40451cbb2 - <std[70759c8f55707aa4]::thread::lifecycle::spawn_unchecked<test[9d35eded1c95d3be]::run_test::{closure#1}, ()>::{closure#1} as core[df12db4294e9bfd3]::ops::function::FnOnce<()>>::call_once::{shim:vtable#0}
[INFO] [stdout]   19:     0x64a404591619 - <std[70759c8f55707aa4]::sys::thread::unix::Thread>::new::thread_start
[INFO] [stdout]   20:     0x77963a021dfa - <unknown>
[INFO] [stdout]   21:     0x77963a0b53d4 - clone
[INFO] [stdout]   22:                0x0 - <unknown>
[INFO] [stdout] 
[INFO] [stdout] 
[INFO] [stdout] failures:
[INFO] [stdout]     command::tests::encode_job_accepts_crop_filter_and_updates_geometry
[INFO] [stdout]     command::tests::encode_job_accepts_identity_filter_with_file_input
[INFO] [stdout]     command::tests::encode_job_accepts_lossless_gbrp8_for_av2_and_vvc_paths
[INFO] [stdout]     command::tests::encode_job_accepts_lossless_rgb24_for_av2_path
[INFO] [stdout]     command::tests::encode_job_accepts_lossless_yuv420_for_av2_path
[INFO] [stdout]     command::tests::encode_job_accepts_lossless_yuv420_for_vvc_path
[INFO] [stdout]     command::tests::encode_job_accepts_lossless_yuv422_for_av2_without_bit_depth_fallback
[INFO] [stdout]     command::tests::encode_job_accepts_lossless_yuv422_for_vvc_path
[INFO] [stdout]     command::tests::encode_job_accepts_lossy_yuv422_high_depth_for_vvc_path
[INFO] [stdout]     command::tests::encode_job_accepts_non_lossless_rgb24_for_av2_path
[INFO] [stdout]     command::tests::encode_job_accepts_qp_setting
[INFO] [stdout]     command::tests::encode_job_accepts_rgb24_for_vvc_path_via_common_repack
[INFO] [stdout]     command::tests::encode_job_accepts_scale_filter_and_updates_geometry
[INFO] [stdout]     command::tests::encode_job_allows_explicit_video_to_override_y4m_header
[INFO] [stdout]     command::tests::encode_job_clamps_requested_frames_to_available_file_frames
[INFO] [stdout]     command::tests::encode_job_infers_file_frames_from_eof_when_frames_omitted
[INFO] [stdout]     command::tests::encode_job_infers_y4m_metadata_and_frames_from_header
[INFO] [stdout]     command::tests::encode_job_leaves_codec_setting_conflicts_to_encoder
[INFO] [stdout]     command::tests::encode_job_preserves_high_bit_depth_yuv420_for_av2_path
[INFO] [stdout]     command::tests::encode_job_preserves_high_bit_depth_yuv420_for_vvc_path
[INFO] [stdout]     command::tests::encode_job_preserves_high_bit_depth_yuv444_for_av2_path
[INFO] [stdout]     command::tests::encode_job_preserves_high_bit_depth_yuv444_for_vvc_path
[INFO] [stdout]     command::tests::encode_job_rejects_lossless_without_bit_depth_fallback
[INFO] [stdout]     command::tests::encode_job_rejects_partial_frame_when_frames_omitted
[INFO] [stdout]     command::tests::encode_job_uses_y4m_metadata_before_filename_metadata
[INFO] [stdout]     command::tests::open_job_reader_hides_unselected_file_suffix
[INFO] [stdout] 
[INFO] [stdout] test result: FAILED. 26 passed; 26 failed; 0 ignored; 0 measured; 0 filtered out; finished in 0.03s
[INFO] [stdout] 
[INFO] running `Command { std: "docker" "inspect" "f4eefb0d43d8757885199db63355889c9b6d296fea6a1e162414ad0fc4987948", kill_on_drop: false }`
[INFO] running `Command { std: "docker" "rm" "-f" "f4eefb0d43d8757885199db63355889c9b6d296fea6a1e162414ad0fc4987948", kill_on_drop: false }`
[INFO] [stdout] f4eefb0d43d8757885199db63355889c9b6d296fea6a1e162414ad0fc4987948
