[INFO] cloning repository https://github.com/fralalonde/notlin
[INFO] running `Command { std: "git" "-c" "credential.helper=" "-c" "credential.helper=/workspace/cargo-home/bin/git-credential-null" "clone" "--bare" "https://github.com/fralalonde/notlin" "/workspace/cache/git-repos/https%3A%2F%2Fgithub.com%2Ffralalonde%2Fnotlin", kill_on_drop: false }`
[INFO] [stderr] Cloning into bare repository '/workspace/cache/git-repos/https%3A%2F%2Fgithub.com%2Ffralalonde%2Fnotlin'...
[INFO] running `Command { std: "git" "rev-parse" "HEAD", kill_on_drop: false }`
[INFO] [stdout] a633c7146cd44572454eb507c082b9c80128913e
[INFO] testing fralalonde/notlin against 1.100.0-beta.1+cargoflags=--release for beta-release-1.100-2
[INFO] running `Command { std: "git" "clone" "/workspace/cache/git-repos/https%3A%2F%2Fgithub.com%2Ffralalonde%2Fnotlin" "/workspace/builds/worker-3-tc2/source", kill_on_drop: false }`
[INFO] [stderr] Cloning into '/workspace/builds/worker-3-tc2/source'...
[INFO] [stderr] done.
[INFO] started tweaking git repo https://github.com/fralalonde/notlin
[INFO] finished tweaking git repo https://github.com/fralalonde/notlin
[INFO] tweaked toml for git repo https://github.com/fralalonde/notlin written to /workspace/builds/worker-3-tc2/source/Cargo.toml
[INFO] validating manifest of git repo https://github.com/fralalonde/notlin on toolchain 1.100.0-beta.1
[INFO] running `Command { std: CARGO_HOME="/workspace/cargo-home" RUSTUP_HOME="/workspace/rustup-home" "/workspace/cargo-home/bin/cargo" "+1.100.0-beta.1" "metadata" "--manifest-path" "Cargo.toml" "--no-deps", kill_on_drop: false }`
[INFO] crate git repo https://github.com/fralalonde/notlin already has a lockfile, it will not be regenerated
[INFO] running `Command { std: CARGO_HOME="/workspace/cargo-home" RUSTUP_HOME="/workspace/rustup-home" "/workspace/cargo-home/bin/cargo" "+1.100.0-beta.1" "fetch" "--manifest-path" "Cargo.toml", kill_on_drop: false }`
[INFO] running `Command { std: "docker" "create" "-v" "/var/lib/crater-agent-workspace/builds/worker-3-tc2/source:/opt/rustwide/workdir:ro,Z" "-v" "/var/lib/crater-agent-workspace/builds/worker-3-tc2/target:/opt/rustwide/target:rw,Z" "-v" "/var/lib/crater-agent-workspace/cargo-home:/opt/rustwide/cargo-home:ro,Z" "-v" "/var/lib/crater-agent-workspace/rustup-home:/opt/rustwide/rustup-home:ro,Z" "-m" "1610612736" "--network" "none" "ghcr.io/rust-lang/crates-build-env/linux@sha256:77db811e55d90add9212f6832c23229e3de5f1c1f9905e8cb07319ea15df73ac" "sleep" "infinity", kill_on_drop: false }`
[INFO] [stdout] 517ffd66437ef5489d657637e9d779a47a324f76eb2c66c2877f29d09a3bb5f8
[INFO] running `Command { std: "docker" "start" "517ffd66437ef5489d657637e9d779a47a324f76eb2c66c2877f29d09a3bb5f8", kill_on_drop: false }`
[INFO] running `Command { std: "docker" "inspect" "517ffd66437ef5489d657637e9d779a47a324f76eb2c66c2877f29d09a3bb5f8", kill_on_drop: false }`
[INFO] running `Command { std: "docker" "exec" "-e" "SOURCE_DIR=/opt/rustwide/workdir" "-e" "CARGO_HOME=/opt/rustwide/cargo-home" "-e" "RUSTUP_HOME=/opt/rustwide/rustup-home" "-e" "CARGO_TARGET_DIR=/opt/rustwide/target" "-w" "/opt/rustwide/workdir" "--user" "0:0" "517ffd66437ef5489d657637e9d779a47a324f76eb2c66c2877f29d09a3bb5f8" "/opt/rustwide/cargo-home/bin/cargo" "+1.100.0-beta.1" "metadata" "--no-deps" "--format-version=1", kill_on_drop: false }`
[INFO] running `Command { std: "docker" "inspect" "517ffd66437ef5489d657637e9d779a47a324f76eb2c66c2877f29d09a3bb5f8", kill_on_drop: false }`
[INFO] running `Command { std: "docker" "exec" "-e" "SOURCE_DIR=/opt/rustwide/workdir" "-e" "CARGO_HOME=/opt/rustwide/cargo-home" "-e" "RUSTUP_HOME=/opt/rustwide/rustup-home" "-e" "CARGO_TARGET_DIR=/opt/rustwide/target" "-e" "CARGO_INCREMENTAL=0" "-e" "RUST_BACKTRACE=full" "-e" "RUSTFLAGS=--cap-lints=warn" "-e" "RUSTDOCFLAGS=--cap-lints=warn" "-w" "/opt/rustwide/workdir" "--user" "0:0" "517ffd66437ef5489d657637e9d779a47a324f76eb2c66c2877f29d09a3bb5f8" "/opt/rustwide/cargo-home/bin/cargo" "+1.100.0-beta.1" "build" "--frozen" "--message-format=json" "--release", kill_on_drop: false }`
[INFO] [stderr]    Compiling find-msvc-tools v0.1.14
[INFO] [stderr]    Compiling zmij v1.0.23
[INFO] [stderr]    Compiling tree-sitter-language v0.1.8
[INFO] [stderr]    Compiling proc-macro2 v1.0.107
[INFO] [stderr]    Compiling quote v1.0.47
[INFO] [stderr]    Compiling memchr v2.8.3
[INFO] [stderr]    Compiling unicode-ident v1.0.26
[INFO] [stderr]    Compiling rustix v1.1.5
[INFO] [stderr]    Compiling crossbeam-utils v0.8.23
[INFO] [stderr]    Compiling serde_core v1.0.229
[INFO] [stderr]    Compiling serde_json v1.0.151
[INFO] [stderr]    Compiling regex-syntax v0.8.11
[INFO] [stderr]    Compiling hashbrown v0.17.1
[INFO] [stderr]    Compiling equivalent v1.0.2
[INFO] [stderr]    Compiling io-lifetimes v2.0.4
[INFO] [stderr]    Compiling crossbeam-epoch v0.9.21
[INFO] [stderr]    Compiling io-lifetimes v3.0.1
[INFO] [stderr]    Compiling linux-raw-sys v0.12.1
[INFO] [stderr]    Compiling bitflags v2.13.2
[INFO] [stderr]    Compiling cc v1.5.1
[INFO] [stderr]    Compiling io-extras v0.19.0
[INFO] [stderr]    Compiling crossbeam-deque v0.8.8
[INFO] [stderr]    Compiling rayon-core v1.13.0
[INFO] [stderr]    Compiling cap-primitives v4.0.3
[INFO] [stderr]    Compiling cap-std v4.0.3
[INFO] [stderr]    Compiling serde v1.0.229
[INFO] [stderr]    Compiling ipnet v2.12.2
[INFO] [stderr]    Compiling log v0.4.34
[INFO] [stderr]    Compiling clap_lex v1.1.1
[INFO] [stderr]    Compiling jiff-core v0.1.1
[INFO] [stderr]    Compiling indexmap v2.14.2
[INFO] [stderr]    Compiling clap_builder v4.6.7
[INFO] [stderr]    Compiling cpufeatures v0.3.1
[INFO] [stderr]    Compiling cfg-if v1.0.5
[INFO] [stderr]    Compiling streaming-iterator v0.1.9
[INFO] [stderr]    Compiling aho-corasick v1.1.5
[INFO] [stderr]    Compiling arrayvec v0.7.8
[INFO] [stderr]    Compiling syn v3.0.6
[INFO] [stderr]    Compiling either v1.18.0
[INFO] [stderr]    Compiling colored v3.1.1
[INFO] [stderr]    Compiling blake3 v1.8.7
[INFO] [stderr]    Compiling tree-sitter-java v0.23.5
[INFO] [stderr]    Compiling tree-sitter-kotlin-ng v1.1.0
[INFO] [stderr]    Compiling rayon v1.12.0
[INFO] [stderr]    Compiling jiff v0.2.37
[INFO] [stderr]    Compiling regex-automata v0.4.18
[INFO] [stderr]    Compiling tree-sitter v0.25.10
[INFO] [stderr]    Compiling clap_derive v4.6.7
[INFO] [stderr]    Compiling serde_derive v1.0.229
[INFO] [stderr]    Compiling fs-set-times v0.20.3
[INFO] [stderr]    Compiling rustix-linux-procfs v0.1.1
[INFO] [stderr]    Compiling clap v4.6.7
[INFO] [stderr]    Compiling regex v1.13.1
[INFO] [stderr]    Compiling env_filter v2.0.0
[INFO] [stderr]    Compiling env_logger v0.11.11
[INFO] [stderr]    Compiling notlin v0.3.1 (/opt/rustwide/workdir)
[INFO] [stderr]     Finished `release` profile [optimized] target(s) in 2m 08s
[INFO] running `Command { std: "docker" "inspect" "517ffd66437ef5489d657637e9d779a47a324f76eb2c66c2877f29d09a3bb5f8", kill_on_drop: false }`
[INFO] running `Command { std: "docker" "exec" "-e" "SOURCE_DIR=/opt/rustwide/workdir" "-e" "CARGO_HOME=/opt/rustwide/cargo-home" "-e" "RUSTUP_HOME=/opt/rustwide/rustup-home" "-e" "CARGO_TARGET_DIR=/opt/rustwide/target" "-e" "CARGO_INCREMENTAL=0" "-e" "RUST_BACKTRACE=full" "-e" "RUSTFLAGS=--cap-lints=warn" "-e" "RUSTDOCFLAGS=--cap-lints=warn" "-w" "/opt/rustwide/workdir" "--user" "0:0" "517ffd66437ef5489d657637e9d779a47a324f76eb2c66c2877f29d09a3bb5f8" "/opt/rustwide/cargo-home/bin/cargo" "+1.100.0-beta.1" "test" "--frozen" "--no-run" "--message-format=json" "--release", kill_on_drop: false }`
[INFO] [stderr]    Compiling libc v0.2.189
[INFO] [stderr]    Compiling filetime v0.2.29
[INFO] [stderr]    Compiling notlin v0.3.1 (/opt/rustwide/workdir)
[INFO] [stderr]     Finished `release` profile [optimized] target(s) in 1m 45s
[INFO] running `Command { std: "docker" "inspect" "517ffd66437ef5489d657637e9d779a47a324f76eb2c66c2877f29d09a3bb5f8", kill_on_drop: false }`
[INFO] running `Command { std: "docker" "exec" "-e" "SOURCE_DIR=/opt/rustwide/workdir" "-e" "CARGO_HOME=/opt/rustwide/cargo-home" "-e" "RUSTUP_HOME=/opt/rustwide/rustup-home" "-e" "CARGO_TARGET_DIR=/opt/rustwide/target" "-e" "CARGO_INCREMENTAL=0" "-e" "RUST_BACKTRACE=full" "-e" "RUSTFLAGS=--cap-lints=warn" "-e" "RUSTDOCFLAGS=--cap-lints=warn" "-w" "/opt/rustwide/workdir" "--user" "0:0" "517ffd66437ef5489d657637e9d779a47a324f76eb2c66c2877f29d09a3bb5f8" "/opt/rustwide/cargo-home/bin/cargo" "+1.100.0-beta.1" "test" "--frozen" "--release", kill_on_drop: false }`
[INFO] [stderr]     Finished `release` profile [optimized] target(s) in 0.28s
[INFO] [stderr]      Running unittests src/lib.rs (/opt/rustwide/target/release/build/notlin/28f929b034a9b4cb/out/notlin-28f929b034a9b4cb)
[INFO] [stdout] 
[INFO] [stdout] running 136 tests
[INFO] [stdout] test migration_pipeline::lineage_tests::genuine_declaration_kind_changes_still_require_an_origin_mapping ... ok
[INFO] [stdout] test migration_pipeline::lineage_tests::cumulative_facade_merge_preserves_distinct_same_arity_overloads ... ok
[INFO] [stdout] test property_abi::tests::abstract_intermediate_class_can_defer_contract_to_descendants ... ok
[INFO] [stdout] test property_abi::tests::computed_accessor_annotations_move_to_the_java_getter_bridge ... ok
[INFO] [stdout] test migration_pipeline::lineage_tests::annotated_interface_lineage_survives_removed_siblings ... ok
[INFO] [stdout] test migration_pipeline::lineage_tests::cumulative_facade_merge_preserves_disjoint_methods_by_symbol_identity ... ok
[INFO] [stdout] test migration_pipeline::lineage_tests::cumulative_facade_merge_rejects_erased_signature_collisions ... ok
[INFO] [stdout] test migration_pipeline::validation_snapshot_tests::config_source_staging_uses_captured_bytes_after_disk_changes ... ok
[INFO] [stdout] test migration_pipeline::lineage_tests::cumulative_facade_merge_rejects_ambiguous_overload_identity ... ok
[INFO] [stdout] test property_abi::tests::computed_interface_getter_qualifies_a_retained_super_provider ... ok
[INFO] [stdout] test property_abi::tests::generated_java_detection_uses_overlay_text_instead_of_stale_disk_text ... ok
[INFO] [stdout] test property_abi::tests::bare_generic_default_getter_is_rewritten_as_abstract_java_method ... ok
[INFO] [stdout] test property_abi::tests::computed_interface_getter_becomes_an_explicit_java_getter_bridge ... ok
[INFO] [stdout] test property_abi::tests::compatible_event_parallel_component_is_repaired_together ... ok
[INFO] [stdout] test property_abi::tests::java_is_getter_preserves_is_property_name_and_matches_setter ... ok
[INFO] [stdout] test property_abi::tests::generated_java_enum_getters_are_callsite_contracts_only ... ok
[INFO] [stdout] test property_abi::tests::computed_property_on_separate_kotlin_supertype_keeps_its_default_getter ... ok
[INFO] [stdout] test property_abi::tests::enum_property_repair_inserts_required_entry_semicolon ... ok
[INFO] [stdout] test property_abi::tests::all_open_safeguard_reads_speculative_source_overlay ... ok
[INFO] [stdout] test property_abi::tests::getter_only_method_interfaces_are_jvm_compatible_candidates ... ok
[INFO] [stdout] test property_abi::tests::generic_property_contract_substitutes_through_retained_descendants ... ok
[INFO] [stdout] test property_abi::tests::generic_property_contract_rejects_invariant_argument_mismatch ... ok
[INFO] [stdout] test property_abi::tests::persisted_owner_index_matches_exact_unique_owners ... ok
[INFO] [stdout] test property_abi::tests::method_bearing_parallel_component_stays_kotlin ... ok
[INFO] [stdout] test property_abi::tests::generic_property_contract_rejects_unresolved_star_projection ... ok
[INFO] [stdout] test property_abi::tests::parallel_java_getter_keeps_inherited_kotlin_property_overrides ... ok
[INFO] [stdout] test property_abi::tests::constructor_property_keeps_override_against_retained_kotlin_base ... ok
[INFO] [stdout] test property_abi::tests::intermediate_interface_unrelated_properties_do_not_block_a_bridge ... ok
[INFO] [stdout] test property_abi::tests::planner_accepts_inherited_narrow_default_for_parallel_broad_contract ... ok
[INFO] [stdout] test property_abi::tests::generated_java_interface_getter_keeps_unrepaired_kotlin_property_syntax ... ok
[INFO] [stdout] test property_abi::tests::operation_contract_rewrites_default_and_external_reads_after_property_removal ... ok
[INFO] [stdout] test property_abi::tests::mutable_descendant_of_val_contract_keeps_its_setter_abi ... ok
[INFO] [stdout] test property_abi::tests::planner_accepts_nonnull_covariant_collection_for_nullable_readonly_contract ... ok
[INFO] [stdout] test property_abi::tests::planner_accepts_initialized_lifecycle_fields_on_an_entity_hierarchy ... ok
[INFO] [stdout] test property_abi::tests::incompatible_parallel_property_contracts_still_block_the_bridge ... ok
[INFO] [stdout] test property_abi::tests::persisted_generic_contract_crosses_generated_memberless_interface ... ok
[INFO] [stdout] test property_abi::tests::concrete_subtype_inherits_a_repaired_computed_interface_getter ... ok
[INFO] [stdout] test property_abi::tests::parallel_readonly_collection_component_repairs_with_complete_callsite_proof ... ok
[INFO] [stdout] test property_abi::tests::planner_accepts_nonnull_readonly_property_for_nullable_contract ... ok
[INFO] [stdout] test property_abi::tests::planner_accepts_scalar_covariance_across_parallel_readonly_contracts ... ok
[INFO] [stdout] test property_abi::tests::planner_accepts_proven_covariant_getters_but_rejects_invariant_generics ... ok
[INFO] [stdout] test property_abi::tests::planner_accepts_already_repaired_class_field_and_getter_bridge ... ok
[INFO] [stdout] test property_abi::tests::planner_accepts_readonly_collection_covariance_across_parallel_contracts ... ok
[INFO] [stdout] test property_abi::tests::planner_bridges_properties_on_interfaces_that_also_have_methods ... ok
[INFO] [stdout] test property_abi::tests::ordinary_constructor_annotations_are_preserved_but_complex_targets_fail_closed ... ok
[INFO] [stdout] test property_abi::tests::planner_accepts_exact_resolved_generic_property_contracts ... ok
[INFO] [stdout] test property_abi::tests::planner_accepts_broader_readonly_ancestor_contract_for_narrow_root ... ok
[INFO] [stdout] test property_abi::tests::inferred_getter_resolves_inherited_generic_receiver_and_bound_member ... ok
[INFO] [stdout] test property_abi::tests::planner_rejects_readonly_collection_parallel_contract_without_element_subtyping ... ok
[INFO] [stdout] test property_abi::tests::planner_rejects_mutable_parallel_collection_contract ... ok
[INFO] [stdout] test property_abi::tests::repair_follows_generated_java_interface_ancestry ... ok
[INFO] [stdout] test property_abi::tests::memberless_java_interface_retains_when_diamond_reaches_kotlin_property ... ok
[INFO] [stdout] test property_abi::tests::planner_rejects_constructor_field_bridge_that_hides_retained_base_property ... ok
[INFO] [stdout] test property_abi::tests::planner_rejects_shadowed_readonly_collection_name_in_parallel_contract ... ok
[INFO] [stdout] test property_abi::tests::planner_rejects_nullable_collection_narrowing_for_mutable_contract ... ok
[INFO] [stdout] test property_abi::tests::planner_rejects_unsupported_property_shapes ... ok
[INFO] [stdout] test property_abi::tests::planner_rejects_jdk_uuid_wildcard_when_domain_uuid_is_indexed ... ok
[INFO] [stdout] test property_abi::tests::planner_rejects_unannotated_getter_narrower_than_ancestor_contract ... ok
[INFO] [stdout] test property_abi::tests::rediscovers_persisted_kotlin_getter_contract_from_property_bridge ... ok
[INFO] [stdout] test property_abi::tests::planner_rejects_all_open_computed_properties_but_accepts_final_ones ... ok
[INFO] [stdout] test property_abi::tests::repairs_inferred_generic_default_getter_with_its_local_type_parameter ... ok
[INFO] [stdout] test property_abi::tests::repairs_against_a_generated_java_overlay_before_it_exists_on_disk ... ok
[INFO] [stdout] test property_abi::tests::repair_keeps_parallel_collection_type_and_bridges_concrete_narrow_type ... ok
[INFO] [stdout] test property_abi::tests::planner_matches_jdk_uuid_parallel_contracts_across_packages ... ok
[INFO] [stdout] test property_callsite::tests::candidate_scan_falls_back_for_unusual_property_names ... ok
[INFO] [stdout] test property_callsite::tests::candidate_scan_matches_identifier_boundaries_in_one_pass ... ok
[INFO] [stdout] test property_abi::tests::specializes_inherited_generated_getter_contracts_to_local_type_parameters ... ok
[INFO] [stdout] test property_abi::tests::same_typed_override_of_retained_property_is_kept_on_kotlin_side ... ok
[INFO] [stdout] test property_callsite::tests::declaration_ancestry_matches_exact_inheritance_for_each_owner ... ok
[INFO] [stdout] test property_abi::tests::planner_infers_unannotated_parallel_getter_from_instantiated_parent_contract ... ok
[INFO] [stdout] test property_abi::tests::same_named_contract_in_another_package_does_not_add_its_subtypes ... ok
[INFO] [stdout] test property_abi::tests::planner_requires_exact_types_and_only_inherited_nonleaf_bridges ... ok
[INFO] [stdout] test property_callsite::tests::convergence_sweep_catches_external_hierarchy_changes ... ok
[INFO] [stdout] test property_callsite::tests::implicit_this_body_cache_preserves_shadows_nested_classes_and_getters ... ok
[INFO] [stdout] test property_abi::tests::repairs_nested_class_implementations_independently_of_the_outer_class ... ok
[INFO] [stdout] test property_abi::tests::repairs_retained_interfaces_and_constructor_only_classes ... ok
[INFO] [stdout] test property_callsite::tests::incremental_repair_skips_unchanged_and_irrelevant_sources ... ok
[INFO] [stdout] test property_callsite::tests::added_contract_invalidates_only_its_property_referencers ... ok
[INFO] [stdout] test property_abi::tests::repairs_property_inherited_from_generated_java_default_getter ... ok
[INFO] [stdout] test property_callsite::tests::rewrites_a_property_receiver_typed_as_a_contract_descendant ... ok
[INFO] [stdout] test property_callsite::tests::rewrites_super_property_when_the_repaired_parent_declares_the_getter ... ok
[INFO] [stdout] test property_callsite::tests::resolves_receiver_binding_in_its_function_scope ... ok
[INFO] [stdout] test property_callsite::tests::resolves_inherited_member_property_receiver_types ... ok
[INFO] [stdout] test property_callsite::tests::prefers_direct_override_type_over_conflicting_inherited_property_type ... ok
[INFO] [stdout] test property_callsite::tests::inherited_readonly_receiver_uses_unique_covariant_type ... ok
[INFO] [stdout] test property_callsite::tests::refuses_ambiguous_untyped_shadowed_and_compound_accesses ... ok
[INFO] [stdout] test property_callsite::tests::scopes_retained_kotlin_property_reads_inside_repaired_getters ... ok
[INFO] [stdout] test property_callsite::tests::rewrites_receiver_from_a_generic_safe_navigation_call ... ok
[INFO] [stdout] test property_callsite::tests::infers_loop_receiver_from_sequence_of_this_plus_fallbacks ... ok
[INFO] [stdout] test property_callsite::tests::rewrites_typed_inherited_reads_and_plain_writes ... ok
[INFO] [stdout] test property_callsite::tests::rewrites_safe_navigation_after_a_typed_generic_call ... ok
[INFO] [stdout] test property_callsite::tests::preserves_named_argument_labels_while_rewriting_the_value ... ok
[INFO] [stdout] test property_callsite::tests::rewrites_this_and_inherited_member_property_contracts ... ok
[INFO] [stdout] test property_callsite::tests::rewrites_bare_reads_in_descendants_chains_and_interpolations ... ok
[INFO] [stdout] test property_callsite::tests::resolves_receiver_binding_in_secondary_constructor_scope ... ok
[INFO] [stdout] test property_callsite::tests::rewrites_property_reads_on_resolved_method_return_receivers ... ok
[INFO] [stdout] test translation_plan::tests::equal_spans_in_different_revisions_have_different_identity ... ok
[INFO] [stdout] test property_callsite::tests::rewrites_only_interface_self_reads_and_respects_local_shadows ... ok
[INFO] [stdout] test semantics::syntax_provider_index_tests::name_and_file_indexes_preserve_order_and_manual_index_file_import_scope ... ok
[INFO] [stdout] test translation_plan::tests::executable_string_interpolation_is_scanned ... ok
[INFO] [stdout] test semantics::syntax_provider_index_tests::indexed_resolvers_match_legacy_order_with_package_and_nested_collisions ... ok
[INFO] [stdout] test property_abi::tests::planner_rejects_unselected_parallel_collection_contract ... ok
[INFO] [stdout] test property_callsite::tests::sees_contracts_from_speculative_overlay ... ok
[INFO] [stdout] test translation_plan::tests::overload_and_same_name_identities_use_spans ... ok
[INFO] [stdout] test translation_plan::tests::package_and_property_names_are_informational ... ok
[INFO] [stdout] test translation_plan::tests::suspend_classifier_ignores_strings_and_comments ... ok
[INFO] [stdout] test translation_plan::tests::suspend_function_type_parameter_retains_function ... ok
[INFO] [stdout] test translation_plan::tests::parse_error_retains_only_its_top_level_boundary ... ok
[INFO] [stdout] test translation_plan::tests::nullable_generic_property_boundary_is_eligible ... ok
[INFO] [stdout] test translation_plan::tests::expect_actual_declarations_are_retained_but_text_uses_are_not ... ok
[INFO] [stdout] test translation_plan::tests::interface_property_recovery_does_not_hide_unrelated_errors ... ok
[INFO] [stdout] test translation_plan::tests::ownership_boundary_count_matches_planning_for_recovered_annotated_interfaces ... ok
[INFO] [stdout] test transpiler::fixpoint::cache_tests::cycle_pin_retains_eligible_declaration_without_blocking_unrelated_java ... ok
[INFO] [stdout] test translation_plan::tests::regression_inline_expression_body_in_data_class_is_eligible ... ok
[INFO] [stdout] test transpiler::retention_queries::tests::negative_reads_and_name_fallbacks_invalidate_cached_results ... ok
[INFO] [stdout] test transpiler::retention_queries::tests::nested_probes_restore_outer_collection ... ok
[INFO] [stdout] test transpiler::fixpoint::cache_tests::three_state_cycle_pins_every_membership_varying_symbol ... ok
[INFO] [stdout] test translation_plan::tests::reconcile_overloads_by_span_and_is_idempotent ... ok
[INFO] [stdout] test transpiler::unit::tests::untranslated_membership_deduplicates_while_preserving_coverage_order ... ok
[INFO] [stdout] test translation_plan::tests::ordinary_syntax_is_a_java_candidate ... ok
[INFO] [stdout] test workspace::declaration_symbol_cache_tests::direct_subtype_cache_matches_legacy_order_collisions_dedup_and_overlays ... ok
[INFO] [stdout] test translation_plan::tests::suspend_member_retains_containing_class ... ok
[INFO] [stdout] test transpiler::fixpoint::cache_tests::incremental_ownership_matches_full_replanning_and_reuses_unrelated_files ... FAILED
[INFO] [stdout] test transpiler::retention_queries::tests::unwinding_restores_the_previous_probe ... ok
[INFO] [stdout] test workspace::declaration_symbol_cache_tests::default_property_provider_is_retained_only_for_a_retained_conflicting_descendant ... FAILED
[INFO] [stdout] test translation_plan::tests::suspend_lambda_retains_top_level_property ... ok
[INFO] [stdout] test workspace::declaration_symbol_cache_tests::java_package_ends_before_a_same_line_declaration ... ok
[INFO] [stdout] test workspace::declaration_symbol_cache_tests::java_type_parameter_bindings_flow_through_mixed_generic_supertypes ... FAILED
[INFO] [stdout] test workspace::declaration_symbol_cache_tests::wildcard_jdk_uuid_does_not_match_an_indexed_domain_uuid_collision ... FAILED
[INFO] [stdout] test workspace::declaration_symbol_cache_tests::recovered_annotated_generic_interface_indexes_its_property_contract ... ok
[INFO] [stdout] test workspace::kotlin_declaration_count_tests::overlays_recompute_counts_from_the_overlay_parser_tree ... ok
[INFO] [stdout] test workspace::kotlin_declaration_count_tests::cached_count_tracks_top_level_ownership_boundaries_only ... ok
[INFO] [stdout] test workspace::declaration_symbol_cache_tests::java_util_uuid_wildcards_share_identity_across_packages ... FAILED
[INFO] [stdout] test workspace::declaration_symbol_cache_tests::per_file_symbols_match_direct_resolution_for_nested_overloaded_and_recovered_sources ... FAILED
[INFO] [stdout] test workspace::declaration_symbol_cache_tests::member_name_index_preserves_candidate_order_enum_preference_and_file_priority ... FAILED
[INFO] [stdout] test workspace::declaration_symbol_cache_tests::recovered_annotated_interface_with_getter_annotation_indexes_member ... ok
[INFO] [stdout] 
[INFO] [stdout] failures:
[INFO] [stdout] 
[INFO] [stdout] ---- transpiler::fixpoint::cache_tests::incremental_ownership_matches_full_replanning_and_reuses_unrelated_files stdout ----
[INFO] [stdout] 
[INFO] [stdout] thread 'transpiler::fixpoint::cache_tests::incremental_ownership_matches_full_replanning_and_reuses_unrelated_files' (5541) panicked at src/transpiler/fixpoint.rs:753:40:
[INFO] [stdout] called `Result::unwrap()` on an `Err` value: Os { code: 30, kind: ReadOnlyFilesystem, message: "Read-only file system" }
[INFO] [stdout] stack backtrace:
[INFO] [stdout]    0:     0x56adb2d12d41 - <<std[617be2ca0a6fd877]::sys::backtrace::BacktraceLock>::print::DisplayBacktrace as core[a373ad73a504971]::fmt::Display>::fmt
[INFO] [stdout]    1:     0x56adb2d29faa - core[a373ad73a504971]::fmt::write
[INFO] [stdout]    2:     0x56adb2d17e8c - <alloc[2e1b2a31b91974c5]::vec::Vec<u8> as core[a373ad73a504971]::io::write::Write>::write_fmt
[INFO] [stdout]    3:     0x56adb2cec246 - std[617be2ca0a6fd877]::panicking::default_hook::{closure#0}
[INFO] [stdout]    4:     0x56adb2d09f09 - std[617be2ca0a6fd877]::panicking::default_hook
[INFO] [stdout]    5:     0x56adb2c30360 - test[aada8e7e76ba119b]::test_main_inner::{closure#0}
[INFO] [stdout]    6:     0x56adb2d0a232 - std[617be2ca0a6fd877]::panicking::panic_with_hook
[INFO] [stdout]    7:     0x56adb2cec2f2 - std[617be2ca0a6fd877]::panicking::panic_handler::{closure#0}
[INFO] [stdout]    8:     0x56adb2ce4cb9 - std[617be2ca0a6fd877]::sys::backtrace::__rust_end_short_backtrace::<std[617be2ca0a6fd877]::panicking::panic_handler::{closure#0}, !>
[INFO] [stdout]    9:     0x56adb2cecefd - __rustc[ea4f61d10b84890b]::rust_begin_unwind
[INFO] [stdout]   10:     0x56adb2d2a70c - core[a373ad73a504971]::panicking::panic_fmt
[INFO] [stdout]   11:     0x56adb2d2a4e2 - core[a373ad73a504971]::result::unwrap_failed
[INFO] [stdout]   12:     0x56adb2b5213a - <notlin[5cd3d7aef6d3c8cb]::transpiler::fixpoint::cache_tests::incremental_ownership_matches_full_replanning_and_reuses_unrelated_files::{closure#0} as core[a373ad73a504971]::ops::function::FnOnce<()>>::call_once
[INFO] [stdout]   13:     0x56adb2c237ab - test[aada8e7e76ba119b]::__rust_begin_short_backtrace::<core[a373ad73a504971]::result::Result<(), alloc[2e1b2a31b91974c5]::string::String>, fn() -> core[a373ad73a504971]::result::Result<(), alloc[2e1b2a31b91974c5]::string::String>>
[INFO] [stdout]   14:     0x56adb2c30985 - test[aada8e7e76ba119b]::run_test::{closure#0}
[INFO] [stdout]   15:     0x56adb2c2a274 - std[617be2ca0a6fd877]::sys::backtrace::__rust_begin_short_backtrace::<test[aada8e7e76ba119b]::run_test::{closure#1}, ()>
[INFO] [stdout]   16:     0x56adb2c33a12 - <std[617be2ca0a6fd877]::thread::lifecycle::spawn_unchecked<test[aada8e7e76ba119b]::run_test::{closure#1}, ()>::{closure#1} as core[a373ad73a504971]::ops::function::FnOnce<()>>::call_once::{shim:vtable#0}
[INFO] [stdout]   17:     0x56adb2d11d3f - <std[617be2ca0a6fd877]::sys::thread::unix::Thread>::new::thread_start
[INFO] [stdout]   18:     0x7eb969e64dfa - <unknown>
[INFO] [stdout]   19:     0x7eb969ef83d4 - clone
[INFO] [stdout]   20:                0x0 - <unknown>
[INFO] [stdout] 
[INFO] [stdout] ---- workspace::declaration_symbol_cache_tests::default_property_provider_is_retained_only_for_a_retained_conflicting_descendant stdout ----
[INFO] [stdout] 
[INFO] [stdout] thread 'workspace::declaration_symbol_cache_tests::default_property_provider_is_retained_only_for_a_retained_conflicting_descendant' (5547) panicked at src/workspace.rs:5965:39:
[INFO] [stdout] called `Result::unwrap()` on an `Err` value: Os { code: 30, kind: ReadOnlyFilesystem, message: "Read-only file system" }
[INFO] [stderr] error: test failed, to rerun pass `--lib`
[INFO] [stdout] stack backtrace:
[INFO] [stdout]    0:     0x56adb2d12d41 - <<std[617be2ca0a6fd877]::sys::backtrace::BacktraceLock>::print::DisplayBacktrace as core[a373ad73a504971]::fmt::Display>::fmt
[INFO] [stdout]    1:     0x56adb2d29faa - core[a373ad73a504971]::fmt::write
[INFO] [stdout]    2:     0x56adb2d17e8c - <alloc[2e1b2a31b91974c5]::vec::Vec<u8> as core[a373ad73a504971]::io::write::Write>::write_fmt
[INFO] [stdout]    3:     0x56adb2cec246 - std[617be2ca0a6fd877]::panicking::default_hook::{closure#0}
[INFO] [stdout]    4:     0x56adb2d09f09 - std[617be2ca0a6fd877]::panicking::default_hook
[INFO] [stdout]    5:     0x56adb2c30360 - test[aada8e7e76ba119b]::test_main_inner::{closure#0}
[INFO] [stdout]    6:     0x56adb2d0a232 - std[617be2ca0a6fd877]::panicking::panic_with_hook
[INFO] [stdout]    7:     0x56adb2cec2f2 - std[617be2ca0a6fd877]::panicking::panic_handler::{closure#0}
[INFO] [stdout]    8:     0x56adb2ce4cb9 - std[617be2ca0a6fd877]::sys::backtrace::__rust_end_short_backtrace::<std[617be2ca0a6fd877]::panicking::panic_handler::{closure#0}, !>
[INFO] [stdout]    9:     0x56adb2cecefd - __rustc[ea4f61d10b84890b]::rust_begin_unwind
[INFO] [stdout]   10:     0x56adb2d2a70c - core[a373ad73a504971]::panicking::panic_fmt
[INFO] [stdout]   11:     0x56adb2d2a4e2 - core[a373ad73a504971]::result::unwrap_failed
[INFO] [stdout]   12:     0x56adb2b98309 - <notlin[5cd3d7aef6d3c8cb]::workspace::declaration_symbol_cache_tests::default_property_provider_is_retained_only_for_a_retained_conflicting_descendant::{closure#0} as core[a373ad73a504971]::ops::function::FnOnce<()>>::call_once
[INFO] [stdout]   13:     0x56adb2c237ab - test[aada8e7e76ba119b]::__rust_begin_short_backtrace::<core[a373ad73a504971]::result::Result<(), alloc[2e1b2a31b91974c5]::string::String>, fn() -> core[a373ad73a504971]::result::Result<(), alloc[2e1b2a31b91974c5]::string::String>>
[INFO] [stdout]   14:     0x56adb2c30985 - test[aada8e7e76ba119b]::run_test::{closure#0}
[INFO] [stdout]   15:     0x56adb2c2a274 - std[617be2ca0a6fd877]::sys::backtrace::__rust_begin_short_backtrace::<test[aada8e7e76ba119b]::run_test::{closure#1}, ()>
[INFO] [stdout]   16:     0x56adb2c33a12 - <std[617be2ca0a6fd877]::thread::lifecycle::spawn_unchecked<test[aada8e7e76ba119b]::run_test::{closure#1}, ()>::{closure#1} as core[a373ad73a504971]::ops::function::FnOnce<()>>::call_once::{shim:vtable#0}
[INFO] [stdout]   17:     0x56adb2d11d3f - <std[617be2ca0a6fd877]::sys::thread::unix::Thread>::new::thread_start
[INFO] [stdout]   18:     0x7eb969e64dfa - <unknown>
[INFO] [stdout]   19:     0x7eb969ef83d4 - clone
[INFO] [stdout]   20:                0x0 - <unknown>
[INFO] [stdout] 
[INFO] [stdout] ---- workspace::declaration_symbol_cache_tests::java_type_parameter_bindings_flow_through_mixed_generic_supertypes stdout ----
[INFO] [stdout] 
[INFO] [stdout] thread 'workspace::declaration_symbol_cache_tests::java_type_parameter_bindings_flow_through_mixed_generic_supertypes' (5550) panicked at src/workspace.rs:5620:35:
[INFO] [stdout] called `Result::unwrap()` on an `Err` value: Os { code: 30, kind: ReadOnlyFilesystem, message: "Read-only file system" }
[INFO] [stdout] stack backtrace:
[INFO] [stdout]    0:     0x56adb2d12d41 - <<std[617be2ca0a6fd877]::sys::backtrace::BacktraceLock>::print::DisplayBacktrace as core[a373ad73a504971]::fmt::Display>::fmt
[INFO] [stdout]    1:     0x56adb2d29faa - core[a373ad73a504971]::fmt::write
[INFO] [stdout]    2:     0x56adb2d17e8c - <alloc[2e1b2a31b91974c5]::vec::Vec<u8> as core[a373ad73a504971]::io::write::Write>::write_fmt
[INFO] [stdout]    3:     0x56adb2cec246 - std[617be2ca0a6fd877]::panicking::default_hook::{closure#0}
[INFO] [stdout]    4:     0x56adb2d09f09 - std[617be2ca0a6fd877]::panicking::default_hook
[INFO] [stdout]    5:     0x56adb2c30360 - test[aada8e7e76ba119b]::test_main_inner::{closure#0}
[INFO] [stdout]    6:     0x56adb2d0a232 - std[617be2ca0a6fd877]::panicking::panic_with_hook
[INFO] [stdout]    7:     0x56adb2cec2f2 - std[617be2ca0a6fd877]::panicking::panic_handler::{closure#0}
[INFO] [stdout]    8:     0x56adb2ce4cb9 - std[617be2ca0a6fd877]::sys::backtrace::__rust_end_short_backtrace::<std[617be2ca0a6fd877]::panicking::panic_handler::{closure#0}, !>
[INFO] [stdout]    9:     0x56adb2cecefd - __rustc[ea4f61d10b84890b]::rust_begin_unwind
[INFO] [stdout]   10:     0x56adb2d2a70c - core[a373ad73a504971]::panicking::panic_fmt
[INFO] [stdout]   11:     0x56adb2d2a4e2 - core[a373ad73a504971]::result::unwrap_failed
[INFO] [stdout]   12:     0x56adb2b94df2 - <notlin[5cd3d7aef6d3c8cb]::workspace::declaration_symbol_cache_tests::java_type_parameter_bindings_flow_through_mixed_generic_supertypes::{closure#0} as core[a373ad73a504971]::ops::function::FnOnce<()>>::call_once
[INFO] [stdout]   13:     0x56adb2c237ab - test[aada8e7e76ba119b]::__rust_begin_short_backtrace::<core[a373ad73a504971]::result::Result<(), alloc[2e1b2a31b91974c5]::string::String>, fn() -> core[a373ad73a504971]::result::Result<(), alloc[2e1b2a31b91974c5]::string::String>>
[INFO] [stdout]   14:     0x56adb2c30985 - test[aada8e7e76ba119b]::run_test::{closure#0}
[INFO] [stdout]   15:     0x56adb2c2a274 - std[617be2ca0a6fd877]::sys::backtrace::__rust_begin_short_backtrace::<test[aada8e7e76ba119b]::run_test::{closure#1}, ()>
[INFO] [stdout]   16:     0x56adb2c33a12 - <std[617be2ca0a6fd877]::thread::lifecycle::spawn_unchecked<test[aada8e7e76ba119b]::run_test::{closure#1}, ()>::{closure#1} as core[a373ad73a504971]::ops::function::FnOnce<()>>::call_once::{shim:vtable#0}
[INFO] [stdout]   17:     0x56adb2d11d3f - <std[617be2ca0a6fd877]::sys::thread::unix::Thread>::new::thread_start
[INFO] [stdout]   18:     0x7eb969e64dfa - <unknown>
[INFO] [stdout]   19:     0x7eb969ef83d4 - clone
[INFO] [stdout]   20:                0x0 - <unknown>
[INFO] [stdout] 
[INFO] [stdout] ---- workspace::declaration_symbol_cache_tests::wildcard_jdk_uuid_does_not_match_an_indexed_domain_uuid_collision stdout ----
[INFO] [stdout] 
[INFO] [stdout] thread 'workspace::declaration_symbol_cache_tests::wildcard_jdk_uuid_does_not_match_an_indexed_domain_uuid_collision' (5556) panicked at src/workspace.rs:5917:35:
[INFO] [stdout] called `Result::unwrap()` on an `Err` value: Os { code: 30, kind: ReadOnlyFilesystem, message: "Read-only file system" }
[INFO] [stdout] stack backtrace:
[INFO] [stdout]    0:     0x56adb2d12d41 - <<std[617be2ca0a6fd877]::sys::backtrace::BacktraceLock>::print::DisplayBacktrace as core[a373ad73a504971]::fmt::Display>::fmt
[INFO] [stdout]    1:     0x56adb2d29faa - core[a373ad73a504971]::fmt::write
[INFO] [stdout]    2:     0x56adb2d17e8c - <alloc[2e1b2a31b91974c5]::vec::Vec<u8> as core[a373ad73a504971]::io::write::Write>::write_fmt
[INFO] [stdout]    3:     0x56adb2cec246 - std[617be2ca0a6fd877]::panicking::default_hook::{closure#0}
[INFO] [stdout]    4:     0x56adb2d09f09 - std[617be2ca0a6fd877]::panicking::default_hook
[INFO] [stdout]    5:     0x56adb2c30360 - test[aada8e7e76ba119b]::test_main_inner::{closure#0}
[INFO] [stdout]    6:     0x56adb2d0a232 - std[617be2ca0a6fd877]::panicking::panic_with_hook
[INFO] [stdout]    7:     0x56adb2cec2f2 - std[617be2ca0a6fd877]::panicking::panic_handler::{closure#0}
[INFO] [stdout]    8:     0x56adb2ce4cb9 - std[617be2ca0a6fd877]::sys::backtrace::__rust_end_short_backtrace::<std[617be2ca0a6fd877]::panicking::panic_handler::{closure#0}, !>
[INFO] [stdout]    9:     0x56adb2cecefd - __rustc[ea4f61d10b84890b]::rust_begin_unwind
[INFO] [stdout]   10:     0x56adb2d2a70c - core[a373ad73a504971]::panicking::panic_fmt
[INFO] [stdout]   11:     0x56adb2d2a4e2 - core[a373ad73a504971]::result::unwrap_failed
[INFO] [stdout]   12:     0x56adb2b9442a - <notlin[5cd3d7aef6d3c8cb]::workspace::declaration_symbol_cache_tests::wildcard_jdk_uuid_does_not_match_an_indexed_domain_uuid_collision::{closure#0} as core[a373ad73a504971]::ops::function::FnOnce<()>>::call_once
[INFO] [stdout]   13:     0x56adb2c237ab - test[aada8e7e76ba119b]::__rust_begin_short_backtrace::<core[a373ad73a504971]::result::Result<(), alloc[2e1b2a31b91974c5]::string::String>, fn() -> core[a373ad73a504971]::result::Result<(), alloc[2e1b2a31b91974c5]::string::String>>
[INFO] [stdout]   14:     0x56adb2c30985 - test[aada8e7e76ba119b]::run_test::{closure#0}
[INFO] [stdout]   15:     0x56adb2c2a274 - std[617be2ca0a6fd877]::sys::backtrace::__rust_begin_short_backtrace::<test[aada8e7e76ba119b]::run_test::{closure#1}, ()>
[INFO] [stdout]   16:     0x56adb2c33a12 - <std[617be2ca0a6fd877]::thread::lifecycle::spawn_unchecked<test[aada8e7e76ba119b]::run_test::{closure#1}, ()>::{closure#1} as core[a373ad73a504971]::ops::function::FnOnce<()>>::call_once::{shim:vtable#0}
[INFO] [stdout]   17:     0x56adb2d11d3f - <std[617be2ca0a6fd877]::sys::thread::unix::Thread>::new::thread_start
[INFO] [stdout]   18:     0x7eb969e64dfa - <unknown>
[INFO] [stdout]   19:     0x7eb969ef83d4 - clone
[INFO] [stdout]   20:                0x0 - <unknown>
[INFO] [stdout] 
[INFO] [stdout] ---- workspace::declaration_symbol_cache_tests::java_util_uuid_wildcards_share_identity_across_packages stdout ----
[INFO] [stdout] 
[INFO] [stdout] thread 'workspace::declaration_symbol_cache_tests::java_util_uuid_wildcards_share_identity_across_packages' (5551) panicked at src/workspace.rs:5885:35:
[INFO] [stdout] called `Result::unwrap()` on an `Err` value: Os { code: 30, kind: ReadOnlyFilesystem, message: "Read-only file system" }
[INFO] [stdout] stack backtrace:
[INFO] [stdout]    0:     0x56adb2d12d41 - <<std[617be2ca0a6fd877]::sys::backtrace::BacktraceLock>::print::DisplayBacktrace as core[a373ad73a504971]::fmt::Display>::fmt
[INFO] [stdout]    1:     0x56adb2d29faa - core[a373ad73a504971]::fmt::write
[INFO] [stdout]    2:     0x56adb2d17e8c - <alloc[2e1b2a31b91974c5]::vec::Vec<u8> as core[a373ad73a504971]::io::write::Write>::write_fmt
[INFO] [stdout]    3:     0x56adb2cec246 - std[617be2ca0a6fd877]::panicking::default_hook::{closure#0}
[INFO] [stdout]    4:     0x56adb2d09f09 - std[617be2ca0a6fd877]::panicking::default_hook
[INFO] [stdout]    5:     0x56adb2c30360 - test[aada8e7e76ba119b]::test_main_inner::{closure#0}
[INFO] [stdout]    6:     0x56adb2d0a232 - std[617be2ca0a6fd877]::panicking::panic_with_hook
[INFO] [stdout]    7:     0x56adb2cec2f2 - std[617be2ca0a6fd877]::panicking::panic_handler::{closure#0}
[INFO] [stdout]    8:     0x56adb2ce4cb9 - std[617be2ca0a6fd877]::sys::backtrace::__rust_end_short_backtrace::<std[617be2ca0a6fd877]::panicking::panic_handler::{closure#0}, !>
[INFO] [stdout]    9:     0x56adb2cecefd - __rustc[ea4f61d10b84890b]::rust_begin_unwind
[INFO] [stdout]   10:     0x56adb2d2a70c - core[a373ad73a504971]::panicking::panic_fmt
[INFO] [stdout]   11:     0x56adb2d2a4e2 - core[a373ad73a504971]::result::unwrap_failed
[INFO] [stdout]   12:     0x56adb2b93cef - <notlin[5cd3d7aef6d3c8cb]::workspace::declaration_symbol_cache_tests::java_util_uuid_wildcards_share_identity_across_packages::{closure#0} as core[a373ad73a504971]::ops::function::FnOnce<()>>::call_once
[INFO] [stdout]   13:     0x56adb2c237ab - test[aada8e7e76ba119b]::__rust_begin_short_backtrace::<core[a373ad73a504971]::result::Result<(), alloc[2e1b2a31b91974c5]::string::String>, fn() -> core[a373ad73a504971]::result::Result<(), alloc[2e1b2a31b91974c5]::string::String>>
[INFO] [stdout]   14:     0x56adb2c30985 - test[aada8e7e76ba119b]::run_test::{closure#0}
[INFO] [stdout]   15:     0x56adb2c2a274 - std[617be2ca0a6fd877]::sys::backtrace::__rust_begin_short_backtrace::<test[aada8e7e76ba119b]::run_test::{closure#1}, ()>
[INFO] [stdout]   16:     0x56adb2c33a12 - <std[617be2ca0a6fd877]::thread::lifecycle::spawn_unchecked<test[aada8e7e76ba119b]::run_test::{closure#1}, ()>::{closure#1} as core[a373ad73a504971]::ops::function::FnOnce<()>>::call_once::{shim:vtable#0}
[INFO] [stdout]   17:     0x56adb2d11d3f - <std[617be2ca0a6fd877]::sys::thread::unix::Thread>::new::thread_start
[INFO] [stdout]   18:     0x7eb969e64dfa - <unknown>
[INFO] [stdout]   19:     0x7eb969ef83d4 - clone
[INFO] [stdout]   20:                0x0 - <unknown>
[INFO] [stdout] 
[INFO] [stdout] ---- workspace::declaration_symbol_cache_tests::per_file_symbols_match_direct_resolution_for_nested_overloaded_and_recovered_sources stdout ----
[INFO] [stdout] 
[INFO] [stdout] thread 'workspace::declaration_symbol_cache_tests::per_file_symbols_match_direct_resolution_for_nested_overloaded_and_recovered_sources' (5553) panicked at src/workspace.rs:5782:35:
[INFO] [stdout] called `Result::unwrap()` on an `Err` value: Os { code: 30, kind: ReadOnlyFilesystem, message: "Read-only file system" }
[INFO] [stdout] stack backtrace:
[INFO] [stdout]    0:     0x56adb2d12d41 - <<std[617be2ca0a6fd877]::sys::backtrace::BacktraceLock>::print::DisplayBacktrace as core[a373ad73a504971]::fmt::Display>::fmt
[INFO] [stdout]    1:     0x56adb2d29faa - core[a373ad73a504971]::fmt::write
[INFO] [stdout]    2:     0x56adb2d17e8c - <alloc[2e1b2a31b91974c5]::vec::Vec<u8> as core[a373ad73a504971]::io::write::Write>::write_fmt
[INFO] [stdout]    3:     0x56adb2cec246 - std[617be2ca0a6fd877]::panicking::default_hook::{closure#0}
[INFO] [stdout]    4:     0x56adb2d09f09 - std[617be2ca0a6fd877]::panicking::default_hook
[INFO] [stdout]    5:     0x56adb2c30360 - test[aada8e7e76ba119b]::test_main_inner::{closure#0}
[INFO] [stdout]    6:     0x56adb2d0a232 - std[617be2ca0a6fd877]::panicking::panic_with_hook
[INFO] [stdout]    7:     0x56adb2cec2f2 - std[617be2ca0a6fd877]::panicking::panic_handler::{closure#0}
[INFO] [stdout]    8:     0x56adb2ce4cb9 - std[617be2ca0a6fd877]::sys::backtrace::__rust_end_short_backtrace::<std[617be2ca0a6fd877]::panicking::panic_handler::{closure#0}, !>
[INFO] [stdout]    9:     0x56adb2cecefd - __rustc[ea4f61d10b84890b]::rust_begin_unwind
[INFO] [stdout]   10:     0x56adb2d2a70c - core[a373ad73a504971]::panicking::panic_fmt
[INFO] [stdout]   11:     0x56adb2d2a4e2 - core[a373ad73a504971]::result::unwrap_failed
[INFO] [stdout]   12:     0x56adb2b9940a - <notlin[5cd3d7aef6d3c8cb]::workspace::declaration_symbol_cache_tests::per_file_symbols_match_direct_resolution_for_nested_overloaded_and_recovered_sources::{closure#0} as core[a373ad73a504971]::ops::function::FnOnce<()>>::call_once
[INFO] [stdout]   13:     0x56adb2c237ab - test[aada8e7e76ba119b]::__rust_begin_short_backtrace::<core[a373ad73a504971]::result::Result<(), alloc[2e1b2a31b91974c5]::string::String>, fn() -> core[a373ad73a504971]::result::Result<(), alloc[2e1b2a31b91974c5]::string::String>>
[INFO] [stdout]   14:     0x56adb2c30985 - test[aada8e7e76ba119b]::run_test::{closure#0}
[INFO] [stdout]   15:     0x56adb2c2a274 - std[617be2ca0a6fd877]::sys::backtrace::__rust_begin_short_backtrace::<test[aada8e7e76ba119b]::run_test::{closure#1}, ()>
[INFO] [stdout]   16:     0x56adb2c33a12 - <std[617be2ca0a6fd877]::thread::lifecycle::spawn_unchecked<test[aada8e7e76ba119b]::run_test::{closure#1}, ()>::{closure#1} as core[a373ad73a504971]::ops::function::FnOnce<()>>::call_once::{shim:vtable#0}
[INFO] [stdout]   17:     0x56adb2d11d3f - <std[617be2ca0a6fd877]::sys::thread::unix::Thread>::new::thread_start
[INFO] [stdout]   18:     0x7eb969e64dfa - <unknown>
[INFO] [stdout]   19:     0x7eb969ef83d4 - clone
[INFO] [stdout]   20:                0x0 - <unknown>
[INFO] [stdout] 
[INFO] [stdout] ---- workspace::declaration_symbol_cache_tests::member_name_index_preserves_candidate_order_enum_preference_and_file_priority stdout ----
[INFO] [stdout] 
[INFO] [stdout] thread 'workspace::declaration_symbol_cache_tests::member_name_index_preserves_candidate_order_enum_preference_and_file_priority' (5552) panicked at src/workspace.rs:5827:35:
[INFO] [stdout] called `Result::unwrap()` on an `Err` value: Os { code: 30, kind: ReadOnlyFilesystem, message: "Read-only file system" }
[INFO] [stdout] stack backtrace:
[INFO] [stdout]    0:     0x56adb2d12d41 - <<std[617be2ca0a6fd877]::sys::backtrace::BacktraceLock>::print::DisplayBacktrace as core[a373ad73a504971]::fmt::Display>::fmt
[INFO] [stdout]    1:     0x56adb2d29faa - core[a373ad73a504971]::fmt::write
[INFO] [stdout]    2:     0x56adb2d17e8c - <alloc[2e1b2a31b91974c5]::vec::Vec<u8> as core[a373ad73a504971]::io::write::Write>::write_fmt
[INFO] [stdout]    3:     0x56adb2cec246 - std[617be2ca0a6fd877]::panicking::default_hook::{closure#0}
[INFO] [stdout]    4:     0x56adb2d09f09 - std[617be2ca0a6fd877]::panicking::default_hook
[INFO] [stdout]    5:     0x56adb2c30360 - test[aada8e7e76ba119b]::test_main_inner::{closure#0}
[INFO] [stdout]    6:     0x56adb2d0a232 - std[617be2ca0a6fd877]::panicking::panic_with_hook
[INFO] [stdout]    7:     0x56adb2cec2f2 - std[617be2ca0a6fd877]::panicking::panic_handler::{closure#0}
[INFO] [stdout]    8:     0x56adb2ce4cb9 - std[617be2ca0a6fd877]::sys::backtrace::__rust_end_short_backtrace::<std[617be2ca0a6fd877]::panicking::panic_handler::{closure#0}, !>
[INFO] [stdout]    9:     0x56adb2cecefd - __rustc[ea4f61d10b84890b]::rust_begin_unwind
[INFO] [stdout]   10:     0x56adb2d2a70c - core[a373ad73a504971]::panicking::panic_fmt
[INFO] [stdout]   11:     0x56adb2d2a4e2 - core[a373ad73a504971]::result::unwrap_failed
[INFO] [stdout]   12:     0x56adb2b97468 - <notlin[5cd3d7aef6d3c8cb]::workspace::declaration_symbol_cache_tests::member_name_index_preserves_candidate_order_enum_preference_and_file_priority::{closure#0} as core[a373ad73a504971]::ops::function::FnOnce<()>>::call_once
[INFO] [stdout]   13:     0x56adb2c237ab - test[aada8e7e76ba119b]::__rust_begin_short_backtrace::<core[a373ad73a504971]::result::Result<(), alloc[2e1b2a31b91974c5]::string::String>, fn() -> core[a373ad73a504971]::result::Result<(), alloc[2e1b2a31b91974c5]::string::String>>
[INFO] [stdout]   14:     0x56adb2c30985 - test[aada8e7e76ba119b]::run_test::{closure#0}
[INFO] [stdout]   15:     0x56adb2c2a274 - std[617be2ca0a6fd877]::sys::backtrace::__rust_begin_short_backtrace::<test[aada8e7e76ba119b]::run_test::{closure#1}, ()>
[INFO] [stdout]   16:     0x56adb2c33a12 - <std[617be2ca0a6fd877]::thread::lifecycle::spawn_unchecked<test[aada8e7e76ba119b]::run_test::{closure#1}, ()>::{closure#1} as core[a373ad73a504971]::ops::function::FnOnce<()>>::call_once::{shim:vtable#0}
[INFO] [stdout]   17:     0x56adb2d11d3f - <std[617be2ca0a6fd877]::sys::thread::unix::Thread>::new::thread_start
[INFO] [stdout]   18:     0x7eb969e64dfa - <unknown>
[INFO] [stdout]   19:     0x7eb969ef83d4 - clone
[INFO] [stdout]   20:                0x0 - <unknown>
[INFO] [stdout] 
[INFO] [stdout] 
[INFO] [stdout] failures:
[INFO] [stdout]     transpiler::fixpoint::cache_tests::incremental_ownership_matches_full_replanning_and_reuses_unrelated_files
[INFO] [stdout]     workspace::declaration_symbol_cache_tests::default_property_provider_is_retained_only_for_a_retained_conflicting_descendant
[INFO] [stdout]     workspace::declaration_symbol_cache_tests::java_type_parameter_bindings_flow_through_mixed_generic_supertypes
[INFO] [stdout]     workspace::declaration_symbol_cache_tests::java_util_uuid_wildcards_share_identity_across_packages
[INFO] [stdout]     workspace::declaration_symbol_cache_tests::member_name_index_preserves_candidate_order_enum_preference_and_file_priority
[INFO] [stdout]     workspace::declaration_symbol_cache_tests::per_file_symbols_match_direct_resolution_for_nested_overloaded_and_recovered_sources
[INFO] [stdout]     workspace::declaration_symbol_cache_tests::wildcard_jdk_uuid_does_not_match_an_indexed_domain_uuid_collision
[INFO] [stdout] 
[INFO] [stdout] test result: FAILED. 129 passed; 7 failed; 0 ignored; 0 measured; 0 filtered out; finished in 0.14s
[INFO] [stdout] 
[INFO] running `Command { std: "docker" "inspect" "517ffd66437ef5489d657637e9d779a47a324f76eb2c66c2877f29d09a3bb5f8", kill_on_drop: false }`
[INFO] running `Command { std: "docker" "rm" "-f" "517ffd66437ef5489d657637e9d779a47a324f76eb2c66c2877f29d09a3bb5f8", kill_on_drop: false }`
[INFO] [stdout] 517ffd66437ef5489d657637e9d779a47a324f76eb2c66c2877f29d09a3bb5f8
