[INFO] cloning repository https://github.com/foonerd/glass
[INFO] running `Command { std: "git" "-c" "credential.helper=" "-c" "credential.helper=/workspace/cargo-home/bin/git-credential-null" "clone" "--bare" "https://github.com/foonerd/glass" "/workspace/cache/git-repos/https%3A%2F%2Fgithub.com%2Ffoonerd%2Fglass", kill_on_drop: false }`
[INFO] [stderr] Cloning into bare repository '/workspace/cache/git-repos/https%3A%2F%2Fgithub.com%2Ffoonerd%2Fglass'...
[INFO] running `Command { std: "git" "rev-parse" "HEAD", kill_on_drop: false }`
[INFO] [stdout] e9cacc0d9e4ecbd763c5c7d1fb93505514b86a83
[INFO] testing foonerd/glass against 1.99.0-beta.8+cargoflags=--release for beta-release-1.100-2
[INFO] running `Command { std: "git" "clone" "/workspace/cache/git-repos/https%3A%2F%2Fgithub.com%2Ffoonerd%2Fglass" "/workspace/builds/worker-7-tc1/source", kill_on_drop: false }`
[INFO] [stderr] Cloning into '/workspace/builds/worker-7-tc1/source'...
[INFO] [stderr] done.
[INFO] removed /workspace/builds/worker-7-tc1/source/.cargo/config.toml
[INFO] removed /workspace/builds/worker-7-tc1/source/rust-toolchain.toml
[INFO] started tweaking git repo https://github.com/foonerd/glass
[INFO] finished tweaking git repo https://github.com/foonerd/glass
[INFO] tweaked toml for git repo https://github.com/foonerd/glass written to /workspace/builds/worker-7-tc1/source/Cargo.toml
[INFO] validating manifest of git repo https://github.com/foonerd/glass on toolchain 1.99.0-beta.8
[INFO] running `Command { std: CARGO_HOME="/workspace/cargo-home" RUSTUP_HOME="/workspace/rustup-home" "/workspace/cargo-home/bin/cargo" "+1.99.0-beta.8" "metadata" "--manifest-path" "Cargo.toml" "--no-deps", kill_on_drop: false }`
[INFO] crate git repo https://github.com/foonerd/glass already has a lockfile, it will not be regenerated
[INFO] running `Command { std: CARGO_HOME="/workspace/cargo-home" RUSTUP_HOME="/workspace/rustup-home" "/workspace/cargo-home/bin/cargo" "+1.99.0-beta.8" "fetch" "--manifest-path" "Cargo.toml", kill_on_drop: false }`
[INFO] [stderr]     Updating crates.io index
[INFO] [stderr]  Downloading crates ...
[INFO] [stderr]   Downloaded usvg v0.48.1
[INFO] [stderr]   Downloaded imagesize v0.15.0
[INFO] [stderr]   Downloaded font8x8 v0.3.1
[INFO] [stderr]   Downloaded resvg v0.48.1
[INFO] [stderr]   Downloaded sdl2 v0.37.0
[INFO] [stderr]   Downloaded sdl2-sys v0.37.0
[INFO] running `Command { std: "docker" "create" "-v" "/var/lib/crater-agent-workspace/builds/worker-7-tc1/source:/opt/rustwide/workdir:ro,Z" "-v" "/var/lib/crater-agent-workspace/builds/worker-7-tc1/target:/opt/rustwide/target:rw,Z" "-v" "/var/lib/crater-agent-workspace/cargo-home:/opt/rustwide/cargo-home:ro,Z" "-v" "/var/lib/crater-agent-workspace/rustup-home:/opt/rustwide/rustup-home:ro,Z" "-m" "1610612736" "--network" "none" "ghcr.io/rust-lang/crates-build-env/linux@sha256:77db811e55d90add9212f6832c23229e3de5f1c1f9905e8cb07319ea15df73ac" "sleep" "infinity", kill_on_drop: false }`
[INFO] [stdout] 467397badbb0163d4b111021865c9bdab8fe09a48d96256fe411d994e3605792
[INFO] running `Command { std: "docker" "start" "467397badbb0163d4b111021865c9bdab8fe09a48d96256fe411d994e3605792", kill_on_drop: false }`
[INFO] running `Command { std: "docker" "inspect" "467397badbb0163d4b111021865c9bdab8fe09a48d96256fe411d994e3605792", kill_on_drop: false }`
[INFO] running `Command { std: "docker" "exec" "-e" "SOURCE_DIR=/opt/rustwide/workdir" "-e" "CARGO_HOME=/opt/rustwide/cargo-home" "-e" "RUSTUP_HOME=/opt/rustwide/rustup-home" "-e" "CARGO_TARGET_DIR=/opt/rustwide/target" "-w" "/opt/rustwide/workdir" "--user" "0:0" "467397badbb0163d4b111021865c9bdab8fe09a48d96256fe411d994e3605792" "/opt/rustwide/cargo-home/bin/cargo" "+1.99.0-beta.8" "metadata" "--no-deps" "--format-version=1", kill_on_drop: false }`
[INFO] running `Command { std: "docker" "inspect" "467397badbb0163d4b111021865c9bdab8fe09a48d96256fe411d994e3605792", kill_on_drop: false }`
[INFO] running `Command { std: "docker" "exec" "-e" "SOURCE_DIR=/opt/rustwide/workdir" "-e" "CARGO_HOME=/opt/rustwide/cargo-home" "-e" "RUSTUP_HOME=/opt/rustwide/rustup-home" "-e" "CARGO_TARGET_DIR=/opt/rustwide/target" "-e" "CARGO_INCREMENTAL=0" "-e" "RUST_BACKTRACE=full" "-e" "RUSTFLAGS=--cap-lints=warn" "-e" "RUSTDOCFLAGS=--cap-lints=warn" "-w" "/opt/rustwide/workdir" "--user" "0:0" "467397badbb0163d4b111021865c9bdab8fe09a48d96256fe411d994e3605792" "/opt/rustwide/cargo-home/bin/cargo" "+1.99.0-beta.8" "build" "--frozen" "--message-format=json" "--release", kill_on_drop: false }`
[INFO] [stderr]    Compiling syn v3.0.6
[INFO] [stderr]    Compiling serde_core v1.0.229
[INFO] [stderr]    Compiling strength_reduce v0.2.4
[INFO] [stderr]    Compiling simd-adler32 v0.3.10
[INFO] [stderr]    Compiling crc32fast v1.5.2
[INFO] [stderr]    Compiling memchr v2.8.3
[INFO] [stderr]    Compiling find-msvc-tools v0.1.14
[INFO] [stderr]    Compiling num-traits v0.2.19
[INFO] [stderr]    Compiling typenum v1.20.1
[INFO] [stderr]    Compiling float-cmp v0.9.0
[INFO] [stderr]    Compiling polycool v0.4.0
[INFO] [stderr]    Compiling smallvec v1.16.2
[INFO] [stderr]    Compiling getrandom v0.2.17
[INFO] [stderr]    Compiling httparse v1.10.1
[INFO] [stderr]    Compiling siphasher v1.0.4
[INFO] [stderr]    Compiling simplecss v0.2.2
[INFO] [stderr]    Compiling cc v1.5.1
[INFO] [stderr]    Compiling miniz_oxide v0.9.1
[INFO] [stderr]    Compiling fdeflate v0.3.7
[INFO] [stderr]    Compiling miniz_oxide v0.8.9
[INFO] [stderr]    Compiling strict-num v0.1.1
[INFO] [stderr]    Compiling quick-error v2.0.1
[INFO] [stderr]    Compiling rustls v0.23.45
[INFO] [stderr]    Compiling ttf-parser v0.25.1
[INFO] [stderr]    Compiling kurbo v0.13.1
[INFO] [stderr]    Compiling pxfm v0.1.30
[INFO] [stderr]    Compiling zune-core v0.5.3
[INFO] [stderr]    Compiling data-url v0.3.2
[INFO] [stderr]    Compiling imagesize v0.15.0
[INFO] [stderr]    Compiling flate2 v1.1.10
[INFO] [stderr]    Compiling generic-array v0.14.7
[INFO] [stderr]    Compiling roxmltree v0.21.1
[INFO] [stderr]    Compiling num-integer v0.1.47
[INFO] [stderr]    Compiling num-complex v0.4.6
[INFO] [stderr]    Compiling block-buffer v0.10.4
[INFO] [stderr]    Compiling crypto-common v0.1.7
[INFO] [stderr]    Compiling png v0.18.1
[INFO] [stderr]    Compiling svgtypes v0.16.1
[INFO] [stderr]    Compiling ring v0.17.14
[INFO] [stderr]    Compiling byteorder-lite v0.1.0
[INFO] [stderr]    Compiling digest v0.10.7
[INFO] [stderr]    Compiling primal-check v0.3.4
[INFO] [stderr]    Compiling transpose v0.2.3
[INFO] [stderr]    Compiling weezl v0.1.12
[INFO] [stderr]    Compiling pico-args v0.5.0
[INFO] [stderr]    Compiling image-webp v0.2.4
[INFO] [stderr]    Compiling rustfft v6.4.1
[INFO] [stderr]    Compiling zune-jpeg v0.5.15
[INFO] [stderr]    Compiling http v1.5.0
[INFO] [stderr]    Compiling gif v0.14.2
[INFO] [stderr]    Compiling serde_derive v1.0.229
[INFO] [stderr]    Compiling bytemuck_derive v1.12.1
[INFO] [stderr]    Compiling serde_json v1.0.151
[INFO] [stderr]    Compiling moxcms v0.8.1
[INFO] [stderr]    Compiling bytemuck v1.25.2
[INFO] [stderr]    Compiling owned_ttf_parser v0.25.1
[INFO] [stderr]    Compiling tiny-skia-path v0.12.0
[INFO] [stderr]    Compiling rgb v0.8.53
[INFO] [stderr]    Compiling base64 v0.23.1
[INFO] [stderr]    Compiling ab_glyph_rasterizer v0.1.10
[INFO] [stderr]    Compiling once_cell v1.21.4
[INFO] [stderr]    Compiling ab_glyph v0.2.32
[INFO] [stderr]    Compiling sha2 v0.10.9
[INFO] [stderr]    Compiling usvg v0.48.1
[INFO] [stderr]    Compiling tiny-skia v0.12.0
[INFO] [stderr]    Compiling ureq-proto v0.6.4
[INFO] [stderr]    Compiling webpki-roots v1.0.9
[INFO] [stderr]    Compiling memmap2 v0.9.11
[INFO] [stderr]    Compiling logline v0.10.33 (/opt/rustwide/workdir/crates/logline)
[INFO] [stderr]    Compiling version-compare v0.1.1
[INFO] [stderr]    Compiling font8x8 v0.3.1
[INFO] [stderr]    Compiling cfg-if v1.0.5
[INFO] [stderr]    Compiling utf8-zero v0.8.1
[INFO] [stderr]    Compiling sdl2-sys v0.37.0
[INFO] [stderr]    Compiling rustix v1.1.5
[INFO] [stderr]    Compiling drm-sys v0.8.1
[INFO] [stderr]    Compiling linux-raw-sys v0.9.4
[INFO] [stderr]    Compiling serde v1.0.229
[INFO] [stderr]    Compiling drm-fourcc v2.2.0
[INFO] [stderr]    Compiling sdl2 v0.37.0
[INFO] [stderr]    Compiling curve25519-dalek v4.1.3
[INFO] [stderr]    Compiling syn v2.0.119
[INFO] [stderr]    Compiling pane v0.10.33 (/opt/rustwide/workdir/crates/pane)
[INFO] [stderr]    Compiling ascii v1.1.0
[INFO] [stderr]    Compiling glass v0.10.33 (/opt/rustwide/workdir/bins/glass)
[INFO] [stderr]    Compiling chunked_transfer v1.5.0
[INFO] [stderr]    Compiling glasstap v0.10.33 (/opt/rustwide/workdir/bins/glasstap)
[INFO] [stderr]    Compiling tiny_http v0.12.0
[INFO] [stderr]    Compiling resvg v0.48.1
[INFO] [stderr]    Compiling bank v0.10.33 (/opt/rustwide/workdir/crates/bank)
[INFO] [stderr]    Compiling image v0.25.10
[INFO] [stderr]    Compiling tap v0.10.33 (/opt/rustwide/workdir/crates/tap)
[INFO] [stderr]    Compiling lead v0.10.33 (/opt/rustwide/workdir/crates/lead)
[INFO] [stderr]    Compiling drm-ffi v0.9.1
[INFO] [stderr]    Compiling curve25519-dalek-derive v0.1.1
[INFO] [stderr]    Compiling drm v0.15.0
[INFO] [stderr]    Compiling ed25519-dalek v2.2.0
[INFO] [stderr]    Compiling rustls-webpki v0.103.15
[INFO] [stderr]    Compiling plot v0.10.33 (/opt/rustwide/workdir/crates/plot)
[INFO] [stderr]    Compiling expose v0.10.33 (/opt/rustwide/workdir/crates/expose)
[INFO] [stderr]    Compiling glass-serve v0.10.33 (/opt/rustwide/workdir/bins/glass-serve)
[INFO] [stderr]    Compiling ureq v3.4.2
[INFO] [stderr]    Compiling intake v0.10.33 (/opt/rustwide/workdir/crates/intake)
[INFO] [stderr]    Compiling controls v0.10.33 (/opt/rustwide/workdir/crates/controls)
[INFO] [stderr]    Compiling overlay v0.10.33 (/opt/rustwide/workdir/crates/overlay)
[INFO] [stderr]    Compiling page v0.10.33 (/opt/rustwide/workdir/crates/page)
[INFO] [stderr]    Compiling glass-remote v0.10.33 (/opt/rustwide/workdir/bins/glass-remote)
[INFO] [stderr]    Compiling glass-face v0.10.33 (/opt/rustwide/workdir/bins/glass-face)
[INFO] [stderr]    Compiling glass-android v0.10.33 (/opt/rustwide/workdir/bins/glass-android)
[INFO] [stderr]     Finished `release` profile [optimized] target(s) in 3m 13s
[INFO] running `Command { std: "docker" "inspect" "467397badbb0163d4b111021865c9bdab8fe09a48d96256fe411d994e3605792", kill_on_drop: false }`
[INFO] running `Command { std: "docker" "exec" "-e" "SOURCE_DIR=/opt/rustwide/workdir" "-e" "CARGO_HOME=/opt/rustwide/cargo-home" "-e" "RUSTUP_HOME=/opt/rustwide/rustup-home" "-e" "CARGO_TARGET_DIR=/opt/rustwide/target" "-e" "CARGO_INCREMENTAL=0" "-e" "RUST_BACKTRACE=full" "-e" "RUSTFLAGS=--cap-lints=warn" "-e" "RUSTDOCFLAGS=--cap-lints=warn" "-w" "/opt/rustwide/workdir" "--user" "0:0" "467397badbb0163d4b111021865c9bdab8fe09a48d96256fe411d994e3605792" "/opt/rustwide/cargo-home/bin/cargo" "+1.99.0-beta.8" "test" "--frozen" "--no-run" "--message-format=json" "--release", kill_on_drop: false }`
[INFO] [stderr]    Compiling tap v0.10.33 (/opt/rustwide/workdir/crates/tap)
[INFO] [stderr]    Compiling glasstap v0.10.33 (/opt/rustwide/workdir/bins/glasstap)
[INFO] [stderr]    Compiling glass-serve v0.10.33 (/opt/rustwide/workdir/bins/glass-serve)
[INFO] [stderr]    Compiling expose v0.10.33 (/opt/rustwide/workdir/crates/expose)
[INFO] [stderr]    Compiling intake v0.10.33 (/opt/rustwide/workdir/crates/intake)
[INFO] [stderr]    Compiling plot v0.10.33 (/opt/rustwide/workdir/crates/plot)
[INFO] [stderr]    Compiling lead v0.10.33 (/opt/rustwide/workdir/crates/lead)
[INFO] [stderr]    Compiling controls v0.10.33 (/opt/rustwide/workdir/crates/controls)
[INFO] [stderr]    Compiling overlay v0.10.33 (/opt/rustwide/workdir/crates/overlay)
[INFO] [stderr]    Compiling pane v0.10.33 (/opt/rustwide/workdir/crates/pane)
[INFO] [stderr]    Compiling bank v0.10.33 (/opt/rustwide/workdir/crates/bank)
[INFO] [stderr]    Compiling glass v0.10.33 (/opt/rustwide/workdir/bins/glass)
[INFO] [stderr]    Compiling glass-android v0.10.33 (/opt/rustwide/workdir/bins/glass-android)
[INFO] [stderr]    Compiling glass-face v0.10.33 (/opt/rustwide/workdir/bins/glass-face)
[INFO] [stderr]    Compiling glass-remote v0.10.33 (/opt/rustwide/workdir/bins/glass-remote)
[INFO] [stderr]    Compiling page v0.10.33 (/opt/rustwide/workdir/crates/page)
[INFO] [stderr]    Compiling logline v0.10.33 (/opt/rustwide/workdir/crates/logline)
[INFO] [stderr]     Finished `release` profile [optimized] target(s) in 59.95s
[INFO] running `Command { std: "docker" "inspect" "467397badbb0163d4b111021865c9bdab8fe09a48d96256fe411d994e3605792", kill_on_drop: false }`
[INFO] running `Command { std: "docker" "exec" "-e" "SOURCE_DIR=/opt/rustwide/workdir" "-e" "CARGO_HOME=/opt/rustwide/cargo-home" "-e" "RUSTUP_HOME=/opt/rustwide/rustup-home" "-e" "CARGO_TARGET_DIR=/opt/rustwide/target" "-e" "CARGO_INCREMENTAL=0" "-e" "RUST_BACKTRACE=full" "-e" "RUSTFLAGS=--cap-lints=warn" "-e" "RUSTDOCFLAGS=--cap-lints=warn" "-w" "/opt/rustwide/workdir" "--user" "0:0" "467397badbb0163d4b111021865c9bdab8fe09a48d96256fe411d994e3605792" "/opt/rustwide/cargo-home/bin/cargo" "+1.99.0-beta.8" "test" "--frozen" "--release", kill_on_drop: false }`
[INFO] [stderr]    Compiling glasstap v0.10.33 (/opt/rustwide/workdir/bins/glasstap)
[INFO] [stderr]     Finished `release` profile [optimized] target(s) in 1.46s
[INFO] [stderr]      Running unittests src/lib.rs (/opt/rustwide/target/release/deps/bank-1e4657dbc79a4601)
[INFO] [stdout] 
[INFO] [stdout] running 8 tests
[INFO] [stdout] test tests::a_raw_spectrum_projects_onto_the_bands_that_hold_its_tone ... ok
[INFO] [stdout] test tests::a_demand_is_cleaned_and_its_window_follows_the_band_count ... ok
[INFO] [stdout] test tests::the_edges_partition_the_range_and_log_gives_the_bass_its_share ... ok
[INFO] [stdout] test tests::the_bank_has_the_demanded_shape ... ok
[INFO] [stdout] test tests::an_onset_fires_on_a_rise_after_quiet ... ok
[INFO] [stdout] test tests::the_hold_keeps_a_peak_and_falls_by_half_in_a_quarter_second ... ok
[INFO] [stdout] test tests::bands_that_share_bins_are_told_apart ... ok
[INFO] [stdout] test tests::a_tone_lands_in_the_band_that_holds_it_on_every_scale ... ok
[INFO] [stdout] 
[INFO] [stdout] test result: ok. 8 passed; 0 failed; 0 ignored; 0 measured; 0 filtered out; finished in 0.01s
[INFO] [stdout] 
[INFO] [stderr]      Running unittests src/lib.rs (/opt/rustwide/target/release/deps/controls-5027c79eca0337d2)
[INFO] [stdout] 
[INFO] [stdout] running 5 tests
[INFO] [stdout] test tests::a_touch_along_a_bar_follows_the_bars_own_direction ... ok
[INFO] [stdout] test tests::a_finger_on_a_button_shows_it_active_until_it_lifts ... ok
[INFO] [stdout] test tests::a_finger_lands_on_the_nearest_control_within_the_margin ... ok
[INFO] [stdout] test tests::a_tap_commands_and_a_lift_on_nothing_is_left_to_the_touch_rules ... ok
[INFO] [stderr]      Running unittests src/lib.rs (/opt/rustwide/target/release/deps/expose-c6bf631c6c29c0a1)
[INFO] [stdout] test tests::a_drag_follows_the_finger_and_sends_the_volume_as_it_goes ... ok
[INFO] [stdout] 
[INFO] [stdout] test result: ok. 5 passed; 0 failed; 0 ignored; 0 measured; 0 filtered out; finished in 0.00s
[INFO] [stdout] 
[INFO] [stdout] 
[INFO] [stdout] running 61 tests
[INFO] [stdout] test analyser_tests::a_turning_picture_is_shown_at_its_pace_and_in_its_steps ... ok
[INFO] [stdout] test analyser_tests::a_picture_is_decoded_as_its_orientation_tag_says ... ok
[INFO] [stdout] test analyser_tests::a_peak_holds_then_falls_with_gravity ... ok
[INFO] [stdout] test analyser_tests::an_additive_box_blooms_where_its_channels_overlap_and_a_held_dot_sits_at_the_peak ... ok
[INFO] [stdout] test analyser_tests::bars_rise_from_the_base_in_the_palette_over_the_background_at_its_alpha ... ok
[INFO] [stdout] test analyser_tests::dots_sit_at_their_levels_and_a_waterfall_moves_its_rows_away ... ok
[INFO] [stdout] test analyser_tests::an_onset_flashes_its_group_pulses_every_bar_or_sends_a_ring ... ok
[INFO] [stdout] test analyser_tests::a_mirror_is_symmetric_and_a_vertical_pair_hangs_the_right_channel ... ok
[INFO] [stdout] test analyser_tests::the_scales_sit_under_and_beside_the_bars ... ok
[INFO] [stdout] test analyser_tests::a_picture_covers_a_screen_of_another_shape_from_its_middle ... ok
[INFO] [stdout] test analyser_tests::a_rounded_or_outlined_bar_keeps_a_straight_body_between_its_ends ... ok
[INFO] [stdout] test analyser_tests::a_skys_frames_come_from_a_gif_with_its_delays_or_from_one_still_picture ... ok
[INFO] [stdout] test analyser_tests::a_graph_joins_the_band_tips_and_fills_under_them ... ok
[INFO] [stdout] test backdrop_tests::the_backdrop_is_the_art_covering_the_screen_blurred_and_dimmed ... ok
[INFO] [stdout] test analyser_tests::the_effects_trail_halo_fade_ribbon_glow_echo_and_sparkle ... ok
[INFO] [stdout] test changer_tests::a_change_of_meter_keeps_the_changers_mechanism ... ok
[INFO] [stdout] test changer_tests::a_bar_of_other_slots_keeps_the_arm_over_its_disc ... ok
[INFO] [stdout] test backdrop_tests::the_backdrop_follows_the_art_and_the_screen ... ok
[INFO] [stdout] test changer_tests::a_frame_of_the_showcase_changer_while_the_sled_moves ... ignored
[INFO] [stdout] test changer_tests::a_stop_spins_down_then_homes_the_sled_then_returns_the_arm ... ok
[INFO] [stdout] test changer_tests::a_frames_gap_of_the_playing_disc_does_not_put_the_laser_out_for_good ... ok
[INFO] [stdout] test analyser_tests::a_radial_look_draws_bars_out_from_the_base_circle_and_spins ... ok
[INFO] [stdout] test changer_tests::a_vertical_bar_runs_down_and_without_pictures_nothing_is_drawn ... ok
[INFO] [stdout] test changer_tests::a_display_joining_a_playing_player_loads_and_settles ... ok
[INFO] [stdout] test changer_tests::a_move_of_the_sled_or_the_arm_composes_nothing_again ... ok
[INFO] [stdout] test changer_tests::the_mechanism_carries_on_across_a_meter_of_the_same_geometry ... ok
[INFO] [stdout] test tests::a_half_transparent_layer_blends_over_the_frame ... ok
[INFO] [stdout] test tests::a_line_sits_on_the_rows_pygame_sets_it_on ... ok
[INFO] [stdout] test tests::a_mask_cuts_the_white_and_a_border_frames_the_box ... ok
[INFO] [stdout] test changer_tests::the_mechanism_carries_on_into_another_geometry ... ok
[INFO] [stdout] test tests::a_glyph_whose_pen_falls_on_a_quarter_pixel_is_set_whole ... ok
[INFO] [stdout] test tests::a_meter_switch_keeps_the_record_and_the_reels_turning ... ok
[INFO] [stdout] test tests::a_picture_kept_turned_keeps_its_soft_alpha ... ok
[INFO] [stdout] test tests::a_text_is_aligned_in_its_box_and_in_a_box_given_by_measure ... ok
[INFO] [stdout] test changer_tests::the_themes_rotation_speed_is_the_discs_spin_at_the_inner_stop ... ok
[INFO] [stdout] test tests::a_picture_is_read_by_its_bytes_whatever_its_name ... ok
[INFO] [stdout] test tests::a_turned_needle_lands_where_the_theme_origin_sends_it ... ok
[INFO] [stdout] test changer_tests::through_a_shift_each_disc_keeps_its_own_angle ... ok
[INFO] [stdout] test changer_tests::an_arm_on_its_way_turns_no_disc_it_passes_over ... ok
[INFO] [stdout] test tests::a_glyph_the_face_lacks_comes_from_the_fallback_face ... ok
[INFO] [stdout] test changer_tests::the_window_moving_on_slides_the_row_under_the_staying_arm ... ok
[INFO] [stdout] test tests::art_is_stretched_to_its_box ... ok
[INFO] [stdout] test tests::a_full_left_meter_lights_the_top_of_its_column ... ok
[INFO] [stdout] test tests::a_bar_shows_the_picture_from_the_end_its_direction_names ... ok
[INFO] [stdout] test tests::an_svg_icon_is_fitted_and_tinted ... ok
[INFO] [stdout] test tests::painters_grow_with_the_load_and_shrink_when_it_eases ... ok
[INFO] [stdout] test tests::spectrum_bars_rise_from_the_origin_reflect_below_it_and_toppings_fall ... ok
[INFO] [stdout] test tests::the_type_area_aligns_inside_its_box ... ok
[INFO] [stdout] test ui::tests::a_fill_blends_by_its_alpha_and_clips_to_the_frame ... ok
[INFO] [stdout] test ui::tests::a_blit_lands_where_asked_and_text_without_fonts_sets_nothing ... ok
[INFO] [stdout] test tests::theme_text_draws_below_its_top_and_clips_at_max_width ... ok
[INFO] [stdout] test tests::a_wide_text_bounces_and_a_ticker_loops ... ok
[INFO] [stdout] test changer_tests::the_themes_pictures_make_the_bar_and_the_head_rests_or_travels ... ok
[INFO] [stdout] test tests::bands_paint_what_one_thread_paints ... ok
[INFO] [stdout] test tests::painting_what_changed_matches_painting_everything ... ok
[INFO] [stdout] test changer_tests::a_cover_still_and_a_cover_turning_paint_the_same_pixels ... ok
[INFO] [stdout] test tests::a_tonearm_drops_tracks_and_lifts_and_a_record_slows_to_a_halt ... ok
[INFO] [stdout] test analyser_tests::a_dense_outlined_frame_costs_milliseconds ... ok
[INFO] [stdout] test analyser_tests::a_dense_graph_frame_costs_milliseconds ... ok
[INFO] [stdout] test analyser_tests::a_dense_luminance_frame_costs_milliseconds ... FAILED
[INFO] [stdout] test analyser_tests::a_dense_radial_frame_costs_milliseconds ... FAILED
[INFO] [stdout] 
[INFO] [stdout] failures:
[INFO] [stdout] 
[INFO] [stdout] ---- analyser_tests::a_dense_luminance_frame_costs_milliseconds stdout ----
[INFO] [stdout] a dense luminance frame: 8.83 ms
[INFO] [stdout] 
[INFO] [stdout] thread 'analyser_tests::a_dense_luminance_frame_costs_milliseconds' (3482) panicked at crates/expose/src/lib.rs:12166:9:
[INFO] [stdout] a frame took 8.8 ms
[INFO] [stdout] stack backtrace:
[INFO] [stdout]    0:     0x5db41c4f1471 - <<std[70759c8f55707aa4]::sys::backtrace::BacktraceLock>::print::DisplayBacktrace as core[df12db4294e9bfd3]::fmt::Display>::fmt
[INFO] [stdout]    1:     0x5db41c5087da - core[df12db4294e9bfd3]::fmt::write
[INFO] [stdout]    2:     0x5db41c4f5c2c - <alloc[2182bb758b4b3781]::vec::Vec<u8> as core[df12db4294e9bfd3]::io::write::Write>::write_fmt
[INFO] [stdout]    3:     0x5db41c4cb3a6 - std[70759c8f55707aa4]::panicking::default_hook::{closure#0}
[INFO] [stdout]    4:     0x5db41c4e88e9 - std[70759c8f55707aa4]::panicking::default_hook
[INFO] [stdout]    5:     0x5db41c3e51b0 - test[9d35eded1c95d3be]::test_main_inner::<test[9d35eded1c95d3be]::test_main_static::{closure#0}>::{closure#0}
[INFO] [stdout]    6:     0x5db41c4e8c12 - std[70759c8f55707aa4]::panicking::panic_with_hook
[INFO] [stdout]    7:     0x5db41c4cb452 - std[70759c8f55707aa4]::panicking::panic_handler::{closure#0}
[INFO] [stdout]    8:     0x5db41c4c3e29 - std[70759c8f55707aa4]::sys::backtrace::__rust_end_short_backtrace::<std[70759c8f55707aa4]::panicking::panic_handler::{closure#0}, !>
[INFO] [stdout]    9:     0x5db41c4cc13d - __rustc[8fa7c3cbc660c2b3]::rust_begin_unwind
[INFO] [stdout]   10:     0x5db41c508f0c - core[df12db4294e9bfd3]::panicking::panic_fmt
[INFO] [stdout]   11:     0x5db41c2f808e - expose[439b7edea986ac7]::analyser_tests::a_dense_luminance_frame_costs_milliseconds
[INFO] [stdout]   12:     0x5db41c2645f9 - <expose[439b7edea986ac7]::analyser_tests::a_dense_luminance_frame_costs_milliseconds::{closure#0} as core[df12db4294e9bfd3]::ops::function::FnOnce<()>>::call_once
[INFO] [stdout]   13:     0x5db41c3d849b - test[9d35eded1c95d3be]::__rust_begin_short_backtrace::<core[df12db4294e9bfd3]::result::Result<(), alloc[2182bb758b4b3781]::string::String>, fn() -> core[df12db4294e9bfd3]::result::Result<(), alloc[2182bb758b4b3781]::string::String>>
[INFO] [stdout]   14:     0x5db41c3e5b05 - test[9d35eded1c95d3be]::run_test::{closure#0}
[INFO] [stdout]   15:     0x5db41c3df3c4 - std[70759c8f55707aa4]::sys::backtrace::__rust_begin_short_backtrace::<test[9d35eded1c95d3be]::run_test::{closure#1}, ()>
[INFO] [stdout]   16:     0x5db41c3e8c62 - <std[70759c8f55707aa4]::thread::lifecycle::spawn_unchecked<test[9d35eded1c95d3be]::run_test::{closure#1}, ()>::{closure#1} as core[df12db4294e9bfd3]::ops::function::FnOnce<()>>::call_once::{shim:vtable#0}
[INFO] [stdout]   17:     0x5db41c4f0829 - <std[70759c8f55707aa4]::sys::thread::unix::Thread>::new::thread_start
[INFO] [stdout]   18:     0x7022e809ddfa - <unknown>
[INFO] [stdout]   19:     0x7022e81313d4 - clone
[INFO] [stdout]   20:                0x0 - <unknown>
[INFO] [stdout] 
[INFO] [stdout] ---- analyser_tests::a_dense_radial_frame_costs_milliseconds stdout ----
[INFO] [stdout] a dense radial frame: 9.34 ms
[INFO] [stdout] 
[INFO] [stdout] thread 'analyser_tests::a_dense_radial_frame_costs_milliseconds' (3484) panicked at crates/expose/src/lib.rs:12735:9:
[INFO] [stdout] a frame took 9.3 ms
[INFO] [stdout] stack backtrace:
[INFO] [stdout]    0:     0x5db41c4f1471 - <<std[70759c8f55707aa4]::sys::backtrace::BacktraceLock>::print::DisplayBacktrace as core[df12db4294e9bfd3]::fmt::Display>::fmt
[INFO] [stdout]    1:     0x5db41c5087da - core[df12db4294e9bfd3]::fmt::write
[INFO] [stdout]    2:     0x5db41c4f5c2c - <alloc[2182bb758b4b3781]::vec::Vec<u8> as core[df12db4294e9bfd3]::io::write::Write>::write_fmt
[INFO] [stdout]    3:     0x5db41c4cb3a6 - std[70759c8f55707aa4]::panicking::default_hook::{closure#0}
[INFO] [stdout]    4:     0x5db41c4e88e9 - std[70759c8f55707aa4]::panicking::default_hook
[INFO] [stdout]    5:     0x5db41c3e51b0 - test[9d35eded1c95d3be]::test_main_inner::<test[9d35eded1c95d3be]::test_main_static::{closure#0}>::{closure#0}
[INFO] [stdout]    6:     0x5db41c4e8c12 - std[70759c8f55707aa4]::panicking::panic_with_hook
[INFO] [stdout]    7:     0x5db41c4cb452 - std[70759c8f55707aa4]::panicking::panic_handler::{closure#0}
[INFO] [stdout]    8:     0x5db41c4c3e29 - std[70759c8f55707aa4]::sys::backtrace::__rust_end_short_backtrace::<std[70759c8f55707aa4]::panicking::panic_handler::{closure#0}, !>
[INFO] [stdout]    9:     0x5db41c4cc13d - __rustc[8fa7c3cbc660c2b3]::rust_begin_unwind
[INFO] [stdout]   10:     0x5db41c508f0c - core[df12db4294e9bfd3]::panicking::panic_fmt
[INFO] [stdout]   11:     0x5db41c2f62fe - expose[439b7edea986ac7]::analyser_tests::a_dense_radial_frame_costs_milliseconds
[INFO] [stdout]   12:     0x5db41c264599 - <expose[439b7edea986ac7]::analyser_tests::a_dense_radial_frame_costs_milliseconds::{closure#0} as core[df12db4294e9bfd3]::ops::function::FnOnce<()>>::call_once
[INFO] [stdout]   13:     0x5db41c3d849b - test[9d35eded1c95d3be]::__rust_begin_short_backtrace::<core[df12db4294e9bfd3]::result::Result<(), alloc[2182bb758b4b3781]::string::String>, fn() -> core[df12db4294e9bfd3]::result::Result<(), alloc[2182bb758b4b3781]::string::String>>
[INFO] [stdout]   14:     0x5db41c3e5b05 - test[9d35eded1c95d3be]::run_test::{closure#0}
[INFO] [stdout]   15:     0x5db41c3df3c4 - std[70759c8f55707aa4]::sys::backtrace::__rust_begin_short_backtrace::<test[9d35eded1c95d3be]::run_test::{closure#1}, ()>
[INFO] [stdout]   16:     0x5db41c3e8c62 - <std[70759c8f55707aa4]::thread::lifecycle::spawn_unchecked<test[9d35eded1c95d3be]::run_test::{closure#1}, ()>::{closure#1} as core[df12db4294e9bfd3]::ops::function::FnOnce<()>>::call_once::{shim:vtable#0}
[INFO] [stdout]   17:     0x5db41c4f0829 - <std[70759c8f55707aa4]::sys::thread::unix::Thread>::new::thread_start
[INFO] [stdout]   18:     0x7022e809ddfa - <unknown>
[INFO] [stdout]   19:     0x7022e81313d4 - clone
[INFO] [stdout]   20:                0x0 - <unknown>
[INFO] [stdout] 
[INFO] [stdout] 
[INFO] [stdout] failures:
[INFO] [stdout]     analyser_tests::a_dense_luminance_frame_costs_milliseconds
[INFO] [stdout]     analyser_tests::a_dense_radial_frame_costs_milliseconds
[INFO] [stdout] 
[INFO] [stdout] test result: FAILED. 58 passed; 2 failed; 1 ignored; 0 measured; 0 filtered out; finished in 0.59s
[INFO] [stdout] 
[INFO] [stderr] error: test failed, to rerun pass `-p expose --lib`
[INFO] running `Command { std: "docker" "inspect" "467397badbb0163d4b111021865c9bdab8fe09a48d96256fe411d994e3605792", kill_on_drop: false }`
[INFO] running `Command { std: "docker" "rm" "-f" "467397badbb0163d4b111021865c9bdab8fe09a48d96256fe411d994e3605792", kill_on_drop: false }`
[INFO] [stdout] 467397badbb0163d4b111021865c9bdab8fe09a48d96256fe411d994e3605792
