[INFO] cloning repository https://github.com/evgenyzaletkin/rustchain
[INFO] running `Command { std: "git" "-c" "credential.helper=" "-c" "credential.helper=/workspace/cargo-home/bin/git-credential-null" "clone" "--bare" "https://github.com/evgenyzaletkin/rustchain" "/workspace/cache/git-repos/https%3A%2F%2Fgithub.com%2Fevgenyzaletkin%2Frustchain", kill_on_drop: false }`
[INFO] [stderr] Cloning into bare repository '/workspace/cache/git-repos/https%3A%2F%2Fgithub.com%2Fevgenyzaletkin%2Frustchain'...
[INFO] running `Command { std: "git" "rev-parse" "HEAD", kill_on_drop: false }`
[INFO] [stdout] 0ef7e7800ee17479e827337a8f8360d82c226824
[INFO] testing evgenyzaletkin/rustchain against 1.99.0-beta.8+cargoflags=--release for beta-release-1.100-2
[INFO] running `Command { std: "git" "clone" "/workspace/cache/git-repos/https%3A%2F%2Fgithub.com%2Fevgenyzaletkin%2Frustchain" "/workspace/builds/worker-6-tc1/source", kill_on_drop: false }`
[INFO] [stderr] Cloning into '/workspace/builds/worker-6-tc1/source'...
[INFO] [stderr] done.
[INFO] started tweaking git repo https://github.com/evgenyzaletkin/rustchain
[INFO] finished tweaking git repo https://github.com/evgenyzaletkin/rustchain
[INFO] tweaked toml for git repo https://github.com/evgenyzaletkin/rustchain written to /workspace/builds/worker-6-tc1/source/Cargo.toml
[INFO] validating manifest of git repo https://github.com/evgenyzaletkin/rustchain on toolchain 1.99.0-beta.8
[INFO] running `Command { std: CARGO_HOME="/workspace/cargo-home" RUSTUP_HOME="/workspace/rustup-home" "/workspace/cargo-home/bin/cargo" "+1.99.0-beta.8" "metadata" "--manifest-path" "Cargo.toml" "--no-deps", kill_on_drop: false }`
[INFO] crate git repo https://github.com/evgenyzaletkin/rustchain already has a lockfile, it will not be regenerated
[INFO] running `Command { std: CARGO_HOME="/workspace/cargo-home" RUSTUP_HOME="/workspace/rustup-home" "/workspace/cargo-home/bin/cargo" "+1.99.0-beta.8" "fetch" "--manifest-path" "Cargo.toml", kill_on_drop: false }`
[INFO] [stderr]     Updating crates.io index
[INFO] [stderr]  Downloading crates ...
[INFO] [stderr]   Downloaded sorted-vec v0.8.6
[INFO] [stderr]   Downloaded block-buffer v0.11.0-rc.4
[INFO] [stderr]   Downloaded crypto-common v0.2.0-rc.3
[INFO] [stderr]   Downloaded signature v3.0.0-rc.0
[INFO] [stderr]   Downloaded serdect v0.3.0
[INFO] [stderr]   Downloaded digest v0.11.0-rc.0
[INFO] [stderr]   Downloaded rfc6979 v0.5.0-rc.0
[INFO] [stderr]   Downloaded hybrid-array v0.3.1
[INFO] [stderr]   Downloaded cc v1.2.27
[INFO] [stderr]   Downloaded sha2 v0.11.0-rc.0
[INFO] [stderr]   Downloaded sec1 v0.8.0-rc.5
[INFO] [stderr]   Downloaded pkcs8 v0.11.0-rc.4
[INFO] [stderr]   Downloaded group v0.14.0-pre.0
[INFO] [stderr]   Downloaded ff v0.14.0-pre.0
[INFO] [stderr]   Downloaded spki v0.8.0-rc.2
[INFO] [stderr]   Downloaded const-oid v0.10.1
[INFO] [stderr]   Downloaded ecdsa v0.17.0-rc.0
[INFO] [stderr]   Downloaded hmac v0.13.0-rc.0
[INFO] [stderr]   Downloaded h2 v0.4.10
[INFO] [stderr]   Downloaded k256 v0.14.0-pre.4
[INFO] [stderr]   Downloaded elliptic-curve v0.14.0-rc.3
[INFO] [stderr]   Downloaded der v0.8.0-rc.3
[INFO] [stderr]   Downloaded reqwest v0.12.20
[INFO] [stderr]   Downloaded crypto-bigint v0.7.0-pre.4
[INFO] [stderr]   Downloaded tokio v1.45.1
[INFO] running `Command { std: "docker" "create" "-v" "/var/lib/crater-agent-workspace/builds/worker-6-tc1/source:/opt/rustwide/workdir:ro,Z" "-v" "/var/lib/crater-agent-workspace/builds/worker-6-tc1/target:/opt/rustwide/target:rw,Z" "-v" "/var/lib/crater-agent-workspace/cargo-home:/opt/rustwide/cargo-home:ro,Z" "-v" "/var/lib/crater-agent-workspace/rustup-home:/opt/rustwide/rustup-home:ro,Z" "-m" "1610612736" "--network" "none" "ghcr.io/rust-lang/crates-build-env/linux@sha256:77db811e55d90add9212f6832c23229e3de5f1c1f9905e8cb07319ea15df73ac" "sleep" "infinity", kill_on_drop: false }`
[INFO] [stdout] d55b699d49015a7570b3eeb9145740ef8bb3272dfeb6faf0785c6706fba8dce5
[INFO] running `Command { std: "docker" "start" "d55b699d49015a7570b3eeb9145740ef8bb3272dfeb6faf0785c6706fba8dce5", kill_on_drop: false }`
[INFO] running `Command { std: "docker" "inspect" "d55b699d49015a7570b3eeb9145740ef8bb3272dfeb6faf0785c6706fba8dce5", kill_on_drop: false }`
[INFO] running `Command { std: "docker" "exec" "-e" "SOURCE_DIR=/opt/rustwide/workdir" "-e" "CARGO_HOME=/opt/rustwide/cargo-home" "-e" "RUSTUP_HOME=/opt/rustwide/rustup-home" "-e" "CARGO_TARGET_DIR=/opt/rustwide/target" "-w" "/opt/rustwide/workdir" "--user" "0:0" "d55b699d49015a7570b3eeb9145740ef8bb3272dfeb6faf0785c6706fba8dce5" "/opt/rustwide/cargo-home/bin/cargo" "+1.99.0-beta.8" "metadata" "--no-deps" "--format-version=1", kill_on_drop: false }`
[INFO] running `Command { std: "docker" "inspect" "d55b699d49015a7570b3eeb9145740ef8bb3272dfeb6faf0785c6706fba8dce5", kill_on_drop: false }`
[INFO] running `Command { std: "docker" "exec" "-e" "SOURCE_DIR=/opt/rustwide/workdir" "-e" "CARGO_HOME=/opt/rustwide/cargo-home" "-e" "RUSTUP_HOME=/opt/rustwide/rustup-home" "-e" "CARGO_TARGET_DIR=/opt/rustwide/target" "-e" "CARGO_INCREMENTAL=0" "-e" "RUST_BACKTRACE=full" "-e" "RUSTFLAGS=--cap-lints=warn" "-e" "RUSTDOCFLAGS=--cap-lints=warn" "-w" "/opt/rustwide/workdir" "--user" "0:0" "d55b699d49015a7570b3eeb9145740ef8bb3272dfeb6faf0785c6706fba8dce5" "/opt/rustwide/cargo-home/bin/cargo" "+1.99.0-beta.8" "build" "--frozen" "--message-format=json" "--release", kill_on_drop: false }`
[INFO] [stderr]    Compiling proc-macro2 v1.0.95
[INFO] [stderr]    Compiling unicode-ident v1.0.18
[INFO] [stderr]    Compiling libc v0.2.172
[INFO] [stderr]    Compiling autocfg v1.4.0
[INFO] [stderr]    Compiling zeroize v1.8.1
[INFO] [stderr]    Compiling typenum v1.18.0
[INFO] [stderr]    Compiling bytes v1.10.1
[INFO] [stderr]    Compiling parking_lot_core v0.9.11
[INFO] [stderr]    Compiling log v0.4.27
[INFO] [stderr]    Compiling stable_deref_trait v1.2.0
[INFO] [stderr]    Compiling getrandom v0.3.3
[INFO] [stderr]    Compiling serde v1.0.219
[INFO] [stderr]    Compiling subtle v2.6.1
[INFO] [stderr]    Compiling const-oid v0.10.1
[INFO] [stderr]    Compiling lock_api v0.4.13
[INFO] [stderr]    Compiling cc v1.2.27
[INFO] [stderr]    Compiling tracing-core v0.1.34
[INFO] [stderr]    Compiling litemap v0.8.0
[INFO] [stderr]    Compiling quote v1.0.40
[INFO] [stderr]    Compiling syn v2.0.101
[INFO] [stderr]    Compiling tracing v0.1.41
[INFO] [stderr]    Compiling http v1.3.1
[INFO] [stderr]    Compiling hybrid-array v0.3.1
[INFO] [stderr]    Compiling parking_lot v0.12.4
[INFO] [stderr]    Compiling mio v1.0.4
[INFO] [stderr]    Compiling socket2 v0.5.10
[INFO] [stderr]    Compiling signal-hook-registry v1.4.5
[INFO] [stderr]    Compiling openssl-sys v0.9.109
[INFO] [stderr]    Compiling rand_core v0.9.3
[INFO] [stderr]    Compiling http-body v1.0.1
[INFO] [stderr]    Compiling crypto-common v0.2.0-rc.3
[INFO] [stderr]    Compiling block-buffer v0.11.0-rc.4
[INFO] [stderr]    Compiling writeable v0.6.1
[INFO] [stderr]    Compiling memchr v2.7.4
[INFO] [stderr]    Compiling futures-task v0.3.31
[INFO] [stderr]    Compiling icu_normalizer_data v2.0.0
[INFO] [stderr]    Compiling icu_properties_data v2.0.1
[INFO] [stderr]    Compiling futures-util v0.3.31
[INFO] [stderr]    Compiling hashbrown v0.15.4
[INFO] [stderr]    Compiling percent-encoding v2.3.1
[INFO] [stderr]    Compiling der v0.8.0-rc.3
[INFO] [stderr]    Compiling num-traits v0.2.19
[INFO] [stderr]    Compiling slab v0.4.10
[INFO] [stderr]    Compiling bitflags v2.9.1
[INFO] [stderr]    Compiling digest v0.11.0-rc.0
[INFO] [stderr]    Compiling indexmap v2.9.0
[INFO] [stderr]    Compiling openssl v0.10.73
[INFO] [stderr]    Compiling futures-channel v0.3.31
[INFO] [stderr]    Compiling zerocopy v0.8.25
[INFO] [stderr]    Compiling base16ct v0.2.0
[INFO] [stderr]    Compiling native-tls v0.2.14
[INFO] [stderr]    Compiling aho-corasick v1.1.3
[INFO] [stderr]    Compiling form_urlencoded v1.2.1
[INFO] [stderr]    Compiling http-body-util v0.1.3
[INFO] [stderr]    Compiling spki v0.8.0-rc.2
[INFO] [stderr]    Compiling ff v0.14.0-pre.0
[INFO] [stderr]    Compiling rustversion v1.0.21
[INFO] [stderr]    Compiling serde_json v1.0.140
[INFO] [stderr]    Compiling regex-syntax v0.8.5
[INFO] [stderr]    Compiling pkcs8 v0.11.0-rc.4
[INFO] [stderr]    Compiling group v0.14.0-pre.0
[INFO] [stderr]    Compiling crypto-bigint v0.7.0-pre.4
[INFO] [stderr]    Compiling hmac v0.13.0-rc.0
[INFO] [stderr]    Compiling anstyle-parse v0.2.7
[INFO] [stderr]    Compiling rfc6979 v0.5.0-rc.0
[INFO] [stderr]    Compiling signature v3.0.0-rc.0
[INFO] [stderr]    Compiling colorchoice v1.0.4
[INFO] [stderr]    Compiling anstyle-query v1.1.3
[INFO] [stderr]    Compiling anstyle v1.0.11
[INFO] [stderr]    Compiling synstructure v0.13.2
[INFO] [stderr]    Compiling iri-string v0.7.8
[INFO] [stderr]    Compiling is_terminal_polyfill v1.70.1
[INFO] [stderr]    Compiling anstream v0.6.19
[INFO] [stderr]    Compiling sha2 v0.11.0-rc.0
[INFO] [stderr]    Compiling axum-core v0.5.2
[INFO] [stderr]    Compiling regex-automata v0.4.9
[INFO] [stderr]    Compiling zerofrom-derive v0.1.6
[INFO] [stderr]    Compiling zerofrom v0.1.6
[INFO] [stderr]    Compiling yoke-derive v0.8.0
[INFO] [stderr]    Compiling zerovec-derive v0.11.1
[INFO] [stderr]    Compiling displaydoc v0.2.5
[INFO] [stderr]    Compiling tokio-macros v2.5.0
[INFO] [stderr]    Compiling serde_derive v1.0.219
[INFO] [stderr]    Compiling yoke v0.8.0
[INFO] [stderr]    Compiling openssl-macros v0.1.1
[INFO] [stderr]    Compiling tokio v1.45.1
[INFO] [stderr]    Compiling zerovec v0.11.2
[INFO] [stderr]    Compiling zerotrie v0.2.2
[INFO] [stderr]    Compiling regex v1.11.1
[INFO] [stderr]    Compiling tinystr v0.8.1
[INFO] [stderr]    Compiling icu_locale_core v2.0.0
[INFO] [stderr]    Compiling potential_utf v0.1.2
[INFO] [stderr]    Compiling icu_collections v2.0.0
[INFO] [stderr]    Compiling icu_provider v2.0.0
[INFO] [stderr]    Compiling icu_normalizer v2.0.0
[INFO] [stderr]    Compiling icu_properties v2.0.1
[INFO] [stderr]    Compiling ppv-lite86 v0.2.21
[INFO] [stderr]    Compiling rand_chacha v0.9.0
[INFO] [stderr]    Compiling env_filter v0.1.3
[INFO] [stderr]    Compiling idna_adapter v1.2.1
[INFO] [stderr]    Compiling idna v1.0.3
[INFO] [stderr]    Compiling url v2.5.4
[INFO] [stderr]    Compiling tokio-util v0.7.15
[INFO] [stderr]    Compiling serdect v0.3.0
[INFO] [stderr]    Compiling sec1 v0.8.0-rc.5
[INFO] [stderr]    Compiling h2 v0.4.10
[INFO] [stderr]    Compiling tower v0.5.2
[INFO] [stderr]    Compiling elliptic-curve v0.14.0-rc.3
[INFO] [stderr]    Compiling tokio-native-tls v0.3.1
[INFO] [stderr]    Compiling serde_urlencoded v0.7.1
[INFO] [stderr]    Compiling ecdsa v0.17.0-rc.0
[INFO] [stderr]    Compiling tower-http v0.6.6
[INFO] [stderr]    Compiling serde_path_to_error v0.1.17
[INFO] [stderr]    Compiling derive_more-impl v2.0.1
[INFO] [stderr]    Compiling rustls-pki-types v1.12.0
[INFO] [stderr]    Compiling encoding_rs v0.8.35
[INFO] [stderr]    Compiling jiff v0.2.15
[INFO] [stderr]    Compiling derive_more v2.0.1
[INFO] [stderr]    Compiling k256 v0.14.0-pre.4
[INFO] [stderr]    Compiling rand v0.9.1
[INFO] [stderr]    Compiling sorted-vec v0.8.6
[INFO] [stderr]    Compiling hyper v1.6.0
[INFO] [stderr]    Compiling env_logger v0.11.8
[INFO] [stderr]    Compiling hyper-util v0.1.14
[INFO] [stderr]    Compiling hyper-tls v0.6.0
[INFO] [stderr]    Compiling axum v0.8.4
[INFO] [stderr]    Compiling reqwest v0.12.20
[INFO] [stderr]    Compiling rustchain v0.1.0 (/opt/rustwide/workdir)
[INFO] [stderr]     Finished `release` profile [optimized] target(s) in 4m 35s
[INFO] running `Command { std: "docker" "inspect" "d55b699d49015a7570b3eeb9145740ef8bb3272dfeb6faf0785c6706fba8dce5", kill_on_drop: false }`
[INFO] running `Command { std: "docker" "exec" "-e" "SOURCE_DIR=/opt/rustwide/workdir" "-e" "CARGO_HOME=/opt/rustwide/cargo-home" "-e" "RUSTUP_HOME=/opt/rustwide/rustup-home" "-e" "CARGO_TARGET_DIR=/opt/rustwide/target" "-e" "CARGO_INCREMENTAL=0" "-e" "RUST_BACKTRACE=full" "-e" "RUSTFLAGS=--cap-lints=warn" "-e" "RUSTDOCFLAGS=--cap-lints=warn" "-w" "/opt/rustwide/workdir" "--user" "0:0" "d55b699d49015a7570b3eeb9145740ef8bb3272dfeb6faf0785c6706fba8dce5" "/opt/rustwide/cargo-home/bin/cargo" "+1.99.0-beta.8" "test" "--frozen" "--no-run" "--message-format=json" "--release", kill_on_drop: false }`
[INFO] [stderr]    Compiling rustchain v0.1.0 (/opt/rustwide/workdir)
[INFO] [stderr]     Finished `release` profile [optimized] target(s) in 27.54s
[INFO] running `Command { std: "docker" "inspect" "d55b699d49015a7570b3eeb9145740ef8bb3272dfeb6faf0785c6706fba8dce5", kill_on_drop: false }`
[INFO] running `Command { std: "docker" "exec" "-e" "SOURCE_DIR=/opt/rustwide/workdir" "-e" "CARGO_HOME=/opt/rustwide/cargo-home" "-e" "RUSTUP_HOME=/opt/rustwide/rustup-home" "-e" "CARGO_TARGET_DIR=/opt/rustwide/target" "-e" "CARGO_INCREMENTAL=0" "-e" "RUST_BACKTRACE=full" "-e" "RUSTFLAGS=--cap-lints=warn" "-e" "RUSTDOCFLAGS=--cap-lints=warn" "-w" "/opt/rustwide/workdir" "--user" "0:0" "d55b699d49015a7570b3eeb9145740ef8bb3272dfeb6faf0785c6706fba8dce5" "/opt/rustwide/cargo-home/bin/cargo" "+1.99.0-beta.8" "test" "--frozen" "--release", kill_on_drop: false }`
[INFO] [stderr]     Finished `release` profile [optimized] target(s) in 0.25s
[INFO] [stderr]      Running unittests src/lib.rs (/opt/rustwide/target/release/deps/rustchain-92334489af97d90c)
[INFO] [stdout] 
[INFO] [stdout] running 75 tests
[INFO] [stdout] test peer::consensus::raft::tests::append_entries_accepts_different_leader_after_timeout ... ok
[INFO] [stdout] test peer::consensus::raft::tests::append_entries_from_same_leader_does_not_reset_election_timeout ... ok
[INFO] [stdout] test peer::consensus::raft::tests::append_entries_never_truncates_committed_entries ... ok
[INFO] [stdout] test peer::consensus::raft::tests::append_entries_records_current_leader ... ok
[INFO] [stdout] test peer::consensus::raft::tests::append_entries_rejects_different_leader_before_timeout ... ok
[INFO] [stdout] test peer::consensus::raft::tests::append_entries_rejects_impersonated_leader ... ok
[INFO] [stdout] test peer::consensus::raft::tests::append_entries_accepts_different_leader_in_newer_term_before_timeout ... ok
[INFO] [stdout] test peer::consensus::raft::tests::append_entries_rejects_non_contiguous_entries ... ok
[INFO] [stdout] test peer::consensus::raft::tests::append_entries_rejects_non_participant_leader ... ok
[INFO] [stdout] test peer::consensus::raft::tests::append_entries_resets_heartbeat_timer ... ok
[INFO] [stdout] test peer::consensus::raft::tests::becomes_leader_after_majority_vote ... ok
[INFO] [stdout] test peer::consensus::raft::tests::candidate_tick_after_timeout_starts_new_term ... ok
[INFO] [stdout] test peer::consensus::raft::tests::current_term_noop_replaces_conflicting_uncommitted_suffix ... ok
[INFO] [stdout] test peer::consensus::raft::tests::follower_tick_after_timeout_starts_election ... ok
[INFO] [stdout] test peer::consensus::raft::tests::follower_tick_before_timeout_does_nothing ... ok
[INFO] [stdout] test peer::consensus::raft::tests::grants_one_vote_per_term ... ok
[INFO] [stdout] test peer::consensus::raft::tests::grants_vote_to_candidate_with_newer_last_log_term ... ok
[INFO] [stdout] test peer::consensus::raft::tests::newer_term_steps_candidate_down ... ok
[INFO] [stdout] test peer::consensus::raft::tests::matching_index_returns_highest_entry_with_same_term ... ok
[INFO] [stdout] test peer::consensus::raft::tests::randomized_election_timeout_is_within_expected_bounds ... ok
[INFO] [stdout] test peer::consensus::raft::tests::rejects_candidate_with_shorter_log_in_same_last_term ... ok
[INFO] [stdout] test peer::consensus::raft::tests::rejects_stale_term_vote_requests ... ok
[INFO] [stdout] test peer::consensus::raft::tests::rejects_candidate_with_older_last_log_term ... ok
[INFO] [stdout] test peer::consensus::raft::tests::leader_tick_emits_heartbeat_when_due ... ok
[INFO] [stdout] test peer::consensus::tests::duplicate_votes_do_not_emit_actions ... ok
[INFO] [stdout] test peer::consensus::tests::local_block_proposal_emits_commit_when_self_vote_reaches_threshold ... ok
[INFO] [stdout] test peer::consensus::raft_log_store::tests::in_memory_store_saves_and_loads_raft_log_entries ... ok
[INFO] [stdout] test peer::consensus::raft::tests::stale_candidate_in_newer_term_steps_node_down_but_is_rejected ... ok
[INFO] [stdout] test peer::consensus::raft::tests::starts_election_as_candidate_and_votes_for_self ... ok
[INFO] [stdout] test peer::consensus::tests::local_block_proposal_initializes_vote_without_side_effects ... ok
[INFO] [stdout] test peer::consensus::tests::only_raft_requires_tick ... ok
[INFO] [stdout] test peer::consensus::raft_log_store::tests::saves_and_loads_raft_log_entries ... ok
[INFO] [stdout] test peer::consensus::tests::new_block_created_proposes_for_voting_only_by_default ... ok
[INFO] [stdout] test peer::consensus::tests::raft_append_entries_persists_accepted_entries ... ok
[INFO] [stdout] test peer::consensus::tests::raft_append_entries_records_leader ... ok
[INFO] [stdout] test peer::consensus::tests::raft_election_timeout_broadcasts_vote_request ... ok
[INFO] [stdout] test peer::consensus::raft::tests::election_request_includes_candidates_last_log_metadata ... ok
[INFO] [stdout] test peer::consensus::tests::raft_follower_forwards_client_transaction_to_known_leader ... ok
[INFO] [stdout] test peer::consensus::tests::raft_follower_rejects_client_transaction_without_known_leader ... ok
[INFO] [stdout] test peer::consensus::tests::raft_leader_retries_after_failed_append_response_match_index ... ok
[INFO] [stdout] test peer::consensus::tests::raft_leader_limits_append_entries_batch_size ... ok
[INFO] [stdout] test peer::consensus::tests::raft_leader_does_not_retry_empty_append_entries_after_failed_response ... ok
[INFO] [stdout] test peer::consensus::tests::raft_leader_sends_empty_append_entries_on_tick_when_follower_is_caught_up ... ok
[INFO] [stdout] test peer::consensus::tests::raft_leader_commits_after_majority_append_response ... ok
[INFO] [stdout] test peer::consensus::tests::raft_leader_sends_entries_after_each_followers_match_index ... ok
[INFO] [stdout] test peer::consensus::tests::raft_leader_allows_only_one_uncommitted_block ... ok
[INFO] [stdout] test peer::consensus::tests::raft_leader_sends_missing_entries_on_tick ... ok
[INFO] [stdout] test peer::consensus::tests::raft_leader_appends_new_block_to_log ... ok
[INFO] [stdout] test peer::consensus::tests::raft_new_leader_appends_current_term_noop ... ok
[INFO] [stdout] test peer::consensus::tests::raft_rejected_append_entries_does_not_retain_validated_block ... ok
[INFO] [stdout] test peer::consensus::tests::raft_vote_request_sends_direct_response ... ok
[INFO] [stdout] test peer::consensus::tests::raft_leader_stages_client_transaction_without_broadcasting_it ... ok
[INFO] [stdout] test peer::consensus::tests::voting_consensus_reports_voting_state ... ok
[INFO] [stdout] test peer::consensus::tests::voting_stages_and_broadcasts_client_transaction ... ok
[INFO] [stdout] test peer::consensus::voting::tests::approves_when_threshold_is_reached ... ok
[INFO] [stdout] test peer::consensus::voting::tests::ignores_votes_from_non_participants ... ok
[INFO] [stdout] test peer::consensus::voting::tests::rejects_when_threshold_is_reached ... ok
[INFO] [stdout] test peer::consensus::voting::tests::returns_final_outcome_after_consensus_is_reached ... ok
[INFO] [stdout] test peer::consensus::tests::received_votes_emit_commit_and_broadcast_actions_at_threshold ... ok
[INFO] [stdout] test peer::consensus::tests::validated_rejected_proposal_emits_rollback_and_broadcast_actions ... ok
[INFO] [stdout] test peer::consensus::voting::tests::tracks_duplicate_votes_without_changing_state ... ok
[INFO] [stdout] test peer::messages::tests::raft_message_wire_shape_is_stable ... ok
[INFO] [stdout] test peer::consensus::tests::raft_new_leader_commits_inherited_block_through_current_term_noop ... ok
[INFO] [stdout] test peer::messages::tests::voting_message_wire_shape_is_stable ... ok
[INFO] [stdout] test peer_runtime::tests::parses_consensus_mode ... ok
[INFO] [stdout] test synchronization::tests::block_states_do_not_match_when_hash_differs_at_same_height ... ok
[INFO] [stdout] test storage::tests::block_save_test ... FAILED
[INFO] [stdout] test storage::tests::corrupt_block_returns_read_error ... FAILED
[INFO] [stdout] test storage::tests::missing_block_returns_read_error ... FAILED
[INFO] [stdout] test storage::tests::block_must_be_created_only_when_mempool_is_full ... FAILED
[INFO] [stdout] test peer_runtime::tests::rejects_unknown_consensus_mode ... ok
[INFO] [stdout] test storage::tests::parse_block_state ... ok
[INFO] [stdout] test synchronization::tests::block_states_match_when_height_and_hash_match ... ok
[INFO] [stdout] test synchronization::tests::local_network_retrieves_missing_block ... FAILED
[INFO] [stderr] error: test failed, to rerun pass `--lib`
[INFO] [stdout] test network::rest_network::tests::update_peers_uses_discovery_client_and_filters_self ... ok
[INFO] [stdout] 
[INFO] [stdout] failures:
[INFO] [stdout] 
[INFO] [stdout] ---- storage::tests::block_save_test stdout ----
[INFO] [stdout] 
[INFO] [stdout] thread 'storage::tests::block_save_test' (2625) panicked at src/storage.rs:421:44:
[INFO] [stdout] Failed to create directory: Os { code: 30, kind: ReadOnlyFilesystem, message: "Read-only file system" }
[INFO] [stdout] stack backtrace:
[INFO] [stdout]    0:     0x5f06b4d2a981 - <<std[70759c8f55707aa4]::sys::backtrace::BacktraceLock>::print::DisplayBacktrace as core[df12db4294e9bfd3]::fmt::Display>::fmt
[INFO] [stdout]    1:     0x5f06b4d41e8a - core[df12db4294e9bfd3]::fmt::write
[INFO] [stdout]    2:     0x5f06b4d2f78c - <alloc[2182bb758b4b3781]::vec::Vec<u8> as core[df12db4294e9bfd3]::io::write::Write>::write_fmt
[INFO] [stdout]    3:     0x5f06b4d04386 - std[70759c8f55707aa4]::panicking::default_hook::{closure#0}
[INFO] [stdout]    4:     0x5f06b4d21ba9 - std[70759c8f55707aa4]::panicking::default_hook
[INFO] [stdout]    5:     0x5f06b4b3cbc0 - test[9d35eded1c95d3be]::test_main_inner::<test[9d35eded1c95d3be]::test_main_static::{closure#0}>::{closure#0}
[INFO] [stdout]    6:     0x5f06b4d21ed2 - std[70759c8f55707aa4]::panicking::panic_with_hook
[INFO] [stdout]    7:     0x5f06b4d04432 - std[70759c8f55707aa4]::panicking::panic_handler::{closure#0}
[INFO] [stdout]    8:     0x5f06b4cfcd89 - std[70759c8f55707aa4]::sys::backtrace::__rust_end_short_backtrace::<std[70759c8f55707aa4]::panicking::panic_handler::{closure#0}, !>
[INFO] [stdout]    9:     0x5f06b4d0521d - __rustc[8fa7c3cbc660c2b3]::rust_begin_unwind
[INFO] [stdout]   10:     0x5f06b4d4266c - core[df12db4294e9bfd3]::panicking::panic_fmt
[INFO] [stdout]   11:     0x5f06b4d42442 - core[df12db4294e9bfd3]::result::unwrap_failed
[INFO] [stdout]   12:     0x5f06b4aff25f - rustchain[cc74cd60203521f3]::storage::tests::setup
[INFO] [stdout]   13:     0x5f06b4aff301 - rustchain[cc74cd60203521f3]::storage::tests::block_save_test
[INFO] [stdout]   14:     0x5f06b4af4fa9 - <rustchain[cc74cd60203521f3]::storage::tests::block_save_test::{closure#0} as core[df12db4294e9bfd3]::ops::function::FnOnce<()>>::call_once
[INFO] [stdout]   15:     0x5f06b4b2feab - test[9d35eded1c95d3be]::__rust_begin_short_backtrace::<core[df12db4294e9bfd3]::result::Result<(), alloc[2182bb758b4b3781]::string::String>, fn() -> core[df12db4294e9bfd3]::result::Result<(), alloc[2182bb758b4b3781]::string::String>>
[INFO] [stdout]   16:     0x5f06b4b3d515 - test[9d35eded1c95d3be]::run_test::{closure#0}
[INFO] [stdout]   17:     0x5f06b4b36dd4 - std[70759c8f55707aa4]::sys::backtrace::__rust_begin_short_backtrace::<test[9d35eded1c95d3be]::run_test::{closure#1}, ()>
[INFO] [stdout]   18:     0x5f06b4b40672 - <std[70759c8f55707aa4]::thread::lifecycle::spawn_unchecked<test[9d35eded1c95d3be]::run_test::{closure#1}, ()>::{closure#1} as core[df12db4294e9bfd3]::ops::function::FnOnce<()>>::call_once::{shim:vtable#0}
[INFO] [stdout]   19:     0x5f06b4d29999 - <std[70759c8f55707aa4]::sys::thread::unix::Thread>::new::thread_start
[INFO] [stdout]   20:     0x77efbf473dfa - <unknown>
[INFO] [stdout]   21:     0x77efbf5073d4 - clone
[INFO] [stdout]   22:                0x0 - <unknown>
[INFO] [stdout] 
[INFO] [stdout] ---- storage::tests::corrupt_block_returns_read_error stdout ----
[INFO] [stdout] 
[INFO] [stdout] thread 'storage::tests::corrupt_block_returns_read_error' (2626) panicked at src/storage.rs:421:44:
[INFO] [stdout] Failed to create directory: Os { code: 30, kind: ReadOnlyFilesystem, message: "Read-only file system" }
[INFO] [stdout] stack backtrace:
[INFO] [stdout]    0:     0x5f06b4d2a981 - <<std[70759c8f55707aa4]::sys::backtrace::BacktraceLock>::print::DisplayBacktrace as core[df12db4294e9bfd3]::fmt::Display>::fmt
[INFO] [stdout]    1:     0x5f06b4d41e8a - core[df12db4294e9bfd3]::fmt::write
[INFO] [stdout]    2:     0x5f06b4d2f78c - <alloc[2182bb758b4b3781]::vec::Vec<u8> as core[df12db4294e9bfd3]::io::write::Write>::write_fmt
[INFO] [stdout]    3:     0x5f06b4d04386 - std[70759c8f55707aa4]::panicking::default_hook::{closure#0}
[INFO] [stdout]    4:     0x5f06b4d21ba9 - std[70759c8f55707aa4]::panicking::default_hook
[INFO] [stdout]    5:     0x5f06b4b3cbc0 - test[9d35eded1c95d3be]::test_main_inner::<test[9d35eded1c95d3be]::test_main_static::{closure#0}>::{closure#0}
[INFO] [stdout]    6:     0x5f06b4d21ed2 - std[70759c8f55707aa4]::panicking::panic_with_hook
[INFO] [stdout]    7:     0x5f06b4d04432 - std[70759c8f55707aa4]::panicking::panic_handler::{closure#0}
[INFO] [stdout]    8:     0x5f06b4cfcd89 - std[70759c8f55707aa4]::sys::backtrace::__rust_end_short_backtrace::<std[70759c8f55707aa4]::panicking::panic_handler::{closure#0}, !>
[INFO] [stdout]    9:     0x5f06b4d0521d - __rustc[8fa7c3cbc660c2b3]::rust_begin_unwind
[INFO] [stdout]   10:     0x5f06b4d4266c - core[df12db4294e9bfd3]::panicking::panic_fmt
[INFO] [stdout]   11:     0x5f06b4d42442 - core[df12db4294e9bfd3]::result::unwrap_failed
[INFO] [stdout]   12:     0x5f06b4aff25f - rustchain[cc74cd60203521f3]::storage::tests::setup
[INFO] [stdout]   13:     0x5f06b4affbc7 - rustchain[cc74cd60203521f3]::storage::tests::corrupt_block_returns_read_error
[INFO] [stdout]   14:     0x5f06b4af4fe9 - <rustchain[cc74cd60203521f3]::storage::tests::corrupt_block_returns_read_error::{closure#0} as core[df12db4294e9bfd3]::ops::function::FnOnce<()>>::call_once
[INFO] [stdout]   15:     0x5f06b4b2feab - test[9d35eded1c95d3be]::__rust_begin_short_backtrace::<core[df12db4294e9bfd3]::result::Result<(), alloc[2182bb758b4b3781]::string::String>, fn() -> core[df12db4294e9bfd3]::result::Result<(), alloc[2182bb758b4b3781]::string::String>>
[INFO] [stdout]   16:     0x5f06b4b3d515 - test[9d35eded1c95d3be]::run_test::{closure#0}
[INFO] [stdout]   17:     0x5f06b4b36dd4 - std[70759c8f55707aa4]::sys::backtrace::__rust_begin_short_backtrace::<test[9d35eded1c95d3be]::run_test::{closure#1}, ()>
[INFO] [stdout]   18:     0x5f06b4b40672 - <std[70759c8f55707aa4]::thread::lifecycle::spawn_unchecked<test[9d35eded1c95d3be]::run_test::{closure#1}, ()>::{closure#1} as core[df12db4294e9bfd3]::ops::function::FnOnce<()>>::call_once::{shim:vtable#0}
[INFO] [stdout]   19:     0x5f06b4d29999 - <std[70759c8f55707aa4]::sys::thread::unix::Thread>::new::thread_start
[INFO] [stdout]   20:     0x77efbf473dfa - <unknown>
[INFO] [stdout]   21:     0x77efbf5073d4 - clone
[INFO] [stdout]   22:                0x0 - <unknown>
[INFO] [stdout] 
[INFO] [stdout] ---- storage::tests::missing_block_returns_read_error stdout ----
[INFO] [stdout] 
[INFO] [stdout] thread 'storage::tests::missing_block_returns_read_error' (2627) panicked at src/storage.rs:421:44:
[INFO] [stdout] Failed to create directory: Os { code: 30, kind: ReadOnlyFilesystem, message: "Read-only file system" }
[INFO] [stdout] stack backtrace:
[INFO] [stdout]    0:     0x5f06b4d2a981 - <<std[70759c8f55707aa4]::sys::backtrace::BacktraceLock>::print::DisplayBacktrace as core[df12db4294e9bfd3]::fmt::Display>::fmt
[INFO] [stdout]    1:     0x5f06b4d41e8a - core[df12db4294e9bfd3]::fmt::write
[INFO] [stdout]    2:     0x5f06b4d2f78c - <alloc[2182bb758b4b3781]::vec::Vec<u8> as core[df12db4294e9bfd3]::io::write::Write>::write_fmt
[INFO] [stdout]    3:     0x5f06b4d04386 - std[70759c8f55707aa4]::panicking::default_hook::{closure#0}
[INFO] [stdout]    4:     0x5f06b4d21ba9 - std[70759c8f55707aa4]::panicking::default_hook
[INFO] [stdout]    5:     0x5f06b4b3cbc0 - test[9d35eded1c95d3be]::test_main_inner::<test[9d35eded1c95d3be]::test_main_static::{closure#0}>::{closure#0}
[INFO] [stdout]    6:     0x5f06b4d21ed2 - std[70759c8f55707aa4]::panicking::panic_with_hook
[INFO] [stdout]    7:     0x5f06b4d04432 - std[70759c8f55707aa4]::panicking::panic_handler::{closure#0}
[INFO] [stdout]    8:     0x5f06b4cfcd89 - std[70759c8f55707aa4]::sys::backtrace::__rust_end_short_backtrace::<std[70759c8f55707aa4]::panicking::panic_handler::{closure#0}, !>
[INFO] [stdout]    9:     0x5f06b4d0521d - __rustc[8fa7c3cbc660c2b3]::rust_begin_unwind
[INFO] [stdout]   10:     0x5f06b4d4266c - core[df12db4294e9bfd3]::panicking::panic_fmt
[INFO] [stdout]   11:     0x5f06b4d42442 - core[df12db4294e9bfd3]::result::unwrap_failed
[INFO] [stdout]   12:     0x5f06b4aff25f - rustchain[cc74cd60203521f3]::storage::tests::setup
[INFO] [stdout]   13:     0x5f06b4affea7 - rustchain[cc74cd60203521f3]::storage::tests::missing_block_returns_read_error
[INFO] [stdout]   14:     0x5f06b4af5009 - <rustchain[cc74cd60203521f3]::storage::tests::missing_block_returns_read_error::{closure#0} as core[df12db4294e9bfd3]::ops::function::FnOnce<()>>::call_once
[INFO] [stdout]   15:     0x5f06b4b2feab - test[9d35eded1c95d3be]::__rust_begin_short_backtrace::<core[df12db4294e9bfd3]::result::Result<(), alloc[2182bb758b4b3781]::string::String>, fn() -> core[df12db4294e9bfd3]::result::Result<(), alloc[2182bb758b4b3781]::string::String>>
[INFO] [stdout]   16:     0x5f06b4b3d515 - test[9d35eded1c95d3be]::run_test::{closure#0}
[INFO] [stdout]   17:     0x5f06b4b36dd4 - std[70759c8f55707aa4]::sys::backtrace::__rust_begin_short_backtrace::<test[9d35eded1c95d3be]::run_test::{closure#1}, ()>
[INFO] [stdout]   18:     0x5f06b4b40672 - <std[70759c8f55707aa4]::thread::lifecycle::spawn_unchecked<test[9d35eded1c95d3be]::run_test::{closure#1}, ()>::{closure#1} as core[df12db4294e9bfd3]::ops::function::FnOnce<()>>::call_once::{shim:vtable#0}
[INFO] [stdout]   19:     0x5f06b4d29999 - <std[70759c8f55707aa4]::sys::thread::unix::Thread>::new::thread_start
[INFO] [stdout]   20:     0x77efbf473dfa - <unknown>
[INFO] [stdout]   21:     0x77efbf5073d4 - clone
[INFO] [stdout]   22:                0x0 - <unknown>
[INFO] [stdout] 
[INFO] [stdout] ---- storage::tests::block_must_be_created_only_when_mempool_is_full stdout ----
[INFO] [stdout] 
[INFO] [stdout] thread 'storage::tests::block_must_be_created_only_when_mempool_is_full' (2624) panicked at src/storage.rs:421:44:
[INFO] [stdout] Failed to create directory: Os { code: 30, kind: ReadOnlyFilesystem, message: "Read-only file system" }
[INFO] [stdout] stack backtrace:
[INFO] [stdout]    0:     0x5f06b4d2a981 - <<std[70759c8f55707aa4]::sys::backtrace::BacktraceLock>::print::DisplayBacktrace as core[df12db4294e9bfd3]::fmt::Display>::fmt
[INFO] [stdout]    1:     0x5f06b4d41e8a - core[df12db4294e9bfd3]::fmt::write
[INFO] [stdout]    2:     0x5f06b4d2f78c - <alloc[2182bb758b4b3781]::vec::Vec<u8> as core[df12db4294e9bfd3]::io::write::Write>::write_fmt
[INFO] [stdout]    3:     0x5f06b4d04386 - std[70759c8f55707aa4]::panicking::default_hook::{closure#0}
[INFO] [stdout]    4:     0x5f06b4d21ba9 - std[70759c8f55707aa4]::panicking::default_hook
[INFO] [stdout]    5:     0x5f06b4b3cbc0 - test[9d35eded1c95d3be]::test_main_inner::<test[9d35eded1c95d3be]::test_main_static::{closure#0}>::{closure#0}
[INFO] [stdout]    6:     0x5f06b4d21ed2 - std[70759c8f55707aa4]::panicking::panic_with_hook
[INFO] [stdout]    7:     0x5f06b4d04432 - std[70759c8f55707aa4]::panicking::panic_handler::{closure#0}
[INFO] [stdout]    8:     0x5f06b4cfcd89 - std[70759c8f55707aa4]::sys::backtrace::__rust_end_short_backtrace::<std[70759c8f55707aa4]::panicking::panic_handler::{closure#0}, !>
[INFO] [stdout]    9:     0x5f06b4d0521d - __rustc[8fa7c3cbc660c2b3]::rust_begin_unwind
[INFO] [stdout]   10:     0x5f06b4d4266c - core[df12db4294e9bfd3]::panicking::panic_fmt
[INFO] [stdout]   11:     0x5f06b4d42442 - core[df12db4294e9bfd3]::result::unwrap_failed
[INFO] [stdout]   12:     0x5f06b4aff25f - rustchain[cc74cd60203521f3]::storage::tests::setup
[INFO] [stdout]   13:     0x5f06b4b00079 - rustchain[cc74cd60203521f3]::storage::tests::block_must_be_created_only_when_mempool_is_full
[INFO] [stdout]   14:     0x5f06b4af5029 - <rustchain[cc74cd60203521f3]::storage::tests::block_must_be_created_only_when_mempool_is_full::{closure#0} as core[df12db4294e9bfd3]::ops::function::FnOnce<()>>::call_once
[INFO] [stdout]   15:     0x5f06b4b2feab - test[9d35eded1c95d3be]::__rust_begin_short_backtrace::<core[df12db4294e9bfd3]::result::Result<(), alloc[2182bb758b4b3781]::string::String>, fn() -> core[df12db4294e9bfd3]::result::Result<(), alloc[2182bb758b4b3781]::string::String>>
[INFO] [stdout]   16:     0x5f06b4b3d515 - test[9d35eded1c95d3be]::run_test::{closure#0}
[INFO] [stdout]   17:     0x5f06b4b36dd4 - std[70759c8f55707aa4]::sys::backtrace::__rust_begin_short_backtrace::<test[9d35eded1c95d3be]::run_test::{closure#1}, ()>
[INFO] [stdout]   18:     0x5f06b4b40672 - <std[70759c8f55707aa4]::thread::lifecycle::spawn_unchecked<test[9d35eded1c95d3be]::run_test::{closure#1}, ()>::{closure#1} as core[df12db4294e9bfd3]::ops::function::FnOnce<()>>::call_once::{shim:vtable#0}
[INFO] [stdout]   19:     0x5f06b4d29999 - <std[70759c8f55707aa4]::sys::thread::unix::Thread>::new::thread_start
[INFO] [stdout]   20:     0x77efbf473dfa - <unknown>
[INFO] [stdout]   21:     0x77efbf5073d4 - clone
[INFO] [stdout]   22:                0x0 - <unknown>
[INFO] [stdout] 
[INFO] [stdout] ---- synchronization::tests::local_network_retrieves_missing_block stdout ----
[INFO] [stdout] 
[INFO] [stdout] thread 'synchronization::tests::local_network_retrieves_missing_block' (2631) panicked at src/synchronization.rs:282:41:
[INFO] [stdout] Failed to create source dir: Os { code: 30, kind: ReadOnlyFilesystem, message: "Read-only file system" }
[INFO] [stdout] stack backtrace:
[INFO] [stdout]    0:     0x5f06b4d2a981 - <<std[70759c8f55707aa4]::sys::backtrace::BacktraceLock>::print::DisplayBacktrace as core[df12db4294e9bfd3]::fmt::Display>::fmt
[INFO] [stdout]    1:     0x5f06b4d41e8a - core[df12db4294e9bfd3]::fmt::write
[INFO] [stdout]    2:     0x5f06b4d2f78c - <alloc[2182bb758b4b3781]::vec::Vec<u8> as core[df12db4294e9bfd3]::io::write::Write>::write_fmt
[INFO] [stdout]    3:     0x5f06b4d04386 - std[70759c8f55707aa4]::panicking::default_hook::{closure#0}
[INFO] [stdout]    4:     0x5f06b4d21ba9 - std[70759c8f55707aa4]::panicking::default_hook
[INFO] [stdout]    5:     0x5f06b4b3cbc0 - test[9d35eded1c95d3be]::test_main_inner::<test[9d35eded1c95d3be]::test_main_static::{closure#0}>::{closure#0}
[INFO] [stdout]    6:     0x5f06b4d21ed2 - std[70759c8f55707aa4]::panicking::panic_with_hook
[INFO] [stdout]    7:     0x5f06b4d04432 - std[70759c8f55707aa4]::panicking::panic_handler::{closure#0}
[INFO] [stdout]    8:     0x5f06b4cfcd89 - std[70759c8f55707aa4]::sys::backtrace::__rust_end_short_backtrace::<std[70759c8f55707aa4]::panicking::panic_handler::{closure#0}, !>
[INFO] [stdout]    9:     0x5f06b4d0521d - __rustc[8fa7c3cbc660c2b3]::rust_begin_unwind
[INFO] [stdout]   10:     0x5f06b4d4266c - core[df12db4294e9bfd3]::panicking::panic_fmt
[INFO] [stdout]   11:     0x5f06b4d42442 - core[df12db4294e9bfd3]::result::unwrap_failed
[INFO] [stdout]   12:     0x5f06b4ae75ae - rustchain[cc74cd60203521f3]::synchronization::tests::local_network_retrieves_missing_block::{closure#0}
[INFO] [stdout]   13:     0x5f06b4addb33 - <tokio[af44d0edf4a88cea]::runtime::scheduler::current_thread::Context>::enter::<core[df12db4294e9bfd3]::task::poll::Poll<()>, <tokio[af44d0edf4a88cea]::runtime::scheduler::current_thread::CoreGuard>::block_on<core[df12db4294e9bfd3]::pin::Pin<&mut core[df12db4294e9bfd3]::pin::Pin<&mut dyn core[df12db4294e9bfd3]::future::future::Future<Output = ()>>>>::{closure#0}::{closure#0}>
[INFO] [stdout]   14:     0x5f06b4af13dc - <tokio[af44d0edf4a88cea]::runtime::context::scoped::Scoped<tokio[af44d0edf4a88cea]::runtime::scheduler::Context>>::set::<<tokio[af44d0edf4a88cea]::runtime::scheduler::current_thread::CoreGuard>::enter<<tokio[af44d0edf4a88cea]::runtime::scheduler::current_thread::CoreGuard>::block_on<core[df12db4294e9bfd3]::pin::Pin<&mut core[df12db4294e9bfd3]::pin::Pin<&mut dyn core[df12db4294e9bfd3]::future::future::Future<Output = ()>>>>::{closure#0}, core[df12db4294e9bfd3]::option::Option<()>>::{closure#0}, (alloc[2182bb758b4b3781]::boxed::Box<tokio[af44d0edf4a88cea]::runtime::scheduler::current_thread::Core>, core[df12db4294e9bfd3]::option::Option<()>)>
[INFO] [stdout]   15:     0x5f06b4add647 - <tokio[af44d0edf4a88cea]::runtime::runtime::Runtime>::block_on::<core[df12db4294e9bfd3]::pin::Pin<&mut dyn core[df12db4294e9bfd3]::future::future::Future<Output = ()>>>
[INFO] [stdout]   16:     0x5f06b4aefd5b - rustchain[cc74cd60203521f3]::synchronization::tests::local_network_retrieves_missing_block
[INFO] [stdout]   17:     0x5f06b4af4f49 - <rustchain[cc74cd60203521f3]::synchronization::tests::local_network_retrieves_missing_block::{closure#0} as core[df12db4294e9bfd3]::ops::function::FnOnce<()>>::call_once
[INFO] [stdout]   18:     0x5f06b4b2feab - test[9d35eded1c95d3be]::__rust_begin_short_backtrace::<core[df12db4294e9bfd3]::result::Result<(), alloc[2182bb758b4b3781]::string::String>, fn() -> core[df12db4294e9bfd3]::result::Result<(), alloc[2182bb758b4b3781]::string::String>>
[INFO] [stdout]   19:     0x5f06b4b3d515 - test[9d35eded1c95d3be]::run_test::{closure#0}
[INFO] [stdout]   20:     0x5f06b4b36dd4 - std[70759c8f55707aa4]::sys::backtrace::__rust_begin_short_backtrace::<test[9d35eded1c95d3be]::run_test::{closure#1}, ()>
[INFO] [stdout]   21:     0x5f06b4b40672 - <std[70759c8f55707aa4]::thread::lifecycle::spawn_unchecked<test[9d35eded1c95d3be]::run_test::{closure#1}, ()>::{closure#1} as core[df12db4294e9bfd3]::ops::function::FnOnce<()>>::call_once::{shim:vtable#0}
[INFO] [stdout]   22:     0x5f06b4d29999 - <std[70759c8f55707aa4]::sys::thread::unix::Thread>::new::thread_start
[INFO] [stdout]   23:     0x77efbf473dfa - <unknown>
[INFO] [stdout]   24:     0x77efbf5073d4 - clone
[INFO] [stdout]   25:                0x0 - <unknown>
[INFO] [stdout] 
[INFO] [stdout] 
[INFO] [stdout] failures:
[INFO] [stdout]     storage::tests::block_must_be_created_only_when_mempool_is_full
[INFO] [stdout]     storage::tests::block_save_test
[INFO] [stdout]     storage::tests::corrupt_block_returns_read_error
[INFO] [stdout]     storage::tests::missing_block_returns_read_error
[INFO] [stdout]     synchronization::tests::local_network_retrieves_missing_block
[INFO] [stdout] 
[INFO] [stdout] test result: FAILED. 70 passed; 5 failed; 0 ignored; 0 measured; 0 filtered out; finished in 0.09s
[INFO] [stdout] 
[INFO] running `Command { std: "docker" "inspect" "d55b699d49015a7570b3eeb9145740ef8bb3272dfeb6faf0785c6706fba8dce5", kill_on_drop: false }`
[INFO] running `Command { std: "docker" "rm" "-f" "d55b699d49015a7570b3eeb9145740ef8bb3272dfeb6faf0785c6706fba8dce5", kill_on_drop: false }`
[INFO] [stdout] d55b699d49015a7570b3eeb9145740ef8bb3272dfeb6faf0785c6706fba8dce5
