[INFO] cloning repository https://github.com/emretasss/stellar-paygate-mcp
[INFO] running `Command { std: "git" "-c" "credential.helper=" "-c" "credential.helper=/workspace/cargo-home/bin/git-credential-null" "clone" "--bare" "https://github.com/emretasss/stellar-paygate-mcp" "/workspace/cache/git-repos/https%3A%2F%2Fgithub.com%2Femretasss%2Fstellar-paygate-mcp", kill_on_drop: false }`
[INFO] [stderr] Cloning into bare repository '/workspace/cache/git-repos/https%3A%2F%2Fgithub.com%2Femretasss%2Fstellar-paygate-mcp'...
[INFO] running `Command { std: "git" "rev-parse" "HEAD", kill_on_drop: false }`
[INFO] [stdout] 8da4c581d1f18edbc2ca791511263608c0302f34
[INFO] testing emretasss/stellar-paygate-mcp against 1.99.0-beta.8+cargoflags=--release for beta-release-1.100-2
[INFO] running `Command { std: "git" "clone" "/workspace/cache/git-repos/https%3A%2F%2Fgithub.com%2Femretasss%2Fstellar-paygate-mcp" "/workspace/builds/worker-5-tc1/source", kill_on_drop: false }`
[INFO] [stderr] Cloning into '/workspace/builds/worker-5-tc1/source'...
[INFO] [stderr] done.
[INFO] started tweaking git repo https://github.com/emretasss/stellar-paygate-mcp
[INFO] finished tweaking git repo https://github.com/emretasss/stellar-paygate-mcp
[INFO] tweaked toml for git repo https://github.com/emretasss/stellar-paygate-mcp written to /workspace/builds/worker-5-tc1/source/Cargo.toml
[INFO] validating manifest of git repo https://github.com/emretasss/stellar-paygate-mcp on toolchain 1.99.0-beta.8
[INFO] running `Command { std: CARGO_HOME="/workspace/cargo-home" RUSTUP_HOME="/workspace/rustup-home" "/workspace/cargo-home/bin/cargo" "+1.99.0-beta.8" "metadata" "--manifest-path" "Cargo.toml" "--no-deps", kill_on_drop: false }`
[INFO] crate git repo https://github.com/emretasss/stellar-paygate-mcp already has a lockfile, it will not be regenerated
[INFO] running `Command { std: CARGO_HOME="/workspace/cargo-home" RUSTUP_HOME="/workspace/rustup-home" "/workspace/cargo-home/bin/cargo" "+1.99.0-beta.8" "fetch" "--manifest-path" "Cargo.toml", kill_on_drop: false }`
[INFO] [stderr]     Updating crates.io index
[INFO] [stderr]  Downloading crates ...
[INFO] [stderr]   Downloaded soroban-sdk v25.3.1
[INFO] [stderr]   Downloaded crate-git-revision v0.0.6
[INFO] [stderr]   Downloaded soroban-spec-rust v25.3.1
[INFO] [stderr]   Downloaded derive_arbitrary v1.3.2
[INFO] [stderr]   Downloaded soroban-spec v25.3.1
[INFO] [stderr]   Downloaded escape-bytes v0.1.1
[INFO] [stderr]   Downloaded stellar-strkey v0.0.16
[INFO] [stderr]   Downloaded stellar-strkey v0.0.13
[INFO] [stderr]   Downloaded serde_with_macros v3.20.0
[INFO] [stderr]   Downloaded soroban-sdk-macros v25.3.1
[INFO] [stderr]   Downloaded ethnum v1.5.3
[INFO] [stderr]   Downloaded soroban-env-macros v25.0.1
[INFO] [stderr]   Downloaded soroban-builtin-sdk-macros v25.0.1
[INFO] [stderr]   Downloaded soroban-env-common v25.0.1
[INFO] [stderr]   Downloaded soroban-ledger-snapshot v25.3.1
[INFO] [stderr]   Downloaded soroban-wasmi v0.31.1-soroban.20.0.1
[INFO] [stderr]   Downloaded serde_with v3.20.0
[INFO] [stderr]   Downloaded soroban-env-host v25.0.1
[INFO] [stderr]   Downloaded stellar-xdr v25.0.0
[INFO] [stderr]   Downloaded ctor v0.5.0
[INFO] [stderr]   Downloaded dtor v0.1.1
[INFO] [stderr]   Downloaded dtor-proc-macro v0.0.6
[INFO] [stderr]   Downloaded ctor-proc-macro v0.0.6
[INFO] [stderr]   Downloaded bytes-lit v0.0.5
[INFO] [stderr]   Downloaded soroban-env-guest v25.0.1
[INFO] running `Command { std: "docker" "create" "-v" "/var/lib/crater-agent-workspace/builds/worker-5-tc1/source:/opt/rustwide/workdir:ro,Z" "-v" "/var/lib/crater-agent-workspace/builds/worker-5-tc1/target:/opt/rustwide/target:rw,Z" "-v" "/var/lib/crater-agent-workspace/cargo-home:/opt/rustwide/cargo-home:ro,Z" "-v" "/var/lib/crater-agent-workspace/rustup-home:/opt/rustwide/rustup-home:ro,Z" "-m" "1610612736" "--network" "none" "ghcr.io/rust-lang/crates-build-env/linux@sha256:77db811e55d90add9212f6832c23229e3de5f1c1f9905e8cb07319ea15df73ac" "sleep" "infinity", kill_on_drop: false }`
[INFO] [stdout] e62bf2bb5c2af2088d367688961e8ef05dd31359bb9fdca7fed6e110277c4c92
[INFO] running `Command { std: "docker" "start" "e62bf2bb5c2af2088d367688961e8ef05dd31359bb9fdca7fed6e110277c4c92", kill_on_drop: false }`
[INFO] running `Command { std: "docker" "inspect" "e62bf2bb5c2af2088d367688961e8ef05dd31359bb9fdca7fed6e110277c4c92", kill_on_drop: false }`
[INFO] running `Command { std: "docker" "exec" "-e" "SOURCE_DIR=/opt/rustwide/workdir" "-e" "CARGO_HOME=/opt/rustwide/cargo-home" "-e" "RUSTUP_HOME=/opt/rustwide/rustup-home" "-e" "CARGO_TARGET_DIR=/opt/rustwide/target" "-w" "/opt/rustwide/workdir" "--user" "0:0" "e62bf2bb5c2af2088d367688961e8ef05dd31359bb9fdca7fed6e110277c4c92" "/opt/rustwide/cargo-home/bin/cargo" "+1.99.0-beta.8" "metadata" "--no-deps" "--format-version=1", kill_on_drop: false }`
[INFO] running `Command { std: "docker" "inspect" "e62bf2bb5c2af2088d367688961e8ef05dd31359bb9fdca7fed6e110277c4c92", kill_on_drop: false }`
[INFO] running `Command { std: "docker" "exec" "-e" "SOURCE_DIR=/opt/rustwide/workdir" "-e" "CARGO_HOME=/opt/rustwide/cargo-home" "-e" "RUSTUP_HOME=/opt/rustwide/rustup-home" "-e" "CARGO_TARGET_DIR=/opt/rustwide/target" "-e" "CARGO_INCREMENTAL=0" "-e" "RUST_BACKTRACE=full" "-e" "RUSTFLAGS=--cap-lints=warn" "-e" "RUSTDOCFLAGS=--cap-lints=warn" "-w" "/opt/rustwide/workdir" "--user" "0:0" "e62bf2bb5c2af2088d367688961e8ef05dd31359bb9fdca7fed6e110277c4c92" "/opt/rustwide/cargo-home/bin/cargo" "+1.99.0-beta.8" "build" "--frozen" "--message-format=json" "--release", kill_on_drop: false }`
[INFO] [stderr]    Compiling proc-macro2 v1.0.106
[INFO] [stderr]    Compiling quote v1.0.45
[INFO] [stderr]    Compiling unicode-ident v1.0.24
[INFO] [stderr]    Compiling version_check v0.9.5
[INFO] [stderr]    Compiling zmij v1.0.21
[INFO] [stderr]    Compiling serde v1.0.228
[INFO] [stderr]    Compiling serde_core v1.0.228
[INFO] [stderr]    Compiling serde_json v1.0.149
[INFO] [stderr]    Compiling memchr v2.8.0
[INFO] [stderr]    Compiling itoa v1.0.18
[INFO] [stderr]    Compiling cfg-if v1.0.4
[INFO] [stderr]    Compiling typenum v1.20.0
[INFO] [stderr]    Compiling subtle v2.6.1
[INFO] [stderr]    Compiling autocfg v1.5.0
[INFO] [stderr]    Compiling const-oid v0.9.6
[INFO] [stderr]    Compiling libc v0.2.186
[INFO] [stderr]    Compiling ident_case v1.0.1
[INFO] [stderr]    Compiling strsim v0.11.1
[INFO] [stderr]    Compiling zerocopy v0.8.48
[INFO] [stderr]    Compiling syn v1.0.109
[INFO] [stderr]    Compiling semver v1.0.28
[INFO] [stderr]    Compiling paste v1.0.15
[INFO] [stderr]    Compiling schemars v0.8.22
[INFO] [stderr]    Compiling generic-array v0.14.9
[INFO] [stderr]    Compiling dyn-clone v1.0.20
[INFO] [stderr]    Compiling cpufeatures v0.2.17
[INFO] [stderr]    Compiling data-encoding v2.11.0
[INFO] [stderr]    Compiling ahash v0.8.12
[INFO] [stderr]    Compiling ethnum v1.5.3
[INFO] [stderr]    Compiling escape-bytes v0.1.1
[INFO] [stderr]    Compiling num-traits v0.2.19
[INFO] [stderr]    Compiling once_cell v1.21.4
[INFO] [stderr]    Compiling base16ct v0.2.0
[INFO] [stderr]    Compiling either v1.15.0
[INFO] [stderr]    Compiling rustc_version v0.4.1
[INFO] [stderr]    Compiling itertools v0.10.5
[INFO] [stderr]    Compiling libm v0.2.16
[INFO] [stderr]    Compiling thiserror v1.0.69
[INFO] [stderr]    Compiling equivalent v1.0.2
[INFO] [stderr]    Compiling hashbrown v0.17.1
[INFO] [stderr]    Compiling syn v2.0.117
[INFO] [stderr]    Compiling curve25519-dalek v4.1.3
[INFO] [stderr]    Compiling indexmap-nostd v0.4.0
[INFO] [stderr]    Compiling downcast-rs v1.2.1
[INFO] [stderr]    Compiling indexmap v2.14.0
[INFO] [stderr]    Compiling prettyplease v0.2.37
[INFO] [stderr]    Compiling num-integer v0.1.46
[INFO] [stderr]    Compiling fnv v1.0.7
[INFO] [stderr]    Compiling wasmparser-nostd v0.100.2
[INFO] [stderr]    Compiling heapless v0.8.0
[INFO] [stderr]    Compiling getrandom v0.2.17
[INFO] [stderr]    Compiling crypto-common v0.1.6
[INFO] [stderr]    Compiling block-buffer v0.10.4
[INFO] [stderr]    Compiling num-bigint v0.4.6
[INFO] [stderr]    Compiling byteorder v1.5.0
[INFO] [stderr]    Compiling rand_core v0.6.4
[INFO] [stderr]    Compiling digest v0.10.7
[INFO] [stderr]    Compiling ff v0.13.1
[INFO] [stderr]    Compiling group v0.13.0
[INFO] [stderr]    Compiling smallvec v1.15.1
[INFO] [stderr]    Compiling sha2 v0.10.9
[INFO] [stderr]    Compiling wasmparser v0.116.1
[INFO] [stderr]    Compiling wasmi_core v0.13.0
[INFO] [stderr]    Compiling hex v0.4.3
[INFO] [stderr]    Compiling base64 v0.22.1
[INFO] [stderr]    Compiling wasmi_arena v0.4.1
[INFO] [stderr]    Compiling spin v0.9.8
[INFO] [stderr]    Compiling hash32 v0.3.1
[INFO] [stderr]    Compiling static_assertions v1.1.0
[INFO] [stderr]    Compiling soroban-env-host v25.0.1
[INFO] [stderr]    Compiling stable_deref_trait v1.2.1
[INFO] [stderr]    Compiling keccak v0.1.6
[INFO] [stderr]    Compiling heck v0.5.0
[INFO] [stderr]    Compiling hex-literal v0.4.1
[INFO] [stderr]    Compiling darling_core v0.23.0
[INFO] [stderr]    Compiling darling_core v0.20.11
[INFO] [stderr]    Compiling macro-string v0.1.4
[INFO] [stderr]    Compiling soroban-wasmi v0.31.1-soroban.20.0.1
[INFO] [stderr]    Compiling ark-serialize-derive v0.4.2
[INFO] [stderr]    Compiling ark-ff-macros v0.4.2
[INFO] [stderr]    Compiling ark-ff-asm v0.4.2
[INFO] [stderr]    Compiling derivative v2.2.0
[INFO] [stderr]    Compiling ppv-lite86 v0.2.21
[INFO] [stderr]    Compiling hashbrown v0.13.2
[INFO] [stderr]    Compiling serde_derive v1.0.228
[INFO] [stderr]    Compiling zeroize_derive v1.4.3
[INFO] [stderr]    Compiling cfg_eval v0.1.2
[INFO] [stderr]    Compiling num-derive v0.4.2
[INFO] [stderr]    Compiling thiserror-impl v1.0.69
[INFO] [stderr]    Compiling curve25519-dalek-derive v0.1.1
[INFO] [stderr]    Compiling soroban-builtin-sdk-macros v25.0.1
[INFO] [stderr]    Compiling visibility v0.1.1
[INFO] [stderr]    Compiling rand_chacha v0.3.1
[INFO] [stderr]    Compiling bytes-lit v0.0.5
[INFO] [stderr]    Compiling zeroize v1.8.2
[INFO] [stderr]    Compiling der v0.7.10
[INFO] [stderr]    Compiling rand v0.8.6
[INFO] [stderr]    Compiling darling_macro v0.20.11
[INFO] [stderr]    Compiling crypto-bigint v0.5.5
[INFO] [stderr]    Compiling ark-std v0.4.0
[INFO] [stderr]    Compiling darling v0.20.11
[INFO] [stderr]    Compiling sec1 v0.7.3
[INFO] [stderr]    Compiling signature v2.2.0
[INFO] [stderr]    Compiling ark-serialize v0.4.2
[INFO] [stderr]    Compiling hmac v0.12.1
[INFO] [stderr]    Compiling ed25519 v2.2.3
[INFO] [stderr]    Compiling rfc6979 v0.4.0
[INFO] [stderr]    Compiling ark-ff v0.4.2
[INFO] [stderr]    Compiling sha3 v0.10.9
[INFO] [stderr]    Compiling darling_macro v0.23.0
[INFO] [stderr]    Compiling darling v0.23.0
[INFO] [stderr]    Compiling serde_with_macros v3.20.0
[INFO] [stderr]    Compiling ed25519-dalek v2.2.0
[INFO] [stderr]    Compiling crate-git-revision v0.0.6
[INFO] [stderr]    Compiling stellar-strkey v0.0.13
[INFO] [stderr]    Compiling stellar-xdr v25.0.0
[INFO] [stderr]    Compiling soroban-env-common v25.0.1
[INFO] [stderr]    Compiling stellar-strkey v0.0.16
[INFO] [stderr]    Compiling soroban-sdk v25.3.1
[INFO] [stderr]    Compiling elliptic-curve v0.13.8
[INFO] [stderr]    Compiling ecdsa v0.16.9
[INFO] [stderr]    Compiling primeorder v0.13.6
[INFO] [stderr]    Compiling serde_with v3.20.0
[INFO] [stderr]    Compiling p256 v0.13.2
[INFO] [stderr]    Compiling k256 v0.13.4
[INFO] [stderr]    Compiling ark-poly v0.4.2
[INFO] [stderr]    Compiling ark-ec v0.4.2
[INFO] [stderr]    Compiling ark-bn254 v0.4.0
[INFO] [stderr]    Compiling ark-bls12-381 v0.4.0
[INFO] [stderr]    Compiling soroban-spec v25.3.1
[INFO] [stderr]    Compiling soroban-spec-rust v25.3.1
[INFO] [stderr]    Compiling soroban-env-macros v25.0.1
[INFO] [stderr]    Compiling soroban-sdk-macros v25.3.1
[INFO] [stderr]    Compiling paygate-registry v0.0.0 (/opt/rustwide/workdir/contracts/paygate-registry)
[INFO] [stderr]     Finished `release` profile [optimized] target(s) in 2m 24s
[INFO] running `Command { std: "docker" "inspect" "e62bf2bb5c2af2088d367688961e8ef05dd31359bb9fdca7fed6e110277c4c92", kill_on_drop: false }`
[INFO] running `Command { std: "docker" "exec" "-e" "SOURCE_DIR=/opt/rustwide/workdir" "-e" "CARGO_HOME=/opt/rustwide/cargo-home" "-e" "RUSTUP_HOME=/opt/rustwide/rustup-home" "-e" "CARGO_TARGET_DIR=/opt/rustwide/target" "-e" "CARGO_INCREMENTAL=0" "-e" "RUST_BACKTRACE=full" "-e" "RUSTFLAGS=--cap-lints=warn" "-e" "RUSTDOCFLAGS=--cap-lints=warn" "-w" "/opt/rustwide/workdir" "--user" "0:0" "e62bf2bb5c2af2088d367688961e8ef05dd31359bb9fdca7fed6e110277c4c92" "/opt/rustwide/cargo-home/bin/cargo" "+1.99.0-beta.8" "test" "--frozen" "--no-run" "--message-format=json" "--release", kill_on_drop: false }`
[INFO] [stderr]    Compiling cfg-if v1.0.4
[INFO] [stderr]    Compiling typenum v1.20.0
[INFO] [stderr]    Compiling subtle v2.6.1
[INFO] [stderr]    Compiling const-oid v0.9.6
[INFO] [stderr]    Compiling libc v0.2.186
[INFO] [stderr]    Compiling num-traits v0.2.19
[INFO] [stderr]    Compiling zerocopy v0.8.48
[INFO] [stderr]    Compiling zeroize v1.8.2
[INFO] [stderr]    Compiling serde_core v1.0.228
[INFO] [stderr]    Compiling cpufeatures v0.2.17
[INFO] [stderr]    Compiling base16ct v0.2.0
[INFO] [stderr]    Compiling once_cell v1.21.4
[INFO] [stderr]    Compiling either v1.15.0
[INFO] [stderr]    Compiling zmij v1.0.21
[INFO] [stderr]    Compiling serde_json v1.0.149
[INFO] [stderr]    Compiling memchr v2.8.0
[INFO] [stderr]    Compiling itoa v1.0.18
[INFO] [stderr]    Compiling schemars v0.8.22
[INFO] [stderr]    Compiling data-encoding v2.11.0
[INFO] [stderr]    Compiling dyn-clone v1.0.20
[INFO] [stderr]    Compiling libm v0.2.16
[INFO] [stderr]    Compiling stellar-xdr v25.0.0
[INFO] [stderr]    Compiling der v0.7.10
[INFO] [stderr]    Compiling derive_arbitrary v1.3.2
[INFO] [stderr]    Compiling itertools v0.10.5
[INFO] [stderr]    Compiling equivalent v1.0.2
[INFO] [stderr]    Compiling hashbrown v0.17.1
[INFO] [stderr]    Compiling indexmap-nostd v0.4.0
[INFO] [stderr]    Compiling downcast-rs v1.2.1
[INFO] [stderr]    Compiling soroban-env-common v25.0.1
[INFO] [stderr]    Compiling escape-bytes v0.1.1
[INFO] [stderr]    Compiling smallvec v1.15.1
[INFO] [stderr]    Compiling wasmparser-nostd v0.100.2
[INFO] [stderr]    Compiling stellar-strkey v0.0.13
[INFO] [stderr]    Compiling ethnum v1.5.3
[INFO] [stderr]    Compiling base64 v0.22.1
[INFO] [stderr]    Compiling arbitrary v1.3.2
[INFO] [stderr]    Compiling generic-array v0.14.9
[INFO] [stderr]    Compiling semver v1.0.28
[INFO] [stderr]    Compiling wasmi_arena v0.4.1
[INFO] [stderr]    Compiling spin v0.9.8
[INFO] [stderr]    Compiling soroban-env-host v25.0.1
[INFO] [stderr]    Compiling num-integer v0.1.46
[INFO] [stderr]    Compiling keccak v0.1.6
[INFO] [stderr]    Compiling indexmap v2.14.0
[INFO] [stderr]    Compiling static_assertions v1.1.0
[INFO] [stderr]    Compiling byteorder v1.5.0
[INFO] [stderr]    Compiling thiserror v1.0.69
[INFO] [stderr]    Compiling getrandom v0.2.17
[INFO] [stderr]    Compiling dtor-proc-macro v0.0.6
[INFO] [stderr]    Compiling stable_deref_trait v1.2.1
[INFO] [stderr]    Compiling rand_core v0.6.4
[INFO] [stderr]    Compiling num-bigint v0.4.6
[INFO] [stderr]    Compiling wasmi_core v0.13.0
[INFO] [stderr]    Compiling hash32 v0.3.1
[INFO] [stderr]    Compiling hex-literal v0.4.1
[INFO] [stderr]    Compiling dtor v0.1.1
[INFO] [stderr]    Compiling heapless v0.8.0
[INFO] [stderr]    Compiling soroban-sdk v25.3.1
[INFO] [stderr]    Compiling ff v0.13.1
[INFO] [stderr]    Compiling crypto-common v0.1.6
[INFO] [stderr]    Compiling block-buffer v0.10.4
[INFO] [stderr]    Compiling crypto-bigint v0.5.5
[INFO] [stderr]    Compiling sec1 v0.7.3
[INFO] [stderr]    Compiling digest v0.10.7
[INFO] [stderr]    Compiling group v0.13.0
[INFO] [stderr]    Compiling ctor-proc-macro v0.0.6
[INFO] [stderr]    Compiling soroban-sdk-macros v25.3.1
[INFO] [stderr]    Compiling ctor v0.5.0
[INFO] [stderr]    Compiling signature v2.2.0
[INFO] [stderr]    Compiling sha2 v0.10.9
[INFO] [stderr]    Compiling hmac v0.12.1
[INFO] [stderr]    Compiling curve25519-dalek v4.1.3
[INFO] [stderr]    Compiling sha3 v0.10.9
[INFO] [stderr]    Compiling rfc6979 v0.4.0
[INFO] [stderr]    Compiling ed25519 v2.2.3
[INFO] [stderr]    Compiling stellar-strkey v0.0.16
[INFO] [stderr]    Compiling wasmparser v0.116.1
[INFO] [stderr]    Compiling serde v1.0.228
[INFO] [stderr]    Compiling elliptic-curve v0.13.8
[INFO] [stderr]    Compiling ed25519-dalek v2.2.0
[INFO] [stderr]    Compiling ecdsa v0.16.9
[INFO] [stderr]    Compiling primeorder v0.13.6
[INFO] [stderr]    Compiling hex v0.4.3
[INFO] [stderr]    Compiling p256 v0.13.2
[INFO] [stderr]    Compiling k256 v0.13.4
[INFO] [stderr]    Compiling ppv-lite86 v0.2.21
[INFO] [stderr]    Compiling ahash v0.8.12
[INFO] [stderr]    Compiling soroban-wasmi v0.31.1-soroban.20.0.1
[INFO] [stderr]    Compiling hashbrown v0.13.2
[INFO] [stderr]    Compiling rand_chacha v0.3.1
[INFO] [stderr]    Compiling rand v0.8.6
[INFO] [stderr]    Compiling serde_with v3.20.0
[INFO] [stderr]    Compiling ark-std v0.4.0
[INFO] [stderr]    Compiling ark-serialize v0.4.2
[INFO] [stderr]    Compiling ark-ff v0.4.2
[INFO] [stderr]    Compiling ark-poly v0.4.2
[INFO] [stderr]    Compiling ark-ec v0.4.2
[INFO] [stderr]    Compiling ark-bn254 v0.4.0
[INFO] [stderr]    Compiling ark-bls12-381 v0.4.0
[INFO] [stderr]    Compiling soroban-ledger-snapshot v25.3.1
[INFO] [stderr]    Compiling paygate-registry v0.0.0 (/opt/rustwide/workdir/contracts/paygate-registry)
[INFO] [stderr]     Finished `release` profile [optimized] target(s) in 2m 29s
[INFO] running `Command { std: "docker" "inspect" "e62bf2bb5c2af2088d367688961e8ef05dd31359bb9fdca7fed6e110277c4c92", kill_on_drop: false }`
[INFO] running `Command { std: "docker" "exec" "-e" "SOURCE_DIR=/opt/rustwide/workdir" "-e" "CARGO_HOME=/opt/rustwide/cargo-home" "-e" "RUSTUP_HOME=/opt/rustwide/rustup-home" "-e" "CARGO_TARGET_DIR=/opt/rustwide/target" "-e" "CARGO_INCREMENTAL=0" "-e" "RUST_BACKTRACE=full" "-e" "RUSTFLAGS=--cap-lints=warn" "-e" "RUSTDOCFLAGS=--cap-lints=warn" "-w" "/opt/rustwide/workdir" "--user" "0:0" "e62bf2bb5c2af2088d367688961e8ef05dd31359bb9fdca7fed6e110277c4c92" "/opt/rustwide/cargo-home/bin/cargo" "+1.99.0-beta.8" "test" "--frozen" "--release", kill_on_drop: false }`
[INFO] [stderr]     Finished `release` profile [optimized] target(s) in 0.32s
[INFO] [stderr]      Running unittests src/lib.rs (/opt/rustwide/target/release/deps/paygate_registry-c9a5cfbb5bcc951f)
[INFO] [stdout] 
[INFO] [stdout] running 7 tests
[INFO] [stdout] test test::non_gateway_cannot_record_paid_call ... FAILED
[INFO] [stdout] test test::init_sets_config_once ... FAILED
[INFO] [stdout] test test::gateway_records_paid_call_and_stats ... FAILED
[INFO] [stdout] test test::register_tool_locks_provider_bond_and_updates_stats ... FAILED
[INFO] [stdout] test test::auth_shape_requires_provider_for_registration ... FAILED
[INFO] [stdout] test test::payer_opens_and_admin_resolves_dispute_with_refund ... FAILED
[INFO] [stdout] test test::provider_can_disable_own_tool ... FAILED
[INFO] [stdout] 
[INFO] [stdout] failures:
[INFO] [stdout] 
[INFO] [stdout] ---- test::non_gateway_cannot_record_paid_call stdout ----
[INFO] [stdout] Writing test snapshot file for test "test::non_gateway_cannot_record_paid_call" to "test_snapshots/test/non_gateway_cannot_record_paid_call.1.json".
[INFO] [stdout] 
[INFO] [stdout] thread 'test::non_gateway_cannot_record_paid_call' (3795) panicked at /opt/rustwide/cargo-home/registry/src/index.crates.io-1949cf8c6b5b557f/soroban-sdk-25.3.1/src/env.rs:1970:32:
[INFO] [stdout] called `Result::unwrap()` on an `Err` value: Os { code: 30, kind: ReadOnlyFilesystem, message: "Read-only file system" }
[INFO] [stdout] stack backtrace:
[INFO] [stdout]    0:     0x61b434effc77 - <unknown>
[INFO] [stdout]    1:     0x61b434d97e14 - <unknown>
[INFO] [stdout]    2:     0x61b434eff23b - <unknown>
[INFO] [stdout]    3:     0x61b434efee39 - <unknown>
[INFO] [stdout]    4:     0x61b434efeaba - <unknown>
[INFO] [stdout]    5:     0x61b434efe5f3 - <unknown>
[INFO] [stdout]    6:     0x61b434f24901 - <unknown>
[INFO] [stdout]    7:     0x61b434f248b9 - <unknown>
[INFO] [stdout]    8:     0x61b434f24dbc - <unknown>
[INFO] [stdout]    9:     0x61b434d97cab - <unknown>
[INFO] [stdout]   10:     0x61b434d9b451 - <unknown>
[INFO] [stdout]   11:     0x61b434ec5dde - <unknown>
[INFO] [stdout]   12:     0x61b434d886a0 - <unknown>
[INFO] [stdout]   13:     0x61b434d91bf6 - <unknown>
[INFO] [stdout]   14:     0x61b434f3e2eb - <unknown>
[INFO] [stdout]   15:     0x61b434f39c42 - <unknown>
[INFO] [stdout]   16:     0x61b434f396ec - <unknown>
[INFO] [stdout]   17:     0x61b434f54c1c - <unknown>
[INFO] [stdout]   18:     0x61b434f261fa - <unknown>
[INFO] [stdout]   19:     0x781fb0194dfa - <unknown>
[INFO] [stdout]   20:     0x781fb02283d4 - clone
[INFO] [stdout]   21:                0x0 - <unknown>
[INFO] [stdout] 
[INFO] [stdout] ---- test::init_sets_config_once stdout ----
[INFO] [stdout] Writing test snapshot file for test "test::init_sets_config_once" to "test_snapshots/test/init_sets_config_once.1.json".
[INFO] [stdout] 
[INFO] [stdout] thread 'test::init_sets_config_once' (3794) panicked at /opt/rustwide/cargo-home/registry/src/index.crates.io-1949cf8c6b5b557f/soroban-sdk-25.3.1/src/env.rs:1970:32:
[INFO] [stdout] called `Result::unwrap()` on an `Err` value: Os { code: 30, kind: ReadOnlyFilesystem, message: "Read-only file system" }
[INFO] [stdout] stack backtrace:
[INFO] [stdout]    0:     0x61b434effc77 - <unknown>
[INFO] [stdout]    1:     0x61b434d97e14 - <unknown>
[INFO] [stdout]    2:     0x61b434eff23b - <unknown>
[INFO] [stdout]    3:     0x61b434efee39 - <unknown>
[INFO] [stdout]    4:     0x61b434efeaba - <unknown>
[INFO] [stdout]    5:     0x61b434efe5f3 - <unknown>
[INFO] [stdout]    6:     0x61b434f24901 - <unknown>
[INFO] [stdout]    7:     0x61b434f248b9 - <unknown>
[INFO] [stdout]    8:     0x61b434f24dbc - <unknown>
[INFO] [stdout]    9:     0x61b434d97cab - <unknown>
[INFO] [stdout]   10:     0x61b434d9b451 - <unknown>
[INFO] [stdout]   11:     0x61b434ec5dde - <unknown>
[INFO] [stdout]   12:     0x61b434d886a0 - <unknown>
[INFO] [stdout]   13:     0x61b434d9106e - <unknown>
[INFO] [stdout]   14:     0x61b434f3e2eb - <unknown>
[INFO] [stdout]   15:     0x61b434f39c42 - <unknown>
[INFO] [stdout]   16:     0x61b434f396ec - <unknown>
[INFO] [stdout]   17:     0x61b434f54c1c - <unknown>
[INFO] [stdout]   18:     0x61b434f261fa - <unknown>
[INFO] [stdout]   19:     0x781fb0194dfa - <unknown>
[INFO] [stdout]   20:     0x781fb02283d4 - clone
[INFO] [stdout]   21:                0x0 - <unknown>
[INFO] [stdout] 
[INFO] [stdout] ---- test::gateway_records_paid_call_and_stats stdout ----
[INFO] [stdout] Writing test snapshot file for test "test::gateway_records_paid_call_and_stats" to "test_snapshots/test/gateway_records_paid_call_and_stats.1.json".
[INFO] [stdout] 
[INFO] [stdout] thread 'test::gateway_records_paid_call_and_stats' (3793) panicked at /opt/rustwide/cargo-home/registry/src/index.crates.io-1949cf8c6b5b557f/soroban-sdk-25.3.1/src/env.rs:1970:32:
[INFO] [stdout] called `Result::unwrap()` on an `Err` value: Os { code: 30, kind: ReadOnlyFilesystem, message: "Read-only file system" }
[INFO] [stdout] stack backtrace:
[INFO] [stdout]    0:     0x61b434effc77 - <unknown>
[INFO] [stdout]    1:     0x61b434d97e14 - <unknown>
[INFO] [stdout]    2:     0x61b434eff23b - <unknown>
[INFO] [stdout]    3:     0x61b434efee39 - <unknown>
[INFO] [stdout]    4:     0x61b434efeaba - <unknown>
[INFO] [stdout]    5:     0x61b434efe5f3 - <unknown>
[INFO] [stdout]    6:     0x61b434f24901 - <unknown>
[INFO] [stdout]    7:     0x61b434f248b9 - <unknown>
[INFO] [stdout]    8:     0x61b434f24dbc - <unknown>
[INFO] [stdout]    9:     0x61b434d97cab - <unknown>
[INFO] [stdout]   10:     0x61b434d9b451 - <unknown>
[INFO] [stdout]   11:     0x61b434ec5dde - <unknown>
[INFO] [stdout]   12:     0x61b434d886a0 - <unknown>
[INFO] [stdout]   13:     0x61b434d917b0 - <unknown>
[INFO] [stdout]   14:     0x61b434f3e2eb - <unknown>
[INFO] [stdout]   15:     0x61b434f39c42 - <unknown>
[INFO] [stdout]   16:     0x61b434f396ec - <unknown>
[INFO] [stdout]   17:     0x61b434f54c1c - <unknown>
[INFO] [stdout]   18:     0x61b434f261fa - <unknown>
[INFO] [stdout]   19:     0x781fb0194dfa - <unknown>
[INFO] [stdout]   20:     0x781fb02283d4 - clone
[INFO] [stdout]   21:                0x0 - <unknown>
[INFO] [stdout] 
[INFO] [stdout] ---- test::register_tool_locks_provider_bond_and_updates_stats stdout ----
[INFO] [stdout] Writing test snapshot file for test "test::register_tool_locks_provider_bond_and_updates_stats" to "test_snapshots/test/register_tool_locks_provider_bond_and_updates_stats.1.json".
[INFO] [stdout] 
[INFO] [stdout] thread 'test::register_tool_locks_provider_bond_and_updates_stats' (3798) panicked at /opt/rustwide/cargo-home/registry/src/index.crates.io-1949cf8c6b5b557f/soroban-sdk-25.3.1/src/env.rs:1970:32:
[INFO] [stdout] called `Result::unwrap()` on an `Err` value: Os { code: 30, kind: ReadOnlyFilesystem, message: "Read-only file system" }
[INFO] [stdout] stack backtrace:
[INFO] [stdout]    0:     0x61b434effc77 - <unknown>
[INFO] [stdout]    1:     0x61b434d97e14 - <unknown>
[INFO] [stdout]    2:     0x61b434eff23b - <unknown>
[INFO] [stdout]    3:     0x61b434efee39 - <unknown>
[INFO] [stdout]    4:     0x61b434efeaba - <unknown>
[INFO] [stdout]    5:     0x61b434efe5f3 - <unknown>
[INFO] [stdout]    6:     0x61b434f24901 - <unknown>
[INFO] [stdout]    7:     0x61b434f248b9 - <unknown>
[INFO] [stdout]    8:     0x61b434f24dbc - <unknown>
[INFO] [stdout]    9:     0x61b434d97cab - <unknown>
[INFO] [stdout]   10:     0x61b434d9b451 - <unknown>
[INFO] [stdout]   11:     0x61b434ec5dde - <unknown>
[INFO] [stdout]   12:     0x61b434d886a0 - <unknown>
[INFO] [stdout]   13:     0x61b434d92efd - <unknown>
[INFO] [stdout]   14:     0x61b434f3e2eb - <unknown>
[INFO] [stdout]   15:     0x61b434f39c42 - <unknown>
[INFO] [stdout]   16:     0x61b434f396ec - <unknown>
[INFO] [stdout]   17:     0x61b434f54c1c - <unknown>
[INFO] [stdout]   18:     0x61b434f261fa - <unknown>
[INFO] [stdout]   19:     0x781fb0194dfa - <unknown>
[INFO] [stdout]   20:     0x781fb02283d4 - clone
[INFO] [stdout]   21:                0x0 - <unknown>
[INFO] [stdout] 
[INFO] [stdout] ---- test::auth_shape_requires_provider_for_registration stdout ----
[INFO] [stdout] Writing test snapshot file for test "test::auth_shape_requires_provider_for_registration" to "test_snapshots/test/auth_shape_requires_provider_for_registration.1.json".
[INFO] [stdout] 
[INFO] [stdout] thread 'test::auth_shape_requires_provider_for_registration' (3792) panicked at /opt/rustwide/cargo-home/registry/src/index.crates.io-1949cf8c6b5b557f/soroban-sdk-25.3.1/src/env.rs:1970:32:
[INFO] [stdout] called `Result::unwrap()` on an `Err` value: Os { code: 30, kind: ReadOnlyFilesystem, message: "Read-only file system" }
[INFO] [stdout] stack backtrace:
[INFO] [stdout]    0:     0x61b434effc77 - <unknown>
[INFO] [stdout]    1:     0x61b434d97e14 - <unknown>
[INFO] [stdout]    2:     0x61b434eff23b - <unknown>
[INFO] [stdout]    3:     0x61b434efee39 - <unknown>
[INFO] [stdout]    4:     0x61b434efeaba - <unknown>
[INFO] [stdout]    5:     0x61b434efe5f3 - <unknown>
[INFO] [stdout]    6:     0x61b434f24901 - <unknown>
[INFO] [stdout]    7:     0x61b434f248b9 - <unknown>
[INFO] [stdout]    8:     0x61b434f24dbc - <unknown>
[INFO] [stdout]    9:     0x61b434d97cab - <unknown>
[INFO] [stdout]   10:     0x61b434d9b451 - <unknown>
[INFO] [stdout]   11:     0x61b434ec5dde - <unknown>
[INFO] [stdout]   12:     0x61b434d886a0 - <unknown>
[INFO] [stdout]   13:     0x61b434d92363 - <unknown>
[INFO] [stdout]   14:     0x61b434f3e2eb - <unknown>
[INFO] [stdout]   15:     0x61b434f39c42 - <unknown>
[INFO] [stdout]   16:     0x61b434f396ec - <unknown>
[INFO] [stdout]   17:     0x61b434f54c1c - <unknown>
[INFO] [stdout]   18:     0x61b434f261fa - <unknown>
[INFO] [stdout]   19:     0x781fb0194dfa - <unknown>
[INFO] [stdout]   20:     0x781fb02283d4 - clone
[INFO] [stdout]   21:                0x0 - <unknown>
[INFO] [stdout] 
[INFO] [stdout] ---- test::payer_opens_and_admin_resolves_dispute_with_refund stdout ----
[INFO] [stdout] Writing test snapshot file for test "test::payer_opens_and_admin_resolves_dispute_with_refund" to "test_snapshots/test/payer_opens_and_admin_resolves_dispute_with_refund.1.json".
[INFO] [stdout] 
[INFO] [stdout] thread 'test::payer_opens_and_admin_resolves_dispute_with_refund' (3796) panicked at /opt/rustwide/cargo-home/registry/src/index.crates.io-1949cf8c6b5b557f/soroban-sdk-25.3.1/src/env.rs:1970:32:
[INFO] [stdout] called `Result::unwrap()` on an `Err` value: Os { code: 30, kind: ReadOnlyFilesystem, message: "Read-only file system" }
[INFO] [stdout] stack backtrace:
[INFO] [stdout]    0:     0x61b434effc77 - <unknown>
[INFO] [stdout]    1:     0x61b434d97e14 - <unknown>
[INFO] [stdout]    2:     0x61b434eff23b - <unknown>
[INFO] [stdout]    3:     0x61b434efee39 - <unknown>
[INFO] [stdout]    4:     0x61b434efeaba - <unknown>
[INFO] [stdout]    5:     0x61b434efe5f3 - <unknown>
[INFO] [stdout]    6:     0x61b434f24901 - <unknown>
[INFO] [stdout]    7:     0x61b434f248b9 - <unknown>
[INFO] [stdout]    8:     0x61b434f24dbc - <unknown>
[INFO] [stdout]    9:     0x61b434d97cab - <unknown>
[INFO] [stdout]   10:     0x61b434d9b451 - <unknown>
[INFO] [stdout]   11:     0x61b434ec5dde - <unknown>
[INFO] [stdout]   12:     0x61b434d886a0 - <unknown>
[INFO] [stdout]   13:     0x61b434d92ae3 - <unknown>
[INFO] [stdout]   14:     0x61b434f3e2eb - <unknown>
[INFO] [stdout]   15:     0x61b434f39c42 - <unknown>
[INFO] [stdout]   16:     0x61b434f396ec - <unknown>
[INFO] [stdout]   17:     0x61b434f54c1c - <unknown>
[INFO] [stdout]   18:     0x61b434f261fa - <unknown>
[INFO] [stdout]   19:     0x781fb0194dfa - <unknown>
[INFO] [stdout]   20:     0x781fb02283d4 - clone
[INFO] [stdout]   21:                0x0 - <unknown>
[INFO] [stdout] 
[INFO] [stdout] ---- test::provider_can_disable_own_tool stdout ----
[INFO] [stdout] Writing test snapshot file for test "test::provider_can_disable_own_tool" to "test_snapshots/test/provider_can_disable_own_tool.1.json".
[INFO] [stdout] 
[INFO] [stdout] thread 'test::provider_can_disable_own_tool' (3797) panicked at /opt/rustwide/cargo-home/registry/src/index.crates.io-1949cf8c6b5b557f/soroban-sdk-25.3.1/src/env.rs:1970:32:
[INFO] [stdout] called `Result::unwrap()` on an `Err` value: Os { code: 30, kind: ReadOnlyFilesystem, message: "Read-only file system" }
[INFO] [stdout] stack backtrace:
[INFO] [stdout]    0:     0x61b434effc77 - <unknown>
[INFO] [stdout]    1:     0x61b434d97e14 - <unknown>
[INFO] [stdout]    2:     0x61b434eff23b - <unknown>
[INFO] [stdout]    3:     0x61b434efee39 - <unknown>
[INFO] [stdout]    4:     0x61b434efeaba - <unknown>
[INFO] [stdout]    5:     0x61b434efe5f3 - <unknown>
[INFO] [stdout]    6:     0x61b434f24901 - <unknown>
[INFO] [stdout]    7:     0x61b434f248b9 - <unknown>
[INFO] [stdout]    8:     0x61b434f24dbc - <unknown>
[INFO] [stdout]    9:     0x61b434d97cab - <unknown>
[INFO] [stdout]   10:     0x61b434d9b451 - <unknown>
[INFO] [stdout]   11:     0x61b434ec5dde - <unknown>
[INFO] [stdout]   12:     0x61b434d886a0 - <unknown>
[INFO] [stdout]   13:     0x61b434d91542 - <unknown>
[INFO] [stdout]   14:     0x61b434f3e2eb - <unknown>
[INFO] [stdout]   15:     0x61b434f39c42 - <unknown>
[INFO] [stdout]   16:     0x61b434f396ec - <unknown>
[INFO] [stdout]   17:     0x61b434f54c1c - <unknown>
[INFO] [stdout]   18:     0x61b434f261fa - <unknown>
[INFO] [stdout]   19:     0x781fb0194dfa - <unknown>
[INFO] [stdout]   20:     0x781fb02283d4 - clone
[INFO] [stdout]   21:                0x0 - <unknown>
[INFO] [stdout] 
[INFO] [stdout] 
[INFO] [stdout] failures:
[INFO] [stdout]     test::auth_shape_requires_provider_for_registration
[INFO] [stdout]     test::gateway_records_paid_call_and_stats
[INFO] [stdout]     test::init_sets_config_once
[INFO] [stdout]     test::non_gateway_cannot_record_paid_call
[INFO] [stdout]     test::payer_opens_and_admin_resolves_dispute_with_refund
[INFO] [stdout]     test::provider_can_disable_own_tool
[INFO] [stdout]     test::register_tool_locks_provider_bond_and_updates_stats
[INFO] [stdout] 
[INFO] [stdout] test result: FAILED. 0 passed; 7 failed; 0 ignored; 0 measured; 0 filtered out; finished in 0.14s
[INFO] [stdout] 
[INFO] [stderr] error: test failed, to rerun pass `--lib`
[INFO] running `Command { std: "docker" "inspect" "e62bf2bb5c2af2088d367688961e8ef05dd31359bb9fdca7fed6e110277c4c92", kill_on_drop: false }`
[INFO] running `Command { std: "docker" "rm" "-f" "e62bf2bb5c2af2088d367688961e8ef05dd31359bb9fdca7fed6e110277c4c92", kill_on_drop: false }`
[INFO] [stdout] e62bf2bb5c2af2088d367688961e8ef05dd31359bb9fdca7fed6e110277c4c92
