[INFO] cloning repository https://github.com/eas4ai/rx0-desktop
[INFO] running `Command { std: "git" "-c" "credential.helper=" "-c" "credential.helper=/workspace/cargo-home/bin/git-credential-null" "clone" "--bare" "https://github.com/eas4ai/rx0-desktop" "/workspace/cache/git-repos/https%3A%2F%2Fgithub.com%2Feas4ai%2Frx0-desktop", kill_on_drop: false }`
[INFO] [stderr] Cloning into bare repository '/workspace/cache/git-repos/https%3A%2F%2Fgithub.com%2Feas4ai%2Frx0-desktop'...
[INFO] running `Command { std: "git" "rev-parse" "HEAD", kill_on_drop: false }`
[INFO] [stdout] 5144961571b412bdcc515b5700e005d0f24c5081
[INFO] testing eas4ai/rx0-desktop against 1.100.0-beta.1+cargoflags=--release for beta-release-1.100-2
[INFO] running `Command { std: "git" "clone" "/workspace/cache/git-repos/https%3A%2F%2Fgithub.com%2Feas4ai%2Frx0-desktop" "/workspace/builds/worker-4-tc2/source", kill_on_drop: false }`
[INFO] [stderr] Cloning into '/workspace/builds/worker-4-tc2/source'...
[INFO] [stderr] done.
[INFO] started tweaking git repo https://github.com/eas4ai/rx0-desktop
[INFO] finished tweaking git repo https://github.com/eas4ai/rx0-desktop
[INFO] tweaked toml for git repo https://github.com/eas4ai/rx0-desktop written to /workspace/builds/worker-4-tc2/source/Cargo.toml
[INFO] validating manifest of git repo https://github.com/eas4ai/rx0-desktop on toolchain 1.100.0-beta.1
[INFO] running `Command { std: CARGO_HOME="/workspace/cargo-home" RUSTUP_HOME="/workspace/rustup-home" "/workspace/cargo-home/bin/cargo" "+1.100.0-beta.1" "metadata" "--manifest-path" "Cargo.toml" "--no-deps", kill_on_drop: false }`
[INFO] crate git repo https://github.com/eas4ai/rx0-desktop already has a lockfile, it will not be regenerated
[INFO] running `Command { std: CARGO_HOME="/workspace/cargo-home" RUSTUP_HOME="/workspace/rustup-home" "/workspace/cargo-home/bin/cargo" "+1.100.0-beta.1" "fetch" "--manifest-path" "Cargo.toml", kill_on_drop: false }`
[INFO] [stderr]     Blocking waiting for file lock on package cache
[INFO] [stderr]     Blocking waiting for file lock on package cache
[INFO] running `Command { std: "docker" "create" "-v" "/var/lib/crater-agent-workspace/builds/worker-4-tc2/source:/opt/rustwide/workdir:ro,Z" "-v" "/var/lib/crater-agent-workspace/builds/worker-4-tc2/target:/opt/rustwide/target:rw,Z" "-v" "/var/lib/crater-agent-workspace/cargo-home:/opt/rustwide/cargo-home:ro,Z" "-v" "/var/lib/crater-agent-workspace/rustup-home:/opt/rustwide/rustup-home:ro,Z" "-m" "1610612736" "--network" "none" "ghcr.io/rust-lang/crates-build-env/linux@sha256:77db811e55d90add9212f6832c23229e3de5f1c1f9905e8cb07319ea15df73ac" "sleep" "infinity", kill_on_drop: false }`
[INFO] [stdout] ab453e38956bfaa3311f1c5b80d724ee2652793f6c22eb5faacbecd990b04a07
[INFO] running `Command { std: "docker" "start" "ab453e38956bfaa3311f1c5b80d724ee2652793f6c22eb5faacbecd990b04a07", kill_on_drop: false }`
[INFO] running `Command { std: "docker" "inspect" "ab453e38956bfaa3311f1c5b80d724ee2652793f6c22eb5faacbecd990b04a07", kill_on_drop: false }`
[INFO] running `Command { std: "docker" "exec" "-e" "SOURCE_DIR=/opt/rustwide/workdir" "-e" "CARGO_HOME=/opt/rustwide/cargo-home" "-e" "RUSTUP_HOME=/opt/rustwide/rustup-home" "-e" "CARGO_TARGET_DIR=/opt/rustwide/target" "-w" "/opt/rustwide/workdir" "--user" "0:0" "ab453e38956bfaa3311f1c5b80d724ee2652793f6c22eb5faacbecd990b04a07" "/opt/rustwide/cargo-home/bin/cargo" "+1.100.0-beta.1" "metadata" "--no-deps" "--format-version=1", kill_on_drop: false }`
[INFO] running `Command { std: "docker" "inspect" "ab453e38956bfaa3311f1c5b80d724ee2652793f6c22eb5faacbecd990b04a07", kill_on_drop: false }`
[INFO] running `Command { std: "docker" "exec" "-e" "SOURCE_DIR=/opt/rustwide/workdir" "-e" "CARGO_HOME=/opt/rustwide/cargo-home" "-e" "RUSTUP_HOME=/opt/rustwide/rustup-home" "-e" "CARGO_TARGET_DIR=/opt/rustwide/target" "-e" "CARGO_INCREMENTAL=0" "-e" "RUST_BACKTRACE=full" "-e" "RUSTFLAGS=--cap-lints=warn" "-e" "RUSTDOCFLAGS=--cap-lints=warn" "-w" "/opt/rustwide/workdir" "--user" "0:0" "ab453e38956bfaa3311f1c5b80d724ee2652793f6c22eb5faacbecd990b04a07" "/opt/rustwide/cargo-home/bin/cargo" "+1.100.0-beta.1" "build" "--frozen" "--message-format=json" "--release", kill_on_drop: false }`
[INFO] [stderr]    Compiling cfg-if v1.0.5
[INFO] [stderr]    Compiling proc-macro2 v1.0.107
[INFO] [stderr]    Compiling libc v0.2.189
[INFO] [stderr]    Compiling unicode-ident v1.0.26
[INFO] [stderr]    Compiling quote v1.0.47
[INFO] [stderr]    Compiling typenum v1.20.1
[INFO] [stderr]    Compiling bytes v1.12.1
[INFO] [stderr]    Compiling itoa v1.0.18
[INFO] [stderr]    Compiling pin-project-lite v0.2.17
[INFO] [stderr]    Compiling parking_lot_core v0.9.12
[INFO] [stderr]    Compiling memchr v2.8.3
[INFO] [stderr]    Compiling version_check v0.9.5
[INFO] [stderr]    Compiling smallvec v1.16.1
[INFO] [stderr]    Compiling futures-core v0.3.34
[INFO] [stderr]    Compiling scopeguard v1.2.0
[INFO] [stderr]    Compiling log v0.4.34
[INFO] [stderr]    Compiling serde_core v1.0.229
[INFO] [stderr]    Compiling lock_api v0.4.14
[INFO] [stderr]    Compiling httparse v1.10.1
[INFO] [stderr]    Compiling once_cell v1.21.4
[INFO] [stderr]    Compiling find-msvc-tools v0.1.12
[INFO] [stderr]    Compiling getrandom v0.3.4
[INFO] [stderr]    Compiling zerocopy v0.8.57
[INFO] [stderr]    Compiling shlex v2.0.1
[INFO] [stderr]    Compiling generic-array v0.14.7
[INFO] [stderr]    Compiling serde v1.0.229
[INFO] [stderr]    Compiling crc32fast v1.5.2
[INFO] [stderr]    Compiling futures-sink v0.3.34
[INFO] [stderr]    Compiling thiserror v2.0.20
[INFO] [stderr]    Compiling cc v1.4.6
[INFO] [stderr]    Compiling adler2 v2.0.1
[INFO] [stderr]    Compiling simd-adler32 v0.3.10
[INFO] [stderr]    Compiling unicase v2.9.0
[INFO] [stderr]    Compiling zeroize v1.9.0
[INFO] [stderr]    Compiling cpufeatures v0.2.17
[INFO] [stderr]    Compiling tower-service v0.3.3
[INFO] [stderr]    Compiling const-oid v0.10.2
[INFO] [stderr]    Compiling miniz_oxide v0.9.1
[INFO] [stderr]    Compiling zmij v1.0.23
[INFO] [stderr]    Compiling mime_guess v2.0.5
[INFO] [stderr]    Compiling rustls-pki-types v1.15.1
[INFO] [stderr]    Compiling tracing-core v0.1.36
[INFO] [stderr]    Compiling thiserror v1.0.69
[INFO] [stderr]    Compiling aho-corasick v1.1.5
[INFO] [stderr]    Compiling syn v3.0.6
[INFO] [stderr]    Compiling http v1.5.0
[INFO] [stderr]    Compiling syn v2.0.119
[INFO] [stderr]    Compiling cfg_aliases v0.1.1
[INFO] [stderr]    Compiling bitflags v2.13.2
[INFO] [stderr]    Compiling same-file v1.0.6
[INFO] [stderr]    Compiling cpufeatures v0.3.1
[INFO] [stderr]    Compiling hybrid-array v0.4.15
[INFO] [stderr]    Compiling flate2 v1.1.10
[INFO] [stderr]    Compiling http-body v1.1.0
[INFO] [stderr]    Compiling regex-syntax v0.8.11
[INFO] [stderr]    Compiling utf8parse v0.2.2
[INFO] [stderr]    Compiling percent-encoding v2.3.2
[INFO] [stderr]    Compiling tower-layer v0.3.3
[INFO] [stderr]    Compiling ring v0.17.14
[INFO] [stderr]    Compiling serde_json v1.0.151
[INFO] [stderr]    Compiling slab v0.4.12
[INFO] [stderr]    Compiling untrusted v0.9.0
[INFO] [stderr]    Compiling futures-task v0.3.34
[INFO] [stderr]    Compiling anstyle-parse v1.0.0
[INFO] [stderr]    Compiling walkdir v2.5.0
[INFO] [stderr]    Compiling crypto-common v0.2.2
[INFO] [stderr]    Compiling block-buffer v0.12.1
[INFO] [stderr]    Compiling block-buffer v0.10.4
[INFO] [stderr]    Compiling crypto-common v0.1.7
[INFO] [stderr]    Compiling futures-util v0.3.34
[INFO] [stderr]    Compiling digest v0.10.7
[INFO] [stderr]    Compiling nix v0.28.0
[INFO] [stderr]    Compiling sha1 v0.10.7
[INFO] [stderr]    Compiling errno v0.3.14
[INFO] [stderr]    Compiling mio v1.2.3
[INFO] [stderr]    Compiling parking_lot v0.12.5
[INFO] [stderr]    Compiling signal-hook-registry v1.4.8
[INFO] [stderr]    Compiling socket2 v0.6.5
[INFO] [stderr]    Compiling rand_core v0.9.5
[INFO] [stderr]    Compiling digest v0.11.3
[INFO] [stderr]    Compiling getrandom v0.2.17
[INFO] [stderr]    Compiling sha2 v0.11.0
[INFO] [stderr]    Compiling tracing v0.1.44
[INFO] [stderr]    Compiling futures-channel v0.3.34
[INFO] [stderr]    Compiling is_terminal_polyfill v1.70.2
[INFO] [stderr]    Compiling rustls v0.23.45
[INFO] [stderr]    Compiling mime v0.3.17
[INFO] [stderr]    Compiling compression-core v0.4.33
[INFO] [stderr]    Compiling data-encoding v2.11.1
[INFO] [stderr]    Compiling thiserror-impl v1.0.69
[INFO] [stderr]    Compiling anstyle v1.0.14
[INFO] [stderr]    Compiling atomic-waker v1.1.2
[INFO] [stderr]    Compiling anyhow v1.0.104
[INFO] [stderr]    Compiling anstyle-query v1.1.5
[INFO] [stderr]    Compiling bit-vec v0.8.0
[INFO] [stderr]    Compiling sync_wrapper v1.0.2
[INFO] [stderr]    Compiling colorchoice v1.0.5
[INFO] [stderr]    Compiling httpdate v1.0.3
[INFO] [stderr]    Compiling anstream v1.0.0
[INFO] [stderr]    Compiling compression-codecs v0.4.43
[INFO] [stderr]    Compiling rust-embed-utils v8.12.0
[INFO] [stderr]    Compiling regex-automata v0.4.18
[INFO] [stderr]    Compiling bit-set v0.8.0
[INFO] [stderr]    Compiling form_urlencoded v1.2.2
[INFO] [stderr]    Compiling http-body-util v0.1.5
[INFO] [stderr]    Compiling strsim v0.11.1
[INFO] [stderr]    Compiling unicode-width v0.2.2
[INFO] [stderr]    Compiling heck v0.5.0
[INFO] [stderr]    Compiling ryu v1.0.23
[INFO] [stderr]    Compiling pulldown-cmark v0.10.3
[INFO] [stderr]    Compiling base64 v0.23.1
[INFO] [stderr]    Compiling subtle v2.6.1
[INFO] [stderr]    Compiling clap_lex v1.1.1
[INFO] [stderr]    Compiling axum-core v0.5.6
[INFO] [stderr]    Compiling tokio-macros v2.7.2
[INFO] [stderr]    Compiling serde_derive v1.0.229
[INFO] [stderr]    Compiling thiserror-impl v2.0.20
[INFO] [stderr]    Compiling clap_derive v4.6.7
[INFO] [stderr]    Compiling filedescriptor v0.8.3
[INFO] [stderr]    Compiling ureq-proto v0.6.4
[INFO] [stderr]    Compiling clap_builder v4.6.7
[INFO] [stderr]    Compiling ppv-lite86 v0.2.21
[INFO] [stderr]    Compiling getopts v0.2.24
[INFO] [stderr]    Compiling tokio v1.53.1
[INFO] [stderr]    Compiling rand_chacha v0.9.0
[INFO] [stderr]    Compiling rust-embed-impl v8.12.0
[INFO] [stderr]    Compiling rand v0.9.5
[INFO] [stderr]    Compiling serde_path_to_error v0.1.20
[INFO] [stderr]    Compiling serial2 v0.2.38
[INFO] [stderr]    Compiling webpki-roots v1.0.9
[INFO] [stderr]    Compiling shell-words v1.1.1
[INFO] [stderr]    Compiling matchit v0.8.4
[INFO] [stderr]    Compiling pulldown-cmark-escape v0.10.1
[INFO] [stderr]    Compiling fnv v1.0.7
[INFO] [stderr]    Compiling tungstenite v0.29.0
[INFO] [stderr]    Compiling utf8-zero v0.8.1
[INFO] [stderr]    Compiling base64 v0.22.1
[INFO] [stderr]    Compiling downcast-rs v1.2.1
[INFO] [stderr]    Compiling rust-embed v8.12.0
[INFO] [stderr]    Compiling sha2 v0.10.9
[INFO] [stderr]    Compiling portable-pty v0.9.0
[INFO] [stderr]    Compiling clap v4.6.7
[INFO] [stderr]    Compiling bincode v1.3.3
[INFO] [stderr]    Compiling fancy-regex v0.16.2
[INFO] [stderr]    Compiling serde_urlencoded v0.7.1
[INFO] [stderr]    Compiling regex v1.13.1
[INFO] [stderr]    Compiling syntect v5.3.0
[INFO] [stderr]    Compiling rustls-webpki v0.103.15
[INFO] [stderr]    Compiling hyper v1.11.1
[INFO] [stderr]    Compiling tokio-util v0.7.19
[INFO] [stderr]    Compiling async-compression v0.4.48
[INFO] [stderr]    Compiling tower v0.5.3
[INFO] [stderr]    Compiling tokio-tungstenite v0.29.0
[INFO] [stderr]    Compiling tower-http v0.6.11
[INFO] [stderr]    Compiling hyper-util v0.1.20
[INFO] [stderr]    Compiling axum v0.8.9
[INFO] [stderr]    Compiling ureq v3.4.2
[INFO] [stderr]    Compiling rx0 v0.1.5 (/opt/rustwide/workdir)
[INFO] [stderr]     Finished `release` profile [optimized] target(s) in 1m 31s
[INFO] [stderr] warning: the following packages contain code that will be rejected by a future version of Rust: nix v0.28.0
[INFO] [stderr] note: to see what the problems were, use the option `--future-incompat-report`, or run `cargo report future-incompatibilities --id 2`
[INFO] running `Command { std: "docker" "inspect" "ab453e38956bfaa3311f1c5b80d724ee2652793f6c22eb5faacbecd990b04a07", kill_on_drop: false }`
[INFO] running `Command { std: "docker" "exec" "-e" "SOURCE_DIR=/opt/rustwide/workdir" "-e" "CARGO_HOME=/opt/rustwide/cargo-home" "-e" "RUSTUP_HOME=/opt/rustwide/rustup-home" "-e" "CARGO_TARGET_DIR=/opt/rustwide/target" "-e" "CARGO_INCREMENTAL=0" "-e" "RUST_BACKTRACE=full" "-e" "RUSTFLAGS=--cap-lints=warn" "-e" "RUSTDOCFLAGS=--cap-lints=warn" "-w" "/opt/rustwide/workdir" "--user" "0:0" "ab453e38956bfaa3311f1c5b80d724ee2652793f6c22eb5faacbecd990b04a07" "/opt/rustwide/cargo-home/bin/cargo" "+1.100.0-beta.1" "test" "--frozen" "--no-run" "--message-format=json" "--release", kill_on_drop: false }`
[INFO] [stderr]    Compiling futures-macro v0.3.34
[INFO] [stderr]    Compiling utf-8 v0.7.6
[INFO] [stderr]    Compiling tungstenite v0.26.2
[INFO] [stderr]    Compiling futures-util v0.3.34
[INFO] [stderr]    Compiling tower v0.5.3
[INFO] [stderr]    Compiling tokio-tungstenite v0.29.0
[INFO] [stderr]    Compiling tokio-tungstenite v0.26.2
[INFO] [stderr]    Compiling axum v0.8.9
[INFO] [stderr]    Compiling rx0 v0.1.5 (/opt/rustwide/workdir)
[INFO] [stderr]     Finished `release` profile [optimized] target(s) in 18.81s
[INFO] [stderr] warning: the following packages contain code that will be rejected by a future version of Rust: nix v0.28.0
[INFO] [stderr] note: to see what the problems were, use the option `--future-incompat-report`, or run `cargo report future-incompatibilities --id 2`
[INFO] running `Command { std: "docker" "inspect" "ab453e38956bfaa3311f1c5b80d724ee2652793f6c22eb5faacbecd990b04a07", kill_on_drop: false }`
[INFO] running `Command { std: "docker" "exec" "-e" "SOURCE_DIR=/opt/rustwide/workdir" "-e" "CARGO_HOME=/opt/rustwide/cargo-home" "-e" "RUSTUP_HOME=/opt/rustwide/rustup-home" "-e" "CARGO_TARGET_DIR=/opt/rustwide/target" "-e" "CARGO_INCREMENTAL=0" "-e" "RUST_BACKTRACE=full" "-e" "RUSTFLAGS=--cap-lints=warn" "-e" "RUSTDOCFLAGS=--cap-lints=warn" "-w" "/opt/rustwide/workdir" "--user" "0:0" "ab453e38956bfaa3311f1c5b80d724ee2652793f6c22eb5faacbecd990b04a07" "/opt/rustwide/cargo-home/bin/cargo" "+1.100.0-beta.1" "test" "--frozen" "--release", kill_on_drop: false }`
[INFO] [stderr]     Finished `release` profile [optimized] target(s) in 0.13s
[INFO] [stderr] warning: the following packages contain code that will be rejected by a future version of Rust: nix v0.28.0
[INFO] [stderr] note: to see what the problems were, use the option `--future-incompat-report`, or run `cargo report future-incompatibilities --id 2`
[INFO] [stderr]      Running unittests src/lib.rs (/opt/rustwide/target/release/build/rx0/ef43ae84b90f8098/out/rx0-ef43ae84b90f8098)
[INFO] [stdout] 
[INFO] [stdout] running 112 tests
[INFO] [stdout] test agent::tests::changed_since_maps_both_directions ... ok
[INFO] [stdout] test agent::tests::refs_prompts_and_shell_quoting ... ok
[INFO] [stdout] test agent::tests::line_ranges_clamp ... ok
[INFO] [stdout] test agent::tests::preset_argv_keeps_prompt_last ... ok
[INFO] [stdout] test calls::tests::site_lines_dedupe_and_sort ... ok
[INFO] [stdout] test fuzzy::tests::empty_query_returns_index_order ... ok
[INFO] [stdout] test agent::tests::all_presets_resolve_with_model_flag ... ok
[INFO] [stdout] test git::tests::map_xy_prefers_staged ... ok
[INFO] [stdout] test fuzzy::tests::no_match_gives_empty ... ok
[INFO] [stdout] test calls::tests::call_trail_forged_item ... ok
[INFO] [stdout] test git::tests::parse_new_start_reads_plus_range ... ok
[INFO] [stdout] test git::tests::rel_to_slash_strips_repo_prefix ... ok
[INFO] [stdout] test fuzzy::tests::verbatim_basename_ranks_first ... ok
[INFO] [stdout] test fuzzy::tests::basename_and_boundary_win ... ok
[INFO] [stdout] test agent::tests::detect_lists_one_row_per_preset ... ok
[INFO] [stdout] test fuzzy::tests::positions_stay_within_path ... ok
[INFO] [stdout] test highlight::tests::visual_width_expands_tabs ... ok
[INFO] [stdout] test highlight::tests::raw_lines_split_like_go ... ok
[INFO] [stdout] test highlight::tests::escaping_never_breaks_markup ... ok
[INFO] [stdout] test highlight::tests::cache_memoises_and_evicts ... ok
[INFO] [stdout] test ignore::tests::anchored_path_stays_at_root ... ok
[INFO] [stdout] test ignore::tests::bare_name_matches_at_any_depth ... ok
[INFO] [stdout] test ignore::tests::defaults_cover_tool_dirs_and_artifacts ... ok
[INFO] [stdout] test ignore::tests::dir_only_rule_needs_a_directory ... ok
[INFO] [stdout] test git::tests::unavailable_repo_fails_quiet ... ok
[INFO] [stdout] test ignore::tests::negation_re_includes ... ok
[INFO] [stdout] test ignore::tests::suffix_rule_matches_files_and_dirs ... ok
[INFO] [stdout] test agent::tests::claude_discovers_models ... ok
[INFO] [stdout] test ignore::tests::child_scopes_subdir_rules ... ok
[INFO] [stdout] test ignore::tests::double_star_spans_directories ... ok
[INFO] [stdout] test agent::tests::models_default_to_least_capable ... ok
[INFO] [stdout] test agent::tests::select_persists_and_restores ... ok
[INFO] [stdout] test lsp::tests::frame_rejects_garbage ... ok
[INFO] [stdout] test highlight::tests::lang_detection_names_languages ... ok
[INFO] [stdout] test lsp::tests::close_doc_forgets_uri ... ok
[INFO] [stdout] test lspnav::tests::hover_markup_shapes ... ok
[INFO] [stdout] test lspnav::tests::locations_decode_both_shapes ... ok
[INFO] [stdout] test lspnav::tests::markdown_helpers_match_go ... ok
[INFO] [stdout] test lspnav::tests::utf16_columns_to_bytes ... ok
[INFO] [stdout] test agent::tests::spec_resolution_pins_and_refuses ... ok
[INFO] [stdout] test lspservers::tests::disabled_manager_resolves_nothing ... ok
[INFO] [stdout] test lsp::tests::position_encodings_round_trip ... ok
[INFO] [stdout] test lsp::tests::uri_round_trip ... ok
[INFO] [stdout] test lspservers::tests::install_recipes_well_formed ... ok
[INFO] [stdout] test lspservers::tests::crashed_server_respawns_with_budget ... ok
[INFO] [stdout] test lspservers::tests::install_refusals ... ok
[INFO] [stdout] test lspservers::tests::tree_path_splits_inside_and_outside ... ok
[INFO] [stdout] test lspservers::tests::typescript_language_ids ... ok
[INFO] [stdout] test highlight::tests::windows_cover_ranges_exactly ... ok
[INFO] [stdout] test index::tests::stats_report_counts_and_time ... ok
[INFO] [stdout] test index::tests::ignored_subtree_lists_on_demand ... ok
[INFO] [stdout] test lspservers::tests::look_path_finds_extra_dirs ... ok
[INFO] [stdout] test lspsetup::tests::tail_buffer_keeps_the_end ... ok
[INFO] [stdout] test markdown::tests::headings_slug_like_github ... ok
[INFO] [stdout] test metrics::tests::cpu_totals_reject_truncated_input ... ok
[INFO] [stdout] test metrics::tests::cpu_totals_skip_per_core_lines ... ok
[INFO] [stdout] test markdown::tests::task_list_and_table_shapes ... ok
[INFO] [stdout] test metrics::tests::meminfo_missing_field_is_none ... ok
[INFO] [stdout] test metrics::tests::meminfo_used_is_total_minus_available_in_bytes ... ok
[INFO] [stdout] test metrics::tests::num_threads_reads_field_20_not_starttime ... ok
[INFO] [stdout] test replace::tests::matching_is_case_insensitive_like_find ... ok
[INFO] [stdout] test metrics::tests::cpu_usage_matches_reference_formula ... ok
[INFO] [stdout] test metrics::tests::num_threads_empty_or_truncated_is_zero ... ok
[INFO] [stdout] test replace::tests::multibyte_text_keeps_char_boundaries ... ok
[INFO] [stdout] test replace::tests::rejects_garbage ... ok
[INFO] [stdout] test replace::tests::replaces_named_instances_only ... ok
[INFO] [stdout] test replace::tests::stale_instances_are_skipped_not_forced ... ok
[INFO] [stdout] test index::tests::tree_lists_ignored_dimmed_and_hides_vcs ... ok
[INFO] [stdout] test index::tests::walk_indexes_visible_and_skips_rest ... ok
[INFO] [stdout] test search::tests::binary_probe_checks_nul_prefix ... ok
[INFO] [stdout] test search::tests::snip_keeps_match_in_view ... ok
[INFO] [stdout] test search::tests::snip_caps_long_match_and_post ... ok
[INFO] [stdout] test server::tests::local_post_gate ... ok
[INFO] [stdout] test server::tests::external_allowlist ... ok
[INFO] [stdout] test search::tests::ascii_folding_keeps_offsets ... ok
[INFO] [stdout] test server::tests::resolve_path_allows_relative ... ok
[INFO] [stdout] test server::tests::safe_path_keeps_inside_paths ... ok
[INFO] [stdout] test server::tests::resolve_path_refuses_absolute_without_allowlist ... ok
[INFO] [stdout] test server::tests::safe_path_refuses_escapes ... ok
[INFO] [stdout] test server::tests::safe_path_root_forms ... ok
[INFO] [stdout] test telemetry::tests::buckets_match_go_tiers ... ok
[INFO] [stdout] test settings::tests::merged_defaults_match_go ... ok
[INFO] [stdout] test settings::tests::agent_write_preserves_editor_values ... ok
[INFO] [stdout] test symbols::tests::markdown_headings_carry_level_indent ... ok
[INFO] [stdout] test telemetry::tests::disabled_without_key ... ok
[INFO] [stdout] test settings::tests::raw_save_replaces_and_validates ... ok
[INFO] [stdout] test telemetry::tests::uuid_shape_is_v4 ... ok
[INFO] [stdout] test settings::tests::bridges_sync_both_directions ... ok
[INFO] [stdout] test terminal::tests::default_shell_is_nonempty ... ok
[INFO] [stdout] test terminal::tests::write_without_session_errors ... ok
[INFO] [stdout] test update::tests::asset_name_uses_go_vocabulary ... ok
[INFO] [stdout] test update::tests::checksum_rejects_missing_and_malformed ... ok
[INFO] [stdout] test symbols::tests::go_outline_names_funcs_types_and_vars ... ok
[INFO] [stdout] test terminal::tests::shell_round_trip ... ok
[INFO] [stdout] test update::tests::semver_table_matches_go ... ok
[INFO] [stdout] test update::tests::sha256_known_vector ... ok
[INFO] [stdout] test symbols::tests::rust_outline_and_noise_filter ... ok
[INFO] [stdout] test terminal::tests::stdin_reaches_shell ... ok
[INFO] [stdout] test telemetry::tests::session_lifecycle_hits_stub ... ok
[INFO] [stdout] test telemetry::tests::opt_out_flags ... ok
[INFO] [stdout] test update::tests::fetches_release_from_stub ... ok
[INFO] [stdout] test update::tests::state_round_trips_through_xdg ... ok
[INFO] [stdout] test update::tests::verified_download_accepts_and_rejects ... ok
[INFO] [stdout] test git::tests::status_maps_porcelain_codes ... ok
[INFO] [stdout] test markdown::tests::fence_keeps_shape_and_highlights ... ok
[INFO] [stdout] test git::tests::diff_and_hunks_cover_edit ... ok
[INFO] [stdout] test highlight::tests::multibyte_chars_never_split_tokens ... ok
[INFO] [stdout] test highlight::tests::classes_stay_in_alphabet ... ok
[INFO] [stdout] test git::tests::fully_deleted_file_marks_minus_one ... ok
[INFO] [stdout] test terminal::tests::second_start_refused_and_resize_ok ... ok
[INFO] [stdout] test calls::tests::call_trail ... ok
[INFO] [stdout] test lsp::tests::client_conversation_over_loopback ... ok
[INFO] [stdout] 
[INFO] [stdout] test result: ok. 112 passed; 0 failed; 0 ignored; 0 measured; 0 filtered out; finished in 0.63s
[INFO] [stdout] 
[INFO] [stderr]      Running unittests src/main.rs (/opt/rustwide/target/release/build/rx0/1faf6fcbf347bf01/out/rx0-1faf6fcbf347bf01)
[INFO] [stdout] 
[INFO] [stdout] running 0 tests
[INFO] [stdout] 
[INFO] [stdout] test result: ok. 0 passed; 0 failed; 0 ignored; 0 measured; 0 filtered out; finished in 0.00s
[INFO] [stdout] 
[INFO] [stderr]      Running tests/api.rs (/opt/rustwide/target/release/build/rx0/e9a62d5892a3badd/out/api-e9a62d5892a3badd)
[INFO] [stdout] 
[INFO] [stdout] running 31 tests
[INFO] [stdout] test meta_reports_root_and_version ... FAILED
[INFO] [stdout] test markdown_renders_preview ... ok
[INFO] [stdout] test index_serves_html_shell ... ok
[INFO] [stdout] test agent_unavailable_without_manager ... ok
[INFO] [stdout] test metrics_reports_process_shape ... ok
[INFO] [stdout] test outline_lists_symbols ... ok
[INFO] [stdout] test agent_edit_needs_a_harness ... ok
[INFO] [stdout] test find_ranks_and_limits ... ok
[INFO] [stdout] test lsp_disabled_reports_off ... ok
[INFO] [stdout] test replace_rewrites_named_instances ... ok
[INFO] [stdout] test raw_and_close_round_trip ... ok
[INFO] [stdout] test def_floats_declarations ... ok
[INFO] [stdout] test responses_disable_caching ... ok
[INFO] [stdout] test replace_keeps_file_permissions ... ok
[INFO] [stdout] test diff_gutter_and_badges_over_repo ... ok
[INFO] [stdout] test search_finds_literal_and_snippets ... ok
[INFO] [stdout] test traversal_is_refused_at_handlers ... ok
[INFO] [stdout] test tree_lists_root_and_subdir ... ok
[INFO] [stdout] test reindex_reports_counts ... ok
[INFO] [stdout] test replace_skips_stale_and_guards_the_endpoint ... ok
[INFO] [stdout] test static_bundle_and_joined_themes ... ok
[INFO] [stdout] test tree_missing_dir_is_404 ... ok
[INFO] [stdout] test search_modes_and_filters ... ok
[INFO] [stdout] test unknown_routes_are_json_404 ... ok
[INFO] [stdout] test agent_cancel_and_origin_gate ... ok
[INFO] [stdout] test terminal_ws_shell_round_trip ... ok
[INFO] [stdout] test agent_edit_runs_and_reports_change ... ok
[INFO] [stdout] test file_serves_windows_and_metadata ... ok
[INFO] [stdout] test agent_outside_git_reports_unknown ... ok
[INFO] [stdout] test agent_overlap_rules ... ok
[INFO] [stdout] test settings_get_and_post_round_trip ... ok
[INFO] [stdout] 
[INFO] [stdout] failures:
[INFO] [stdout] 
[INFO] [stdout] ---- meta_reports_root_and_version stdout ----
[INFO] [stdout] 
[INFO] [stdout] thread 'meta_reports_root_and_version' (4000) panicked at tests/api.rs:126:5:
[INFO] [stdout] assertion failed: meta["root"].as_str().unwrap().ends_with("rx0")
[INFO] [stdout] stack backtrace:
[INFO] [stdout]    0:     0x591c15da2411 - <unknown>
[INFO] [stdout]    1:     0x591c15dbb09a - <unknown>
[INFO] [stdout]    2:     0x591c15da7bcc - <unknown>
[INFO] [stdout]    3:     0x591c15d797a6 - <unknown>
[INFO] [stdout]    4:     0x591c15d987e9 - <unknown>
[INFO] [stdout]    5:     0x591c159e9c20 - <unknown>
[INFO] [stdout]    6:     0x591c15d98b12 - <unknown>
[INFO] [stdout]    7:     0x591c15d79884 - <unknown>
[INFO] [stdout]    8:     0x591c15d719b9 - <unknown>
[INFO] [stdout]    9:     0x591c15d7ab2d - <unknown>
[INFO] [stdout]   10:     0x591c15dbb87c - <unknown>
[INFO] [stdout]   11:     0x591c15dbb842 - <unknown>
[INFO] [stdout]   12:     0x591c15973aeb - <unknown>
[INFO] [stdout]   13:     0x591c159c8693 - <unknown>
[INFO] [stdout]   14:     0x591c159bb8fc - <unknown>
[INFO] [stdout]   15:     0x591c159c8b37 - <unknown>
[INFO] [stdout]   16:     0x591c159b429d - <unknown>
[INFO] [stdout]   17:     0x591c159c82a5 - <unknown>
[INFO] [stdout]   18:     0x591c1598757e - <unknown>
[INFO] [stdout]   19:     0x591c159dd06b - <unknown>
[INFO] [stdout]   20:     0x591c159ea245 - <unknown>
[INFO] [stdout]   21:     0x591c159e3b34 - <unknown>
[INFO] [stdout]   22:     0x591c159ed2d2 - <unknown>
[INFO] [stdout]   23:     0x591c15da0e1f - <unknown>
[INFO] [stdout]   24:     0x7c2a1d4cadfa - <unknown>
[INFO] [stdout]   25:     0x7c2a1d55e3d4 - clone
[INFO] [stdout]   26:                0x0 - <unknown>
[INFO] [stdout] 
[INFO] [stdout] 
[INFO] [stdout] failures:
[INFO] [stdout]     meta_reports_root_and_version
[INFO] [stdout] 
[INFO] [stdout] test result: FAILED. 30 passed; 1 failed; 0 ignored; 0 measured; 0 filtered out; finished in 2.50s
[INFO] [stdout] 
[INFO] [stderr] error: test failed, to rerun pass `--test api`
[INFO] running `Command { std: "docker" "inspect" "ab453e38956bfaa3311f1c5b80d724ee2652793f6c22eb5faacbecd990b04a07", kill_on_drop: false }`
[INFO] running `Command { std: "docker" "rm" "-f" "ab453e38956bfaa3311f1c5b80d724ee2652793f6c22eb5faacbecd990b04a07", kill_on_drop: false }`
[INFO] [stdout] ab453e38956bfaa3311f1c5b80d724ee2652793f6c22eb5faacbecd990b04a07
