[INFO] updating cached repository https://github.com/e-trp/video-p2p-mvp
[INFO] running `Command { std: "git" "-c" "credential.helper=" "-c" "credential.helper=/workspace/cargo-home/bin/git-credential-null" "-c" "remote.origin.fetch=refs/heads/*:refs/heads/*" "fetch" "origin" "--force" "--prune", kill_on_drop: false }`
[INFO] running `Command { std: "git" "rev-parse" "HEAD", kill_on_drop: false }`
[INFO] [stdout] 0185449bd0d132fc61dce7cfd0e30e79b7030b8e
[INFO] testing e-trp/video-p2p-mvp/0185449bd0d132fc61dce7cfd0e30e79b7030b8e against 1.100.0-beta.1+cargoflags=--release for beta-release-1.100-2
[INFO] running `Command { std: "git" "clone" "/workspace/cache/git-repos/https%3A%2F%2Fgithub.com%2Fe-trp%2Fvideo-p2p-mvp" "/workspace/builds/worker-1-tc2/source", kill_on_drop: false }`
[INFO] [stderr] Cloning into '/workspace/builds/worker-1-tc2/source'...
[INFO] [stderr] done.
[INFO] started tweaking git repo https://github.com/e-trp/video-p2p-mvp
[INFO] finished tweaking git repo https://github.com/e-trp/video-p2p-mvp
[INFO] tweaked toml for git repo https://github.com/e-trp/video-p2p-mvp written to /workspace/builds/worker-1-tc2/source/Cargo.toml
[INFO] validating manifest of git repo https://github.com/e-trp/video-p2p-mvp on toolchain 1.100.0-beta.1
[INFO] running `Command { std: CARGO_HOME="/workspace/cargo-home" RUSTUP_HOME="/workspace/rustup-home" "/workspace/cargo-home/bin/cargo" "+1.100.0-beta.1" "metadata" "--manifest-path" "Cargo.toml" "--no-deps", kill_on_drop: false }`
[INFO] crate git repo https://github.com/e-trp/video-p2p-mvp already has a lockfile, it will not be regenerated
[INFO] running `Command { std: CARGO_HOME="/workspace/cargo-home" RUSTUP_HOME="/workspace/rustup-home" "/workspace/cargo-home/bin/cargo" "+1.100.0-beta.1" "fetch" "--manifest-path" "Cargo.toml", kill_on_drop: false }`
[INFO] running `Command { std: "docker" "create" "-v" "/var/lib/crater-agent-workspace/builds/worker-1-tc2/source:/opt/rustwide/workdir:ro,Z" "-v" "/var/lib/crater-agent-workspace/builds/worker-1-tc2/target:/opt/rustwide/target:rw,Z" "-v" "/var/lib/crater-agent-workspace/cargo-home:/opt/rustwide/cargo-home:ro,Z" "-v" "/var/lib/crater-agent-workspace/rustup-home:/opt/rustwide/rustup-home:ro,Z" "-m" "1610612736" "--network" "none" "ghcr.io/rust-lang/crates-build-env/linux@sha256:77db811e55d90add9212f6832c23229e3de5f1c1f9905e8cb07319ea15df73ac" "sleep" "infinity", kill_on_drop: false }`
[INFO] [stdout] 4ae98b24d5126bd89b0367e0ea005d2a13709d4f30aafc5161f6008c270ed694
[INFO] running `Command { std: "docker" "start" "4ae98b24d5126bd89b0367e0ea005d2a13709d4f30aafc5161f6008c270ed694", kill_on_drop: false }`
[INFO] running `Command { std: "docker" "inspect" "4ae98b24d5126bd89b0367e0ea005d2a13709d4f30aafc5161f6008c270ed694", kill_on_drop: false }`
[INFO] running `Command { std: "docker" "exec" "-e" "SOURCE_DIR=/opt/rustwide/workdir" "-e" "CARGO_HOME=/opt/rustwide/cargo-home" "-e" "RUSTUP_HOME=/opt/rustwide/rustup-home" "-e" "CARGO_TARGET_DIR=/opt/rustwide/target" "-w" "/opt/rustwide/workdir" "--user" "0:0" "4ae98b24d5126bd89b0367e0ea005d2a13709d4f30aafc5161f6008c270ed694" "/opt/rustwide/cargo-home/bin/cargo" "+1.100.0-beta.1" "metadata" "--no-deps" "--format-version=1", kill_on_drop: false }`
[INFO] running `Command { std: "docker" "inspect" "4ae98b24d5126bd89b0367e0ea005d2a13709d4f30aafc5161f6008c270ed694", kill_on_drop: false }`
[INFO] running `Command { std: "docker" "exec" "-e" "SOURCE_DIR=/opt/rustwide/workdir" "-e" "CARGO_HOME=/opt/rustwide/cargo-home" "-e" "RUSTUP_HOME=/opt/rustwide/rustup-home" "-e" "CARGO_TARGET_DIR=/opt/rustwide/target" "-e" "CARGO_INCREMENTAL=0" "-e" "RUST_BACKTRACE=full" "-e" "RUSTFLAGS=--cap-lints=warn" "-e" "RUSTDOCFLAGS=--cap-lints=warn" "-w" "/opt/rustwide/workdir" "--user" "0:0" "4ae98b24d5126bd89b0367e0ea005d2a13709d4f30aafc5161f6008c270ed694" "/opt/rustwide/cargo-home/bin/cargo" "+1.100.0-beta.1" "build" "--frozen" "--message-format=json" "--release", kill_on_drop: false }`
[INFO] [stderr]    Compiling libc v0.2.185
[INFO] [stderr]    Compiling typenum v1.20.0
[INFO] [stderr]    Compiling subtle v2.6.1
[INFO] [stderr]    Compiling generic-array v0.14.7
[INFO] [stderr]    Compiling const-oid v0.9.6
[INFO] [stderr]    Compiling zeroize_derive v1.4.3
[INFO] [stderr]    Compiling displaydoc v0.2.5
[INFO] [stderr]    Compiling cc v1.2.60
[INFO] [stderr]    Compiling zerofrom v0.1.7
[INFO] [stderr]    Compiling memoffset v0.7.1
[INFO] [stderr]    Compiling yoke v0.8.2
[INFO] [stderr]    Compiling portable-atomic v1.13.1
[INFO] [stderr]    Compiling pem-rfc7468 v0.7.0
[INFO] [stderr]    Compiling zerovec v0.11.6
[INFO] [stderr]    Compiling zeroize v1.8.2
[INFO] [stderr]    Compiling zerotrie v0.2.4
[INFO] [stderr]    Compiling num-traits v0.2.19
[INFO] [stderr]    Compiling der v0.7.10
[INFO] [stderr]    Compiling time-core v0.1.8
[INFO] [stderr]    Compiling num-conv v0.2.1
[INFO] [stderr]    Compiling deranged v0.5.8
[INFO] [stderr]    Compiling tinystr v0.8.3
[INFO] [stderr]    Compiling potential_utf v0.1.5
[INFO] [stderr]    Compiling icu_collections v2.2.0
[INFO] [stderr]    Compiling icu_locale_core v2.2.0
[INFO] [stderr]    Compiling time-macros v0.2.27
[INFO] [stderr]    Compiling ring v0.17.14
[INFO] [stderr]    Compiling block-buffer v0.10.4
[INFO] [stderr]    Compiling block-padding v0.3.3
[INFO] [stderr]    Compiling inout v0.1.4
[INFO] [stderr]    Compiling getrandom v0.2.17
[INFO] [stderr]    Compiling getrandom v0.3.4
[INFO] [stderr]    Compiling parking_lot_core v0.9.12
[INFO] [stderr]    Compiling rand_core v0.6.4
[INFO] [stderr]    Compiling rand_core v0.9.5
[INFO] [stderr]    Compiling errno v0.3.14
[INFO] [stderr]    Compiling crypto-common v0.1.7
[INFO] [stderr]    Compiling signal-hook-registry v1.4.8
[INFO] [stderr]    Compiling digest v0.10.7
[INFO] [stderr]    Compiling rand_chacha v0.9.0
[INFO] [stderr]    Compiling parking_lot v0.12.5
[INFO] [stderr]    Compiling socket2 v0.6.3
[INFO] [stderr]    Compiling mio v1.2.0
[INFO] [stderr]    Compiling rand v0.9.4
[INFO] [stderr]    Compiling nix v0.26.4
[INFO] [stderr]    Compiling tokio v1.52.1
[INFO] [stderr]    Compiling hmac v0.12.1
[INFO] [stderr]    Compiling cipher v0.4.4
[INFO] [stderr]    Compiling icu_provider v2.2.0
[INFO] [stderr]    Compiling universal-hash v0.5.1
[INFO] [stderr]    Compiling spki v0.7.3
[INFO] [stderr]    Compiling icu_properties v2.2.0
[INFO] [stderr]    Compiling time v0.3.47
[INFO] [stderr]    Compiling icu_normalizer v2.2.0
[INFO] [stderr]    Compiling pkcs8 v0.10.2
[INFO] [stderr]    Compiling ff v0.13.1
[INFO] [stderr]    Compiling base16ct v0.2.0
[INFO] [stderr]    Compiling sec1 v0.7.3
[INFO] [stderr]    Compiling group v0.13.0
[INFO] [stderr]    Compiling rusticata-macros v4.1.0
[INFO] [stderr]    Compiling futures-channel v0.3.32
[INFO] [stderr]    Compiling idna_adapter v1.2.1
[INFO] [stderr]    Compiling hkdf v0.12.4
[INFO] [stderr]    Compiling aead v0.5.2
[INFO] [stderr]    Compiling crypto-bigint v0.5.5
[INFO] [stderr]    Compiling asn1-rs-derive v0.5.1
[INFO] [stderr]    Compiling ptr_meta_derive v0.3.1
[INFO] [stderr]    Compiling asn1-rs-impl v0.2.0
[INFO] [stderr]    Compiling semver v1.0.28
[INFO] [stderr]    Compiling slab v0.4.12
[INFO] [stderr]    Compiling crc v3.4.0
[INFO] [stderr]    Compiling futures-util v0.3.32
[INFO] [stderr]    Compiling rustc_version v0.4.1
[INFO] [stderr]    Compiling asn1-rs v0.6.2
[INFO] [stderr]    Compiling ptr_meta v0.3.1
[INFO] [stderr]    Compiling idna v1.1.0
[INFO] [stderr]    Compiling elliptic-curve v0.13.8
[INFO] [stderr]    Compiling ctr v0.9.2
[INFO] [stderr]    Compiling polyval v0.6.2
[INFO] [stderr]    Compiling num-integer v0.1.46
[INFO] [stderr]    Compiling oid-registry v0.7.1
[INFO] [stderr]    Compiling ghash v0.5.1
[INFO] [stderr]    Compiling num-bigint v0.4.6
[INFO] [stderr]    Compiling url v2.5.8
[INFO] [stderr]    Compiling rancor v0.1.1
[INFO] [stderr]    Compiling curve25519-dalek v4.1.3
[INFO] [stderr]    Compiling aes v0.8.4
[INFO] [stderr]    Compiling rfc6979 v0.4.0
[INFO] [stderr]    Compiling signature v2.2.0
[INFO] [stderr]    Compiling cmake v0.1.58
[INFO] [stderr]    Compiling webrtc-util v0.17.1
[INFO] [stderr]    Compiling futures-executor v0.3.32
[INFO] [stderr]    Compiling rustls-pki-types v1.14.0
[INFO] [stderr]    Compiling bytecheck_derive v0.8.2
[INFO] [stderr]    Compiling simdutf8 v0.1.5
[INFO] [stderr]    Compiling der-parser v9.0.0
[INFO] [stderr]    Compiling bytecheck v0.8.2
[INFO] [stderr]    Compiling futures v0.3.32
[INFO] [stderr]    Compiling opusic-sys v0.7.5
[INFO] [stderr]    Compiling aes-gcm v0.10.3
[INFO] [stderr]    Compiling ecdsa v0.16.9
[INFO] [stderr]    Compiling arc-swap v1.9.1
[INFO] [stderr]    Compiling rtp v0.17.1
[INFO] [stderr]    Compiling primeorder v0.13.6
[INFO] [stderr]    Compiling sha1 v0.10.6
[INFO] [stderr]    Compiling md-5 v0.10.6
[INFO] [stderr]    Compiling sha2 v0.10.9
[INFO] [stderr]    Compiling munge_macro v0.4.7
[INFO] [stderr]    Compiling curve25519-dalek-derive v0.1.1
[INFO] [stderr]    Compiling substring v1.4.5
[INFO] [stderr]    Compiling data-encoding v2.10.0
[INFO] [stderr]    Compiling rustls v0.23.39
[INFO] [stderr]    Compiling waitgroup v0.1.2
[INFO] [stderr]    Compiling munge v0.4.7
[INFO] [stderr]    Compiling rtcp v0.17.1
[INFO] [stderr]    Compiling rustls-webpki v0.103.13
[INFO] [stderr]    Compiling stun v0.17.1
[INFO] [stderr]    Compiling x509-parser v0.16.0
[INFO] [stderr]    Compiling rend v0.5.3
[INFO] [stderr]    Compiling getrandom v0.4.2
[INFO] [stderr]    Compiling tokio-util v0.7.18
[INFO] [stderr]    Compiling pem v3.0.6
[INFO] [stderr]    Compiling yasna v0.5.2
[INFO] [stderr]    Compiling chacha20 v0.9.1
[INFO] [stderr]    Compiling poly1305 v0.8.0
[INFO] [stderr]    Compiling socket2 v0.5.10
[INFO] [stderr]    Compiling rkyv_derive v0.8.16
[INFO] [stderr]    Compiling capture-core v0.1.0 (/opt/rustwide/workdir/crates/capture-core)
[INFO] [stderr]    Compiling hashbrown v0.17.0
[INFO] [stderr]    Compiling webrtc-mdns v0.17.1
[INFO] [stderr]    Compiling rcgen v0.13.2
[INFO] [stderr]    Compiling chacha20poly1305 v0.10.1
[INFO] [stderr]    Compiling turn v0.17.1
[INFO] [stderr]    Compiling uuid v1.23.1
[INFO] [stderr]    Compiling serde_json v1.0.149
[INFO] [stderr]    Compiling rkyv v0.8.16
[INFO] [stderr]    Compiling x25519-dalek v2.0.1
[INFO] [stderr]    Compiling webrtc-srtp v0.17.1
[INFO] [stderr]    Compiling p384 v0.13.1
[INFO] [stderr]    Compiling p256 v0.13.2
[INFO] [stderr]    Compiling webrtc-sctp v0.17.1
[INFO] [stderr]    Compiling ccm v0.5.0
[INFO] [stderr]    Compiling cbc v0.1.2
[INFO] [stderr]    Compiling media-codec v0.1.0 (/opt/rustwide/workdir/crates/media-codec)
[INFO] [stderr]    Compiling dtls v0.17.1
[INFO] [stderr]    Compiling opus v0.4.0
[INFO] [stderr]    Compiling interceptor v0.17.1
[INFO] [stderr]    Compiling sdp v0.17.1
[INFO] [stderr]    Compiling webrtc-ice v0.17.1
[INFO] [stderr]    Compiling webrtc-data v0.17.1
[INFO] [stderr]    Compiling webrtc-media v0.17.1
[INFO] [stderr]    Compiling smol_str v0.2.2
[INFO] [stderr]    Compiling capture-macos v0.1.0 (/opt/rustwide/workdir/crates/capture-macos)
[INFO] [stderr]    Compiling unicase v2.9.0
[INFO] [stderr]    Compiling hex v0.4.3
[INFO] [stderr]    Compiling capture-linux v0.1.0 (/opt/rustwide/workdir/crates/capture-linux)
[INFO] [stderr]    Compiling webrtc v0.17.1
[INFO] [stderr]    Compiling transport-webrtc v0.1.0 (/opt/rustwide/workdir/crates/transport-webrtc)
[INFO] [stderr]    Compiling app-core v0.1.0 (/opt/rustwide/workdir/crates/app-core)
[INFO] [stderr]    Compiling p2p-cli v0.1.0 (/opt/rustwide/workdir/apps/cli)
[INFO] [stderr]    Compiling signaling-server v0.1.0 (/opt/rustwide/workdir/crates/signaling-server)
[INFO] [stderr] warning: unused dependency `capture-macos`
[INFO] [stderr]   --> crates/app-core/Cargo.toml:14:1
[INFO] [stderr]    |
[INFO] [stderr] 14 | capture-macos = { path = "../capture-macos" }
[INFO] [stderr]    | ^^^^^^^^^^^^^^^^^^^^^^^^^^^^^^^^^^^^^^^^^^^^^
[INFO] [stderr]    |
[INFO] [stderr]    = note: `cargo::unused_dependencies` is set to `warn` by default
[INFO] [stderr] help: consider removing the dependency on `capture-macos`
[INFO] [stderr] warning: `app-core` (manifest) generated 1 warning
[INFO] [stderr]     Finished `release` profile [optimized] target(s) in 7m 16s
[INFO] [stderr] warning: the following packages contain code that will be rejected by a future version of Rust: bytecheck v0.8.2, rkyv v0.8.16
[INFO] [stderr] note: to see what the problems were, use the option `--future-incompat-report`, or run `cargo report future-incompatibilities --id 4`
[INFO] running `Command { std: "docker" "inspect" "4ae98b24d5126bd89b0367e0ea005d2a13709d4f30aafc5161f6008c270ed694", kill_on_drop: false }`
[INFO] running `Command { std: "docker" "exec" "-e" "SOURCE_DIR=/opt/rustwide/workdir" "-e" "CARGO_HOME=/opt/rustwide/cargo-home" "-e" "RUSTUP_HOME=/opt/rustwide/rustup-home" "-e" "CARGO_TARGET_DIR=/opt/rustwide/target" "-e" "CARGO_INCREMENTAL=0" "-e" "RUST_BACKTRACE=full" "-e" "RUSTFLAGS=--cap-lints=warn" "-e" "RUSTDOCFLAGS=--cap-lints=warn" "-w" "/opt/rustwide/workdir" "--user" "0:0" "4ae98b24d5126bd89b0367e0ea005d2a13709d4f30aafc5161f6008c270ed694" "/opt/rustwide/cargo-home/bin/cargo" "+1.100.0-beta.1" "test" "--frozen" "--no-run" "--message-format=json" "--release", kill_on_drop: false }`
[INFO] [stderr]    Compiling capture-macos v0.1.0 (/opt/rustwide/workdir/crates/capture-macos)
[INFO] [stderr]    Compiling media-codec v0.1.0 (/opt/rustwide/workdir/crates/media-codec)
[INFO] [stderr]    Compiling capture-linux v0.1.0 (/opt/rustwide/workdir/crates/capture-linux)
[INFO] [stderr]    Compiling transport-webrtc v0.1.0 (/opt/rustwide/workdir/crates/transport-webrtc)
[INFO] [stderr]    Compiling app-core v0.1.0 (/opt/rustwide/workdir/crates/app-core)
[INFO] [stderr]    Compiling p2p-cli v0.1.0 (/opt/rustwide/workdir/apps/cli)
[INFO] [stderr]    Compiling signaling-server v0.1.0 (/opt/rustwide/workdir/crates/signaling-server)
[INFO] [stderr]    Compiling capture-core v0.1.0 (/opt/rustwide/workdir/crates/capture-core)
[INFO] [stderr] warning: unused dependency `capture-macos`
[INFO] [stderr]   --> crates/app-core/Cargo.toml:14:1
[INFO] [stderr]    |
[INFO] [stderr] 14 | capture-macos = { path = "../capture-macos" }
[INFO] [stderr]    | ^^^^^^^^^^^^^^^^^^^^^^^^^^^^^^^^^^^^^^^^^^^^^
[INFO] [stderr]    |
[INFO] [stderr]    = note: `cargo::unused_dependencies` is set to `warn` by default
[INFO] [stderr] help: consider removing the dependency on `capture-macos`
[INFO] [stderr] warning: `app-core` (manifest) generated 1 warning
[INFO] [stderr]     Finished `release` profile [optimized] target(s) in 1m 33s
[INFO] [stderr] warning: the following packages contain code that will be rejected by a future version of Rust: bytecheck v0.8.2, rkyv v0.8.16
[INFO] [stderr] note: to see what the problems were, use the option `--future-incompat-report`, or run `cargo report future-incompatibilities --id 4`
[INFO] running `Command { std: "docker" "inspect" "4ae98b24d5126bd89b0367e0ea005d2a13709d4f30aafc5161f6008c270ed694", kill_on_drop: false }`
[INFO] running `Command { std: "docker" "exec" "-e" "SOURCE_DIR=/opt/rustwide/workdir" "-e" "CARGO_HOME=/opt/rustwide/cargo-home" "-e" "RUSTUP_HOME=/opt/rustwide/rustup-home" "-e" "CARGO_TARGET_DIR=/opt/rustwide/target" "-e" "CARGO_INCREMENTAL=0" "-e" "RUST_BACKTRACE=full" "-e" "RUSTFLAGS=--cap-lints=warn" "-e" "RUSTDOCFLAGS=--cap-lints=warn" "-w" "/opt/rustwide/workdir" "--user" "0:0" "4ae98b24d5126bd89b0367e0ea005d2a13709d4f30aafc5161f6008c270ed694" "/opt/rustwide/cargo-home/bin/cargo" "+1.100.0-beta.1" "test" "--frozen" "--release", kill_on_drop: false }`
[INFO] [stderr] warning: unused dependency `capture-macos`
[INFO] [stderr]   --> crates/app-core/Cargo.toml:14:1
[INFO] [stderr]    |
[INFO] [stderr] 14 | capture-macos = { path = "../capture-macos" }
[INFO] [stderr]    | ^^^^^^^^^^^^^^^^^^^^^^^^^^^^^^^^^^^^^^^^^^^^^
[INFO] [stderr]    |
[INFO] [stderr]    = note: `cargo::unused_dependencies` is set to `warn` by default
[INFO] [stderr] help: consider removing the dependency on `capture-macos`
[INFO] [stderr] warning: `app-core` (manifest) generated 1 warning
[INFO] [stderr]     Finished `release` profile [optimized] target(s) in 0.36s
[INFO] [stderr] warning: the following packages contain code that will be rejected by a future version of Rust: bytecheck v0.8.2, rkyv v0.8.16
[INFO] [stderr] note: to see what the problems were, use the option `--future-incompat-report`, or run `cargo report future-incompatibilities --id 4`
[INFO] [stderr]      Running unittests src/lib.rs (/opt/rustwide/target/release/build/app-core/6f4c872a022deef8/out/app_core-6f4c872a022deef8)
[INFO] [stdout] 
[INFO] [stdout] running 62 tests
[INFO] [stdout] test app::tests::webrtc_host_flag_enables_debug_capture ... ok
[INFO] [stdout] test ice_servers::tests::parse_ice_server_entries_rejects_partial_turn_credentials ... ok
[INFO] [stdout] test capture_catalog::tests::selected_source_label_uses_catalog_source_label ... ok
[INFO] [stdout] test ice_servers::tests::format_ice_server_entries_roundtrips ... ok
[INFO] [stdout] test capture_catalog::tests::permission_state_description_is_stable ... ok
[INFO] [stdout] test app::tests::webrtc_host_defaults_debug_capture_to_disabled ... ok
[INFO] [stdout] test app::tests::webrtc_viewer_parses_repeatable_ice_server_flags ... ok
[INFO] [stdout] test ice_servers::tests::parse_ice_server_entries_accepts_stun_and_turn_lines ... ok
[INFO] [stdout] test capture_catalog::tests::current_platform_catalog_has_backend_name ... ok
[INFO] [stdout] test ice_servers::tests::parse_ice_server_entries_rejects_unsupported_url_schemes ... ok
[INFO] [stdout] test ice_servers::tests::summarize_ice_server_entries_reports_auth_usage ... ok
[INFO] [stdout] test protocol::tests::decode_signaling_message_rejects_invalid_payloads ... ok
[INFO] [stdout] test preferences::tests::preferences_roundtrip_preserves_special_characters ... ok
[INFO] [stdout] test preferences::tests::store_loads_saved_preferences ... ok
[INFO] [stdout] test protocol::tests::parse_join_and_peer_messages_cover_waiting_peer_and_error_paths ... ok
[INFO] [stdout] test protocol::tests::roundtrip_ice_envelope ... ok
[INFO] [stdout] test protocol::tests::roundtrip_sdp_envelope ... ok
[INFO] [stdout] test media_pipeline::tests::blocked_capture_exits_worker_and_preserves_permission_status ... ok
[INFO] [stdout] test session::tests::capture_stream_status_and_error_events_are_logged ... ok
[INFO] [stdout] test media_pipeline::tests::worker_rejects_stale_source_even_before_a_peer_connects ... ok
[INFO] [stdout] test session::tests::disconnected_signaling_marks_reconnect_as_recommended ... ok
[INFO] [stdout] test session::tests::capture_publish_rejects_mismatched_source_id ... ok
[INFO] [stdout] test session::tests::graceful_signaling_close_preserves_viewer_state_until_manual_reconnect ... ok
[INFO] [stdout] test session::tests::host_rebind_helper_uses_first_available_source ... ok
[INFO] [stdout] test session::tests::changing_audio_selection_stops_native_capture_and_rejects_stale_media ... ok
[INFO] [stdout] test session::tests::debug_capture_publish_respects_audio_toggle ... ok
[INFO] [stdout] test session::tests::capture_publish_rejects_audio_when_selection_disables_it ... ok
[INFO] [stdout] test session::tests::host_session_updates_state ... ok
[INFO] [stdout] test session::tests::host_refresh_auto_creates_offer_after_signaling_connects ... ok
[INFO] [stdout] test session::tests::host_session_ingests_capture_stream_media_events ... ok
[INFO] [stdout] test session::tests::host_start_auto_selects_default_capture_source_when_none_chosen ... ok
[INFO] [stdout] test session::tests::local_demo_starts_without_signaling ... ok
[INFO] [stdout] test session::tests::publish_debug_capture_requires_selected_source ... ok
[INFO] [stdout] test session::tests::native_capture_runtime_rejects_viewer_sessions ... ok
[INFO] [stdout] test session::tests::reconnect_rejects_idle_session ... ok
[INFO] [stdout] test session::tests::playback_viewer_relays_signals_and_rejects_stale_or_stopped_callbacks ... ok
[INFO] [stdout] test session::tests::host_session_can_publish_debug_capture_media ... ok
[INFO] [stdout] test session::tests::reset_returns_idle_state ... ok
[INFO] [stdout] test session::tests::selecting_capture_source_updates_source_label ... ok
[INFO] [stdout] test session::tests::host_session_can_start_and_poll_native_capture_runtime ... ok
[INFO] [stdout] test session::tests::session_manager_rejects_zero_refresh_interval ... ok
[INFO] [stdout] test session::tests::session_manager_persists_ui_preferences ... ok
[INFO] [stdout] test session::tests::session_manager_restores_persisted_preferences ... ok
[INFO] [stdout] test session::tests::reconnect_uses_updated_ice_server_configuration ... ok
[INFO] [stdout] test session::tests::reset_restores_persisted_preferences_after_runtime_changes ... ok
[INFO] [stdout] test session::tests::stop_keeps_history ... ok
[INFO] [stdout] test media_pipeline::tests::capture_is_drained_without_gui_polling_and_stop_joins_the_worker ... ok
[INFO] [stdout] test session::tests::stopped_host_session_can_reconnect_with_existing_config ... ok
[INFO] [stdout] test signaling::tests::complete_final_line_precedes_truncated_tail_error ... ok
[INFO] [stdout] test session::tests::viewer_session_updates_state ... ok
[INFO] [stdout] test signaling::tests::fragmented_messages_are_completed_while_connection_is_open ... ok
[INFO] [stdout] test signaling::tests::final_events_are_delivered_once_before_closed_connection_error ... ok
[INFO] [stdout] test signaling::tests::final_server_rejection_keeps_its_reason ... ok
[INFO] [stdout] test viewer::tests::bridge_preserves_offer_ice_order_and_bounds_pending_signals ... ok
[INFO] [stdout] test session::tests::stopped_viewer_session_reconnects_with_updated_config ... ok
[INFO] [stdout] test signaling::tests::idle_connection_stays_available_until_server_closes ... ok
[INFO] [stdout] test signaling::tests::incomplete_final_message_is_rejected ... ok
[INFO] [stdout] test signaling::tests::tcp_eof_reports_closed_connection ... ok
[INFO] [stdout] test session::tests::graceful_signaling_close_exposes_recovery_and_releases_connection_once ... ok
[INFO] [stdout] test viewer::tests::reports_reject_invalid_state_and_keep_media_counters_monotonic ... ok
[INFO] [stdout] test viewer::tests::terminal_failure_rejects_delayed_reports_and_signals ... ok
[INFO] [stdout] test session::tests::late_join_replay_drives_host_and_viewer_to_negotiated_webrtc ... ok
[INFO] [stdout] 
[INFO] [stdout] test result: ok. 62 passed; 0 failed; 0 ignored; 0 measured; 0 filtered out; finished in 0.21s
[INFO] [stdout] 
[INFO] [stderr]      Running tests/host_viewer_flow.rs (/opt/rustwide/target/release/build/app-core/5f7caaf81fa2b9a6/out/host_viewer_flow-5f7caaf81fa2b9a6)
[INFO] [stdout] 
[INFO] [stdout] running 3 tests
[INFO] [stdout] test late_viewer_join_replays_offer_over_real_tcp_signaling ... ok
[INFO] [stdout] test host_and_viewer_negotiate_over_real_tcp_signaling ... ok
[INFO] [stderr]      Running unittests src/lib.rs (/opt/rustwide/target/release/build/capture-core/8fd10db91427de3a/out/capture_core-8fd10db91427de3a)
[INFO] [stdout] test late_viewer_join_waits_for_delayed_server_registration ... ok
[INFO] [stdout] 
[INFO] [stdout] test result: ok. 3 passed; 0 failed; 0 ignored; 0 measured; 0 filtered out; finished in 0.51s
[INFO] [stdout] 
[INFO] [stdout] 
[INFO] [stdout] running 6 tests
[INFO] [stdout] test tests::stream_config_exposes_selection_helpers ... ok
[INFO] [stdout] test tests::stream_error_displays_message ... ok
[INFO] [stdout] test tests::stream_events_expose_optional_source_identity ... ok
[INFO] [stdout] test tests::stream_runtime_contract_drains_events_and_tracks_status ... ok
[INFO] [stdout] test tests::capture_source_label_prefers_app_name_when_present ... ok
[INFO] [stdout] test tests::capture_payloads_keep_declared_shape ... ok
[INFO] [stdout] 
[INFO] [stdout] test result: ok. 6 passed; 0 failed; 0 ignored; 0 measured; 0 filtered out; finished in 0.00s
[INFO] [stdout] 
[INFO] [stderr]      Running unittests src/lib.rs (/opt/rustwide/target/release/build/capture-linux/534aebd04a510997/out/capture_linux-534aebd04a510997)
[INFO] [stdout] 
[INFO] [stdout] running 16 tests
[INFO] [stdout] test tests::permission_probe_maps_runtime_errors ... ok
[INFO] [stdout] test tests::planned_bridge_reports_native_boundary_without_media_samples ... ok
[INFO] [stdout] test tests::native_stream_settings_normalize_capture_config_for_bridge ... ok
[INFO] [stdout] test tests::parse_window_listing_skips_rows_without_title ... ok
[INFO] [stdout] test tests::runtime_polls_injected_bridge_events_and_updates_status ... ok
[INFO] [stdout] test tests::runtime_start_plan_allows_bridge_start_when_permission_is_granted ... ok
[INFO] [stdout] test tests::runtime_hands_normalized_settings_to_injected_bridge ... ok
[INFO] [stdout] test tests::planned_runtime_reports_permission_required_until_bridge_exists ... ok
[INFO] [stdout] test tests::runtime_start_plan_rejects_missing_source ... ok
[INFO] [stdout] test tests::make_source_id_keeps_window_identity ... ok
[INFO] [stdout] test tests::runtime_marks_failed_when_injected_bridge_start_fails ... ok
[INFO] [stdout] test tests::blueprint_exposes_required_permission_and_example_sources ... ok
[INFO] [stdout] test tests::runtime_start_plan_preserves_denied_portal_status ... ok
[INFO] [stdout] test tests::runtime_start_plan_requires_portal_permission ... ok
[INFO] [stdout] test tests::slugify_normalizes_linux_runtime_source_identifiers ... ok
[INFO] [stdout] test tests::parse_window_listing_maps_wmctrl_rows ... ok
[INFO] [stderr]      Running unittests src/lib.rs (/opt/rustwide/target/release/build/capture-macos/bce8037f1cecc899/out/capture_macos-bce8037f1cecc899)
[INFO] [stdout] 
[INFO] [stdout] test result: ok. 16 passed; 0 failed; 0 ignored; 0 measured; 0 filtered out; finished in 0.04s
[INFO] [stdout] 
[INFO] [stdout] 
[INFO] [stdout] running 15 tests
[INFO] [stdout] test tests::permission_state_description_is_stable ... ok
[INFO] [stdout] test tests::permission_resolution_keeps_context_when_access_is_not_granted ... ok
[INFO] [stdout] test tests::planned_bridge_reports_native_boundary_without_media_samples ... ok
[INFO] [stdout] test tests::runtime_hands_normalized_settings_to_injected_bridge ... ok
[INFO] [stdout] test native::tests::malformed_samples_and_nonfinite_audio_become_errors ... ok
[INFO] [stdout] test native::tests::native_samples_preserve_bgra_and_interleaved_pcm_timing ... ok
[INFO] [stdout] test tests::runtime_start_plan_preserves_denied_screen_recording_status ... ok
[INFO] [stdout] test native::tests::native_targets_use_os_identity_and_display_for_applications ... ok
[INFO] [stdout] test tests::native_stream_settings_normalize_capture_config_for_bridge ... ok
[INFO] [stdout] test tests::runtime_polls_injected_bridge_events_and_updates_status ... ok
[INFO] [stdout] test tests::blueprint_exposes_permission_state_and_example_sources ... ok
[INFO] [stdout] test tests::runtime_marks_failed_when_injected_bridge_start_fails ... ok
[INFO] [stdout] test tests::runtime_start_plan_allows_bridge_start_after_permission ... ok
[INFO] [stdout] test tests::runtime_start_plan_rejects_missing_source ... ok
[INFO] [stderr]      Running unittests src/lib.rs (/opt/rustwide/target/release/build/media-codec/1155ca45c33bf04a/out/media_codec-1155ca45c33bf04a)
[INFO] [stdout] test tests::runtime_start_plan_requires_screen_recording_permission ... ok
[INFO] [stdout] 
[INFO] [stdout] test result: ok. 15 passed; 0 failed; 0 ignored; 0 measured; 0 filtered out; finished in 0.00s
[INFO] [stdout] 
[INFO] [stdout] 
[INFO] [stdout] running 5 tests
[INFO] [stdout] test audio::tests::malformed_audio_is_rejected_without_poisoning_encoder_state ... ok
[INFO] [stderr]      Running unittests src/main.rs (/opt/rustwide/target/release/build/p2p-cli/6522435c53afd511/out/p2p_cli-6522435c53afd511)
[INFO] [stdout] test video::tests::invalid_raw_frames_are_rejected_before_encoding ... ok
[INFO] [stdout] test audio::tests::arbitrary_capture_buffers_form_decodable_twenty_millisecond_packets ... ok
[INFO] [stdout] test video::tests::unsupported_backend_is_explicit ... ok
[INFO] [stdout] test audio::tests::gaps_drop_partial_pcm_instead_of_mixing_unrelated_timestamps ... ok
[INFO] [stdout] 
[INFO] [stdout] test result: ok. 5 passed; 0 failed; 0 ignored; 0 measured; 0 filtered out; finished in 0.00s
[INFO] [stdout] 
[INFO] [stdout] 
[INFO] [stdout] running 0 tests
[INFO] [stdout] 
[INFO] [stdout] test result: ok. 0 passed; 0 failed; 0 ignored; 0 measured; 0 filtered out; finished in 0.00s
[INFO] [stdout] 
[INFO] [stderr]      Running unittests src/main.rs (/opt/rustwide/target/release/build/signaling-server/168b29a462fa8a9d/out/signaling_server-168b29a462fa8a9d)
[INFO] [stdout] 
[INFO] [stdout] running 6 tests
[INFO] [stdout] test tests::relay_sends_message_to_paired_peer ... ok
[INFO] [stdout] test tests::late_peer_receives_replayed_signaling_history ... ok
[INFO] [stdout] test tests::failed_pairing_or_replay_preserves_opposite_peer_and_history ... ok
[INFO] [stdout] test tests::failed_waiting_write_releases_room_and_allows_retry ... ok
[INFO] [stdout] test tests::rejected_clients_cannot_relay_or_remove_registered_peers ... ok
[INFO] [stdout] test tests::accepted_client_relays_then_disconnects_without_removing_opposite_peer ... ok
[INFO] [stdout] 
[INFO] [stdout] test result: ok. 6 passed; 0 failed; 0 ignored; 0 measured; 0 filtered out; finished in 0.01s
[INFO] [stdout] 
[INFO] [stderr]      Running unittests src/lib.rs (/opt/rustwide/target/release/build/transport-webrtc/8641dde2d8c8f06a/out/transport_webrtc-8641dde2d8c8f06a)
[INFO] [stdout] 
[INFO] [stdout] running 10 tests
[INFO] [stdout] test keyframe::tests::only_video_pli_and_addressed_fir_request_a_keyframe ... ok
[INFO] [stdout] test keyframe::tests::feedback_during_publication_survives_and_disconnect_clears_pending_work ... ok
[INFO] [stdout] test tests::host_role_can_publish_placeholder_audio_and_video_samples ... ok
[INFO] [stdout] test tests::host_role_can_publish_capture_core_payloads ... ok
[INFO] [stdout] test keyframe::tests::bursts_wait_for_the_cooldown_and_clear_only_after_publication ... ok
[INFO] [stdout] test tests::encoded_publication_requires_valid_packets_and_a_connected_host ... ok
[INFO] [stdout] test tests::viewer_role_starts_without_local_media_publishers ... ok
[INFO] [stdout] test tests::host_role_attaches_h264_and_opus_tracks ... ok
[INFO] [stdout] test tests::browser_mdns_answer_connects_through_authenticated_peer_reflexive_checks ... FAILED
[INFO] [stdout] test tests::keyframe_feedback_crosses_srtcp_and_ignores_audio_and_duplicate_fir ... FAILED
[INFO] [stdout] 
[INFO] [stdout] failures:
[INFO] [stdout] 
[INFO] [stdout] ---- tests::browser_mdns_answer_connects_through_authenticated_peer_reflexive_checks stdout ----
[INFO] [stdout] 
[INFO] [stdout] thread 'tests::browser_mdns_answer_connects_through_authenticated_peer_reflexive_checks' (4728) panicked at crates/transport-webrtc/src/lib.rs:1279:13:
[INFO] [stdout] mDNS-only answer never connected
[INFO] [stdout] stack backtrace:
[INFO] [stdout]    0:     0x57affe375411 - <<std[617be2ca0a6fd877]::sys::backtrace::BacktraceLock>::print::DisplayBacktrace as core[a373ad73a504971]::fmt::Display>::fmt
[INFO] [stdout]    1:     0x57affe38d81a - core[a373ad73a504971]::fmt::write
[INFO] [stdout]    2:     0x57affe379c3c - <alloc[2e1b2a31b91974c5]::vec::Vec<u8> as core[a373ad73a504971]::io::write::Write>::write_fmt
[INFO] [stdout]    3:     0x57affe350896 - std[617be2ca0a6fd877]::panicking::default_hook::{closure#0}
[INFO] [stdout]    4:     0x57affe36d3a9 - std[617be2ca0a6fd877]::panicking::default_hook
[INFO] [stdout]    5:     0x57affdf12dd0 - test[aada8e7e76ba119b]::test_main_inner::{closure#0}
[INFO] [stdout]    6:     0x57affe36d6d2 - std[617be2ca0a6fd877]::panicking::panic_with_hook
[INFO] [stdout]    7:     0x57affe350974 - std[617be2ca0a6fd877]::panicking::panic_handler::{closure#0}
[INFO] [stdout]    8:     0x57affe3495a9 - std[617be2ca0a6fd877]::sys::backtrace::__rust_end_short_backtrace::<std[617be2ca0a6fd877]::panicking::panic_handler::{closure#0}, !>
[INFO] [stdout]    9:     0x57affe35173d - __rustc[ea4f61d10b84890b]::rust_begin_unwind
[INFO] [stdout]   10:     0x57affe38df7c - core[a373ad73a504971]::panicking::panic_fmt
[INFO] [stdout]   11:     0x57affdeeb84a - <transport_webrtc[a171557354f2696f]::tests::browser_mdns_answer_connects_through_authenticated_peer_reflexive_checks::{closure#0} as core[a373ad73a504971]::ops::function::FnOnce<()>>::call_once
[INFO] [stdout]   12:     0x57affdf0621b - test[aada8e7e76ba119b]::__rust_begin_short_backtrace::<core[a373ad73a504971]::result::Result<(), alloc[2e1b2a31b91974c5]::string::String>, fn() -> core[a373ad73a504971]::result::Result<(), alloc[2e1b2a31b91974c5]::string::String>>
[INFO] [stdout]   13:     0x57affdf133f5 - test[aada8e7e76ba119b]::run_test::{closure#0}
[INFO] [stdout]   14:     0x57affdf0cce4 - std[617be2ca0a6fd877]::sys::backtrace::__rust_begin_short_backtrace::<test[aada8e7e76ba119b]::run_test::{closure#1}, ()>
[INFO] [stdout]   15:     0x57affdf16482 - <std[617be2ca0a6fd877]::thread::lifecycle::spawn_unchecked<test[aada8e7e76ba119b]::run_test::{closure#1}, ()>::{closure#1} as core[a373ad73a504971]::ops::function::FnOnce<()>>::call_once::{shim:vtable#0}
[INFO] [stdout]   16:     0x57affe3747df - <std[617be2ca0a6fd877]::sys::thread::unix::Thread>::new::thread_start
[INFO] [stdout]   17:     0x7e549878edfa - <unknown>
[INFO] [stdout]   18:     0x7e54988223d4 - clone
[INFO] [stdout]   19:                0x0 - <unknown>
[INFO] [stdout] 
[INFO] [stdout] ---- tests::keyframe_feedback_crosses_srtcp_and_ignores_audio_and_duplicate_fir stdout ----
[INFO] [stdout] 
[INFO] [stdout] thread 'tests::keyframe_feedback_crosses_srtcp_and_ignores_audio_and_duplicate_fir' (4775) panicked at crates/transport-webrtc/src/lib.rs:1447:13:
[INFO] [stdout] local ICE timed out
[INFO] [stdout] stack backtrace:
[INFO] [stdout]    0:     0x57affe375411 - <<std[617be2ca0a6fd877]::sys::backtrace::BacktraceLock>::print::DisplayBacktrace as core[a373ad73a504971]::fmt::Display>::fmt
[INFO] [stdout]    1:     0x57affe38d81a - core[a373ad73a504971]::fmt::write
[INFO] [stdout]    2:     0x57affe379c3c - <alloc[2e1b2a31b91974c5]::vec::Vec<u8> as core[a373ad73a504971]::io::write::Write>::write_fmt
[INFO] [stdout]    3:     0x57affe350896 - std[617be2ca0a6fd877]::panicking::default_hook::{closure#0}
[INFO] [stdout]    4:     0x57affe36d3a9 - std[617be2ca0a6fd877]::panicking::default_hook
[INFO] [stdout]    5:     0x57affdf12dd0 - test[aada8e7e76ba119b]::test_main_inner::{closure#0}
[INFO] [stdout]    6:     0x57affe36d6d2 - std[617be2ca0a6fd877]::panicking::panic_with_hook
[INFO] [stdout]    7:     0x57affe350974 - std[617be2ca0a6fd877]::panicking::panic_handler::{closure#0}
[INFO] [stdout]    8:     0x57affe3495a9 - std[617be2ca0a6fd877]::sys::backtrace::__rust_end_short_backtrace::<std[617be2ca0a6fd877]::panicking::panic_handler::{closure#0}, !>
[INFO] [stdout]    9:     0x57affe35173d - __rustc[ea4f61d10b84890b]::rust_begin_unwind
[INFO] [stdout]   10:     0x57affe38df7c - core[a373ad73a504971]::panicking::panic_fmt
[INFO] [stdout]   11:     0x57affdeea372 - <transport_webrtc[a171557354f2696f]::tests::keyframe_feedback_crosses_srtcp_and_ignores_audio_and_duplicate_fir::{closure#0} as core[a373ad73a504971]::ops::function::FnOnce<()>>::call_once
[INFO] [stdout]   12:     0x57affdf0621b - test[aada8e7e76ba119b]::__rust_begin_short_backtrace::<core[a373ad73a504971]::result::Result<(), alloc[2e1b2a31b91974c5]::string::String>, fn() -> core[a373ad73a504971]::result::Result<(), alloc[2e1b2a31b91974c5]::string::String>>
[INFO] [stdout]   13:     0x57affdf133f5 - test[aada8e7e76ba119b]::run_test::{closure#0}
[INFO] [stdout]   14:     0x57affdf0cce4 - std[617be2ca0a6fd877]::sys::backtrace::__rust_begin_short_backtrace::<test[aada8e7e76ba119b]::run_test::{closure#1}, ()>
[INFO] [stdout]   15:     0x57affdf16482 - <std[617be2ca0a6fd877]::thread::lifecycle::spawn_unchecked<test[aada8e7e76ba119b]::run_test::{closure#1}, ()>::{closure#1} as core[a373ad73a504971]::ops::function::FnOnce<()>>::call_once::{shim:vtable#0}
[INFO] [stdout]   16:     0x57affe3747df - <std[617be2ca0a6fd877]::sys::thread::unix::Thread>::new::thread_start
[INFO] [stdout]   17:     0x7e549878edfa - <unknown>
[INFO] [stdout]   18:     0x7e54988223d4 - clone
[INFO] [stdout]   19:                0x0 - <unknown>
[INFO] [stdout] 
[INFO] [stdout] 
[INFO] [stdout] failures:
[INFO] [stdout]     tests::browser_mdns_answer_connects_through_authenticated_peer_reflexive_checks
[INFO] [stdout]     tests::keyframe_feedback_crosses_srtcp_and_ignores_audio_and_duplicate_fir
[INFO] [stdout] 
[INFO] [stdout] test result: FAILED. 8 passed; 2 failed; 0 ignored; 0 measured; 0 filtered out; finished in 10.02s
[INFO] [stdout] 
[INFO] [stderr] error: test failed, to rerun pass `-p transport-webrtc --lib`
[INFO] running `Command { std: "docker" "inspect" "4ae98b24d5126bd89b0367e0ea005d2a13709d4f30aafc5161f6008c270ed694", kill_on_drop: false }`
[INFO] running `Command { std: "docker" "rm" "-f" "4ae98b24d5126bd89b0367e0ea005d2a13709d4f30aafc5161f6008c270ed694", kill_on_drop: false }`
[INFO] [stdout] 4ae98b24d5126bd89b0367e0ea005d2a13709d4f30aafc5161f6008c270ed694
