[INFO] cloning repository https://github.com/dvshkn/anvilope
[INFO] running `Command { std: "git" "-c" "credential.helper=" "-c" "credential.helper=/workspace/cargo-home/bin/git-credential-null" "clone" "--bare" "https://github.com/dvshkn/anvilope" "/workspace/cache/git-repos/https%3A%2F%2Fgithub.com%2Fdvshkn%2Fanvilope", kill_on_drop: false }`
[INFO] [stderr] Cloning into bare repository '/workspace/cache/git-repos/https%3A%2F%2Fgithub.com%2Fdvshkn%2Fanvilope'...
[INFO] running `Command { std: "git" "rev-parse" "HEAD", kill_on_drop: false }`
[INFO] [stdout] 28067bd922b74abb32aab082f7eedd021b271fd0
[INFO] testing dvshkn/anvilope against 1.99.0-beta.8+cargoflags=--release for beta-release-1.100-2
[INFO] running `Command { std: "git" "clone" "/workspace/cache/git-repos/https%3A%2F%2Fgithub.com%2Fdvshkn%2Fanvilope" "/workspace/builds/worker-4-tc1/source", kill_on_drop: false }`
[INFO] [stderr] Cloning into '/workspace/builds/worker-4-tc1/source'...
[INFO] [stderr] done.
[INFO] removed /workspace/builds/worker-4-tc1/source/.cargo/config.toml
[INFO] started tweaking git repo https://github.com/dvshkn/anvilope
[INFO] finished tweaking git repo https://github.com/dvshkn/anvilope
[INFO] tweaked toml for git repo https://github.com/dvshkn/anvilope written to /workspace/builds/worker-4-tc1/source/Cargo.toml
[INFO] validating manifest of git repo https://github.com/dvshkn/anvilope on toolchain 1.99.0-beta.8
[INFO] running `Command { std: CARGO_HOME="/workspace/cargo-home" RUSTUP_HOME="/workspace/rustup-home" "/workspace/cargo-home/bin/cargo" "+1.99.0-beta.8" "metadata" "--manifest-path" "Cargo.toml" "--no-deps", kill_on_drop: false }`
[INFO] crate git repo https://github.com/dvshkn/anvilope already has a lockfile, it will not be regenerated
[INFO] running `Command { std: CARGO_HOME="/workspace/cargo-home" RUSTUP_HOME="/workspace/rustup-home" "/workspace/cargo-home/bin/cargo" "+1.99.0-beta.8" "fetch" "--manifest-path" "Cargo.toml", kill_on_drop: false }`
[INFO] [stderr]     Updating crates.io index
[INFO] [stderr]  Downloading crates ...
[INFO] [stderr]   Downloaded rustls-platform-verifier v0.5.1
[INFO] [stderr]   Downloaded hostname v0.4.1
[INFO] [stderr]   Downloaded utf8-width v0.1.8
[INFO] [stderr]   Downloaded ctrlc v3.4.6
[INFO] [stderr]   Downloaded core-foundation v0.10.0
[INFO] [stderr]   Downloaded r2d2_sqlite v0.27.0
[INFO] [stderr]   Downloaded html-escape v0.2.13
[INFO] [stderr]   Downloaded lru v0.17.0
[INFO] [stderr]   Downloaded psm v0.1.27
[INFO] [stderr]   Downloaded quinn-udp v0.5.12
[INFO] [stderr]   Downloaded web_atoms v0.2.4
[INFO] [stderr]   Downloaded astral-tl v0.7.11
[INFO] [stderr]   Downloaded tendril v0.5.0
[INFO] [stderr]   Downloaded imap-proto v0.16.5
[INFO] [stderr]   Downloaded rusqlite v0.34.0
[INFO] [stderr]   Downloaded async-imap v0.10.4
[INFO] [stderr]   Downloaded jiff-static v0.2.8
[INFO] [stderr]   Downloaded clap v4.5.36
[INFO] [stderr]   Downloaded webpki-root-certs v0.26.8
[INFO] [stderr]   Downloaded clap_builder v4.5.36
[INFO] [stderr]   Downloaded lettre v0.11.18
[INFO] [stderr]   Downloaded html-to-markdown-rs v3.3.3
[INFO] [stderr]   Downloaded webpki-roots v1.0.0
[INFO] [stderr]   Downloaded jiff v0.2.8
[INFO] [stderr]   Downloaded libsqlite3-sys v0.32.0
[INFO] running `Command { std: "docker" "create" "-v" "/var/lib/crater-agent-workspace/builds/worker-4-tc1/source:/opt/rustwide/workdir:ro,Z" "-v" "/var/lib/crater-agent-workspace/builds/worker-4-tc1/target:/opt/rustwide/target:rw,Z" "-v" "/var/lib/crater-agent-workspace/cargo-home:/opt/rustwide/cargo-home:ro,Z" "-v" "/var/lib/crater-agent-workspace/rustup-home:/opt/rustwide/rustup-home:ro,Z" "-m" "1610612736" "--network" "none" "ghcr.io/rust-lang/crates-build-env/linux@sha256:77db811e55d90add9212f6832c23229e3de5f1c1f9905e8cb07319ea15df73ac" "sleep" "infinity", kill_on_drop: false }`
[INFO] [stdout] e743009d8b6d9a933d7bd55f017ef89c0b9ee74843380fb28c9f6248055cb047
[INFO] running `Command { std: "docker" "start" "e743009d8b6d9a933d7bd55f017ef89c0b9ee74843380fb28c9f6248055cb047", kill_on_drop: false }`
[INFO] running `Command { std: "docker" "inspect" "e743009d8b6d9a933d7bd55f017ef89c0b9ee74843380fb28c9f6248055cb047", kill_on_drop: false }`
[INFO] running `Command { std: "docker" "exec" "-e" "SOURCE_DIR=/opt/rustwide/workdir" "-e" "CARGO_HOME=/opt/rustwide/cargo-home" "-e" "RUSTUP_HOME=/opt/rustwide/rustup-home" "-e" "CARGO_TARGET_DIR=/opt/rustwide/target" "-w" "/opt/rustwide/workdir" "--user" "0:0" "e743009d8b6d9a933d7bd55f017ef89c0b9ee74843380fb28c9f6248055cb047" "/opt/rustwide/cargo-home/bin/cargo" "+1.99.0-beta.8" "metadata" "--no-deps" "--format-version=1", kill_on_drop: false }`
[INFO] running `Command { std: "docker" "inspect" "e743009d8b6d9a933d7bd55f017ef89c0b9ee74843380fb28c9f6248055cb047", kill_on_drop: false }`
[INFO] running `Command { std: "docker" "exec" "-e" "SOURCE_DIR=/opt/rustwide/workdir" "-e" "CARGO_HOME=/opt/rustwide/cargo-home" "-e" "RUSTUP_HOME=/opt/rustwide/rustup-home" "-e" "CARGO_TARGET_DIR=/opt/rustwide/target" "-e" "CARGO_INCREMENTAL=0" "-e" "RUST_BACKTRACE=full" "-e" "RUSTFLAGS=--cap-lints=warn" "-e" "RUSTDOCFLAGS=--cap-lints=warn" "-w" "/opt/rustwide/workdir" "--user" "0:0" "e743009d8b6d9a933d7bd55f017ef89c0b9ee74843380fb28c9f6248055cb047" "/opt/rustwide/cargo-home/bin/cargo" "+1.99.0-beta.8" "build" "--frozen" "--message-format=json" "--release", kill_on_drop: false }`
[INFO] [stderr]    Compiling libc v0.2.176
[INFO] [stderr]    Compiling smallvec v1.15.0
[INFO] [stderr]    Compiling find-msvc-tools v0.1.3
[INFO] [stderr]    Compiling lock_api v0.4.12
[INFO] [stderr]    Compiling crossbeam-utils v0.8.21
[INFO] [stderr]    Compiling foldhash v0.1.5
[INFO] [stderr]    Compiling futures-channel v0.3.31
[INFO] [stderr]    Compiling siphasher v1.0.3
[INFO] [stderr]    Compiling rustls-pki-types v1.11.0
[INFO] [stderr]    Compiling zerocopy v0.8.24
[INFO] [stderr]    Compiling syn v2.0.100
[INFO] [stderr]    Compiling icu_locid_transform_data v1.5.1
[INFO] [stderr]    Compiling fastrand v2.3.0
[INFO] [stderr]    Compiling http v1.3.1
[INFO] [stderr]    Compiling icu_properties_data v1.5.1
[INFO] [stderr]    Compiling tracing-core v0.1.33
[INFO] [stderr]    Compiling cc v1.2.40
[INFO] [stderr]    Compiling hashbrown v0.15.2
[INFO] [stderr]    Compiling phf_shared v0.13.1
[INFO] [stderr]    Compiling icu_normalizer_data v1.5.1
[INFO] [stderr]    Compiling getrandom v0.3.2
[INFO] [stderr]    Compiling crunchy v0.2.4
[INFO] [stderr]    Compiling phf_generator v0.13.1
[INFO] [stderr]    Compiling openssl v0.10.72
[INFO] [stderr]    Compiling tiny-keccak v2.0.2
[INFO] [stderr]    Compiling phf_codegen v0.13.1
[INFO] [stderr]    Compiling string_cache_codegen v0.6.1
[INFO] [stderr]    Compiling rustls v0.23.26
[INFO] [stderr]    Compiling new_debug_unreachable v1.0.6
[INFO] [stderr]    Compiling aho-corasick v1.1.3
[INFO] [stderr]    Compiling precomputed-hash v0.1.1
[INFO] [stderr]    Compiling regex-syntax v0.8.5
[INFO] [stderr]    Compiling libsqlite3-sys v0.32.0
[INFO] [stderr]    Compiling tracing v0.1.41
[INFO] [stderr]    Compiling num-traits v0.2.19
[INFO] [stderr]    Compiling web_atoms v0.2.4
[INFO] [stderr]    Compiling phf v0.13.1
[INFO] [stderr]    Compiling parking v2.2.1
[INFO] [stderr]    Compiling once_cell v1.21.3
[INFO] [stderr]    Compiling concurrent-queue v2.5.0
[INFO] [stderr]    Compiling ahash v0.8.12
[INFO] [stderr]    Compiling nix v0.29.0
[INFO] [stderr]    Compiling tendril v0.5.0
[INFO] [stderr]    Compiling webpki-roots v1.0.0
[INFO] [stderr]    Compiling indexmap v2.9.0
[INFO] [stderr]    Compiling event-listener v5.4.0
[INFO] [stderr]    Compiling foldhash v0.2.0
[INFO] [stderr]    Compiling async-channel v1.9.0
[INFO] [stderr]    Compiling webpki-roots v0.26.11
[INFO] [stderr]    Compiling http-body v1.0.1
[INFO] [stderr]    Compiling hashlink v0.10.0
[INFO] [stderr]    Compiling hashbrown v0.17.0
[INFO] [stderr]    Compiling http-body-util v0.1.3
[INFO] [stderr]    Compiling getrandom v0.2.15
[INFO] [stderr]    Compiling event-listener-strategy v0.5.4
[INFO] [stderr]    Compiling parking_lot_core v0.9.10
[INFO] [stderr]    Compiling signal-hook-registry v1.4.2
[INFO] [stderr]    Compiling mio v1.0.3
[INFO] [stderr]    Compiling socket2 v0.5.9
[INFO] [stderr]    Compiling ring v0.17.14
[INFO] [stderr]    Compiling openssl-sys v0.9.107
[INFO] [stderr]    Compiling parking_lot v0.12.3
[INFO] [stderr]    Compiling rand_core v0.9.3
[INFO] [stderr]    Compiling const-random-macro v0.1.16
[INFO] [stderr]    Compiling native-tls v0.2.14
[INFO] [stderr]    Compiling string_cache v0.9.0
[INFO] [stderr]    Compiling const-random v0.1.18
[INFO] [stderr]    Compiling scheduled-thread-pool v0.2.7
[INFO] [stderr]    Compiling crossbeam-epoch v0.9.18
[INFO] [stderr]    Compiling sync_wrapper v1.0.2
[INFO] [stderr]    Compiling ppv-lite86 v0.2.21
[INFO] [stderr]    Compiling anyhow v1.0.97
[INFO] [stderr]    Compiling fallible-streaming-iterator v0.1.9
[INFO] [stderr]    Compiling winnow v0.7.6
[INFO] [stderr]    Compiling utf8-width v0.1.8
[INFO] [stderr]    Compiling self_cell v1.2.0
[INFO] [stderr]    Compiling fallible-iterator v0.3.0
[INFO] [stderr]    Compiling clap_builder v4.5.36
[INFO] [stderr]    Compiling crossbeam-deque v0.8.6
[INFO] [stderr]    Compiling rusqlite v0.34.0
[INFO] [stderr]    Compiling chrono v0.4.40
[INFO] [stderr]    Compiling html-escape v0.2.13
[INFO] [stderr]    Compiling lru v0.17.0
[INFO] [stderr]    Compiling rand_chacha v0.9.0
[INFO] [stderr]    Compiling r2d2 v0.8.10
[INFO] [stderr]    Compiling async-channel v2.3.1
[INFO] [stderr]    Compiling rand v0.9.0
[INFO] [stderr]    Compiling regex-automata v0.4.14
[INFO] [stderr]    Compiling stop-token v0.7.0
[INFO] [stderr]    Compiling markup5ever v0.39.0
[INFO] [stderr]    Compiling imap-proto v0.16.5
[INFO] [stderr]    Compiling crossbeam-queue v0.3.12
[INFO] [stderr]    Compiling html5ever v0.39.0
[INFO] [stderr]    Compiling crossbeam-channel v0.5.15
[INFO] [stderr]    Compiling rustls-native-certs v0.8.1
[INFO] [stderr]    Compiling uuid v1.16.0
[INFO] [stderr]    Compiling rustls-pemfile v2.2.0
[INFO] [stderr]    Compiling astral-tl v0.7.11
[INFO] [stderr]    Compiling memo-map v0.3.3
[INFO] [stderr]    Compiling jiff v0.2.8
[INFO] [stderr]    Compiling crossbeam v0.8.4
[INFO] [stderr]    Compiling ctrlc v3.4.6
[INFO] [stderr]    Compiling r2d2_sqlite v0.27.0
[INFO] [stderr]    Compiling quoted_printable v0.5.1
[INFO] [stderr]    Compiling home v0.5.11
[INFO] [stderr]    Compiling synstructure v0.13.1
[INFO] [stderr]    Compiling clap v4.5.36
[INFO] [stderr]    Compiling regex v1.12.3
[INFO] [stderr]    Compiling zerofrom-derive v0.1.6
[INFO] [stderr]    Compiling yoke-derive v0.7.5
[INFO] [stderr]    Compiling tokio-macros v2.5.0
[INFO] [stderr]    Compiling zerovec-derive v0.10.3
[INFO] [stderr]    Compiling displaydoc v0.2.5
[INFO] [stderr]    Compiling serde_derive v1.0.219
[INFO] [stderr]    Compiling futures-macro v0.3.31
[INFO] [stderr]    Compiling tokio v1.44.2
[INFO] [stderr]    Compiling zerofrom v0.1.6
[INFO] [stderr]    Compiling yoke v0.7.5
[INFO] [stderr]    Compiling icu_provider_macros v1.5.0
[INFO] [stderr]    Compiling openssl-macros v0.1.1
[INFO] [stderr]    Compiling pin-project-internal v1.1.10
[INFO] [stderr]    Compiling thiserror-impl v1.0.69
[INFO] [stderr]    Compiling zerovec v0.10.4
[INFO] [stderr]    Compiling thiserror-impl v2.0.12
[INFO] [stderr]    Compiling futures-util v0.3.31
[INFO] [stderr]    Compiling env_filter v0.1.3
[INFO] [stderr]    Compiling pin-project v1.1.10
[INFO] [stderr]    Compiling async-trait v0.1.89
[INFO] [stderr]    Compiling thiserror v1.0.69
[INFO] [stderr]    Compiling thiserror v2.0.12
[INFO] [stderr]    Compiling tinystr v0.7.6
[INFO] [stderr]    Compiling icu_collections v1.5.0
[INFO] [stderr]    Compiling env_logger v0.11.8
[INFO] [stderr]    Compiling icu_locid v1.5.0
[INFO] [stderr]    Compiling serde v1.0.219
[INFO] [stderr]    Compiling icu_provider v1.5.0
[INFO] [stderr]    Compiling icu_locid_transform v1.5.0
[INFO] [stderr]    Compiling rustls-webpki v0.103.1
[INFO] [stderr]    Compiling icu_properties v1.5.1
[INFO] [stderr]    Compiling futures-executor v0.3.31
[INFO] [stderr]    Compiling futures v0.3.31
[INFO] [stderr]    Compiling toml_datetime v0.6.8
[INFO] [stderr]    Compiling serde_spanned v0.6.8
[INFO] [stderr]    Compiling serde_json v1.0.140
[INFO] [stderr]    Compiling serde_urlencoded v0.7.1
[INFO] [stderr]    Compiling minijinja v2.9.0
[INFO] [stderr]    Compiling toml_edit v0.22.24
[INFO] [stderr]    Compiling tokio-util v0.7.14
[INFO] [stderr]    Compiling tokio-native-tls v0.3.1
[INFO] [stderr]    Compiling tower v0.5.2
[INFO] [stderr]    Compiling async-imap v0.10.4
[INFO] [stderr]    Compiling html-to-markdown-rs v3.3.3
[INFO] [stderr]    Compiling icu_normalizer v1.5.0
[INFO] [stderr]    Compiling h2 v0.4.8
[INFO] [stderr]    Compiling toml v0.8.20
[INFO] [stderr]    Compiling idna_adapter v1.2.0
[INFO] [stderr]    Compiling idna v1.0.3
[INFO] [stderr]    Compiling url v2.5.4
[INFO] [stderr]    Compiling tokio-rustls v0.26.2
[INFO] [stderr]    Compiling hyper v1.6.0
[INFO] [stderr]    Compiling rustls-platform-verifier v0.5.1
[INFO] [stderr]    Compiling hyper-util v0.1.11
[INFO] [stderr]    Compiling hyper-rustls v0.27.5
[INFO] [stderr]    Compiling hyper-tls v0.6.0
[INFO] [stderr]    Compiling reqwest v0.12.15
[INFO] [stderr]    Compiling anvilope v0.0.0 (/opt/rustwide/workdir)
[INFO] [stdout] warning: unused import: `serde::Deserialize`
[INFO] [stdout]   --> src/llm.rs:13:5
[INFO] [stdout]    |
[INFO] [stdout] 13 | use serde::Deserialize;
[INFO] [stdout]    |     ^^^^^^^^^^^^^^^^^^
[INFO] [stdout]    |
[INFO] [stdout]    = note: `#[warn(unused_imports)]` (part of `#[warn(unused)]`) on by default
[INFO] [stdout] 
[INFO] [stdout] 
[INFO] [stdout] warning: unused import: `serde::Serialize`
[INFO] [stdout]   --> src/llm.rs:14:5
[INFO] [stdout]    |
[INFO] [stdout] 14 | use serde::Serialize;
[INFO] [stdout]    |     ^^^^^^^^^^^^^^^^
[INFO] [stdout] 
[INFO] [stdout] 
[INFO] [stdout] warning: unused import: `convert`
[INFO] [stdout]   --> src/mail/parse.rs:19:5
[INFO] [stdout]    |
[INFO] [stdout] 19 |     convert,
[INFO] [stdout]    |     ^^^^^^^
[INFO] [stdout] 
[INFO] [stdout] 
[INFO] [stdout] warning: field `index` is never read
[INFO] [stdout]   --> src/llm/inference.rs:42:9
[INFO] [stdout]    |
[INFO] [stdout] 41 | pub struct CompletionChoice {
[INFO] [stdout]    |            ---------------- field in this struct
[INFO] [stdout] 42 |     pub index: usize,
[INFO] [stdout]    |         ^^^^^
[INFO] [stdout]    |
[INFO] [stdout]    = note: `CompletionChoice` has a derived impl for the trait `Debug`, but this is intentionally ignored during dead code analysis
[INFO] [stdout]    = note: `#[warn(dead_code)]` (part of `#[warn(unused)]`) on by default
[INFO] [stdout] 
[INFO] [stdout] 
[INFO] [stdout] warning: field `total_tokens` is never read
[INFO] [stdout]   --> src/llm/inference.rs:51:9
[INFO] [stdout]    |
[INFO] [stdout] 48 | pub struct CompletionUsage {
[INFO] [stdout]    |            --------------- field in this struct
[INFO] [stdout] ...
[INFO] [stdout] 51 |     pub total_tokens: usize,
[INFO] [stdout]    |         ^^^^^^^^^^^^
[INFO] [stdout]    |
[INFO] [stdout]    = note: `CompletionUsage` has a derived impl for the trait `Debug`, but this is intentionally ignored during dead code analysis
[INFO] [stdout] 
[INFO] [stdout] 
[INFO] [stdout] warning: field `id` is never read
[INFO] [stdout]   --> src/llm/inference.rs:92:9
[INFO] [stdout]    |
[INFO] [stdout] 91 | pub struct ChatCompletionsResponse {
[INFO] [stdout]    |            ----------------------- field in this struct
[INFO] [stdout] 92 |     pub id: String,
[INFO] [stdout]    |         ^^
[INFO] [stdout]    |
[INFO] [stdout]    = note: `ChatCompletionsResponse` has a derived impl for the trait `Debug`, but this is intentionally ignored during dead code analysis
[INFO] [stdout] 
[INFO] [stdout] 
[INFO] [stderr]     Finished `release` profile [optimized] target(s) in 2m 55s
[INFO] running `Command { std: "docker" "inspect" "e743009d8b6d9a933d7bd55f017ef89c0b9ee74843380fb28c9f6248055cb047", kill_on_drop: false }`
[INFO] running `Command { std: "docker" "exec" "-e" "SOURCE_DIR=/opt/rustwide/workdir" "-e" "CARGO_HOME=/opt/rustwide/cargo-home" "-e" "RUSTUP_HOME=/opt/rustwide/rustup-home" "-e" "CARGO_TARGET_DIR=/opt/rustwide/target" "-e" "CARGO_INCREMENTAL=0" "-e" "RUST_BACKTRACE=full" "-e" "RUSTFLAGS=--cap-lints=warn" "-e" "RUSTDOCFLAGS=--cap-lints=warn" "-w" "/opt/rustwide/workdir" "--user" "0:0" "e743009d8b6d9a933d7bd55f017ef89c0b9ee74843380fb28c9f6248055cb047" "/opt/rustwide/cargo-home/bin/cargo" "+1.99.0-beta.8" "test" "--frozen" "--no-run" "--message-format=json" "--release", kill_on_drop: false }`
[INFO] [stderr]    Compiling psm v0.1.27
[INFO] [stderr]    Compiling idna v1.0.3
[INFO] [stderr]    Compiling stacker v0.1.22
[INFO] [stderr]    Compiling hashbrown v0.14.5
[INFO] [stderr]    Compiling email-encoding v0.4.1
[INFO] [stderr]    Compiling hostname v0.4.1
[INFO] [stderr]    Compiling socket2 v0.6.0
[INFO] [stderr]    Compiling nom v8.0.0
[INFO] [stderr]    Compiling fastrand v2.3.0
[INFO] [stderr]    Compiling email_address v0.2.9
[INFO] [stderr]    Compiling url v2.5.4
[INFO] [stderr]    Compiling chumsky v0.9.3
[INFO] [stderr]    Compiling reqwest v0.12.15
[INFO] [stderr]    Compiling anvilope v0.0.0 (/opt/rustwide/workdir)
[INFO] [stderr]    Compiling lettre v0.11.18
[INFO] [stdout] warning: unused import: `serde::Deserialize`
[INFO] [stdout]   --> src/llm.rs:13:5
[INFO] [stdout]    |
[INFO] [stdout] 13 | use serde::Deserialize;
[INFO] [stdout]    |     ^^^^^^^^^^^^^^^^^^
[INFO] [stdout]    |
[INFO] [stdout]    = note: `#[warn(unused_imports)]` (part of `#[warn(unused)]`) on by default
[INFO] [stdout] 
[INFO] [stdout] 
[INFO] [stdout] warning: unused import: `serde::Serialize`
[INFO] [stdout]   --> src/llm.rs:14:5
[INFO] [stdout]    |
[INFO] [stdout] 14 | use serde::Serialize;
[INFO] [stdout]    |     ^^^^^^^^^^^^^^^^
[INFO] [stdout] 
[INFO] [stdout] 
[INFO] [stdout] warning: unused import: `convert`
[INFO] [stdout]   --> src/mail/parse.rs:19:5
[INFO] [stdout]    |
[INFO] [stdout] 19 |     convert,
[INFO] [stdout]    |     ^^^^^^^
[INFO] [stdout] 
[INFO] [stdout] 
[INFO] [stdout] warning: field `index` is never read
[INFO] [stdout]   --> src/llm/inference.rs:42:9
[INFO] [stdout]    |
[INFO] [stdout] 41 | pub struct CompletionChoice {
[INFO] [stdout]    |            ---------------- field in this struct
[INFO] [stdout] 42 |     pub index: usize,
[INFO] [stdout]    |         ^^^^^
[INFO] [stdout]    |
[INFO] [stdout]    = note: `CompletionChoice` has a derived impl for the trait `Debug`, but this is intentionally ignored during dead code analysis
[INFO] [stdout]    = note: `#[warn(dead_code)]` (part of `#[warn(unused)]`) on by default
[INFO] [stdout] 
[INFO] [stdout] 
[INFO] [stdout] warning: field `total_tokens` is never read
[INFO] [stdout]   --> src/llm/inference.rs:51:9
[INFO] [stdout]    |
[INFO] [stdout] 48 | pub struct CompletionUsage {
[INFO] [stdout]    |            --------------- field in this struct
[INFO] [stdout] ...
[INFO] [stdout] 51 |     pub total_tokens: usize,
[INFO] [stdout]    |         ^^^^^^^^^^^^
[INFO] [stdout]    |
[INFO] [stdout]    = note: `CompletionUsage` has a derived impl for the trait `Debug`, but this is intentionally ignored during dead code analysis
[INFO] [stdout] 
[INFO] [stdout] 
[INFO] [stdout] warning: field `id` is never read
[INFO] [stdout]   --> src/llm/inference.rs:92:9
[INFO] [stdout]    |
[INFO] [stdout] 91 | pub struct ChatCompletionsResponse {
[INFO] [stdout]    |            ----------------------- field in this struct
[INFO] [stdout] 92 |     pub id: String,
[INFO] [stdout]    |         ^^
[INFO] [stdout]    |
[INFO] [stdout]    = note: `ChatCompletionsResponse` has a derived impl for the trait `Debug`, but this is intentionally ignored during dead code analysis
[INFO] [stdout] 
[INFO] [stdout] 
[INFO] [stdout] warning: function `message_count` is never used
[INFO] [stdout]   --> tests/utils/greenmail.rs:78:14
[INFO] [stdout]    |
[INFO] [stdout] 78 | pub async fn message_count(email_or_id: &str) -> Result<u32> {
[INFO] [stdout]    |              ^^^^^^^^^^^^^
[INFO] [stdout]    |
[INFO] [stdout]    = note: `#[warn(dead_code)]` (part of `#[warn(unused)]`) on by default
[INFO] [stdout] 
[INFO] [stdout] 
[INFO] [stdout] warning: unused import: `serde::Deserialize`
[INFO] [stdout]   --> src/llm.rs:13:5
[INFO] [stdout]    |
[INFO] [stdout] 13 | use serde::Deserialize;
[INFO] [stdout]    |     ^^^^^^^^^^^^^^^^^^
[INFO] [stdout]    |
[INFO] [stdout]    = note: `#[warn(unused_imports)]` (part of `#[warn(unused)]`) on by default
[INFO] [stdout] 
[INFO] [stdout] 
[INFO] [stdout] warning: unused import: `serde::Serialize`
[INFO] [stdout]   --> src/llm.rs:14:5
[INFO] [stdout]    |
[INFO] [stdout] 14 | use serde::Serialize;
[INFO] [stdout]    |     ^^^^^^^^^^^^^^^^
[INFO] [stdout] 
[INFO] [stdout] 
[INFO] [stdout] warning: unused import: `convert`
[INFO] [stdout]   --> src/mail/parse.rs:19:5
[INFO] [stdout]    |
[INFO] [stdout] 19 |     convert,
[INFO] [stdout]    |     ^^^^^^^
[INFO] [stdout] 
[INFO] [stdout] 
[INFO] [stdout] warning: field `index` is never read
[INFO] [stdout]   --> src/llm/inference.rs:42:9
[INFO] [stdout]    |
[INFO] [stdout] 41 | pub struct CompletionChoice {
[INFO] [stdout]    |            ---------------- field in this struct
[INFO] [stdout] 42 |     pub index: usize,
[INFO] [stdout]    |         ^^^^^
[INFO] [stdout]    |
[INFO] [stdout]    = note: `CompletionChoice` has a derived impl for the trait `Debug`, but this is intentionally ignored during dead code analysis
[INFO] [stdout]    = note: `#[warn(dead_code)]` (part of `#[warn(unused)]`) on by default
[INFO] [stdout] 
[INFO] [stdout] 
[INFO] [stdout] warning: field `total_tokens` is never read
[INFO] [stdout]   --> src/llm/inference.rs:51:9
[INFO] [stdout]    |
[INFO] [stdout] 48 | pub struct CompletionUsage {
[INFO] [stdout]    |            --------------- field in this struct
[INFO] [stdout] ...
[INFO] [stdout] 51 |     pub total_tokens: usize,
[INFO] [stdout]    |         ^^^^^^^^^^^^
[INFO] [stdout]    |
[INFO] [stdout]    = note: `CompletionUsage` has a derived impl for the trait `Debug`, but this is intentionally ignored during dead code analysis
[INFO] [stdout] 
[INFO] [stdout] 
[INFO] [stdout] warning: field `id` is never read
[INFO] [stdout]   --> src/llm/inference.rs:92:9
[INFO] [stdout]    |
[INFO] [stdout] 91 | pub struct ChatCompletionsResponse {
[INFO] [stdout]    |            ----------------------- field in this struct
[INFO] [stdout] 92 |     pub id: String,
[INFO] [stdout]    |         ^^
[INFO] [stdout]    |
[INFO] [stdout]    = note: `ChatCompletionsResponse` has a derived impl for the trait `Debug`, but this is intentionally ignored during dead code analysis
[INFO] [stdout] 
[INFO] [stdout] 
[INFO] [stderr]     Finished `release` profile [optimized] target(s) in 50.36s
[INFO] running `Command { std: "docker" "inspect" "e743009d8b6d9a933d7bd55f017ef89c0b9ee74843380fb28c9f6248055cb047", kill_on_drop: false }`
[INFO] running `Command { std: "docker" "exec" "-e" "SOURCE_DIR=/opt/rustwide/workdir" "-e" "CARGO_HOME=/opt/rustwide/cargo-home" "-e" "RUSTUP_HOME=/opt/rustwide/rustup-home" "-e" "CARGO_TARGET_DIR=/opt/rustwide/target" "-e" "CARGO_INCREMENTAL=0" "-e" "RUST_BACKTRACE=full" "-e" "RUSTFLAGS=--cap-lints=warn" "-e" "RUSTDOCFLAGS=--cap-lints=warn" "-w" "/opt/rustwide/workdir" "--user" "0:0" "e743009d8b6d9a933d7bd55f017ef89c0b9ee74843380fb28c9f6248055cb047" "/opt/rustwide/cargo-home/bin/cargo" "+1.99.0-beta.8" "test" "--frozen" "--release", kill_on_drop: false }`
[INFO] [stderr] warning: unused import: `serde::Deserialize`
[INFO] [stderr]   --> src/llm.rs:13:5
[INFO] [stderr]    |
[INFO] [stderr] 13 | use serde::Deserialize;
[INFO] [stderr]    |     ^^^^^^^^^^^^^^^^^^
[INFO] [stderr]    |
[INFO] [stderr]    = note: `#[warn(unused_imports)]` (part of `#[warn(unused)]`) on by default
[INFO] [stderr] 
[INFO] [stderr] warning: unused import: `serde::Serialize`
[INFO] [stderr]   --> src/llm.rs:14:5
[INFO] [stderr]    |
[INFO] [stderr] 14 | use serde::Serialize;
[INFO] [stderr]    |     ^^^^^^^^^^^^^^^^
[INFO] [stderr] 
[INFO] [stderr] warning: unused import: `convert`
[INFO] [stderr]   --> src/mail/parse.rs:19:5
[INFO] [stderr]    |
[INFO] [stderr] 19 |     convert,
[INFO] [stderr]    |     ^^^^^^^
[INFO] [stderr] 
[INFO] [stderr] warning: field `index` is never read
[INFO] [stderr]   --> src/llm/inference.rs:42:9
[INFO] [stderr]    |
[INFO] [stderr] 41 | pub struct CompletionChoice {
[INFO] [stderr]    |            ---------------- field in this struct
[INFO] [stderr] 42 |     pub index: usize,
[INFO] [stderr]    |         ^^^^^
[INFO] [stderr]    |
[INFO] [stderr]    = note: `CompletionChoice` has a derived impl for the trait `Debug`, but this is intentionally ignored during dead code analysis
[INFO] [stderr]    = note: `#[warn(dead_code)]` (part of `#[warn(unused)]`) on by default
[INFO] [stderr] 
[INFO] [stderr] warning: field `total_tokens` is never read
[INFO] [stderr]   --> src/llm/inference.rs:51:9
[INFO] [stderr]    |
[INFO] [stderr] 48 | pub struct CompletionUsage {
[INFO] [stderr]    |            --------------- field in this struct
[INFO] [stderr] ...
[INFO] [stderr] 51 |     pub total_tokens: usize,
[INFO] [stderr]    |         ^^^^^^^^^^^^
[INFO] [stderr]    |
[INFO] [stderr]    = note: `CompletionUsage` has a derived impl for the trait `Debug`, but this is intentionally ignored during dead code analysis
[INFO] [stderr] 
[INFO] [stderr] warning: field `id` is never read
[INFO] [stderr]   --> src/llm/inference.rs:92:9
[INFO] [stderr]    |
[INFO] [stderr] 91 | pub struct ChatCompletionsResponse {
[INFO] [stderr]    |            ----------------------- field in this struct
[INFO] [stderr] 92 |     pub id: String,
[INFO] [stderr]    |         ^^
[INFO] [stderr]    |
[INFO] [stderr]    = note: `ChatCompletionsResponse` has a derived impl for the trait `Debug`, but this is intentionally ignored during dead code analysis
[INFO] [stderr] 
[INFO] [stderr] warning: `anvilope` (lib) generated 6 warnings (run `cargo fix --lib -p anvilope` to apply 3 suggestions)
[INFO] [stderr] warning: function `message_count` is never used
[INFO] [stderr]   --> tests/utils/greenmail.rs:78:14
[INFO] [stderr]    |
[INFO] [stderr] 78 | pub async fn message_count(email_or_id: &str) -> Result<u32> {
[INFO] [stderr]    |              ^^^^^^^^^^^^^
[INFO] [stderr]    |
[INFO] [stderr]    = note: `#[warn(dead_code)]` (part of `#[warn(unused)]`) on by default
[INFO] [stderr] 
[INFO] [stderr] warning: `anvilope` (lib test) generated 6 warnings (6 duplicates)
[INFO] [stderr] warning: `anvilope` (test "devcmd") generated 1 warning
[INFO] [stderr]     Finished `release` profile [optimized] target(s) in 0.29s
[INFO] [stderr]      Running unittests src/lib.rs (/opt/rustwide/target/release/deps/anvilope-7543118e1d2b7655)
[INFO] [stdout] 
[INFO] [stdout] running 4 tests
[INFO] [stdout] test mail::parse::tests::test_find_text_parts ... ok
[INFO] [stdout] test mail::parse::tests::test_parse_date_field ... ok
[INFO] [stdout] test mail::parse::tests::test_parse_header ... ok
[INFO] [stdout] test mail::parse::tests::test_parse_from_field ... ok
[INFO] [stdout] 
[INFO] [stdout] test result: ok. 4 passed; 0 failed; 0 ignored; 0 measured; 0 filtered out; finished in 0.01s
[INFO] [stdout] 
[INFO] [stderr]      Running unittests src/main.rs (/opt/rustwide/target/release/deps/anvilope-449c26f37f32656a)
[INFO] [stdout] 
[INFO] [stdout] running 0 tests
[INFO] [stdout] 
[INFO] [stdout] test result: ok. 0 passed; 0 failed; 0 ignored; 0 measured; 0 filtered out; finished in 0.00s
[INFO] [stdout] 
[INFO] [stderr]      Running tests/devcmd.rs (/opt/rustwide/target/release/deps/devcmd-e45e4beb9a715523)
[INFO] [stdout] 
[INFO] [stdout] running 2 tests
[INFO] [stdout] test send_email ... FAILED
[INFO] [stdout] test init_greenmail ... FAILED
[INFO] [stdout] 
[INFO] [stdout] failures:
[INFO] [stdout] 
[INFO] [stdout] ---- send_email stdout ----
[INFO] [stdout] Error: Connection error: Connection refused (os error 111)
[INFO] [stdout] 
[INFO] [stdout] Caused by:
[INFO] [stdout]     Connection refused (os error 111)
[INFO] [stdout] 
[INFO] [stdout] Stack backtrace:
[INFO] [stdout]    0: <anyhow::Error as core::convert::From<lettre::transport::smtp::error::Error>>::from
[INFO] [stdout]    1: devcmd::utils::greenmail::send::{closure#0}::{closure#0}
[INFO] [stdout]    2: <tokio::runtime::task::core::Core<tokio::runtime::blocking::task::BlockingTask<devcmd::utils::greenmail::send::{closure#0}::{closure#0}>, tokio::runtime::blocking::schedule::BlockingSchedule>>::poll
[INFO] [stdout]    3: tokio::runtime::task::raw::poll::<tokio::runtime::blocking::task::BlockingTask<devcmd::utils::greenmail::send::{closure#0}::{closure#0}>, tokio::runtime::blocking::schedule::BlockingSchedule>
[INFO] [stdout]    4: <tokio::runtime::blocking::pool::Inner>::run
[INFO] [stdout]    5: std::sys::backtrace::__rust_begin_short_backtrace::<<tokio::runtime::blocking::pool::Spawner>::spawn_thread::{closure#0}, ()>
[INFO] [stdout]    6: <std::thread::lifecycle::spawn_unchecked<<tokio::runtime::blocking::pool::Spawner>::spawn_thread::{closure#0}, ()>::{closure#1} as core::ops::function::FnOnce<()>>::call_once::{shim:vtable#0}
[INFO] [stdout]    7: <std::sys::thread::unix::Thread>::new::thread_start
[INFO] [stdout]    8: <unknown>
[INFO] [stdout]    9: clone
[INFO] [stdout] 
[INFO] [stdout] ---- init_greenmail stdout ----
[INFO] [stdout] [2026-10-18T05:06:08Z DEBUG anvilope::config] configuration loaded: "/opt/rustwide/workdir/tests/data/anvilope.toml"
[INFO] [stdout] [2026-10-18T05:06:08Z DEBUG devcmd::utils] no test database file found
[INFO] [stdout] [2026-10-18T05:06:08Z ERROR r2d2] unable to open database file: /opt/rustwide/workdir/tests/data/anvilope.sqlite
[INFO] [stdout] [2026-10-18T05:06:08Z ERROR r2d2] unable to open database file: /opt/rustwide/workdir/tests/data/anvilope.sqlite
[INFO] [stdout] [2026-10-18T05:06:08Z ERROR r2d2] unable to open database file: /opt/rustwide/workdir/tests/data/anvilope.sqlite
[INFO] [stdout] [2026-10-18T05:06:08Z ERROR r2d2] unable to open database file: /opt/rustwide/workdir/tests/data/anvilope.sqlite
[INFO] [stdout] [2026-10-18T05:06:08Z ERROR r2d2] unable to open database file: /opt/rustwide/workdir/tests/data/anvilope.sqlite
[INFO] [stdout] [2026-10-18T05:06:08Z ERROR r2d2] unable to open database file: /opt/rustwide/workdir/tests/data/anvilope.sqlite
[INFO] [stdout] [2026-10-18T05:06:08Z ERROR r2d2] unable to open database file: /opt/rustwide/workdir/tests/data/anvilope.sqlite
[INFO] [stdout] [2026-10-18T05:06:08Z ERROR r2d2] unable to open database file: /opt/rustwide/workdir/tests/data/anvilope.sqlite
[INFO] [stdout] [2026-10-18T05:06:08Z ERROR r2d2] unable to open database file: /opt/rustwide/workdir/tests/data/anvilope.sqlite
[INFO] [stdout] [2026-10-18T05:06:08Z ERROR r2d2] unable to open database file: /opt/rustwide/workdir/tests/data/anvilope.sqlite
[INFO] [stdout] [2026-10-18T05:06:09Z ERROR r2d2] unable to open database file: /opt/rustwide/workdir/tests/data/anvilope.sqlite
[INFO] [stdout] [2026-10-18T05:06:09Z ERROR r2d2] unable to open database file: /opt/rustwide/workdir/tests/data/anvilope.sqlite
[INFO] [stdout] [2026-10-18T05:06:09Z ERROR r2d2] unable to open database file: /opt/rustwide/workdir/tests/data/anvilope.sqlite
[INFO] [stdout] [2026-10-18T05:06:09Z ERROR r2d2] unable to open database file: /opt/rustwide/workdir/tests/data/anvilope.sqlite
[INFO] [stdout] [2026-10-18T05:06:09Z ERROR r2d2] unable to open database file: /opt/rustwide/workdir/tests/data/anvilope.sqlite
[INFO] [stdout] [2026-10-18T05:06:09Z ERROR r2d2] unable to open database file: /opt/rustwide/workdir/tests/data/anvilope.sqlite
[INFO] [stdout] [2026-10-18T05:06:09Z ERROR r2d2] unable to open database file: /opt/rustwide/workdir/tests/data/anvilope.sqlite
[INFO] [stdout] [2026-10-18T05:06:09Z ERROR r2d2] unable to open database file: /opt/rustwide/workdir/tests/data/anvilope.sqlite
[INFO] [stdout] [2026-10-18T05:06:09Z ERROR r2d2] unable to open database file: /opt/rustwide/workdir/tests/data/anvilope.sqlite
[INFO] [stdout] [2026-10-18T05:06:09Z ERROR r2d2] unable to open database file: /opt/rustwide/workdir/tests/data/anvilope.sqlite
[INFO] [stdout] [2026-10-18T05:06:10Z ERROR r2d2] unable to open database file: /opt/rustwide/workdir/tests/data/anvilope.sqlite
[INFO] [stdout] [2026-10-18T05:06:10Z ERROR r2d2] unable to open database file: /opt/rustwide/workdir/tests/data/anvilope.sqlite
[INFO] [stdout] [2026-10-18T05:06:10Z ERROR r2d2] unable to open database file: /opt/rustwide/workdir/tests/data/anvilope.sqlite
[INFO] [stdout] [2026-10-18T05:06:10Z ERROR r2d2] unable to open database file: /opt/rustwide/workdir/tests/data/anvilope.sqlite
[INFO] [stdout] [2026-10-18T05:06:10Z ERROR r2d2] unable to open database file: /opt/rustwide/workdir/tests/data/anvilope.sqlite
[INFO] [stdout] [2026-10-18T05:06:10Z ERROR r2d2] unable to open database file: /opt/rustwide/workdir/tests/data/anvilope.sqlite
[INFO] [stdout] [2026-10-18T05:06:10Z ERROR r2d2] unable to open database file: /opt/rustwide/workdir/tests/data/anvilope.sqlite
[INFO] [stdout] [2026-10-18T05:06:10Z ERROR r2d2] unable to open database file: /opt/rustwide/workdir/tests/data/anvilope.sqlite
[INFO] [stdout] [2026-10-18T05:06:10Z ERROR r2d2] unable to open database file: /opt/rustwide/workdir/tests/data/anvilope.sqlite
[INFO] [stdout] [2026-10-18T05:06:10Z ERROR r2d2] unable to open database file: /opt/rustwide/workdir/tests/data/anvilope.sqlite
[INFO] [stdout] [2026-10-18T05:06:11Z ERROR r2d2] unable to open database file: /opt/rustwide/workdir/tests/data/anvilope.sqlite
[INFO] [stdout] [2026-10-18T05:06:11Z ERROR r2d2] unable to open database file: /opt/rustwide/workdir/tests/data/anvilope.sqlite
[INFO] [stdout] [2026-10-18T05:06:11Z ERROR r2d2] unable to open database file: /opt/rustwide/workdir/tests/data/anvilope.sqlite
[INFO] [stdout] [2026-10-18T05:06:11Z ERROR r2d2] unable to open database file: /opt/rustwide/workdir/tests/data/anvilope.sqlite
[INFO] [stdout] [2026-10-18T05:06:11Z ERROR r2d2] unable to open database file: /opt/rustwide/workdir/tests/data/anvilope.sqlite
[INFO] [stdout] [2026-10-18T05:06:11Z ERROR r2d2] unable to open database file: /opt/rustwide/workdir/tests/data/anvilope.sqlite
[INFO] [stdout] [2026-10-18T05:06:11Z ERROR r2d2] unable to open database file: /opt/rustwide/workdir/tests/data/anvilope.sqlite
[INFO] [stdout] [2026-10-18T05:06:11Z ERROR r2d2] unable to open database file: /opt/rustwide/workdir/tests/data/anvilope.sqlite
[INFO] [stdout] [2026-10-18T05:06:11Z ERROR r2d2] unable to open database file: /opt/rustwide/workdir/tests/data/anvilope.sqlite
[INFO] [stdout] [2026-10-18T05:06:11Z ERROR r2d2] unable to open database file: /opt/rustwide/workdir/tests/data/anvilope.sqlite
[INFO] [stdout] [2026-10-18T05:06:14Z ERROR r2d2] unable to open database file: /opt/rustwide/workdir/tests/data/anvilope.sqlite
[INFO] [stdout] [2026-10-18T05:06:14Z ERROR r2d2] unable to open database file: /opt/rustwide/workdir/tests/data/anvilope.sqlite
[INFO] [stdout] [2026-10-18T05:06:14Z ERROR r2d2] unable to open database file: /opt/rustwide/workdir/tests/data/anvilope.sqlite
[INFO] [stdout] [2026-10-18T05:06:14Z ERROR r2d2] unable to open database file: /opt/rustwide/workdir/tests/data/anvilope.sqlite
[INFO] [stdout] [2026-10-18T05:06:14Z ERROR r2d2] unable to open database file: /opt/rustwide/workdir/tests/data/anvilope.sqlite
[INFO] [stdout] [2026-10-18T05:06:14Z ERROR r2d2] unable to open database file: /opt/rustwide/workdir/tests/data/anvilope.sqlite
[INFO] [stdout] [2026-10-18T05:06:14Z ERROR r2d2] unable to open database file: /opt/rustwide/workdir/tests/data/anvilope.sqlite
[INFO] [stdout] [2026-10-18T05:06:14Z ERROR r2d2] unable to open database file: /opt/rustwide/workdir/tests/data/anvilope.sqlite
[INFO] [stdout] [2026-10-18T05:06:14Z ERROR r2d2] unable to open database file: /opt/rustwide/workdir/tests/data/anvilope.sqlite
[INFO] [stdout] [2026-10-18T05:06:14Z ERROR r2d2] unable to open database file: /opt/rustwide/workdir/tests/data/anvilope.sqlite
[INFO] [stdout] [2026-10-18T05:06:21Z ERROR r2d2] unable to open database file: /opt/rustwide/workdir/tests/data/anvilope.sqlite
[INFO] [stdout] [2026-10-18T05:06:21Z ERROR r2d2] unable to open database file: /opt/rustwide/workdir/tests/data/anvilope.sqlite
[INFO] [stdout] [2026-10-18T05:06:21Z ERROR r2d2] unable to open database file: /opt/rustwide/workdir/tests/data/anvilope.sqlite
[INFO] [stdout] [2026-10-18T05:06:21Z ERROR r2d2] unable to open database file: /opt/rustwide/workdir/tests/data/anvilope.sqlite
[INFO] [stdout] [2026-10-18T05:06:21Z ERROR r2d2] unable to open database file: /opt/rustwide/workdir/tests/data/anvilope.sqlite
[INFO] [stdout] [2026-10-18T05:06:21Z ERROR r2d2] unable to open database file: /opt/rustwide/workdir/tests/data/anvilope.sqlite
[INFO] [stdout] [2026-10-18T05:06:21Z ERROR r2d2] unable to open database file: /opt/rustwide/workdir/tests/data/anvilope.sqlite
[INFO] [stdout] [2026-10-18T05:06:21Z ERROR r2d2] unable to open database file: /opt/rustwide/workdir/tests/data/anvilope.sqlite
[INFO] [stdout] [2026-10-18T05:06:21Z ERROR r2d2] unable to open database file: /opt/rustwide/workdir/tests/data/anvilope.sqlite
[INFO] [stdout] [2026-10-18T05:06:21Z ERROR r2d2] unable to open database file: /opt/rustwide/workdir/tests/data/anvilope.sqlite
[INFO] [stdout] [2026-10-18T05:06:34Z ERROR r2d2] unable to open database file: /opt/rustwide/workdir/tests/data/anvilope.sqlite
[INFO] [stdout] [2026-10-18T05:06:34Z ERROR r2d2] unable to open database file: /opt/rustwide/workdir/tests/data/anvilope.sqlite
[INFO] [stdout] [2026-10-18T05:06:34Z ERROR r2d2] unable to open database file: /opt/rustwide/workdir/tests/data/anvilope.sqlite
[INFO] [stdout] [2026-10-18T05:06:34Z ERROR r2d2] unable to open database file: /opt/rustwide/workdir/tests/data/anvilope.sqlite
[INFO] [stdout] [2026-10-18T05:06:34Z ERROR r2d2] unable to open database file: /opt/rustwide/workdir/tests/data/anvilope.sqlite
[INFO] [stdout] [2026-10-18T05:06:34Z ERROR r2d2] unable to open database file: /opt/rustwide/workdir/tests/data/anvilope.sqlite
[INFO] [stdout] [2026-10-18T05:06:34Z ERROR r2d2] unable to open database file: /opt/rustwide/workdir/tests/data/anvilope.sqlite
[INFO] [stdout] [2026-10-18T05:06:34Z ERROR r2d2] unable to open database file: /opt/rustwide/workdir/tests/data/anvilope.sqlite
[INFO] [stdout] [2026-10-18T05:06:34Z ERROR r2d2] unable to open database file: /opt/rustwide/workdir/tests/data/anvilope.sqlite
[INFO] [stdout] [2026-10-18T05:06:34Z ERROR r2d2] unable to open database file: /opt/rustwide/workdir/tests/data/anvilope.sqlite
[INFO] [stdout] 
[INFO] [stdout] thread 'init_greenmail' (4097) panicked at src/db.rs:36:35:
[INFO] [stdout] called `Result::unwrap()` on an `Err` value: Error(Some("unable to open database file: /opt/rustwide/workdir/tests/data/anvilope.sqlite"))
[INFO] [stdout] stack backtrace:
[INFO] [stdout]    0:     0x59ccecfaa791 - <<std[70759c8f55707aa4]::sys::backtrace::BacktraceLock>::print::DisplayBacktrace as core[df12db4294e9bfd3]::fmt::Display>::fmt
[INFO] [stdout]    1:     0x59ccecfc478a - core[df12db4294e9bfd3]::fmt::write
[INFO] [stdout]    2:     0x59ccecfb173c - <alloc[2182bb758b4b3781]::vec::Vec<u8> as core[df12db4294e9bfd3]::io::write::Write>::write_fmt
[INFO] [stdout]    3:     0x59ccecf84cd6 - std[70759c8f55707aa4]::panicking::default_hook::{closure#0}
[INFO] [stdout]    4:     0x59ccecfa23a9 - std[70759c8f55707aa4]::panicking::default_hook
[INFO] [stdout]    5:     0x59ccecb68590 - test[9d35eded1c95d3be]::test_main_inner::<test[9d35eded1c95d3be]::test_main_static::{closure#0}>::{closure#0}
[INFO] [stdout]    6:     0x59ccecfa26d2 - std[70759c8f55707aa4]::panicking::panic_with_hook
[INFO] [stdout]    7:     0x59ccecf84d82 - std[70759c8f55707aa4]::panicking::panic_handler::{closure#0}
[INFO] [stdout]    8:     0x59ccecf7d349 - std[70759c8f55707aa4]::sys::backtrace::__rust_end_short_backtrace::<std[70759c8f55707aa4]::panicking::panic_handler::{closure#0}, !>
[INFO] [stdout]    9:     0x59ccecf85c7d - __rustc[8fa7c3cbc660c2b3]::rust_begin_unwind
[INFO] [stdout]   10:     0x59ccecfc4f6c - core[df12db4294e9bfd3]::panicking::panic_fmt
[INFO] [stdout]   11:     0x59ccecfc4d42 - core[df12db4294e9bfd3]::result::unwrap_failed
[INFO] [stdout]   12:     0x59ccecbc4d66 - anvilope[4d8f79fd24e1a886]::db::init_pool
[INFO] [stdout]   13:     0x59ccecb554a9 - <std[70759c8f55707aa4]::sync::once::Once>::call_once_force::<<std[70759c8f55707aa4]::sync::once_lock::OnceLock<r2d2[12a358df95e02fe3]::Pool<r2d2_sqlite[9b4c930a96bceed]::SqliteConnectionManager>>>::initialize<<std[70759c8f55707aa4]::sync::once_lock::OnceLock<r2d2[12a358df95e02fe3]::Pool<r2d2_sqlite[9b4c930a96bceed]::SqliteConnectionManager>>>::get_or_init<devcmd[7c7845331a8fccd9]::utils::init::{closure#0}::{closure#1}>::{closure#0}, !>::{closure#0}>::{closure#0}
[INFO] [stdout]   14:     0x59ccecf8b089 - <std[70759c8f55707aa4]::sys::sync::once::futex::Once>::call
[INFO] [stdout]   15:     0x59ccecb5438e - <std[70759c8f55707aa4]::sync::once_lock::OnceLock<r2d2[12a358df95e02fe3]::Pool<r2d2_sqlite[9b4c930a96bceed]::SqliteConnectionManager>>>::initialize::<<std[70759c8f55707aa4]::sync::once_lock::OnceLock<r2d2[12a358df95e02fe3]::Pool<r2d2_sqlite[9b4c930a96bceed]::SqliteConnectionManager>>>::get_or_init<devcmd[7c7845331a8fccd9]::utils::init::{closure#0}::{closure#1}>::{closure#0}, !>
[INFO] [stdout]   16:     0x59ccecb3ed9b - devcmd[7c7845331a8fccd9]::init_greenmail::{closure#0}
[INFO] [stdout]   17:     0x59ccecb58918 - <tokio[37136a992aaa32a2]::runtime::scheduler::current_thread::Context>::enter::<core[df12db4294e9bfd3]::task::poll::Poll<core[df12db4294e9bfd3]::result::Result<(), anyhow[9d842fa29431c336]::Error>>, <tokio[37136a992aaa32a2]::runtime::scheduler::current_thread::CoreGuard>::block_on<core[df12db4294e9bfd3]::pin::Pin<&mut core[df12db4294e9bfd3]::pin::Pin<&mut dyn core[df12db4294e9bfd3]::future::future::Future<Output = core[df12db4294e9bfd3]::result::Result<(), anyhow[9d842fa29431c336]::Error>>>>>::{closure#0}::{closure#0}>
[INFO] [stdout]   18:     0x59ccecb4e6b5 - <tokio[37136a992aaa32a2]::runtime::context::scoped::Scoped<tokio[37136a992aaa32a2]::runtime::scheduler::Context>>::set::<<tokio[37136a992aaa32a2]::runtime::scheduler::current_thread::CoreGuard>::enter<<tokio[37136a992aaa32a2]::runtime::scheduler::current_thread::CoreGuard>::block_on<core[df12db4294e9bfd3]::pin::Pin<&mut core[df12db4294e9bfd3]::pin::Pin<&mut dyn core[df12db4294e9bfd3]::future::future::Future<Output = core[df12db4294e9bfd3]::result::Result<(), anyhow[9d842fa29431c336]::Error>>>>>::{closure#0}, core[df12db4294e9bfd3]::option::Option<core[df12db4294e9bfd3]::result::Result<(), anyhow[9d842fa29431c336]::Error>>>::{closure#0}, (alloc[2182bb758b4b3781]::boxed::Box<tokio[37136a992aaa32a2]::runtime::scheduler::current_thread::Core>, core[df12db4294e9bfd3]::option::Option<core[df12db4294e9bfd3]::result::Result<(), anyhow[9d842fa29431c336]::Error>>)>
[INFO] [stdout]   19:     0x59ccecb58411 - <tokio[37136a992aaa32a2]::runtime::runtime::Runtime>::block_on::<core[df12db4294e9bfd3]::pin::Pin<&mut dyn core[df12db4294e9bfd3]::future::future::Future<Output = core[df12db4294e9bfd3]::result::Result<(), anyhow[9d842fa29431c336]::Error>>>>
[INFO] [stdout]   20:     0x59ccecb42241 - <devcmd[7c7845331a8fccd9]::init_greenmail::{closure#0} as core[df12db4294e9bfd3]::ops::function::FnOnce<()>>::call_once
[INFO] [stdout]   21:     0x59ccecb5b87b - test[9d35eded1c95d3be]::__rust_begin_short_backtrace::<core[df12db4294e9bfd3]::result::Result<(), alloc[2182bb758b4b3781]::string::String>, fn() -> core[df12db4294e9bfd3]::result::Result<(), alloc[2182bb758b4b3781]::string::String>>
[INFO] [stdout]   22:     0x59ccecb68ee5 - test[9d35eded1c95d3be]::run_test::{closure#0}
[INFO] [stdout]   23:     0x59ccecb627a4 - std[70759c8f55707aa4]::sys::backtrace::__rust_begin_short_backtrace::<test[9d35eded1c95d3be]::run_test::{closure#1}, ()>
[INFO] [stdout]   24:     0x59ccecb6c042 - <std[70759c8f55707aa4]::thread::lifecycle::spawn_unchecked<test[9d35eded1c95d3be]::run_test::{closure#1}, ()>::{closure#1} as core[df12db4294e9bfd3]::ops::function::FnOnce<()>>::call_once::{shim:vtable#0}
[INFO] [stdout]   25:     0x59ccecfa9cb9 - <std[70759c8f55707aa4]::sys::thread::unix::Thread>::new::thread_start
[INFO] [stdout]   26:     0x727433150dfa - <unknown>
[INFO] [stdout]   27:     0x7274331e43d4 - clone
[INFO] [stdout]   28:                0x0 - <unknown>
[INFO] [stdout] 
[INFO] [stdout] 
[INFO] [stdout] failures:
[INFO] [stdout]     init_greenmail
[INFO] [stdout]     send_email
[INFO] [stdout] 
[INFO] [stdout] test result: FAILED. 0 passed; 2 failed; 0 ignored; 0 measured; 0 filtered out; finished in 30.00s
[INFO] [stdout] 
[INFO] [stderr] error: test failed, to rerun pass `--test devcmd`
[INFO] running `Command { std: "docker" "inspect" "e743009d8b6d9a933d7bd55f017ef89c0b9ee74843380fb28c9f6248055cb047", kill_on_drop: false }`
[INFO] running `Command { std: "docker" "rm" "-f" "e743009d8b6d9a933d7bd55f017ef89c0b9ee74843380fb28c9f6248055cb047", kill_on_drop: false }`
[INFO] [stdout] e743009d8b6d9a933d7bd55f017ef89c0b9ee74843380fb28c9f6248055cb047
