[INFO] cloning repository https://github.com/dougrocha/rust_shell
[INFO] running `Command { std: "git" "-c" "credential.helper=" "-c" "credential.helper=/workspace/cargo-home/bin/git-credential-null" "clone" "--bare" "https://github.com/dougrocha/rust_shell" "/workspace/cache/git-repos/https%3A%2F%2Fgithub.com%2Fdougrocha%2Frust_shell", kill_on_drop: false }`
[INFO] [stderr] Cloning into bare repository '/workspace/cache/git-repos/https%3A%2F%2Fgithub.com%2Fdougrocha%2Frust_shell'...
[INFO] running `Command { std: "git" "rev-parse" "HEAD", kill_on_drop: false }`
[INFO] [stdout] f7cfbc21ce1950ea9b84e35cd363bb56c0c66f67
[INFO] testing dougrocha/rust_shell against 1.99.0-beta.8+cargoflags=--release for beta-release-1.100-2
[INFO] running `Command { std: "git" "clone" "/workspace/cache/git-repos/https%3A%2F%2Fgithub.com%2Fdougrocha%2Frust_shell" "/workspace/builds/worker-5-tc1/source", kill_on_drop: false }`
[INFO] [stderr] Cloning into '/workspace/builds/worker-5-tc1/source'...
[INFO] [stderr] done.
[INFO] started tweaking git repo https://github.com/dougrocha/rust_shell
[INFO] finished tweaking git repo https://github.com/dougrocha/rust_shell
[INFO] tweaked toml for git repo https://github.com/dougrocha/rust_shell written to /workspace/builds/worker-5-tc1/source/Cargo.toml
[INFO] validating manifest of git repo https://github.com/dougrocha/rust_shell on toolchain 1.99.0-beta.8
[INFO] running `Command { std: CARGO_HOME="/workspace/cargo-home" RUSTUP_HOME="/workspace/rustup-home" "/workspace/cargo-home/bin/cargo" "+1.99.0-beta.8" "metadata" "--manifest-path" "Cargo.toml" "--no-deps", kill_on_drop: false }`
[INFO] crate git repo https://github.com/dougrocha/rust_shell already has a lockfile, it will not be regenerated
[INFO] running `Command { std: CARGO_HOME="/workspace/cargo-home" RUSTUP_HOME="/workspace/rustup-home" "/workspace/cargo-home/bin/cargo" "+1.99.0-beta.8" "fetch" "--manifest-path" "Cargo.toml", kill_on_drop: false }`
[INFO] [stderr]     Updating crates.io index
[INFO] [stderr]  Downloading crates ...
[INFO] [stderr]   Downloaded proc-macro2 v1.0.92
[INFO] [stderr]   Downloaded is_ci v1.2.0
[INFO] [stderr]   Downloaded thiserror v2.0.9
[INFO] [stderr]   Downloaded supports-color v3.0.2
[INFO] [stderr]   Downloaded supports-hyperlinks v3.1.0
[INFO] [stderr]   Downloaded thiserror-impl v2.0.9
[INFO] [stderr]   Downloaded terminal_size v0.4.1
[INFO] [stderr]   Downloaded supports-unicode v3.0.0
[INFO] [stderr]   Downloaded backtrace-ext v0.2.1
[INFO] [stderr]   Downloaded owo-colors v4.1.0
[INFO] [stderr]   Downloaded miette v7.4.0
[INFO] [stderr]   Downloaded miette-derive v7.4.0
[INFO] [stderr]   Downloaded textwrap v0.16.1
[INFO] [stderr]   Downloaded miniz_oxide v0.8.2
[INFO] [stderr]   Downloaded anyhow v1.0.95
[INFO] [stderr]   Downloaded syn v2.0.93
[INFO] [stderr]   Downloaded rustix v0.38.42
[INFO] running `Command { std: "docker" "create" "-v" "/var/lib/crater-agent-workspace/builds/worker-5-tc1/source:/opt/rustwide/workdir:ro,Z" "-v" "/var/lib/crater-agent-workspace/builds/worker-5-tc1/target:/opt/rustwide/target:rw,Z" "-v" "/var/lib/crater-agent-workspace/cargo-home:/opt/rustwide/cargo-home:ro,Z" "-v" "/var/lib/crater-agent-workspace/rustup-home:/opt/rustwide/rustup-home:ro,Z" "-m" "1610612736" "--network" "none" "ghcr.io/rust-lang/crates-build-env/linux@sha256:77db811e55d90add9212f6832c23229e3de5f1c1f9905e8cb07319ea15df73ac" "sleep" "infinity", kill_on_drop: false }`
[INFO] [stdout] 7ff750cef603ac0bf81b9e0b118d7e1b6c909412127c1ee6210f9e99fe0286f0
[INFO] running `Command { std: "docker" "start" "7ff750cef603ac0bf81b9e0b118d7e1b6c909412127c1ee6210f9e99fe0286f0", kill_on_drop: false }`
[INFO] running `Command { std: "docker" "inspect" "7ff750cef603ac0bf81b9e0b118d7e1b6c909412127c1ee6210f9e99fe0286f0", kill_on_drop: false }`
[INFO] running `Command { std: "docker" "exec" "-e" "SOURCE_DIR=/opt/rustwide/workdir" "-e" "CARGO_HOME=/opt/rustwide/cargo-home" "-e" "RUSTUP_HOME=/opt/rustwide/rustup-home" "-e" "CARGO_TARGET_DIR=/opt/rustwide/target" "-w" "/opt/rustwide/workdir" "--user" "0:0" "7ff750cef603ac0bf81b9e0b118d7e1b6c909412127c1ee6210f9e99fe0286f0" "/opt/rustwide/cargo-home/bin/cargo" "+1.99.0-beta.8" "metadata" "--no-deps" "--format-version=1", kill_on_drop: false }`
[INFO] running `Command { std: "docker" "inspect" "7ff750cef603ac0bf81b9e0b118d7e1b6c909412127c1ee6210f9e99fe0286f0", kill_on_drop: false }`
[INFO] running `Command { std: "docker" "exec" "-e" "SOURCE_DIR=/opt/rustwide/workdir" "-e" "CARGO_HOME=/opt/rustwide/cargo-home" "-e" "RUSTUP_HOME=/opt/rustwide/rustup-home" "-e" "CARGO_TARGET_DIR=/opt/rustwide/target" "-e" "CARGO_INCREMENTAL=0" "-e" "RUST_BACKTRACE=full" "-e" "RUSTFLAGS=--cap-lints=warn" "-e" "RUSTDOCFLAGS=--cap-lints=warn" "-w" "/opt/rustwide/workdir" "--user" "0:0" "7ff750cef603ac0bf81b9e0b118d7e1b6c909412127c1ee6210f9e99fe0286f0" "/opt/rustwide/cargo-home/bin/cargo" "+1.99.0-beta.8" "build" "--frozen" "--message-format=json" "--release", kill_on_drop: false }`
[INFO] [stderr]    Compiling proc-macro2 v1.0.92
[INFO] [stderr]    Compiling unicode-ident v1.0.12
[INFO] [stderr]    Compiling libc v0.2.169
[INFO] [stderr]    Compiling memchr v2.7.4
[INFO] [stderr]    Compiling rustix v0.38.42
[INFO] [stderr]    Compiling miniz_oxide v0.8.2
[INFO] [stderr]    Compiling owo-colors v4.1.0
[INFO] [stderr]    Compiling thiserror v2.0.9
[INFO] [stderr]    Compiling is_ci v1.2.0
[INFO] [stderr]    Compiling unicode-linebreak v0.1.5
[INFO] [stderr]    Compiling anyhow v1.0.95
[INFO] [stderr]    Compiling textwrap v0.16.1
[INFO] [stderr]    Compiling supports-color v3.0.2
[INFO] [stderr]    Compiling supports-hyperlinks v3.1.0
[INFO] [stderr]    Compiling object v0.36.5
[INFO] [stderr]    Compiling supports-unicode v3.0.0
[INFO] [stderr]    Compiling quote v1.0.36
[INFO] [stderr]    Compiling syn v2.0.93
[INFO] [stderr]    Compiling bytes v1.9.0
[INFO] [stderr]    Compiling terminal_size v0.4.1
[INFO] [stderr]    Compiling thiserror-impl v1.0.69
[INFO] [stderr]    Compiling thiserror-impl v2.0.9
[INFO] [stderr]    Compiling miette-derive v7.4.0
[INFO] [stderr]    Compiling thiserror v1.0.69
[INFO] [stderr]    Compiling backtrace v0.3.74
[INFO] [stderr]    Compiling backtrace-ext v0.2.1
[INFO] [stderr]    Compiling miette v7.4.0
[INFO] [stderr]    Compiling rust-shell v0.1.0 (/opt/rustwide/workdir)
[INFO] [stderr]     Finished `release` profile [optimized] target(s) in 32.04s
[INFO] running `Command { std: "docker" "inspect" "7ff750cef603ac0bf81b9e0b118d7e1b6c909412127c1ee6210f9e99fe0286f0", kill_on_drop: false }`
[INFO] running `Command { std: "docker" "exec" "-e" "SOURCE_DIR=/opt/rustwide/workdir" "-e" "CARGO_HOME=/opt/rustwide/cargo-home" "-e" "RUSTUP_HOME=/opt/rustwide/rustup-home" "-e" "CARGO_TARGET_DIR=/opt/rustwide/target" "-e" "CARGO_INCREMENTAL=0" "-e" "RUST_BACKTRACE=full" "-e" "RUSTFLAGS=--cap-lints=warn" "-e" "RUSTDOCFLAGS=--cap-lints=warn" "-w" "/opt/rustwide/workdir" "--user" "0:0" "7ff750cef603ac0bf81b9e0b118d7e1b6c909412127c1ee6210f9e99fe0286f0" "/opt/rustwide/cargo-home/bin/cargo" "+1.99.0-beta.8" "test" "--frozen" "--no-run" "--message-format=json" "--release", kill_on_drop: false }`
[INFO] [stderr]    Compiling rust-shell v0.1.0 (/opt/rustwide/workdir)
[INFO] [stderr]     Finished `release` profile [optimized] target(s) in 0.99s
[INFO] running `Command { std: "docker" "inspect" "7ff750cef603ac0bf81b9e0b118d7e1b6c909412127c1ee6210f9e99fe0286f0", kill_on_drop: false }`
[INFO] running `Command { std: "docker" "exec" "-e" "SOURCE_DIR=/opt/rustwide/workdir" "-e" "CARGO_HOME=/opt/rustwide/cargo-home" "-e" "RUSTUP_HOME=/opt/rustwide/rustup-home" "-e" "CARGO_TARGET_DIR=/opt/rustwide/target" "-e" "CARGO_INCREMENTAL=0" "-e" "RUST_BACKTRACE=full" "-e" "RUSTFLAGS=--cap-lints=warn" "-e" "RUSTDOCFLAGS=--cap-lints=warn" "-w" "/opt/rustwide/workdir" "--user" "0:0" "7ff750cef603ac0bf81b9e0b118d7e1b6c909412127c1ee6210f9e99fe0286f0" "/opt/rustwide/cargo-home/bin/cargo" "+1.99.0-beta.8" "test" "--frozen" "--release", kill_on_drop: false }`
[INFO] [stderr]     Finished `release` profile [optimized] target(s) in 0.07s
[INFO] [stderr]      Running unittests src/lib.rs (/opt/rustwide/target/release/deps/rust_shell-b165e79ece5c7bba)
[INFO] [stdout] 
[INFO] [stdout] running 15 tests
[INFO] [stdout] test parser::test::test_multiple_single_quote_groups_with_operators ... ok
[INFO] [stdout] test parser::test::test_empty_single_quote ... ok
[INFO] [stdout] test parser::test::test_multiple_single_quotes ... ok
[INFO] [stdout] test parser::test::test_single_quote_with_backslash_inside ... ok
[INFO] [stdout] test parser::test::test_command_with_single_quotes_and_spaces ... ok
[INFO] [stdout] test parser::test::test_single_quote_with_escaped_space ... ok
[INFO] [stdout] test parser::test::test_single_quote_with_leading_trailing_spaces ... ok
[INFO] [stdout] test parser::test::test_mixed_single_and_double_quotes ... ok
[INFO] [stdout] test parser::test::test_single_quote ... ok
[INFO] [stdout] test parser::test::test_single_quote_with_newline ... ok
[INFO] [stdout] test parser::test::test_single_quote_with_space ... ok
[INFO] [stdout] test parser::test::test_single_quote_with_special_characters ... ok
[INFO] [stdout] test parser::test::test_unclosed_double_quote ... FAILED
[INFO] [stdout] test parser::test::test_unclosed_single_quote ... FAILED
[INFO] [stderr] error: test failed, to rerun pass `--lib`
[INFO] [stdout] test parser::test::test_single_quote_with_escaped_backslash ... ok
[INFO] [stdout] 
[INFO] [stdout] failures:
[INFO] [stdout] 
[INFO] [stdout] ---- parser::test::test_unclosed_double_quote stdout ----
[INFO] [stdout] 
[INFO] [stdout] thread 'parser::test::test_unclosed_double_quote' (716) panicked at src/parser.rs:332:9:
[INFO] [stdout] Error message did not match expected: Unclosed Quote
[INFO] [stdout] stack backtrace:
[INFO] [stdout]    0:     0x63f7d15dff81 - <<std[70759c8f55707aa4]::sys::backtrace::BacktraceLock>::print::DisplayBacktrace as core[df12db4294e9bfd3]::fmt::Display>::fmt
[INFO] [stdout]    1:     0x63f7d15f4d8a - core[df12db4294e9bfd3]::fmt::write
[INFO] [stdout]    2:     0x63f7d15e441c - <alloc[2182bb758b4b3781]::vec::Vec<u8> as core[df12db4294e9bfd3]::io::write::Write>::write_fmt
[INFO] [stdout]    3:     0x63f7d15bc4c6 - std[70759c8f55707aa4]::panicking::default_hook::{closure#0}
[INFO] [stdout]    4:     0x63f7d15d86b9 - std[70759c8f55707aa4]::panicking::default_hook
[INFO] [stdout]    5:     0x63f7d154e920 - test[9d35eded1c95d3be]::test_main_inner::<test[9d35eded1c95d3be]::test_main_static::{closure#0}>::{closure#0}
[INFO] [stdout]    6:     0x63f7d15d8872 - std[70759c8f55707aa4]::panicking::panic_with_hook
[INFO] [stdout]    7:     0x63f7d15bc572 - std[70759c8f55707aa4]::panicking::panic_handler::{closure#0}
[INFO] [stdout]    8:     0x63f7d15b5279 - std[70759c8f55707aa4]::sys::backtrace::__rust_end_short_backtrace::<std[70759c8f55707aa4]::panicking::panic_handler::{closure#0}, !>
[INFO] [stdout]    9:     0x63f7d15bd1ed - __rustc[8fa7c3cbc660c2b3]::rust_begin_unwind
[INFO] [stdout]   10:     0x63f7d15f54bc - core[df12db4294e9bfd3]::panicking::panic_fmt
[INFO] [stdout]   11:     0x63f7d1540643 - rust_shell[f26da0a0785d37ee]::parser::test::test_unclosed_double_quote
[INFO] [stdout]   12:     0x63f7d153ffa9 - <rust_shell[f26da0a0785d37ee]::parser::test::test_unclosed_double_quote::{closure#0} as core[df12db4294e9bfd3]::ops::function::FnOnce<()>>::call_once
[INFO] [stdout]   13:     0x63f7d1541c0b - test[9d35eded1c95d3be]::__rust_begin_short_backtrace::<core[df12db4294e9bfd3]::result::Result<(), alloc[2182bb758b4b3781]::string::String>, fn() -> core[df12db4294e9bfd3]::result::Result<(), alloc[2182bb758b4b3781]::string::String>>
[INFO] [stdout]   14:     0x63f7d154f275 - test[9d35eded1c95d3be]::run_test::{closure#0}
[INFO] [stdout]   15:     0x63f7d1548b34 - std[70759c8f55707aa4]::sys::backtrace::__rust_begin_short_backtrace::<test[9d35eded1c95d3be]::run_test::{closure#1}, ()>
[INFO] [stdout]   16:     0x63f7d15523d2 - <std[70759c8f55707aa4]::thread::lifecycle::spawn_unchecked<test[9d35eded1c95d3be]::run_test::{closure#1}, ()>::{closure#1} as core[df12db4294e9bfd3]::ops::function::FnOnce<()>>::call_once::{shim:vtable#0}
[INFO] [stdout]   17:     0x63f7d15df859 - <std[70759c8f55707aa4]::sys::thread::unix::Thread>::new::thread_start
[INFO] [stdout]   18:     0x71f140048dfa - <unknown>
[INFO] [stdout]   19:     0x71f1400dc3d4 - clone
[INFO] [stdout]   20:                0x0 - <unknown>
[INFO] [stdout] 
[INFO] [stdout] ---- parser::test::test_unclosed_single_quote stdout ----
[INFO] [stdout] 
[INFO] [stdout] thread 'parser::test::test_unclosed_single_quote' (717) panicked at src/parser.rs:308:9:
[INFO] [stdout] Error message did not match expected: Unclosed Quote
[INFO] [stdout] stack backtrace:
[INFO] [stdout]    0:     0x63f7d15dff81 - <<std[70759c8f55707aa4]::sys::backtrace::BacktraceLock>::print::DisplayBacktrace as core[df12db4294e9bfd3]::fmt::Display>::fmt
[INFO] [stdout]    1:     0x63f7d15f4d8a - core[df12db4294e9bfd3]::fmt::write
[INFO] [stdout]    2:     0x63f7d15e441c - <alloc[2182bb758b4b3781]::vec::Vec<u8> as core[df12db4294e9bfd3]::io::write::Write>::write_fmt
[INFO] [stdout]    3:     0x63f7d15bc4c6 - std[70759c8f55707aa4]::panicking::default_hook::{closure#0}
[INFO] [stdout]    4:     0x63f7d15d86b9 - std[70759c8f55707aa4]::panicking::default_hook
[INFO] [stdout]    5:     0x63f7d154e920 - test[9d35eded1c95d3be]::test_main_inner::<test[9d35eded1c95d3be]::test_main_static::{closure#0}>::{closure#0}
[INFO] [stdout]    6:     0x63f7d15d8872 - std[70759c8f55707aa4]::panicking::panic_with_hook
[INFO] [stdout]    7:     0x63f7d15bc572 - std[70759c8f55707aa4]::panicking::panic_handler::{closure#0}
[INFO] [stdout]    8:     0x63f7d15b5279 - std[70759c8f55707aa4]::sys::backtrace::__rust_end_short_backtrace::<std[70759c8f55707aa4]::panicking::panic_handler::{closure#0}, !>
[INFO] [stdout]    9:     0x63f7d15bd1ed - __rustc[8fa7c3cbc660c2b3]::rust_begin_unwind
[INFO] [stdout]   10:     0x63f7d15f54bc - core[df12db4294e9bfd3]::panicking::panic_fmt
[INFO] [stdout]   11:     0x63f7d15408a3 - rust_shell[f26da0a0785d37ee]::parser::test::test_unclosed_single_quote
[INFO] [stdout]   12:     0x63f7d153ffc9 - <rust_shell[f26da0a0785d37ee]::parser::test::test_unclosed_single_quote::{closure#0} as core[df12db4294e9bfd3]::ops::function::FnOnce<()>>::call_once
[INFO] [stdout]   13:     0x63f7d1541c0b - test[9d35eded1c95d3be]::__rust_begin_short_backtrace::<core[df12db4294e9bfd3]::result::Result<(), alloc[2182bb758b4b3781]::string::String>, fn() -> core[df12db4294e9bfd3]::result::Result<(), alloc[2182bb758b4b3781]::string::String>>
[INFO] [stdout]   14:     0x63f7d154f275 - test[9d35eded1c95d3be]::run_test::{closure#0}
[INFO] [stdout]   15:     0x63f7d1548b34 - std[70759c8f55707aa4]::sys::backtrace::__rust_begin_short_backtrace::<test[9d35eded1c95d3be]::run_test::{closure#1}, ()>
[INFO] [stdout]   16:     0x63f7d15523d2 - <std[70759c8f55707aa4]::thread::lifecycle::spawn_unchecked<test[9d35eded1c95d3be]::run_test::{closure#1}, ()>::{closure#1} as core[df12db4294e9bfd3]::ops::function::FnOnce<()>>::call_once::{shim:vtable#0}
[INFO] [stdout]   17:     0x63f7d15df859 - <std[70759c8f55707aa4]::sys::thread::unix::Thread>::new::thread_start
[INFO] [stdout]   18:     0x71f140048dfa - <unknown>
[INFO] [stdout]   19:     0x71f1400dc3d4 - clone
[INFO] [stdout]   20:                0x0 - <unknown>
[INFO] [stdout] 
[INFO] [stdout] 
[INFO] [stdout] failures:
[INFO] [stdout]     parser::test::test_unclosed_double_quote
[INFO] [stdout]     parser::test::test_unclosed_single_quote
[INFO] [stdout] 
[INFO] [stdout] test result: FAILED. 13 passed; 2 failed; 0 ignored; 0 measured; 0 filtered out; finished in 0.01s
[INFO] [stdout] 
[INFO] running `Command { std: "docker" "inspect" "7ff750cef603ac0bf81b9e0b118d7e1b6c909412127c1ee6210f9e99fe0286f0", kill_on_drop: false }`
[INFO] running `Command { std: "docker" "rm" "-f" "7ff750cef603ac0bf81b9e0b118d7e1b6c909412127c1ee6210f9e99fe0286f0", kill_on_drop: false }`
[INFO] [stdout] 7ff750cef603ac0bf81b9e0b118d7e1b6c909412127c1ee6210f9e99fe0286f0
